[INFO] fetching crate linera-parity-wasm 0.45.1-linera.1...
[INFO] testing linera-parity-wasm-0.45.1-linera.1 against 1.99.0-beta.8+cargoflags=--release for beta-release-1.100-2
[INFO] extracting crate linera-parity-wasm 0.45.1-linera.1 into /workspace/builds/worker-2-tc1/source
[INFO] started tweaking crates.io crate linera-parity-wasm 0.45.1-linera.1
[INFO] finished tweaking crates.io crate linera-parity-wasm 0.45.1-linera.1
[INFO] tweaked toml for crates.io crate linera-parity-wasm 0.45.1-linera.1 written to /workspace/builds/worker-2-tc1/source/Cargo.toml
[INFO] validating manifest of crates.io crate linera-parity-wasm 0.45.1-linera.1 on toolchain 1.99.0-beta.8
[INFO] running `Command { std: CARGO_HOME="/workspace/cargo-home" RUSTUP_HOME="/workspace/rustup-home" "/workspace/cargo-home/bin/cargo" "+1.99.0-beta.8" "metadata" "--manifest-path" "Cargo.toml" "--no-deps", kill_on_drop: false }`
[INFO] crate crates.io crate linera-parity-wasm 0.45.1-linera.1 already has a lockfile, it will not be regenerated
[INFO] running `Command { std: CARGO_HOME="/workspace/cargo-home" RUSTUP_HOME="/workspace/rustup-home" "/workspace/cargo-home/bin/cargo" "+1.99.0-beta.8" "fetch" "--manifest-path" "Cargo.toml", kill_on_drop: false }`
[INFO] [stderr]  Downloading crates ...
[INFO] [stderr]   Downloaded time v0.3.40
[INFO] running `Command { std: "docker" "create" "-v" "/var/lib/crater-agent-workspace/builds/worker-2-tc1/source:/opt/rustwide/workdir:ro,Z" "-v" "/var/lib/crater-agent-workspace/builds/worker-2-tc1/target:/opt/rustwide/target:rw,Z" "-v" "/var/lib/crater-agent-workspace/cargo-home:/opt/rustwide/cargo-home:ro,Z" "-v" "/var/lib/crater-agent-workspace/rustup-home:/opt/rustwide/rustup-home:ro,Z" "-m" "1610612736" "--network" "none" "ghcr.io/rust-lang/crates-build-env/linux@sha256:77db811e55d90add9212f6832c23229e3de5f1c1f9905e8cb07319ea15df73ac" "sleep" "infinity", kill_on_drop: false }`
[INFO] [stdout] 7e64587f6b7652f4ebe514932aff8b200995fd5db315ef526d64867b5fd63a35
[INFO] running `Command { std: "docker" "start" "7e64587f6b7652f4ebe514932aff8b200995fd5db315ef526d64867b5fd63a35", kill_on_drop: false }`
[INFO] running `Command { std: "docker" "inspect" "7e64587f6b7652f4ebe514932aff8b200995fd5db315ef526d64867b5fd63a35", kill_on_drop: false }`
[INFO] running `Command { std: "docker" "exec" "-e" "SOURCE_DIR=/opt/rustwide/workdir" "-e" "CARGO_HOME=/opt/rustwide/cargo-home" "-e" "RUSTUP_HOME=/opt/rustwide/rustup-home" "-e" "CARGO_TARGET_DIR=/opt/rustwide/target" "-w" "/opt/rustwide/workdir" "--user" "0:0" "7e64587f6b7652f4ebe514932aff8b200995fd5db315ef526d64867b5fd63a35" "/opt/rustwide/cargo-home/bin/cargo" "+1.99.0-beta.8" "metadata" "--no-deps" "--format-version=1", kill_on_drop: false }`
[INFO] running `Command { std: "docker" "inspect" "7e64587f6b7652f4ebe514932aff8b200995fd5db315ef526d64867b5fd63a35", kill_on_drop: false }`
[INFO] running `Command { std: "docker" "exec" "-e" "SOURCE_DIR=/opt/rustwide/workdir" "-e" "CARGO_HOME=/opt/rustwide/cargo-home" "-e" "RUSTUP_HOME=/opt/rustwide/rustup-home" "-e" "CARGO_TARGET_DIR=/opt/rustwide/target" "-e" "CARGO_INCREMENTAL=0" "-e" "RUST_BACKTRACE=full" "-e" "RUSTFLAGS=--cap-lints=warn" "-e" "RUSTDOCFLAGS=--cap-lints=warn" "-w" "/opt/rustwide/workdir" "--user" "0:0" "7e64587f6b7652f4ebe514932aff8b200995fd5db315ef526d64867b5fd63a35" "/opt/rustwide/cargo-home/bin/cargo" "+1.99.0-beta.8" "build" "--frozen" "--message-format=json" "--release", kill_on_drop: false }`
[INFO] [stderr]    Compiling linera-parity-wasm v0.45.1-linera.1 (/opt/rustwide/workdir)
[INFO] [stdout] warning: unexpected `cfg` condition name: `slow_assertions`
[INFO] [stdout]    --> src/elements/index_map.rs:127:8
[INFO] [stdout]     |
[INFO] [stdout] 127 |     #[cfg(slow_assertions)]
[INFO] [stdout]     |           ^^^^^^^^^^^^^^^ help: there is a config with a similar name: `debug_assertions`
[INFO] [stdout]     |
[INFO] [stdout]     = help: consider using a Cargo feature instead
[INFO] [stdout]     = help: or consider adding in `Cargo.toml` the `check-cfg` lint config for the lint:
[INFO] [stdout]              [lints.rust]
[INFO] [stdout]              unexpected_cfgs = { level = "warn", check-cfg = ['cfg(slow_assertions)'] }
[INFO] [stdout]     = help: or consider adding `println!("cargo::rustc-check-cfg=cfg(slow_assertions)");` to the top of the `build.rs`
[INFO] [stdout]     = note: see <https://doc.rust-lang.org/nightly/rustc/check-cfg/cargo-specifics.html> for more information about checking conditional configuration
[INFO] [stdout]     = note: `#[warn(unexpected_cfgs)]` on by default
[INFO] [stdout] 
[INFO] [stdout] 
[INFO] [stdout] warning: unexpected `cfg` condition name: `slow_assertions`
[INFO] [stdout]   --> src/elements/index_map.rs:90:9
[INFO] [stdout]    |
[INFO] [stdout] 90 |         #[cfg(slow_assertions)]
[INFO] [stdout]    |               ^^^^^^^^^^^^^^^ help: there is a config with a similar name: `debug_assertions`
[INFO] [stdout]    |
[INFO] [stdout]    = help: consider using a Cargo feature instead
[INFO] [stdout]    = help: or consider adding in `Cargo.toml` the `check-cfg` lint config for the lint:
[INFO] [stdout]             [lints.rust]
[INFO] [stdout]             unexpected_cfgs = { level = "warn", check-cfg = ['cfg(slow_assertions)'] }
[INFO] [stdout]    = help: or consider adding `println!("cargo::rustc-check-cfg=cfg(slow_assertions)");` to the top of the `build.rs`
[INFO] [stdout]    = note: see <https://doc.rust-lang.org/nightly/rustc/check-cfg/cargo-specifics.html> for more information about checking conditional configuration
[INFO] [stdout] 
[INFO] [stdout] 
[INFO] [stdout] warning: unexpected `cfg` condition name: `slow_assertions`
[INFO] [stdout]    --> src/elements/index_map.rs:104:9
[INFO] [stdout]     |
[INFO] [stdout] 104 |         #[cfg(slow_assertions)]
[INFO] [stdout]     |               ^^^^^^^^^^^^^^^ help: there is a config with a similar name: `debug_assertions`
[INFO] [stdout]     |
[INFO] [stdout]     = help: consider using a Cargo feature instead
[INFO] [stdout]     = help: or consider adding in `Cargo.toml` the `check-cfg` lint config for the lint:
[INFO] [stdout]              [lints.rust]
[INFO] [stdout]              unexpected_cfgs = { level = "warn", check-cfg = ['cfg(slow_assertions)'] }
[INFO] [stdout]     = help: or consider adding `println!("cargo::rustc-check-cfg=cfg(slow_assertions)");` to the top of the `build.rs`
[INFO] [stdout]     = note: see <https://doc.rust-lang.org/nightly/rustc/check-cfg/cargo-specifics.html> for more information about checking conditional configuration
[INFO] [stdout] 
[INFO] [stdout] 
[INFO] [stdout] warning: unexpected `cfg` condition name: `slow_assertions`
[INFO] [stdout]    --> src/elements/index_map.rs:111:9
[INFO] [stdout]     |
[INFO] [stdout] 111 |         #[cfg(slow_assertions)]
[INFO] [stdout]     |               ^^^^^^^^^^^^^^^ help: there is a config with a similar name: `debug_assertions`
[INFO] [stdout]     |
[INFO] [stdout]     = help: consider using a Cargo feature instead
[INFO] [stdout]     = help: or consider adding in `Cargo.toml` the `check-cfg` lint config for the lint:
[INFO] [stdout]              [lints.rust]
[INFO] [stdout]              unexpected_cfgs = { level = "warn", check-cfg = ['cfg(slow_assertions)'] }
[INFO] [stdout]     = help: or consider adding `println!("cargo::rustc-check-cfg=cfg(slow_assertions)");` to the top of the `build.rs`
[INFO] [stdout]     = note: see <https://doc.rust-lang.org/nightly/rustc/check-cfg/cargo-specifics.html> for more information about checking conditional configuration
[INFO] [stdout] 
[INFO] [stdout] 
[INFO] [stdout] warning: use of deprecated associated function `core::num::<impl u32>::max_value`: replaced by the `MAX` associated constant on this type
[INFO] [stdout]   --> src/elements/index_map.rs:88:46
[INFO] [stdout]    |
[INFO] [stdout] 88 |             debug_assert!(self.entries.len() <= (u32::max_value() as usize) + 1);
[INFO] [stdout]    |                                                       ^^^^^^^^^
[INFO] [stdout]    |
[INFO] [stdout]    = note: `#[warn(deprecated)]` on by default
[INFO] [stdout] 
[INFO] [stdout] 
[INFO] [stdout] warning: use of deprecated associated function `core::num::<impl u32>::max_value`: replaced by the `MAX` associated constant on this type
[INFO] [stdout]   --> src/elements/primitives.rs:36:21
[INFO] [stdout]    |
[INFO] [stdout] 36 |         assert!(i <= u32::max_value() as usize);
[INFO] [stdout]    |                           ^^^^^^^^^
[INFO] [stdout] 
[INFO] [stdout] 
[INFO] [stdout] warning: hiding a lifetime that's elided elsewhere is confusing
[INFO] [stdout]    --> src/elements/index_map.rs:133:14
[INFO] [stdout]     |
[INFO] [stdout] 133 |     pub fn iter(&self) -> Iter<T> {
[INFO] [stdout]     |                 ^^^^^     ^^^^^^^ the same lifetime is hidden here
[INFO] [stdout]     |                 |
[INFO] [stdout]     |                 the lifetime is elided here
[INFO] [stdout]     |
[INFO] [stdout]     = help: the same lifetime is referred to in inconsistent ways, making the signature confusing
[INFO] [stdout]     = note: `#[warn(mismatched_lifetime_syntaxes)]` on by default
[INFO] [stdout] help: use `'_` for type paths
[INFO] [stdout]     |
[INFO] [stdout] 133 |     pub fn iter(&self) -> Iter<'_, T> {
[INFO] [stdout]     |                                +++
[INFO] [stdout] 
[INFO] [stdout] 
[INFO] [stderr]     Finished `release` profile [optimized] target(s) in 3.81s
[INFO] running `Command { std: "docker" "inspect" "7e64587f6b7652f4ebe514932aff8b200995fd5db315ef526d64867b5fd63a35", kill_on_drop: false }`
[INFO] running `Command { std: "docker" "exec" "-e" "SOURCE_DIR=/opt/rustwide/workdir" "-e" "CARGO_HOME=/opt/rustwide/cargo-home" "-e" "RUSTUP_HOME=/opt/rustwide/rustup-home" "-e" "CARGO_TARGET_DIR=/opt/rustwide/target" "-e" "CARGO_INCREMENTAL=0" "-e" "RUST_BACKTRACE=full" "-e" "RUSTFLAGS=--cap-lints=warn" "-e" "RUSTDOCFLAGS=--cap-lints=warn" "-w" "/opt/rustwide/workdir" "--user" "0:0" "7e64587f6b7652f4ebe514932aff8b200995fd5db315ef526d64867b5fd63a35" "/opt/rustwide/cargo-home/bin/cargo" "+1.99.0-beta.8" "test" "--frozen" "--no-run" "--message-format=json" "--release", kill_on_drop: false }`
[INFO] [stderr]    Compiling deranged v0.4.0
[INFO] [stderr]    Compiling time-core v0.1.4
[INFO] [stdout] warning: unexpected `cfg` condition name: `slow_assertions`
[INFO] [stdout]    --> src/elements/index_map.rs:127:8
[INFO] [stdout]     |
[INFO] [stdout] 127 |     #[cfg(slow_assertions)]
[INFO] [stdout]     |           ^^^^^^^^^^^^^^^ help: there is a config with a similar name: `debug_assertions`
[INFO] [stdout]     |
[INFO] [stdout]     = help: consider using a Cargo feature instead
[INFO] [stdout]     = help: or consider adding in `Cargo.toml` the `check-cfg` lint config for the lint:
[INFO] [stdout]              [lints.rust]
[INFO] [stdout]              unexpected_cfgs = { level = "warn", check-cfg = ['cfg(slow_assertions)'] }
[INFO] [stdout]     = help: or consider adding `println!("cargo::rustc-check-cfg=cfg(slow_assertions)");` to the top of the `build.rs`
[INFO] [stdout]     = note: see <https://doc.rust-lang.org/nightly/rustc/check-cfg/cargo-specifics.html> for more information about checking conditional configuration
[INFO] [stdout]     = note: `#[warn(unexpected_cfgs)]` on by default
[INFO] [stdout] 
[INFO] [stdout] 
[INFO] [stdout] warning: unexpected `cfg` condition name: `slow_assertions`
[INFO] [stdout]   --> src/elements/index_map.rs:90:9
[INFO] [stdout]    |
[INFO] [stdout] 90 |         #[cfg(slow_assertions)]
[INFO] [stdout]    |               ^^^^^^^^^^^^^^^ help: there is a config with a similar name: `debug_assertions`
[INFO] [stdout]    |
[INFO] [stdout]    = help: consider using a Cargo feature instead
[INFO] [stdout]    = help: or consider adding in `Cargo.toml` the `check-cfg` lint config for the lint:
[INFO] [stdout]             [lints.rust]
[INFO] [stdout]             unexpected_cfgs = { level = "warn", check-cfg = ['cfg(slow_assertions)'] }
[INFO] [stdout]    = help: or consider adding `println!("cargo::rustc-check-cfg=cfg(slow_assertions)");` to the top of the `build.rs`
[INFO] [stdout]    = note: see <https://doc.rust-lang.org/nightly/rustc/check-cfg/cargo-specifics.html> for more information about checking conditional configuration
[INFO] [stdout] 
[INFO] [stdout] 
[INFO] [stdout] warning: unexpected `cfg` condition name: `slow_assertions`
[INFO] [stdout]    --> src/elements/index_map.rs:104:9
[INFO] [stdout]     |
[INFO] [stdout] 104 |         #[cfg(slow_assertions)]
[INFO] [stdout]     |               ^^^^^^^^^^^^^^^ help: there is a config with a similar name: `debug_assertions`
[INFO] [stdout]     |
[INFO] [stdout]     = help: consider using a Cargo feature instead
[INFO] [stdout]     = help: or consider adding in `Cargo.toml` the `check-cfg` lint config for the lint:
[INFO] [stdout]              [lints.rust]
[INFO] [stdout]              unexpected_cfgs = { level = "warn", check-cfg = ['cfg(slow_assertions)'] }
[INFO] [stdout]     = help: or consider adding `println!("cargo::rustc-check-cfg=cfg(slow_assertions)");` to the top of the `build.rs`
[INFO] [stdout]     = note: see <https://doc.rust-lang.org/nightly/rustc/check-cfg/cargo-specifics.html> for more information about checking conditional configuration
[INFO] [stdout] 
[INFO] [stdout] 
[INFO] [stdout] warning: unexpected `cfg` condition name: `slow_assertions`
[INFO] [stdout]    --> src/elements/index_map.rs:111:9
[INFO] [stdout]     |
[INFO] [stdout] 111 |         #[cfg(slow_assertions)]
[INFO] [stdout]     |               ^^^^^^^^^^^^^^^ help: there is a config with a similar name: `debug_assertions`
[INFO] [stdout]     |
[INFO] [stdout]     = help: consider using a Cargo feature instead
[INFO] [stdout]     = help: or consider adding in `Cargo.toml` the `check-cfg` lint config for the lint:
[INFO] [stdout]              [lints.rust]
[INFO] [stdout]              unexpected_cfgs = { level = "warn", check-cfg = ['cfg(slow_assertions)'] }
[INFO] [stdout]     = help: or consider adding `println!("cargo::rustc-check-cfg=cfg(slow_assertions)");` to the top of the `build.rs`
[INFO] [stdout]     = note: see <https://doc.rust-lang.org/nightly/rustc/check-cfg/cargo-specifics.html> for more information about checking conditional configuration
[INFO] [stdout] 
[INFO] [stdout] 
[INFO] [stdout] warning: use of deprecated associated function `core::num::<impl u32>::max_value`: replaced by the `MAX` associated constant on this type
[INFO] [stdout]   --> src/elements/index_map.rs:88:46
[INFO] [stdout]    |
[INFO] [stdout] 88 |             debug_assert!(self.entries.len() <= (u32::max_value() as usize) + 1);
[INFO] [stdout]    |                                                       ^^^^^^^^^
[INFO] [stdout]    |
[INFO] [stdout]    = note: `#[warn(deprecated)]` on by default
[INFO] [stdout] 
[INFO] [stdout] 
[INFO] [stdout] warning: use of deprecated associated function `core::num::<impl u32>::max_value`: replaced by the `MAX` associated constant on this type
[INFO] [stdout]   --> src/elements/primitives.rs:36:21
[INFO] [stdout]    |
[INFO] [stdout] 36 |         assert!(i <= u32::max_value() as usize);
[INFO] [stdout]    |                           ^^^^^^^^^
[INFO] [stdout] 
[INFO] [stdout] 
[INFO] [stdout] warning: hiding a lifetime that's elided elsewhere is confusing
[INFO] [stdout]    --> src/elements/index_map.rs:133:14
[INFO] [stdout]     |
[INFO] [stdout] 133 |     pub fn iter(&self) -> Iter<T> {
[INFO] [stdout]     |                 ^^^^^     ^^^^^^^ the same lifetime is hidden here
[INFO] [stdout]     |                 |
[INFO] [stdout]     |                 the lifetime is elided here
[INFO] [stdout]     |
[INFO] [stdout]     = help: the same lifetime is referred to in inconsistent ways, making the signature confusing
[INFO] [stdout]     = note: `#[warn(mismatched_lifetime_syntaxes)]` on by default
[INFO] [stdout] help: use `'_` for type paths
[INFO] [stdout]     |
[INFO] [stdout] 133 |     pub fn iter(&self) -> Iter<'_, T> {
[INFO] [stdout]     |                                +++
[INFO] [stdout] 
[INFO] [stdout] 
[INFO] [stderr]    Compiling time v0.3.40
[INFO] [stderr]    Compiling linera-parity-wasm v0.45.1-linera.1 (/opt/rustwide/workdir)
[INFO] [stdout] warning: unexpected `cfg` condition name: `slow_assertions`
[INFO] [stdout]    --> src/elements/index_map.rs:127:8
[INFO] [stdout]     |
[INFO] [stdout] 127 |     #[cfg(slow_assertions)]
[INFO] [stdout]     |           ^^^^^^^^^^^^^^^ help: there is a config with a similar name: `debug_assertions`
[INFO] [stdout]     |
[INFO] [stdout]     = help: consider using a Cargo feature instead
[INFO] [stdout]     = help: or consider adding in `Cargo.toml` the `check-cfg` lint config for the lint:
[INFO] [stdout]              [lints.rust]
[INFO] [stdout]              unexpected_cfgs = { level = "warn", check-cfg = ['cfg(slow_assertions)'] }
[INFO] [stdout]     = help: or consider adding `println!("cargo::rustc-check-cfg=cfg(slow_assertions)");` to the top of the `build.rs`
[INFO] [stdout]     = note: see <https://doc.rust-lang.org/nightly/rustc/check-cfg/cargo-specifics.html> for more information about checking conditional configuration
[INFO] [stdout]     = note: `#[warn(unexpected_cfgs)]` on by default
[INFO] [stdout] 
[INFO] [stdout] 
[INFO] [stdout] warning: unexpected `cfg` condition name: `slow_assertions`
[INFO] [stdout]   --> src/elements/index_map.rs:90:9
[INFO] [stdout]    |
[INFO] [stdout] 90 |         #[cfg(slow_assertions)]
[INFO] [stdout]    |               ^^^^^^^^^^^^^^^ help: there is a config with a similar name: `debug_assertions`
[INFO] [stdout]    |
[INFO] [stdout]    = help: consider using a Cargo feature instead
[INFO] [stdout]    = help: or consider adding in `Cargo.toml` the `check-cfg` lint config for the lint:
[INFO] [stdout]             [lints.rust]
[INFO] [stdout]             unexpected_cfgs = { level = "warn", check-cfg = ['cfg(slow_assertions)'] }
[INFO] [stdout]    = help: or consider adding `println!("cargo::rustc-check-cfg=cfg(slow_assertions)");` to the top of the `build.rs`
[INFO] [stdout]    = note: see <https://doc.rust-lang.org/nightly/rustc/check-cfg/cargo-specifics.html> for more information about checking conditional configuration
[INFO] [stdout] 
[INFO] [stdout] 
[INFO] [stdout] warning: unexpected `cfg` condition name: `slow_assertions`
[INFO] [stdout]    --> src/elements/index_map.rs:104:9
[INFO] [stdout]     |
[INFO] [stdout] 104 |         #[cfg(slow_assertions)]
[INFO] [stdout]     |               ^^^^^^^^^^^^^^^ help: there is a config with a similar name: `debug_assertions`
[INFO] [stdout]     |
[INFO] [stdout]     = help: consider using a Cargo feature instead
[INFO] [stdout]     = help: or consider adding in `Cargo.toml` the `check-cfg` lint config for the lint:
[INFO] [stdout]              [lints.rust]
[INFO] [stdout]              unexpected_cfgs = { level = "warn", check-cfg = ['cfg(slow_assertions)'] }
[INFO] [stdout]     = help: or consider adding `println!("cargo::rustc-check-cfg=cfg(slow_assertions)");` to the top of the `build.rs`
[INFO] [stdout]     = note: see <https://doc.rust-lang.org/nightly/rustc/check-cfg/cargo-specifics.html> for more information about checking conditional configuration
[INFO] [stdout] 
[INFO] [stdout] 
[INFO] [stdout] warning: unexpected `cfg` condition name: `slow_assertions`
[INFO] [stdout]    --> src/elements/index_map.rs:111:9
[INFO] [stdout]     |
[INFO] [stdout] 111 |         #[cfg(slow_assertions)]
[INFO] [stdout]     |               ^^^^^^^^^^^^^^^ help: there is a config with a similar name: `debug_assertions`
[INFO] [stdout]     |
[INFO] [stdout]     = help: consider using a Cargo feature instead
[INFO] [stdout]     = help: or consider adding in `Cargo.toml` the `check-cfg` lint config for the lint:
[INFO] [stdout]              [lints.rust]
[INFO] [stdout]              unexpected_cfgs = { level = "warn", check-cfg = ['cfg(slow_assertions)'] }
[INFO] [stdout]     = help: or consider adding `println!("cargo::rustc-check-cfg=cfg(slow_assertions)");` to the top of the `build.rs`
[INFO] [stdout]     = note: see <https://doc.rust-lang.org/nightly/rustc/check-cfg/cargo-specifics.html> for more information about checking conditional configuration
[INFO] [stdout] 
[INFO] [stdout] 
[INFO] [stdout] warning: use of deprecated associated function `core::num::<impl u32>::max_value`: replaced by the `MAX` associated constant on this type
[INFO] [stdout]   --> src/elements/index_map.rs:88:46
[INFO] [stdout]    |
[INFO] [stdout] 88 |             debug_assert!(self.entries.len() <= (u32::max_value() as usize) + 1);
[INFO] [stdout]    |                                                       ^^^^^^^^^
[INFO] [stdout]    |
[INFO] [stdout]    = note: `#[warn(deprecated)]` on by default
[INFO] [stdout] 
[INFO] [stdout] 
[INFO] [stdout] warning: use of deprecated associated function `core::num::<impl u32>::max_value`: replaced by the `MAX` associated constant on this type
[INFO] [stdout]   --> src/elements/primitives.rs:36:21
[INFO] [stdout]    |
[INFO] [stdout] 36 |         assert!(i <= u32::max_value() as usize);
[INFO] [stdout]    |                           ^^^^^^^^^
[INFO] [stdout] 
[INFO] [stdout] 
[INFO] [stdout] warning: hiding a lifetime that's elided elsewhere is confusing
[INFO] [stdout]    --> src/elements/index_map.rs:133:14
[INFO] [stdout]     |
[INFO] [stdout] 133 |     pub fn iter(&self) -> Iter<T> {
[INFO] [stdout]     |                 ^^^^^     ^^^^^^^ the same lifetime is hidden here
[INFO] [stdout]     |                 |
[INFO] [stdout]     |                 the lifetime is elided here
[INFO] [stdout]     |
[INFO] [stdout]     = help: the same lifetime is referred to in inconsistent ways, making the signature confusing
[INFO] [stdout]     = note: `#[warn(mismatched_lifetime_syntaxes)]` on by default
[INFO] [stdout] help: use `'_` for type paths
[INFO] [stdout]     |
[INFO] [stdout] 133 |     pub fn iter(&self) -> Iter<'_, T> {
[INFO] [stdout]     |                                +++
[INFO] [stdout] 
[INFO] [stdout] 
[INFO] [stderr]     Finished `release` profile [optimized] target(s) in 12.29s
[INFO] running `Command { std: "docker" "inspect" "7e64587f6b7652f4ebe514932aff8b200995fd5db315ef526d64867b5fd63a35", kill_on_drop: false }`
[INFO] running `Command { std: "docker" "exec" "-e" "SOURCE_DIR=/opt/rustwide/workdir" "-e" "CARGO_HOME=/opt/rustwide/cargo-home" "-e" "RUSTUP_HOME=/opt/rustwide/rustup-home" "-e" "CARGO_TARGET_DIR=/opt/rustwide/target" "-e" "CARGO_INCREMENTAL=0" "-e" "RUST_BACKTRACE=full" "-e" "RUSTFLAGS=--cap-lints=warn" "-e" "RUSTDOCFLAGS=--cap-lints=warn" "-w" "/opt/rustwide/workdir" "--user" "0:0" "7e64587f6b7652f4ebe514932aff8b200995fd5db315ef526d64867b5fd63a35" "/opt/rustwide/cargo-home/bin/cargo" "+1.99.0-beta.8" "test" "--frozen" "--release", kill_on_drop: false }`
[INFO] [stderr] warning: unexpected `cfg` condition name: `slow_assertions`
[INFO] [stderr]    --> src/elements/index_map.rs:127:8
[INFO] [stderr]     |
[INFO] [stderr] 127 |     #[cfg(slow_assertions)]
[INFO] [stderr]     |           ^^^^^^^^^^^^^^^ help: there is a config with a similar name: `debug_assertions`
[INFO] [stderr]     |
[INFO] [stderr]     = help: consider using a Cargo feature instead
[INFO] [stderr]     = help: or consider adding in `Cargo.toml` the `check-cfg` lint config for the lint:
[INFO] [stderr]              [lints.rust]
[INFO] [stderr]              unexpected_cfgs = { level = "warn", check-cfg = ['cfg(slow_assertions)'] }
[INFO] [stderr]     = help: or consider adding `println!("cargo::rustc-check-cfg=cfg(slow_assertions)");` to the top of the `build.rs`
[INFO] [stderr]     = note: see <https://doc.rust-lang.org/nightly/rustc/check-cfg/cargo-specifics.html> for more information about checking conditional configuration
[INFO] [stderr]     = note: `#[warn(unexpected_cfgs)]` on by default
[INFO] [stderr] 
[INFO] [stderr] warning: unexpected `cfg` condition name: `slow_assertions`
[INFO] [stderr]   --> src/elements/index_map.rs:90:9
[INFO] [stderr]    |
[INFO] [stderr] 90 |         #[cfg(slow_assertions)]
[INFO] [stderr]    |               ^^^^^^^^^^^^^^^ help: there is a config with a similar name: `debug_assertions`
[INFO] [stderr]    |
[INFO] [stderr]    = help: consider using a Cargo feature instead
[INFO] [stderr]    = help: or consider adding in `Cargo.toml` the `check-cfg` lint config for the lint:
[INFO] [stderr]             [lints.rust]
[INFO] [stderr]             unexpected_cfgs = { level = "warn", check-cfg = ['cfg(slow_assertions)'] }
[INFO] [stderr]    = help: or consider adding `println!("cargo::rustc-check-cfg=cfg(slow_assertions)");` to the top of the `build.rs`
[INFO] [stderr]    = note: see <https://doc.rust-lang.org/nightly/rustc/check-cfg/cargo-specifics.html> for more information about checking conditional configuration
[INFO] [stderr] 
[INFO] [stderr] warning: unexpected `cfg` condition name: `slow_assertions`
[INFO] [stderr]    --> src/elements/index_map.rs:104:9
[INFO] [stderr]     |
[INFO] [stderr] 104 |         #[cfg(slow_assertions)]
[INFO] [stderr]     |               ^^^^^^^^^^^^^^^ help: there is a config with a similar name: `debug_assertions`
[INFO] [stderr]     |
[INFO] [stderr]     = help: consider using a Cargo feature instead
[INFO] [stderr]     = help: or consider adding in `Cargo.toml` the `check-cfg` lint config for the lint:
[INFO] [stderr]              [lints.rust]
[INFO] [stderr]              unexpected_cfgs = { level = "warn", check-cfg = ['cfg(slow_assertions)'] }
[INFO] [stderr]     = help: or consider adding `println!("cargo::rustc-check-cfg=cfg(slow_assertions)");` to the top of the `build.rs`
[INFO] [stderr]     = note: see <https://doc.rust-lang.org/nightly/rustc/check-cfg/cargo-specifics.html> for more information about checking conditional configuration
[INFO] [stderr] 
[INFO] [stderr] warning: unexpected `cfg` condition name: `slow_assertions`
[INFO] [stderr]    --> src/elements/index_map.rs:111:9
[INFO] [stderr]     |
[INFO] [stderr] 111 |         #[cfg(slow_assertions)]
[INFO] [stderr]     |               ^^^^^^^^^^^^^^^ help: there is a config with a similar name: `debug_assertions`
[INFO] [stderr]     |
[INFO] [stderr]     = help: consider using a Cargo feature instead
[INFO] [stderr]     = help: or consider adding in `Cargo.toml` the `check-cfg` lint config for the lint:
[INFO] [stderr]              [lints.rust]
[INFO] [stderr]              unexpected_cfgs = { level = "warn", check-cfg = ['cfg(slow_assertions)'] }
[INFO] [stderr]     = help: or consider adding `println!("cargo::rustc-check-cfg=cfg(slow_assertions)");` to the top of the `build.rs`
[INFO] [stderr]     = note: see <https://doc.rust-lang.org/nightly/rustc/check-cfg/cargo-specifics.html> for more information about checking conditional configuration
[INFO] [stderr] 
[INFO] [stderr] warning: use of deprecated associated function `core::num::<impl u32>::max_value`: replaced by the `MAX` associated constant on this type
[INFO] [stderr]   --> src/elements/index_map.rs:88:46
[INFO] [stderr]    |
[INFO] [stderr] 88 |             debug_assert!(self.entries.len() <= (u32::max_value() as usize) + 1);
[INFO] [stderr]    |                                                       ^^^^^^^^^
[INFO] [stderr]    |
[INFO] [stderr]    = note: `#[warn(deprecated)]` on by default
[INFO] [stderr] 
[INFO] [stderr] warning: use of deprecated associated function `core::num::<impl u32>::max_value`: replaced by the `MAX` associated constant on this type
[INFO] [stderr]   --> src/elements/primitives.rs:36:21
[INFO] [stderr]    |
[INFO] [stderr] 36 |         assert!(i <= u32::max_value() as usize);
[INFO] [stderr]    |                           ^^^^^^^^^
[INFO] [stderr] 
[INFO] [stderr] warning: hiding a lifetime that's elided elsewhere is confusing
[INFO] [stderr]    --> src/elements/index_map.rs:133:14
[INFO] [stderr]     |
[INFO] [stderr] 133 |     pub fn iter(&self) -> Iter<T> {
[INFO] [stderr]     |                 ^^^^^     ^^^^^^^ the same lifetime is hidden here
[INFO] [stderr]     |                 |
[INFO] [stderr]     |                 the lifetime is elided here
[INFO] [stderr]     |
[INFO] [stderr]     = help: the same lifetime is referred to in inconsistent ways, making the signature confusing
[INFO] [stderr]     = note: `#[warn(mismatched_lifetime_syntaxes)]` on by default
[INFO] [stderr] help: use `'_` for type paths
[INFO] [stderr]     |
[INFO] [stderr] 133 |     pub fn iter(&self) -> Iter<'_, T> {
[INFO] [stderr]     |                                +++
[INFO] [stderr] 
[INFO] [stderr] warning: `linera-parity-wasm` (lib) generated 7 warnings (run `cargo fix --lib -p linera-parity-wasm` to apply 1 suggestion)
[INFO] [stderr] warning: `linera-parity-wasm` (lib test) generated 7 warnings (7 duplicates)
[INFO] [stderr]     Finished `release` profile [optimized] target(s) in 0.04s
[INFO] [stderr]      Running unittests src/lib.rs (/opt/rustwide/target/release/deps/linera_parity_wasm-5c79b823ac27bf86)
[INFO] [stdout] 
[INFO] [stdout] running 103 tests
[INFO] [stdout] test builder::code::tests::func_example ... ok
[INFO] [stdout] test builder::code::tests::func_example_multi_result ... ok
[INFO] [stdout] test builder::module::tests::data ... ok
[INFO] [stdout] test builder::export::tests::example ... ok
[INFO] [stdout] test builder::import::tests::example ... ok
[INFO] [stdout] test builder::global::tests::example ... ok
[INFO] [stdout] test builder::module::tests::export ... ok
[INFO] [stdout] test builder::code::tests::example ... ok
[INFO] [stdout] test elements::index_map::tests::contains_key_returns_true_when_a_key_is_present ... ok
[INFO] [stdout] test elements::index_map::tests::default_is_empty_no_matter_how_we_look_at_it ... ok
[INFO] [stdout] test builder::module::tests::functions ... ok
[INFO] [stdout] test builder::module::tests::reuse_types ... ok
[INFO] [stdout] test builder::module::tests::global ... ok
[INFO] [stdout] test builder::module::tests::smoky ... ok
[INFO] [stdout] test elements::index_map::tests::deserialize_enforces_max_idx ... ok
[INFO] [stdout] test elements::index_map::tests::clear_removes_all_values ... ok
[INFO] [stdout] test elements::index_map::tests::iterators_are_well_behaved ... ok
[INFO] [stdout] test elements::index_map::tests::partial_eq_is_smart_about_none_values_at_the_end ... ok
[INFO] [stdout] test elements::index_map::tests::from_iterator_builds_a_map ... ok
[INFO] [stdout] test elements::index_map::tests::with_capacity_creates_empty_map ... ok
[INFO] [stdout] test elements::index_map::tests::serialize_and_deserialize ... ok
[INFO] [stdout] test elements::index_map::tests::get_returns_elements_that_are_there_but_nothing_else ... ok
[INFO] [stdout] test elements::index_map::tests::insert_behaves_like_other_maps ... ok
[INFO] [stdout] test elements::index_map::tests::remove_behaves_like_other_maps ... ok
[INFO] [stdout] test elements::module::integration_tests::add_custom_section ... FAILED
[INFO] [stdout] test elements::index_map::tests::deserialize_requires_elements_to_be_in_order ... ok
[INFO] [stdout] test elements::index_map::tests::partial_eq_works_as_expected_in_simple_cases ... ok
[INFO] [stdout] test elements::module::integration_tests::hello ... FAILED
[INFO] [stdout] test elements::module::integration_tests::insert_sections ... ok
[INFO] [stdout] test elements::module::integration_tests::const_ ... FAILED
[INFO] [stdout] test elements::module::integration_tests::memory_space ... FAILED
[INFO] [stdout] test elements::module::integration_tests::module_default_round_trip ... ok
[INFO] [stdout] test elements::module::integration_tests::add_start ... FAILED
[INFO] [stdout] test elements::module::integration_tests::add_start_custom ... FAILED
[INFO] [stdout] test elements::module::integration_tests::mut_start ... FAILED
[INFO] [stdout] test elements::module::integration_tests::names ... FAILED
[INFO] [stdout] test elements::module::integration_tests::peek ... FAILED
[INFO] [stdout] test elements::module::integration_tests::peek_2 ... FAILED
[INFO] [stdout] test elements::module::integration_tests::names_with_global_section ... FAILED
[INFO] [stdout] test elements::module::integration_tests::peek_3 ... FAILED
[INFO] [stdout] test elements::module::integration_tests::serde ... FAILED
[INFO] [stdout] test elements::module::integration_tests::names_section_present ... FAILED
[INFO] [stdout] test elements::module::integration_tests::names_section_not_present ... FAILED
[INFO] [stdout] test elements::module::integration_tests::serialization_roundtrip ... FAILED
[INFO] [stdout] test elements::module::integration_tests::serde_import ... FAILED
[INFO] [stdout] test elements::name_section::tests::serialize_local_names ... ok
[INFO] [stdout] test elements::module::integration_tests::store ... FAILED
[INFO] [stdout] test elements::name_section::tests::deserialize_local_names ... FAILED
[INFO] [stdout] test elements::name_section::tests::serialize_function_names ... ok
[INFO] [stdout] test elements::module::integration_tests::shared_memory_flag ... ok
[INFO] [stdout] test elements::name_section::tests::serialize_all_subsections ... ok
[INFO] [stdout] test elements::module::integration_tests::serde_code ... FAILED
[INFO] [stdout] test elements::name_section::tests::serialize_module_name ... ok
[INFO] [stdout] test elements::module::integration_tests::serde_type ... FAILED
[INFO] [stdout] test elements::ops::instructions_hashset ... ok
[INFO] [stdout] test elements::primitives::tests::varint32_8192 ... ok
[INFO] [stdout] test elements::primitives::tests::varint32_bad_extended ... ok
[INFO] [stdout] test elements::ops::ifelse ... ok
[INFO] [stdout] test elements::ops::size_off ... ok
[INFO] [stdout] test elements::primitives::tests::counted_list ... ok
[INFO] [stdout] test elements::ops::display ... ok
[INFO] [stdout] test elements::primitives::tests::varint32_bad_extended2 ... ok
[INFO] [stdout] test elements::primitives::tests::varint32_neg_8192 ... ok
[INFO] [stdout] test elements::primitives::tests::varint32_too_long ... ok
[INFO] [stdout] test elements::primitives::tests::varint64_8192 ... ok
[INFO] [stdout] test elements::primitives::tests::varint64_bad_extended ... ok
[INFO] [stdout] test elements::primitives::tests::varint32_max ... ok
[INFO] [stdout] test elements::primitives::tests::varuint32_0 ... ok
[INFO] [stdout] test elements::primitives::tests::varuint32_1 ... ok
[INFO] [stdout] test elements::primitives::tests::varint32_min ... ok
[INFO] [stdout] test elements::primitives::tests::varuint32_8192 ... ok
[INFO] [stdout] test elements::primitives::tests::varuint32_too_long ... ok
[INFO] [stdout] test elements::primitives::tests::varuint32_too_long_nulled ... ok
[INFO] [stdout] test elements::primitives::tests::varuint32_too_long_trailing ... ok
[INFO] [stdout] test elements::primitives::tests::varint64_neg_8192 ... ok
[INFO] [stdout] test elements::primitives::tests::varint7_invalid ... ok
[INFO] [stdout] test elements::primitives::tests::varint64_too_long ... ok
[INFO] [stdout] test elements::primitives::tests::varint7_neg ... ok
[INFO] [stdout] test elements::primitives::tests::varuint32_135 ... ok
[INFO] [stdout] test elements::primitives::tests::varuint64_1 ... ok
[INFO] [stdout] test elements::primitives::tests::varuint64_135 ... ok
[INFO] [stdout] test elements::section::tests::code_detect ... ok
[INFO] [stdout] test elements::primitives::tests::varuint64_8192 ... ok
[INFO] [stdout] test elements::primitives::tests::varuint64_0 ... ok
[INFO] [stdout] test elements::section::tests::code_section_ser ... ok
[INFO] [stdout] test elements::section::tests::data_section_ser ... ok
[INFO] [stdout] test elements::section::tests::element_section_ser ... ok
[INFO] [stdout] test elements::section::tests::export_detect ... ok
[INFO] [stdout] test elements::section::tests::fn_section_number ... ok
[INFO] [stdout] test elements::section::tests::fn_section_ref ... ok
[INFO] [stdout] test elements::primitives::tests::varint64_max ... ok
[INFO] [stdout] test elements::primitives::tests::varuint64_too_long ... ok
[INFO] [stdout] test elements::section::tests::data_section_detect ... ok
[INFO] [stdout] test elements::primitives::tests::varint64_min ... ok
[INFO] [stdout] test elements::primitives::tests::varuint64_too_long_trailing ... ok
[INFO] [stdout] test elements::reloc_section::tests::reloc_section ... FAILED
[INFO] [stdout] test elements::section::tests::fn_section_detect ... ok
[INFO] [stdout] test elements::section::tests::start_section ... ok
[INFO] [stdout] test elements::section::tests::import_section ... FAILED
[INFO] [stdout] test elements::section::tests::type_section_infer ... ok
[INFO] [stdout] test elements::section::tests::type_section_len ... ok
[INFO] [stdout] test io::tests::cursor ... ok
[INFO] [stdout] test io::tests::overflow_in_cursor ... ok
[INFO] [stdout] 
[INFO] [stdout] failures:
[INFO] [stdout] 
[INFO] [stdout] ---- elements::module::integration_tests::add_custom_section stdout ----
[INFO] [stdout] 
[INFO] [stdout] thread 'elements::module::integration_tests::add_custom_section' (248) panicked at src/elements/module.rs:952:63:
[INFO] [stdout] failed to deserialize: HeapOther("Can't read from the file: Os { code: 2, kind: NotFound, message: \"No such file or directory\" }")
[INFO] [stdout] stack backtrace:
[INFO] [stdout]    0:     0x5dcbefa5ab41 - <<std[70759c8f55707aa4]::sys::backtrace::BacktraceLock>::print::DisplayBacktrace as core[df12db4294e9bfd3]::fmt::Display>::fmt
[INFO] [stdout]    1:     0x5dcbefa6f1fa - core[df12db4294e9bfd3]::fmt::write
[INFO] [stdout]    2:     0x5dcbefa5efdc - <alloc[2182bb758b4b3781]::vec::Vec<u8> as core[df12db4294e9bfd3]::io::write::Write>::write_fmt
[INFO] [stdout]    3:     0x5dcbefa37136 - std[70759c8f55707aa4]::panicking::default_hook::{closure#0}
[INFO] [stdout]    4:     0x5dcbefa532a9 - std[70759c8f55707aa4]::panicking::default_hook
[INFO] [stdout]    5:     0x5dcbef9ef730 - test[9d35eded1c95d3be]::test_main_inner::<test[9d35eded1c95d3be]::test_main_static::{closure#0}>::{closure#0}
[INFO] [stdout]    6:     0x5dcbefa53462 - std[70759c8f55707aa4]::panicking::panic_with_hook
[INFO] [stdout]    7:     0x5dcbefa371e2 - std[70759c8f55707aa4]::panicking::panic_handler::{closure#0}
[INFO] [stdout]    8:     0x5dcbefa2ff69 - std[70759c8f55707aa4]::sys::backtrace::__rust_end_short_backtrace::<std[70759c8f55707aa4]::panicking::panic_handler::{closure#0}, !>
[INFO] [stdout]    9:     0x5dcbefa37ddd - __rustc[8fa7c3cbc660c2b3]::rust_begin_unwind
[INFO] [stdout]   10:     0x5dcbefa6f92c - core[df12db4294e9bfd3]::panicking::panic_fmt
[INFO] [stdout]   11:     0x5dcbefa6f702 - core[df12db4294e9bfd3]::result::unwrap_failed
[INFO] [stdout]   12:     0x5dcbef9c8d3c - linera_parity_wasm[54f16e83ec0d7796]::elements::module::integration_tests::add_custom_section
[INFO] [stdout]   13:     0x5dcbef9be529 - <linera_parity_wasm[54f16e83ec0d7796]::elements::module::integration_tests::add_custom_section::{closure#0} as core[df12db4294e9bfd3]::ops::function::FnOnce<()>>::call_once
[INFO] [stdout]   14:     0x5dcbef9e2a1b - test[9d35eded1c95d3be]::__rust_begin_short_backtrace::<core[df12db4294e9bfd3]::result::Result<(), alloc[2182bb758b4b3781]::string::String>, fn() -> core[df12db4294e9bfd3]::result::Result<(), alloc[2182bb758b4b3781]::string::String>>
[INFO] [stdout]   15:     0x5dcbef9f0085 - test[9d35eded1c95d3be]::run_test::{closure#0}
[INFO] [stdout]   16:     0x5dcbef9e9944 - std[70759c8f55707aa4]::sys::backtrace::__rust_begin_short_backtrace::<test[9d35eded1c95d3be]::run_test::{closure#1}, ()>
[INFO] [stdout]   17:     0x5dcbef9f31e2 - <std[70759c8f55707aa4]::thread::lifecycle::spawn_unchecked<test[9d35eded1c95d3be]::run_test::{closure#1}, ()>::{closure#1} as core[df12db4294e9bfd3]::ops::function::FnOnce<()>>::call_once::{shim:vtable#0}
[INFO] [stdout]   18:     0x5dcbefa5a419 - <std[70759c8f55707aa4]::sys::thread::unix::Thread>::new::thread_start
[INFO] [stdout]   19:     0x72271888edfa - <unknown>
[INFO] [stdout]   20:     0x7227189223d4 - clone
[INFO] [stdout]   21:                0x0 - <unknown>
[INFO] [stdout] 
[INFO] [stdout] ---- elements::module::integration_tests::hello stdout ----
[INFO] [stdout] 
[INFO] [stdout] thread 'elements::module::integration_tests::hello' (252) panicked at src/elements/module.rs:717:68:
[INFO] [stdout] Should be deserialized: HeapOther("Can't read from the file: Os { code: 2, kind: NotFound, message: \"No such file or directory\" }")
[INFO] [stdout] stack backtrace:
[INFO] [stdout]    0:     0x5dcbefa5ab41 - <<std[70759c8f55707aa4]::sys::backtrace::BacktraceLock>::print::DisplayBacktrace as core[df12db4294e9bfd3]::fmt::Display>::fmt
[INFO] [stdout]    1:     0x5dcbefa6f1fa - core[df12db4294e9bfd3]::fmt::write
[INFO] [stdout]    2:     0x5dcbefa5efdc - <alloc[2182bb758b4b3781]::vec::Vec<u8> as core[df12db4294e9bfd3]::io::write::Write>::write_fmt
[INFO] [stdout]    3:     0x5dcbefa37136 - std[70759c8f55707aa4]::panicking::default_hook::{closure#0}
[INFO] [stdout]    4:     0x5dcbefa532a9 - std[70759c8f55707aa4]::panicking::default_hook
[INFO] [stdout]    5:     0x5dcbef9ef730 - test[9d35eded1c95d3be]::test_main_inner::<test[9d35eded1c95d3be]::test_main_static::{closure#0}>::{closure#0}
[INFO] [stdout]    6:     0x5dcbefa53462 - std[70759c8f55707aa4]::panicking::panic_with_hook
[INFO] [stdout]    7:     0x5dcbefa371e2 - std[70759c8f55707aa4]::panicking::panic_handler::{closure#0}
[INFO] [stdout]    8:     0x5dcbefa2ff69 - std[70759c8f55707aa4]::sys::backtrace::__rust_end_short_backtrace::<std[70759c8f55707aa4]::panicking::panic_handler::{closure#0}, !>
[INFO] [stdout]    9:     0x5dcbefa37ddd - __rustc[8fa7c3cbc660c2b3]::rust_begin_unwind
[INFO] [stdout]   10:     0x5dcbefa6f92c - core[df12db4294e9bfd3]::panicking::panic_fmt
[INFO] [stdout]   11:     0x5dcbefa6f702 - core[df12db4294e9bfd3]::result::unwrap_failed
[INFO] [stdout]   12:     0x5dcbef9ca62f - linera_parity_wasm[54f16e83ec0d7796]::elements::module::integration_tests::hello
[INFO] [stdout]   13:     0x5dcbef9be689 - <linera_parity_wasm[54f16e83ec0d7796]::elements::module::integration_tests::hello::{closure#0} as core[df12db4294e9bfd3]::ops::function::FnOnce<()>>::call_once
[INFO] [stdout]   14:     0x5dcbef9e2a1b - test[9d35eded1c95d3be]::__rust_begin_short_backtrace::<core[df12db4294e9bfd3]::result::Result<(), alloc[2182bb758b4b3781]::string::String>, fn() -> core[df12db4294e9bfd3]::result::Result<(), alloc[2182bb758b4b3781]::string::String>>
[INFO] [stdout]   15:     0x5dcbef9f0085 - test[9d35eded1c95d3be]::run_test::{closure#0}
[INFO] [stdout]   16:     0x5dcbef9e9944 - std[70759c8f55707aa4]::sys::backtrace::__rust_begin_short_backtrace::<test[9d35eded1c95d3be]::run_test::{closure#1}, ()>
[INFO] [stdout]   17:     0x5dcbef9f31e2 - <std[70759c8f55707aa4]::thread::lifecycle::spawn_unchecked<test[9d35eded1c95d3be]::run_test::{closure#1}, ()>::{closure#1} as core[df12db4294e9bfd3]::ops::function::FnOnce<()>>::call_once::{shim:vtable#0}
[INFO] [stdout]   18:     0x5dcbefa5a419 - <std[70759c8f55707aa4]::sys::thread::unix::Thread>::new::thread_start
[INFO] [stdout]   19:     0x72271888edfa - <unknown>
[INFO] [stdout]   20:     0x7227189223d4 - clone
[INFO] [stdout]   21:                0x0 - <unknown>
[INFO] [stdout] 
[INFO] [stdout] ---- elements::module::integration_tests::const_ stdout ----
[INFO] [stdout] 
[INFO] [stdout] thread 'elements::module::integration_tests::const_' (251) panicked at src/elements/module.rs:798:68:
[INFO] [stdout] Should be deserialized: HeapOther("Can't read from the file: Os { code: 2, kind: NotFound, message: \"No such file or directory\" }")
[INFO] [stdout] stack backtrace:
[INFO] [stdout]    0:     0x5dcbefa5ab41 - <<std[70759c8f55707aa4]::sys::backtrace::BacktraceLock>::print::DisplayBacktrace as core[df12db4294e9bfd3]::fmt::Display>::fmt
[INFO] [stdout]    1:     0x5dcbefa6f1fa - core[df12db4294e9bfd3]::fmt::write
[INFO] [stdout]    2:     0x5dcbefa5efdc - <alloc[2182bb758b4b3781]::vec::Vec<u8> as core[df12db4294e9bfd3]::io::write::Write>::write_fmt
[INFO] [stdout]    3:     0x5dcbefa37136 - std[70759c8f55707aa4]::panicking::default_hook::{closure#0}
[INFO] [stdout]    4:     0x5dcbefa532a9 - std[70759c8f55707aa4]::panicking::default_hook
[INFO] [stdout]    5:     0x5dcbef9ef730 - test[9d35eded1c95d3be]::test_main_inner::<test[9d35eded1c95d3be]::test_main_static::{closure#0}>::{closure#0}
[INFO] [stdout]    6:     0x5dcbefa53462 - std[70759c8f55707aa4]::panicking::panic_with_hook
[INFO] [stdout]    7:     0x5dcbefa371e2 - std[70759c8f55707aa4]::panicking::panic_handler::{closure#0}
[INFO] [stdout]    8:     0x5dcbefa2ff69 - std[70759c8f55707aa4]::sys::backtrace::__rust_end_short_backtrace::<std[70759c8f55707aa4]::panicking::panic_handler::{closure#0}, !>
[INFO] [stdout]    9:     0x5dcbefa37ddd - __rustc[8fa7c3cbc660c2b3]::rust_begin_unwind
[INFO] [stdout]   10:     0x5dcbefa6f92c - core[df12db4294e9bfd3]::panicking::panic_fmt
[INFO] [stdout]   11:     0x5dcbefa6f702 - core[df12db4294e9bfd3]::result::unwrap_failed
[INFO] [stdout]   12:     0x5dcbef9cb511 - linera_parity_wasm[54f16e83ec0d7796]::elements::module::integration_tests::const_
[INFO] [stdout]   13:     0x5dcbef9be709 - <linera_parity_wasm[54f16e83ec0d7796]::elements::module::integration_tests::const_::{closure#0} as core[df12db4294e9bfd3]::ops::function::FnOnce<()>>::call_once
[INFO] [stdout]   14:     0x5dcbef9e2a1b - test[9d35eded1c95d3be]::__rust_begin_short_backtrace::<core[df12db4294e9bfd3]::result::Result<(), alloc[2182bb758b4b3781]::string::String>, fn() -> core[df12db4294e9bfd3]::result::Result<(), alloc[2182bb758b4b3781]::string::String>>
[INFO] [stdout]   15:     0x5dcbef9f0085 - test[9d35eded1c95d3be]::run_test::{closure#0}
[INFO] [stdout]   16:     0x5dcbef9e9944 - std[70759c8f55707aa4]::sys::backtrace::__rust_begin_short_backtrace::<test[9d35eded1c95d3be]::run_test::{closure#1}, ()>
[INFO] [stdout]   17:     0x5dcbef9f31e2 - <std[70759c8f55707aa4]::thread::lifecycle::spawn_unchecked<test[9d35eded1c95d3be]::run_test::{closure#1}, ()>::{closure#1} as core[df12db4294e9bfd3]::ops::function::FnOnce<()>>::call_once::{shim:vtable#0}
[INFO] [stdout]   18:     0x5dcbefa5a419 - <std[70759c8f55707aa4]::sys::thread::unix::Thread>::new::thread_start
[INFO] [stdout]   19:     0x72271888edfa - <unknown>
[INFO] [stdout]   20:     0x7227189223d4 - clone
[INFO] [stdout]   21:                0x0 - <unknown>
[INFO] [stdout] 
[INFO] [stdout] ---- elements::module::integration_tests::memory_space stdout ----
[INFO] [stdout] 
[INFO] [stdout] thread 'elements::module::integration_tests::memory_space' (254) panicked at src/elements/module.rs:945:62:
[INFO] [stdout] failed to deserialize: HeapOther("Can't read from the file: Os { code: 2, kind: NotFound, message: \"No such file or directory\" }")
[INFO] [stdout] stack backtrace:
[INFO] [stdout]    0:     0x5dcbefa5ab41 - <<std[70759c8f55707aa4]::sys::backtrace::BacktraceLock>::print::DisplayBacktrace as core[df12db4294e9bfd3]::fmt::Display>::fmt
[INFO] [stdout]    1:     0x5dcbefa6f1fa - core[df12db4294e9bfd3]::fmt::write
[INFO] [stdout]    2:     0x5dcbefa5efdc - <alloc[2182bb758b4b3781]::vec::Vec<u8> as core[df12db4294e9bfd3]::io::write::Write>::write_fmt
[INFO] [stdout]    3:     0x5dcbefa37136 - std[70759c8f55707aa4]::panicking::default_hook::{closure#0}
[INFO] [stdout]    4:     0x5dcbefa532a9 - std[70759c8f55707aa4]::panicking::default_hook
[INFO] [stdout]    5:     0x5dcbef9ef730 - test[9d35eded1c95d3be]::test_main_inner::<test[9d35eded1c95d3be]::test_main_static::{closure#0}>::{closure#0}
[INFO] [stdout]    6:     0x5dcbefa53462 - std[70759c8f55707aa4]::panicking::panic_with_hook
[INFO] [stdout]    7:     0x5dcbefa371e2 - std[70759c8f55707aa4]::panicking::panic_handler::{closure#0}
[INFO] [stdout]    8:     0x5dcbefa2ff69 - std[70759c8f55707aa4]::sys::backtrace::__rust_end_short_backtrace::<std[70759c8f55707aa4]::panicking::panic_handler::{closure#0}, !>
[INFO] [stdout]    9:     0x5dcbefa37ddd - __rustc[8fa7c3cbc660c2b3]::rust_begin_unwind
[INFO] [stdout]   10:     0x5dcbefa6f92c - core[df12db4294e9bfd3]::panicking::panic_fmt
[INFO] [stdout]   11:     0x5dcbefa6f702 - core[df12db4294e9bfd3]::result::unwrap_failed
[INFO] [stdout]   12:     0x5dcbef9c75c1 - linera_parity_wasm[54f16e83ec0d7796]::elements::module::integration_tests::memory_space
[INFO] [stdout]   13:     0x5dcbef9be4a9 - <linera_parity_wasm[54f16e83ec0d7796]::elements::module::integration_tests::memory_space::{closure#0} as core[df12db4294e9bfd3]::ops::function::FnOnce<()>>::call_once
[INFO] [stdout]   14:     0x5dcbef9e2a1b - test[9d35eded1c95d3be]::__rust_begin_short_backtrace::<core[df12db4294e9bfd3]::result::Result<(), alloc[2182bb758b4b3781]::string::String>, fn() -> core[df12db4294e9bfd3]::result::Result<(), alloc[2182bb758b4b3781]::string::String>>
[INFO] [stdout]   15:     0x5dcbef9f0085 - test[9d35eded1c95d3be]::run_test::{closure#0}
[INFO] [stdout]   16:     0x5dcbef9e9944 - std[70759c8f55707aa4]::sys::backtrace::__rust_begin_short_backtrace::<test[9d35eded1c95d3be]::run_test::{closure#1}, ()>
[INFO] [stdout]   17:     0x5dcbef9f31e2 - <std[70759c8f55707aa4]::thread::lifecycle::spawn_unchecked<test[9d35eded1c95d3be]::run_test::{closure#1}, ()>::{closure#1} as core[df12db4294e9bfd3]::ops::function::FnOnce<()>>::call_once::{shim:vtable#0}
[INFO] [stdout]   18:     0x5dcbefa5a419 - <std[70759c8f55707aa4]::sys::thread::unix::Thread>::new::thread_start
[INFO] [stdout]   19:     0x72271888edfa - <unknown>
[INFO] [stdout]   20:     0x7227189223d4 - clone
[INFO] [stdout]   21:                0x0 - <unknown>
[INFO] [stdout] 
[INFO] [stdout] ---- elements::module::integration_tests::add_start stdout ----
[INFO] [stdout] 
[INFO] [stdout] thread 'elements::module::integration_tests::add_start' (249) panicked at src/elements/module.rs:982:63:
[INFO] [stdout] failed to deserialize: HeapOther("Can't read from the file: Os { code: 2, kind: NotFound, message: \"No such file or directory\" }")
[INFO] [stdout] stack backtrace:
[INFO] [stdout]    0:     0x5dcbefa5ab41 - <<std[70759c8f55707aa4]::sys::backtrace::BacktraceLock>::print::DisplayBacktrace as core[df12db4294e9bfd3]::fmt::Display>::fmt
[INFO] [stdout]    1:     0x5dcbefa6f1fa - core[df12db4294e9bfd3]::fmt::write
[INFO] [stdout]    2:     0x5dcbefa5efdc - <alloc[2182bb758b4b3781]::vec::Vec<u8> as core[df12db4294e9bfd3]::io::write::Write>::write_fmt
[INFO] [stdout]    3:     0x5dcbefa37136 - std[70759c8f55707aa4]::panicking::default_hook::{closure#0}
[INFO] [stdout]    4:     0x5dcbefa532a9 - std[70759c8f55707aa4]::panicking::default_hook
[INFO] [stdout]    5:     0x5dcbef9ef730 - test[9d35eded1c95d3be]::test_main_inner::<test[9d35eded1c95d3be]::test_main_static::{closure#0}>::{closure#0}
[INFO] [stdout]    6:     0x5dcbefa53462 - std[70759c8f55707aa4]::panicking::panic_with_hook
[INFO] [stdout]    7:     0x5dcbefa371e2 - std[70759c8f55707aa4]::panicking::panic_handler::{closure#0}
[INFO] [stdout]    8:     0x5dcbefa2ff69 - std[70759c8f55707aa4]::sys::backtrace::__rust_end_short_backtrace::<std[70759c8f55707aa4]::panicking::panic_handler::{closure#0}, !>
[INFO] [stdout]    9:     0x5dcbefa37ddd - __rustc[8fa7c3cbc660c2b3]::rust_begin_unwind
[INFO] [stdout]   10:     0x5dcbefa6f92c - core[df12db4294e9bfd3]::panicking::panic_fmt
[INFO] [stdout]   11:     0x5dcbefa6f702 - core[df12db4294e9bfd3]::result::unwrap_failed
[INFO] [stdout]   12:     0x5dcbef9cbdd5 - linera_parity_wasm[54f16e83ec0d7796]::elements::module::integration_tests::add_start
[INFO] [stdout]   13:     0x5dcbef9be769 - <linera_parity_wasm[54f16e83ec0d7796]::elements::module::integration_tests::add_start::{closure#0} as core[df12db4294e9bfd3]::ops::function::FnOnce<()>>::call_once
[INFO] [stdout]   14:     0x5dcbef9e2a1b - test[9d35eded1c95d3be]::__rust_begin_short_backtrace::<core[df12db4294e9bfd3]::result::Result<(), alloc[2182bb758b4b3781]::string::String>, fn() -> core[df12db4294e9bfd3]::result::Result<(), alloc[2182bb758b4b3781]::string::String>>
[INFO] [stdout]   15:     0x5dcbef9f0085 - test[9d35eded1c95d3be]::run_test::{closure#0}
[INFO] [stdout]   16:     0x5dcbef9e9944 - std[70759c8f55707aa4]::sys::backtrace::__rust_begin_short_backtrace::<test[9d35eded1c95d3be]::run_test::{closure#1}, ()>
[INFO] [stdout]   17:     0x5dcbef9f31e2 - <std[70759c8f55707aa4]::thread::lifecycle::spawn_unchecked<test[9d35eded1c95d3be]::run_test::{closure#1}, ()>::{closure#1} as core[df12db4294e9bfd3]::ops::function::FnOnce<()>>::call_once::{shim:vtable#0}
[INFO] [stdout]   18:     0x5dcbefa5a419 - <std[70759c8f55707aa4]::sys::thread::unix::Thread>::new::thread_start
[INFO] [stdout]   19:     0x72271888edfa - <unknown>
[INFO] [stdout]   20:     0x7227189223d4 - clone
[INFO] [stdout]   21:                0x0 - <unknown>
[INFO] [stdout] 
[INFO] [stdout] ---- elements::module::integration_tests::add_start_custom stdout ----
[INFO] [stdout] 
[INFO] [stdout] thread 'elements::module::integration_tests::add_start_custom' (250) panicked at src/elements/module.rs:994:14:
[INFO] [stdout] failed to deserialize: HeapOther("Can't read from the file: Os { code: 2, kind: NotFound, message: \"No such file or directory\" }")
[INFO] [stdout] stack backtrace:
[INFO] [stdout]    0:     0x5dcbefa5ab41 - <<std[70759c8f55707aa4]::sys::backtrace::BacktraceLock>::print::DisplayBacktrace as core[df12db4294e9bfd3]::fmt::Display>::fmt
[INFO] [stdout]    1:     0x5dcbefa6f1fa - core[df12db4294e9bfd3]::fmt::write
[INFO] [stdout]    2:     0x5dcbefa5efdc - <alloc[2182bb758b4b3781]::vec::Vec<u8> as core[df12db4294e9bfd3]::io::write::Write>::write_fmt
[INFO] [stdout]    3:     0x5dcbefa37136 - std[70759c8f55707aa4]::panicking::default_hook::{closure#0}
[INFO] [stdout]    4:     0x5dcbefa532a9 - std[70759c8f55707aa4]::panicking::default_hook
[INFO] [stdout]    5:     0x5dcbef9ef730 - test[9d35eded1c95d3be]::test_main_inner::<test[9d35eded1c95d3be]::test_main_static::{closure#0}>::{closure#0}
[INFO] [stdout]    6:     0x5dcbefa53462 - std[70759c8f55707aa4]::panicking::panic_with_hook
[INFO] [stdout]    7:     0x5dcbefa371e2 - std[70759c8f55707aa4]::panicking::panic_handler::{closure#0}
[INFO] [stdout]    8:     0x5dcbefa2ff69 - std[70759c8f55707aa4]::sys::backtrace::__rust_end_short_backtrace::<std[70759c8f55707aa4]::panicking::panic_handler::{closure#0}, !>
[INFO] [stdout]    9:     0x5dcbefa37ddd - __rustc[8fa7c3cbc660c2b3]::rust_begin_unwind
[INFO] [stdout]   10:     0x5dcbefa6f92c - core[df12db4294e9bfd3]::panicking::panic_fmt
[INFO] [stdout]   11:     0x5dcbefa6f702 - core[df12db4294e9bfd3]::result::unwrap_failed
[INFO] [stdout]   12:     0x5dcbef9c87a5 - linera_parity_wasm[54f16e83ec0d7796]::elements::module::integration_tests::add_start_custom
[INFO] [stdout]   13:     0x5dcbef9be509 - <linera_parity_wasm[54f16e83ec0d7796]::elements::module::integration_tests::add_start_custom::{closure#0} as core[df12db4294e9bfd3]::ops::function::FnOnce<()>>::call_once
[INFO] [stdout]   14:     0x5dcbef9e2a1b - test[9d35eded1c95d3be]::__rust_begin_short_backtrace::<core[df12db4294e9bfd3]::result::Result<(), alloc[2182bb758b4b3781]::string::String>, fn() -> core[df12db4294e9bfd3]::result::Result<(), alloc[2182bb758b4b3781]::string::String>>
[INFO] [stdout]   15:     0x5dcbef9f0085 - test[9d35eded1c95d3be]::run_test::{closure#0}
[INFO] [stdout]   16:     0x5dcbef9e9944 - std[70759c8f55707aa4]::sys::backtrace::__rust_begin_short_backtrace::<test[9d35eded1c95d3be]::run_test::{closure#1}, ()>
[INFO] [stdout]   17:     0x5dcbef9f31e2 - <std[70759c8f55707aa4]::thread::lifecycle::spawn_unchecked<test[9d35eded1c95d3be]::run_test::{closure#1}, ()>::{closure#1} as core[df12db4294e9bfd3]::ops::function::FnOnce<()>>::call_once::{shim:vtable#0}
[INFO] [stdout]   18:     0x5dcbefa5a419 - <std[70759c8f55707aa4]::sys::thread::unix::Thread>::new::thread_start
[INFO] [stdout]   19:     0x72271888edfa - <unknown>
[INFO] [stdout]   20:     0x7227189223d4 - clone
[INFO] [stdout]   21:                0x0 - <unknown>
[INFO] [stdout] 
[INFO] [stdout] ---- elements::module::integration_tests::mut_start stdout ----
[INFO] [stdout] 
[INFO] [stdout] thread 'elements::module::integration_tests::mut_start' (256) panicked at src/elements/module.rs:971:63:
[INFO] [stdout] failed to deserialize: HeapOther("Can't read from the file: Os { code: 2, kind: NotFound, message: \"No such file or directory\" }")
[INFO] [stdout] stack backtrace:
[INFO] [stdout]    0:     0x5dcbefa5ab41 - <<std[70759c8f55707aa4]::sys::backtrace::BacktraceLock>::print::DisplayBacktrace as core[df12db4294e9bfd3]::fmt::Display>::fmt
[INFO] [stdout]    1:     0x5dcbefa6f1fa - core[df12db4294e9bfd3]::fmt::write
[INFO] [stdout]    2:     0x5dcbefa5efdc - <alloc[2182bb758b4b3781]::vec::Vec<u8> as core[df12db4294e9bfd3]::io::write::Write>::write_fmt
[INFO] [stdout]    3:     0x5dcbefa37136 - std[70759c8f55707aa4]::panicking::default_hook::{closure#0}
[INFO] [stdout]    4:     0x5dcbefa532a9 - std[70759c8f55707aa4]::panicking::default_hook
[INFO] [stdout]    5:     0x5dcbef9ef730 - test[9d35eded1c95d3be]::test_main_inner::<test[9d35eded1c95d3be]::test_main_static::{closure#0}>::{closure#0}
[INFO] [stdout]    6:     0x5dcbefa53462 - std[70759c8f55707aa4]::panicking::panic_with_hook
[INFO] [stdout]    7:     0x5dcbefa371e2 - std[70759c8f55707aa4]::panicking::panic_handler::{closure#0}
[INFO] [stdout]    8:     0x5dcbefa2ff69 - std[70759c8f55707aa4]::sys::backtrace::__rust_end_short_backtrace::<std[70759c8f55707aa4]::panicking::panic_handler::{closure#0}, !>
[INFO] [stdout]    9:     0x5dcbefa37ddd - __rustc[8fa7c3cbc660c2b3]::rust_begin_unwind
[INFO] [stdout]   10:     0x5dcbefa6f92c - core[df12db4294e9bfd3]::panicking::panic_fmt
[INFO] [stdout]   11:     0x5dcbefa6f702 - core[df12db4294e9bfd3]::result::unwrap_failed
[INFO] [stdout]   12:     0x5dcbef9cc1b5 - linera_parity_wasm[54f16e83ec0d7796]::elements::module::integration_tests::mut_start
[INFO] [stdout]   13:     0x5dcbef9be789 - <linera_parity_wasm[54f16e83ec0d7796]::elements::module::integration_tests::mut_start::{closure#0} as core[df12db4294e9bfd3]::ops::function::FnOnce<()>>::call_once
[INFO] [stdout]   14:     0x5dcbef9e2a1b - test[9d35eded1c95d3be]::__rust_begin_short_backtrace::<core[df12db4294e9bfd3]::result::Result<(), alloc[2182bb758b4b3781]::string::String>, fn() -> core[df12db4294e9bfd3]::result::Result<(), alloc[2182bb758b4b3781]::string::String>>
[INFO] [stdout]   15:     0x5dcbef9f0085 - test[9d35eded1c95d3be]::run_test::{closure#0}
[INFO] [stdout]   16:     0x5dcbef9e9944 - std[70759c8f55707aa4]::sys::backtrace::__rust_begin_short_backtrace::<test[9d35eded1c95d3be]::run_test::{closure#1}, ()>
[INFO] [stdout]   17:     0x5dcbef9f31e2 - <std[70759c8f55707aa4]::thread::lifecycle::spawn_unchecked<test[9d35eded1c95d3be]::run_test::{closure#1}, ()>::{closure#1} as core[df12db4294e9bfd3]::ops::function::FnOnce<()>>::call_once::{shim:vtable#0}
[INFO] [stdout]   18:     0x5dcbefa5a419 - <std[70759c8f55707aa4]::sys::thread::unix::Thread>::new::thread_start
[INFO] [stdout]   19:     0x72271888edfa - <unknown>
[INFO] [stdout]   20:     0x7227189223d4 - clone
[INFO] [stdout]   21:                0x0 - <unknown>
[INFO] [stdout] 
[INFO] [stdout] ---- elements::module::integration_tests::names stdout ----
[INFO] [stdout] 
[INFO] [stdout] thread 'elements::module::integration_tests::names' (257) panicked at src/elements/module.rs:882:14:
[INFO] [stdout] Should be deserialized: HeapOther("Can't read from the file: Os { code: 2, kind: NotFound, message: \"No such file or directory\" }")
[INFO] [stdout] stack backtrace:
[INFO] [stdout]    0:     0x5dcbefa5ab41 - <<std[70759c8f55707aa4]::sys::backtrace::BacktraceLock>::print::DisplayBacktrace as core[df12db4294e9bfd3]::fmt::Display>::fmt
[INFO] [stdout]    1:     0x5dcbefa6f1fa - core[df12db4294e9bfd3]::fmt::write
[INFO] [stdout]    2:     0x5dcbefa5efdc - <alloc[2182bb758b4b3781]::vec::Vec<u8> as core[df12db4294e9bfd3]::io::write::Write>::write_fmt
[INFO] [stdout]    3:     0x5dcbefa37136 - std[70759c8f55707aa4]::panicking::default_hook::{closure#0}
[INFO] [stdout]    4:     0x5dcbefa532a9 - std[70759c8f55707aa4]::panicking::default_hook
[INFO] [stdout]    5:     0x5dcbef9ef730 - test[9d35eded1c95d3be]::test_main_inner::<test[9d35eded1c95d3be]::test_main_static::{closure#0}>::{closure#0}
[INFO] [stdout]    6:     0x5dcbefa53462 - std[70759c8f55707aa4]::panicking::panic_with_hook
[INFO] [stdout]    7:     0x5dcbefa371e2 - std[70759c8f55707aa4]::panicking::panic_handler::{closure#0}
[INFO] [stdout]    8:     0x5dcbefa2ff69 - std[70759c8f55707aa4]::sys::backtrace::__rust_end_short_backtrace::<std[70759c8f55707aa4]::panicking::panic_handler::{closure#0}, !>
[INFO] [stdout]    9:     0x5dcbefa37ddd - __rustc[8fa7c3cbc660c2b3]::rust_begin_unwind
[INFO] [stdout]   10:     0x5dcbefa6f92c - core[df12db4294e9bfd3]::panicking::panic_fmt
[INFO] [stdout]   11:     0x5dcbefa6f702 - core[df12db4294e9bfd3]::result::unwrap_failed
[INFO] [stdout]   12:     0x5dcbef9ca95c - linera_parity_wasm[54f16e83ec0d7796]::elements::module::integration_tests::names
[INFO] [stdout]   13:     0x5dcbef9be6a9 - <linera_parity_wasm[54f16e83ec0d7796]::elements::module::integration_tests::names::{closure#0} as core[df12db4294e9bfd3]::ops::function::FnOnce<()>>::call_once
[INFO] [stdout]   14:     0x5dcbef9e2a1b - test[9d35eded1c95d3be]::__rust_begin_short_backtrace::<core[df12db4294e9bfd3]::result::Result<(), alloc[2182bb758b4b3781]::string::String>, fn() -> core[df12db4294e9bfd3]::result::Result<(), alloc[2182bb758b4b3781]::string::String>>
[INFO] [stdout]   15:     0x5dcbef9f0085 - test[9d35eded1c95d3be]::run_test::{closure#0}
[INFO] [stdout]   16:     0x5dcbef9e9944 - std[70759c8f55707aa4]::sys::backtrace::__rust_begin_short_backtrace::<test[9d35eded1c95d3be]::run_test::{closure#1}, ()>
[INFO] [stdout]   17:     0x5dcbef9f31e2 - <std[70759c8f55707aa4]::thread::lifecycle::spawn_unchecked<test[9d35eded1c95d3be]::run_test::{closure#1}, ()>::{closure#1} as core[df12db4294e9bfd3]::ops::function::FnOnce<()>>::call_once::{shim:vtable#0}
[INFO] [stdout]   18:     0x5dcbefa5a419 - <std[70759c8f55707aa4]::sys::thread::unix::Thread>::new::thread_start
[INFO] [stdout]   19:     0x72271888edfa - <unknown>
[INFO] [stdout]   20:     0x7227189223d4 - clone
[INFO] [stdout]   21:                0x0 - <unknown>
[INFO] [stdout] 
[INFO] [stdout] ---- elements::module::integration_tests::peek stdout ----
[INFO] [stdout] 
[INFO] [stdout] thread 'elements::module::integration_tests::peek' (261) panicked at src/elements/module.rs:838:68:
[INFO] [stdout] Should be deserialized: HeapOther("Can't read from the file: Os { code: 2, kind: NotFound, message: \"No such file or directory\" }")
[INFO] [stdout] stack backtrace:
[INFO] [stdout]    0:     0x5dcbefa5ab41 - <<std[70759c8f55707aa4]::sys::backtrace::BacktraceLock>::print::DisplayBacktrace as core[df12db4294e9bfd3]::fmt::Display>::fmt
[INFO] [stdout]    1:     0x5dcbefa6f1fa - core[df12db4294e9bfd3]::fmt::write
[INFO] [stdout]    2:     0x5dcbefa5efdc - <alloc[2182bb758b4b3781]::vec::Vec<u8> as core[df12db4294e9bfd3]::io::write::Write>::write_fmt
[INFO] [stdout]    3:     0x5dcbefa37136 - std[70759c8f55707aa4]::panicking::default_hook::{closure#0}
[INFO] [stdout]    4:     0x5dcbefa532a9 - std[70759c8f55707aa4]::panicking::default_hook
[INFO] [stdout]    5:     0x5dcbef9ef730 - test[9d35eded1c95d3be]::test_main_inner::<test[9d35eded1c95d3be]::test_main_static::{closure#0}>::{closure#0}
[INFO] [stdout]    6:     0x5dcbefa53462 - std[70759c8f55707aa4]::panicking::panic_with_hook
[INFO] [stdout]    7:     0x5dcbefa371e2 - std[70759c8f55707aa4]::panicking::panic_handler::{closure#0}
[INFO] [stdout]    8:     0x5dcbefa2ff69 - std[70759c8f55707aa4]::sys::backtrace::__rust_end_short_backtrace::<std[70759c8f55707aa4]::panicking::panic_handler::{closure#0}, !>
[INFO] [stdout]    9:     0x5dcbefa37ddd - __rustc[8fa7c3cbc660c2b3]::rust_begin_unwind
[INFO] [stdout]   10:     0x5dcbefa6f92c - core[df12db4294e9bfd3]::panicking::panic_fmt
[INFO] [stdout]   11:     0x5dcbefa6f702 - core[df12db4294e9bfd3]::result::unwrap_failed
[INFO] [stdout]   12:     0x5dcbef9ca3a9 - linera_parity_wasm[54f16e83ec0d7796]::elements::module::integration_tests::peek
[INFO] [stdout]   13:     0x5dcbef9be669 - <linera_parity_wasm[54f16e83ec0d7796]::elements::module::integration_tests::peek::{closure#0} as core[df12db4294e9bfd3]::ops::function::FnOnce<()>>::call_once
[INFO] [stdout]   14:     0x5dcbef9e2a1b - test[9d35eded1c95d3be]::__rust_begin_short_backtrace::<core[df12db4294e9bfd3]::result::Result<(), alloc[2182bb758b4b3781]::string::String>, fn() -> core[df12db4294e9bfd3]::result::Result<(), alloc[2182bb758b4b3781]::string::String>>
[INFO] [stdout]   15:     0x5dcbef9f0085 - test[9d35eded1c95d3be]::run_test::{closure#0}
[INFO] [stdout]   16:     0x5dcbef9e9944 - std[70759c8f55707aa4]::sys::backtrace::__rust_begin_short_backtrace::<test[9d35eded1c95d3be]::run_test::{closure#1}, ()>
[INFO] [stdout]   17:     0x5dcbef9f31e2 - <std[70759c8f55707aa4]::thread::lifecycle::spawn_unchecked<test[9d35eded1c95d3be]::run_test::{closure#1}, ()>::{closure#1} as core[df12db4294e9bfd3]::ops::function::FnOnce<()>>::call_once::{shim:vtable#0}
[INFO] [stdout]   18:     0x5dcbefa5a419 - <std[70759c8f55707aa4]::sys::thread::unix::Thread>::new::thread_start
[INFO] [stdout]   19:     0x72271888edfa - <unknown>
[INFO] [stdout]   20:     0x7227189223d4 - clone
[INFO] [stdout]   21:                0x0 - <unknown>
[INFO] [stdout] 
[INFO] [stdout] ---- elements::module::integration_tests::peek_2 stdout ----
[INFO] [stdout] 
[INFO] [stdout] thread 'elements::module::integration_tests::peek_2' (262) panicked at src/elements/module.rs:851:60:
[INFO] [stdout] Should be deserialized: HeapOther("Can't read from the file: Os { code: 2, kind: NotFound, message: \"No such file or directory\" }")
[INFO] [stdout] stack backtrace:
[INFO] [stdout]    0:     0x5dcbefa5ab41 - <<std[70759c8f55707aa4]::sys::backtrace::BacktraceLock>::print::DisplayBacktrace as core[df12db4294e9bfd3]::fmt::Display>::fmt
[INFO] [stdout]    1:     0x5dcbefa6f1fa - core[df12db4294e9bfd3]::fmt::write
[INFO] [stdout]    2:     0x5dcbefa5efdc - <alloc[2182bb758b4b3781]::vec::Vec<u8> as core[df12db4294e9bfd3]::io::write::Write>::write_fmt
[INFO] [stdout]    3:     0x5dcbefa37136 - std[70759c8f55707aa4]::panicking::default_hook::{closure#0}
[INFO] [stdout]    4:     0x5dcbefa532a9 - std[70759c8f55707aa4]::panicking::default_hook
[INFO] [stdout]    5:     0x5dcbef9ef730 - test[9d35eded1c95d3be]::test_main_inner::<test[9d35eded1c95d3be]::test_main_static::{closure#0}>::{closure#0}
[INFO] [stdout]    6:     0x5dcbefa53462 - std[70759c8f55707aa4]::panicking::panic_with_hook
[INFO] [stdout]    7:     0x5dcbefa371e2 - std[70759c8f55707aa4]::panicking::panic_handler::{closure#0}
[INFO] [stdout]    8:     0x5dcbefa2ff69 - std[70759c8f55707aa4]::sys::backtrace::__rust_end_short_backtrace::<std[70759c8f55707aa4]::panicking::panic_handler::{closure#0}, !>
[INFO] [stdout]    9:     0x5dcbefa37ddd - __rustc[8fa7c3cbc660c2b3]::rust_begin_unwind
[INFO] [stdout]   10:     0x5dcbefa6f92c - core[df12db4294e9bfd3]::panicking::panic_fmt
[INFO] [stdout]   11:     0x5dcbefa6f702 - core[df12db4294e9bfd3]::result::unwrap_failed
[INFO] [stdout]   12:     0x5dcbef9cb7e5 - linera_parity_wasm[54f16e83ec0d7796]::elements::module::integration_tests::peek_2
[INFO] [stdout]   13:     0x5dcbef9be729 - <linera_parity_wasm[54f16e83ec0d7796]::elements::module::integration_tests::peek_2::{closure#0} as core[df12db4294e9bfd3]::ops::function::FnOnce<()>>::call_once
[INFO] [stdout]   14:     0x5dcbef9e2a1b - test[9d35eded1c95d3be]::__rust_begin_short_backtrace::<core[df12db4294e9bfd3]::result::Result<(), alloc[2182bb758b4b3781]::string::String>, fn() -> core[df12db4294e9bfd3]::result::Result<(), alloc[2182bb758b4b3781]::string::String>>
[INFO] [stdout]   15:     0x5dcbef9f0085 - test[9d35eded1c95d3be]::run_test::{closure#0}
[INFO] [stdout]   16:     0x5dcbef9e9944 - std[70759c8f55707aa4]::sys::backtrace::__rust_begin_short_backtrace::<test[9d35eded1c95d3be]::run_test::{closure#1}, ()>
[INFO] [stdout]   17:     0x5dcbef9f31e2 - <std[70759c8f55707aa4]::thread::lifecycle::spawn_unchecked<test[9d35eded1c95d3be]::run_test::{closure#1}, ()>::{closure#1} as core[df12db4294e9bfd3]::ops::function::FnOnce<()>>::call_once::{shim:vtable#0}
[INFO] [stdout]   18:     0x5dcbefa5a419 - <std[70759c8f55707aa4]::sys::thread::unix::Thread>::new::thread_start
[INFO] [stdout]   19:     0x72271888edfa - <unknown>
[INFO] [stdout]   20:     0x7227189223d4 - clone
[INFO] [stdout]   21:                0x0 - <unknown>
[INFO] [stdout] 
[INFO] [stdout] ---- elements::module::integration_tests::names_with_global_section stdout ----
[INFO] [stdout] 
[INFO] [stdout] thread 'elements::module::integration_tests::names_with_global_section' (260) panicked at src/elements/module.rs:910:14:
[INFO] [stdout] Should be deserialized: HeapOther("Can't read from the file: Os { code: 2, kind: NotFound, message: \"No such file or directory\" }")
[INFO] [stdout] stack backtrace:
[INFO] [stdout]    0:     0x5dcbefa5ab41 - <<std[70759c8f55707aa4]::sys::backtrace::BacktraceLock>::print::DisplayBacktrace as core[df12db4294e9bfd3]::fmt::Display>::fmt
[INFO] [stdout]    1:     0x5dcbefa6f1fa - core[df12db4294e9bfd3]::fmt::write
[INFO] [stdout]    2:     0x5dcbefa5efdc - <alloc[2182bb758b4b3781]::vec::Vec<u8> as core[df12db4294e9bfd3]::io::write::Write>::write_fmt
[INFO] [stdout]    3:     0x5dcbefa37136 - std[70759c8f55707aa4]::panicking::default_hook::{closure#0}
[INFO] [stdout]    4:     0x5dcbefa532a9 - std[70759c8f55707aa4]::panicking::default_hook
[INFO] [stdout]    5:     0x5dcbef9ef730 - test[9d35eded1c95d3be]::test_main_inner::<test[9d35eded1c95d3be]::test_main_static::{closure#0}>::{closure#0}
[INFO] [stdout]    6:     0x5dcbefa53462 - std[70759c8f55707aa4]::panicking::panic_with_hook
[INFO] [stdout]    7:     0x5dcbefa371e2 - std[70759c8f55707aa4]::panicking::panic_handler::{closure#0}
[INFO] [stdout]    8:     0x5dcbefa2ff69 - std[70759c8f55707aa4]::sys::backtrace::__rust_end_short_backtrace::<std[70759c8f55707aa4]::panicking::panic_handler::{closure#0}, !>
[INFO] [stdout]    9:     0x5dcbefa37ddd - __rustc[8fa7c3cbc660c2b3]::rust_begin_unwind
[INFO] [stdout]   10:     0x5dcbefa6f92c - core[df12db4294e9bfd3]::panicking::panic_fmt
[INFO] [stdout]   11:     0x5dcbefa6f702 - core[df12db4294e9bfd3]::result::unwrap_failed
[INFO] [stdout]   12:     0x5dcbef9ca166 - linera_parity_wasm[54f16e83ec0d7796]::elements::module::integration_tests::names_with_global_section
[INFO] [stdout]   13:     0x5dcbef9be649 - <linera_parity_wasm[54f16e83ec0d7796]::elements::module::integration_tests::names_with_global_section::{closure#0} as core[df12db4294e9bfd3]::ops::function::FnOnce<()>>::call_once
[INFO] [stdout]   14:     0x5dcbef9e2a1b - test[9d35eded1c95d3be]::__rust_begin_short_backtrace::<core[df12db4294e9bfd3]::result::Result<(), alloc[2182bb758b4b3781]::string::String>, fn() -> core[df12db4294e9bfd3]::result::Result<(), alloc[2182bb758b4b3781]::string::String>>
[INFO] [stderr] error: test failed, to rerun pass `--lib`
[INFO] [stdout]   15:     0x5dcbef9f0085 - test[9d35eded1c95d3be]::run_test::{closure#0}
[INFO] [stdout]   16:     0x5dcbef9e9944 - std[70759c8f55707aa4]::sys::backtrace::__rust_begin_short_backtrace::<test[9d35eded1c95d3be]::run_test::{closure#1}, ()>
[INFO] [stdout]   17:     0x5dcbef9f31e2 - <std[70759c8f55707aa4]::thread::lifecycle::spawn_unchecked<test[9d35eded1c95d3be]::run_test::{closure#1}, ()>::{closure#1} as core[df12db4294e9bfd3]::ops::function::FnOnce<()>>::call_once::{shim:vtable#0}
[INFO] [stdout]   18:     0x5dcbefa5a419 - <std[70759c8f55707aa4]::sys::thread::unix::Thread>::new::thread_start
[INFO] [stdout]   19:     0x72271888edfa - <unknown>
[INFO] [stdout]   20:     0x7227189223d4 - clone
[INFO] [stdout]   21:                0x0 - <unknown>
[INFO] [stdout] 
[INFO] [stdout] ---- elements::module::integration_tests::peek_3 stdout ----
[INFO] [stdout] 
[INFO] [stdout] thread 'elements::module::integration_tests::peek_3' (263) panicked at src/elements/module.rs:864:65:
[INFO] [stdout] Should be deserialized: HeapOther("Can't read from the file: Os { code: 2, kind: NotFound, message: \"No such file or directory\" }")
[INFO] [stdout] stack backtrace:
[INFO] [stdout]    0:     0x5dcbefa5ab41 - <<std[70759c8f55707aa4]::sys::backtrace::BacktraceLock>::print::DisplayBacktrace as core[df12db4294e9bfd3]::fmt::Display>::fmt
[INFO] [stdout]    1:     0x5dcbefa6f1fa - core[df12db4294e9bfd3]::fmt::write
[INFO] [stdout]    2:     0x5dcbefa5efdc - <alloc[2182bb758b4b3781]::vec::Vec<u8> as core[df12db4294e9bfd3]::io::write::Write>::write_fmt
[INFO] [stdout]    3:     0x5dcbefa37136 - std[70759c8f55707aa4]::panicking::default_hook::{closure#0}
[INFO] [stdout]    4:     0x5dcbefa532a9 - std[70759c8f55707aa4]::panicking::default_hook
[INFO] [stdout]    5:     0x5dcbef9ef730 - test[9d35eded1c95d3be]::test_main_inner::<test[9d35eded1c95d3be]::test_main_static::{closure#0}>::{closure#0}
[INFO] [stdout]    6:     0x5dcbefa53462 - std[70759c8f55707aa4]::panicking::panic_with_hook
[INFO] [stdout]    7:     0x5dcbefa371e2 - std[70759c8f55707aa4]::panicking::panic_handler::{closure#0}
[INFO] [stdout]    8:     0x5dcbefa2ff69 - std[70759c8f55707aa4]::sys::backtrace::__rust_end_short_backtrace::<std[70759c8f55707aa4]::panicking::panic_handler::{closure#0}, !>
[INFO] [stdout]    9:     0x5dcbefa37ddd - __rustc[8fa7c3cbc660c2b3]::rust_begin_unwind
[INFO] [stdout]   10:     0x5dcbefa6f92c - core[df12db4294e9bfd3]::panicking::panic_fmt
[INFO] [stdout]   11:     0x5dcbefa6f702 - core[df12db4294e9bfd3]::result::unwrap_failed
[INFO] [stdout]   12:     0x5dcbef9cb9ef - linera_parity_wasm[54f16e83ec0d7796]::elements::module::integration_tests::peek_3
[INFO] [stdout]   13:     0x5dcbef9be749 - <linera_parity_wasm[54f16e83ec0d7796]::elements::module::integration_tests::peek_3::{closure#0} as core[df12db4294e9bfd3]::ops::function::FnOnce<()>>::call_once
[INFO] [stdout]   14:     0x5dcbef9e2a1b - test[9d35eded1c95d3be]::__rust_begin_short_backtrace::<core[df12db4294e9bfd3]::result::Result<(), alloc[2182bb758b4b3781]::string::String>, fn() -> core[df12db4294e9bfd3]::result::Result<(), alloc[2182bb758b4b3781]::string::String>>
[INFO] [stdout]   15:     0x5dcbef9f0085 - test[9d35eded1c95d3be]::run_test::{closure#0}
[INFO] [stdout]   16:     0x5dcbef9e9944 - std[70759c8f55707aa4]::sys::backtrace::__rust_begin_short_backtrace::<test[9d35eded1c95d3be]::run_test::{closure#1}, ()>
[INFO] [stdout]   17:     0x5dcbef9f31e2 - <std[70759c8f55707aa4]::thread::lifecycle::spawn_unchecked<test[9d35eded1c95d3be]::run_test::{closure#1}, ()>::{closure#1} as core[df12db4294e9bfd3]::ops::function::FnOnce<()>>::call_once::{shim:vtable#0}
[INFO] [stdout]   18:     0x5dcbefa5a419 - <std[70759c8f55707aa4]::sys::thread::unix::Thread>::new::thread_start
[INFO] [stdout]   19:     0x72271888edfa - <unknown>
[INFO] [stdout]   20:     0x7227189223d4 - clone
[INFO] [stdout]   21:                0x0 - <unknown>
[INFO] [stdout] 
[INFO] [stdout] ---- elements::module::integration_tests::serde stdout ----
[INFO] [stdout] 
[INFO] [stdout] thread 'elements::module::integration_tests::serde' (264) panicked at src/elements/module.rs:725:68:
[INFO] [stdout] Should be deserialized: HeapOther("Can't read from the file: Os { code: 2, kind: NotFound, message: \"No such file or directory\" }")
[INFO] [stdout] stack backtrace:
[INFO] [stdout]    0:     0x5dcbefa5ab41 - <<std[70759c8f55707aa4]::sys::backtrace::BacktraceLock>::print::DisplayBacktrace as core[df12db4294e9bfd3]::fmt::Display>::fmt
[INFO] [stdout]    1:     0x5dcbefa6f1fa - core[df12db4294e9bfd3]::fmt::write
[INFO] [stdout]    2:     0x5dcbefa5efdc - <alloc[2182bb758b4b3781]::vec::Vec<u8> as core[df12db4294e9bfd3]::io::write::Write>::write_fmt
[INFO] [stdout]    3:     0x5dcbefa37136 - std[70759c8f55707aa4]::panicking::default_hook::{closure#0}
[INFO] [stdout]    4:     0x5dcbefa532a9 - std[70759c8f55707aa4]::panicking::default_hook
[INFO] [stdout]    5:     0x5dcbef9ef730 - test[9d35eded1c95d3be]::test_main_inner::<test[9d35eded1c95d3be]::test_main_static::{closure#0}>::{closure#0}
[INFO] [stdout]    6:     0x5dcbefa53462 - std[70759c8f55707aa4]::panicking::panic_with_hook
[INFO] [stdout]    7:     0x5dcbefa371e2 - std[70759c8f55707aa4]::panicking::panic_handler::{closure#0}
[INFO] [stdout]    8:     0x5dcbefa2ff69 - std[70759c8f55707aa4]::sys::backtrace::__rust_end_short_backtrace::<std[70759c8f55707aa4]::panicking::panic_handler::{closure#0}, !>
[INFO] [stdout]    9:     0x5dcbefa37ddd - __rustc[8fa7c3cbc660c2b3]::rust_begin_unwind
[INFO] [stdout]   10:     0x5dcbefa6f92c - core[df12db4294e9bfd3]::panicking::panic_fmt
[INFO] [stdout]   11:     0x5dcbefa6f702 - core[df12db4294e9bfd3]::result::unwrap_failed
[INFO] [stdout]   12:     0x5dcbef9caccf - linera_parity_wasm[54f16e83ec0d7796]::elements::module::integration_tests::serde
[INFO] [stdout]   13:     0x5dcbef9be6c9 - <linera_parity_wasm[54f16e83ec0d7796]::elements::module::integration_tests::serde::{closure#0} as core[df12db4294e9bfd3]::ops::function::FnOnce<()>>::call_once
[INFO] [stdout]   14:     0x5dcbef9e2a1b - test[9d35eded1c95d3be]::__rust_begin_short_backtrace::<core[df12db4294e9bfd3]::result::Result<(), alloc[2182bb758b4b3781]::string::String>, fn() -> core[df12db4294e9bfd3]::result::Result<(), alloc[2182bb758b4b3781]::string::String>>
[INFO] [stdout]   15:     0x5dcbef9f0085 - test[9d35eded1c95d3be]::run_test::{closure#0}
[INFO] [stdout]   16:     0x5dcbef9e9944 - std[70759c8f55707aa4]::sys::backtrace::__rust_begin_short_backtrace::<test[9d35eded1c95d3be]::run_test::{closure#1}, ()>
[INFO] [stdout]   17:     0x5dcbef9f31e2 - <std[70759c8f55707aa4]::thread::lifecycle::spawn_unchecked<test[9d35eded1c95d3be]::run_test::{closure#1}, ()>::{closure#1} as core[df12db4294e9bfd3]::ops::function::FnOnce<()>>::call_once::{shim:vtable#0}
[INFO] [stdout]   18:     0x5dcbefa5a419 - <std[70759c8f55707aa4]::sys::thread::unix::Thread>::new::thread_start
[INFO] [stdout]   19:     0x72271888edfa - <unknown>
[INFO] [stdout]   20:     0x7227189223d4 - clone
[INFO] [stdout]   21:                0x0 - <unknown>
[INFO] [stdout] 
[INFO] [stdout] ---- elements::module::integration_tests::names_section_present stdout ----
[INFO] [stdout] 
[INFO] [stdout] thread 'elements::module::integration_tests::names_section_present' (259) panicked at src/elements/module.rs:1010:59:
[INFO] [stdout] failed to deserialize: HeapOther("Can't read from the file: Os { code: 2, kind: NotFound, message: \"No such file or directory\" }")
[INFO] [stdout] stack backtrace:
[INFO] [stdout]    0:     0x5dcbefa5ab41 - <<std[70759c8f55707aa4]::sys::backtrace::BacktraceLock>::print::DisplayBacktrace as core[df12db4294e9bfd3]::fmt::Display>::fmt
[INFO] [stdout]    1:     0x5dcbefa6f1fa - core[df12db4294e9bfd3]::fmt::write
[INFO] [stdout]    2:     0x5dcbefa5efdc - <alloc[2182bb758b4b3781]::vec::Vec<u8> as core[df12db4294e9bfd3]::io::write::Write>::write_fmt
[INFO] [stdout]    3:     0x5dcbefa37136 - std[70759c8f55707aa4]::panicking::default_hook::{closure#0}
[INFO] [stdout]    4:     0x5dcbefa532a9 - std[70759c8f55707aa4]::panicking::default_hook
[INFO] [stdout]    5:     0x5dcbef9ef730 - test[9d35eded1c95d3be]::test_main_inner::<test[9d35eded1c95d3be]::test_main_static::{closure#0}>::{closure#0}
[INFO] [stdout]    6:     0x5dcbefa53462 - std[70759c8f55707aa4]::panicking::panic_with_hook
[INFO] [stdout]    7:     0x5dcbefa371e2 - std[70759c8f55707aa4]::panicking::panic_handler::{closure#0}
[INFO] [stdout]    8:     0x5dcbefa2ff69 - std[70759c8f55707aa4]::sys::backtrace::__rust_end_short_backtrace::<std[70759c8f55707aa4]::panicking::panic_handler::{closure#0}, !>
[INFO] [stdout]    9:     0x5dcbefa37ddd - __rustc[8fa7c3cbc660c2b3]::rust_begin_unwind
[INFO] [stdout]   10:     0x5dcbefa6f92c - core[df12db4294e9bfd3]::panicking::panic_fmt
[INFO] [stdout]   11:     0x5dcbefa6f702 - core[df12db4294e9bfd3]::result::unwrap_failed
[INFO] [stdout]   12:     0x5dcbef9c91a8 - linera_parity_wasm[54f16e83ec0d7796]::elements::module::integration_tests::names_section_present
[INFO] [stdout]   13:     0x5dcbef9be5c9 - <linera_parity_wasm[54f16e83ec0d7796]::elements::module::integration_tests::names_section_present::{closure#0} as core[df12db4294e9bfd3]::ops::function::FnOnce<()>>::call_once
[INFO] [stdout]   14:     0x5dcbef9e2a1b - test[9d35eded1c95d3be]::__rust_begin_short_backtrace::<core[df12db4294e9bfd3]::result::Result<(), alloc[2182bb758b4b3781]::string::String>, fn() -> core[df12db4294e9bfd3]::result::Result<(), alloc[2182bb758b4b3781]::string::String>>
[INFO] [stdout]   15:     0x5dcbef9f0085 - test[9d35eded1c95d3be]::run_test::{closure#0}
[INFO] [stdout]   16:     0x5dcbef9e9944 - std[70759c8f55707aa4]::sys::backtrace::__rust_begin_short_backtrace::<test[9d35eded1c95d3be]::run_test::{closure#1}, ()>
[INFO] [stdout]   17:     0x5dcbef9f31e2 - <std[70759c8f55707aa4]::thread::lifecycle::spawn_unchecked<test[9d35eded1c95d3be]::run_test::{closure#1}, ()>::{closure#1} as core[df12db4294e9bfd3]::ops::function::FnOnce<()>>::call_once::{shim:vtable#0}
[INFO] [stdout]   18:     0x5dcbefa5a419 - <std[70759c8f55707aa4]::sys::thread::unix::Thread>::new::thread_start
[INFO] [stdout]   19:     0x72271888edfa - <unknown>
[INFO] [stdout]   20:     0x7227189223d4 - clone
[INFO] [stdout]   21:                0x0 - <unknown>
[INFO] [stdout] 
[INFO] [stdout] ---- elements::module::integration_tests::names_section_not_present stdout ----
[INFO] [stdout] 
[INFO] [stdout] thread 'elements::module::integration_tests::names_section_not_present' (258) panicked at src/elements/module.rs:1027:58:
[INFO] [stdout] failed to deserialize: HeapOther("Can't read from the file: Os { code: 2, kind: NotFound, message: \"No such file or directory\" }")
[INFO] [stdout] stack backtrace:
[INFO] [stdout]    0:     0x5dcbefa5ab41 - <<std[70759c8f55707aa4]::sys::backtrace::BacktraceLock>::print::DisplayBacktrace as core[df12db4294e9bfd3]::fmt::Display>::fmt
[INFO] [stdout]    1:     0x5dcbefa6f1fa - core[df12db4294e9bfd3]::fmt::write
[INFO] [stdout]    2:     0x5dcbefa5efdc - <alloc[2182bb758b4b3781]::vec::Vec<u8> as core[df12db4294e9bfd3]::io::write::Write>::write_fmt
[INFO] [stdout]    3:     0x5dcbefa37136 - std[70759c8f55707aa4]::panicking::default_hook::{closure#0}
[INFO] [stdout]    4:     0x5dcbefa532a9 - std[70759c8f55707aa4]::panicking::default_hook
[INFO] [stdout]    5:     0x5dcbef9ef730 - test[9d35eded1c95d3be]::test_main_inner::<test[9d35eded1c95d3be]::test_main_static::{closure#0}>::{closure#0}
[INFO] [stdout]    6:     0x5dcbefa53462 - std[70759c8f55707aa4]::panicking::panic_with_hook
[INFO] [stdout]    7:     0x5dcbefa371e2 - std[70759c8f55707aa4]::panicking::panic_handler::{closure#0}
[INFO] [stdout]    8:     0x5dcbefa2ff69 - std[70759c8f55707aa4]::sys::backtrace::__rust_end_short_backtrace::<std[70759c8f55707aa4]::panicking::panic_handler::{closure#0}, !>
[INFO] [stdout]    9:     0x5dcbefa37ddd - __rustc[8fa7c3cbc660c2b3]::rust_begin_unwind
[INFO] [stdout]   10:     0x5dcbefa6f92c - core[df12db4294e9bfd3]::panicking::panic_fmt
[INFO] [stdout]   11:     0x5dcbefa6f702 - core[df12db4294e9bfd3]::result::unwrap_failed
[INFO] [stdout]   12:     0x5dcbef9c9d88 - linera_parity_wasm[54f16e83ec0d7796]::elements::module::integration_tests::names_section_not_present
[INFO] [stdout]   13:     0x5dcbef9be629 - <linera_parity_wasm[54f16e83ec0d7796]::elements::module::integration_tests::names_section_not_present::{closure#0} as core[df12db4294e9bfd3]::ops::function::FnOnce<()>>::call_once
[INFO] [stdout]   14:     0x5dcbef9e2a1b - test[9d35eded1c95d3be]::__rust_begin_short_backtrace::<core[df12db4294e9bfd3]::result::Result<(), alloc[2182bb758b4b3781]::string::String>, fn() -> core[df12db4294e9bfd3]::result::Result<(), alloc[2182bb758b4b3781]::string::String>>
[INFO] [stdout]   15:     0x5dcbef9f0085 - test[9d35eded1c95d3be]::run_test::{closure#0}
[INFO] [stdout]   16:     0x5dcbef9e9944 - std[70759c8f55707aa4]::sys::backtrace::__rust_begin_short_backtrace::<test[9d35eded1c95d3be]::run_test::{closure#1}, ()>
[INFO] [stdout]   17:     0x5dcbef9f31e2 - <std[70759c8f55707aa4]::thread::lifecycle::spawn_unchecked<test[9d35eded1c95d3be]::run_test::{closure#1}, ()>::{closure#1} as core[df12db4294e9bfd3]::ops::function::FnOnce<()>>::call_once::{shim:vtable#0}
[INFO] [stdout]   18:     0x5dcbefa5a419 - <std[70759c8f55707aa4]::sys::thread::unix::Thread>::new::thread_start
[INFO] [stdout]   19:     0x72271888edfa - <unknown>
[INFO] [stdout]   20:     0x7227189223d4 - clone
[INFO] [stdout]   21:                0x0 - <unknown>
[INFO] [stdout] 
[INFO] [stdout] ---- elements::module::integration_tests::serialization_roundtrip stdout ----
[INFO] [stdout] 
[INFO] [stdout] thread 'elements::module::integration_tests::serialization_roundtrip' (268) panicked at src/elements/module.rs:1076:67:
[INFO] [stdout] failed to deserialize: HeapOther("Can't read from the file: Os { code: 2, kind: NotFound, message: \"No such file or directory\" }")
[INFO] [stdout] stack backtrace:
[INFO] [stdout]    0:     0x5dcbefa5ab41 - <<std[70759c8f55707aa4]::sys::backtrace::BacktraceLock>::print::DisplayBacktrace as core[df12db4294e9bfd3]::fmt::Display>::fmt
[INFO] [stdout]    1:     0x5dcbefa6f1fa - core[df12db4294e9bfd3]::fmt::write
[INFO] [stdout]    2:     0x5dcbefa5efdc - <alloc[2182bb758b4b3781]::vec::Vec<u8> as core[df12db4294e9bfd3]::io::write::Write>::write_fmt
[INFO] [stdout]    3:     0x5dcbefa37136 - std[70759c8f55707aa4]::panicking::default_hook::{closure#0}
[INFO] [stdout]    4:     0x5dcbefa532a9 - std[70759c8f55707aa4]::panicking::default_hook
[INFO] [stdout]    5:     0x5dcbef9ef730 - test[9d35eded1c95d3be]::test_main_inner::<test[9d35eded1c95d3be]::test_main_static::{closure#0}>::{closure#0}
[INFO] [stdout]    6:     0x5dcbefa53462 - std[70759c8f55707aa4]::panicking::panic_with_hook
[INFO] [stdout]    7:     0x5dcbefa371e2 - std[70759c8f55707aa4]::panicking::panic_handler::{closure#0}
[INFO] [stdout]    8:     0x5dcbefa2ff69 - std[70759c8f55707aa4]::sys::backtrace::__rust_end_short_backtrace::<std[70759c8f55707aa4]::panicking::panic_handler::{closure#0}, !>
[INFO] [stdout]    9:     0x5dcbefa37ddd - __rustc[8fa7c3cbc660c2b3]::rust_begin_unwind
[INFO] [stdout]   10:     0x5dcbefa6f92c - core[df12db4294e9bfd3]::panicking::panic_fmt
[INFO] [stdout]   11:     0x5dcbefa6f702 - core[df12db4294e9bfd3]::result::unwrap_failed
[INFO] [stdout]   12:     0x5dcbef9c950f - linera_parity_wasm[54f16e83ec0d7796]::elements::module::integration_tests::serialization_roundtrip
[INFO] [stdout]   13:     0x5dcbef9be5e9 - <linera_parity_wasm[54f16e83ec0d7796]::elements::module::integration_tests::serialization_roundtrip::{closure#0} as core[df12db4294e9bfd3]::ops::function::FnOnce<()>>::call_once
[INFO] [stdout]   14:     0x5dcbef9e2a1b - test[9d35eded1c95d3be]::__rust_begin_short_backtrace::<core[df12db4294e9bfd3]::result::Result<(), alloc[2182bb758b4b3781]::string::String>, fn() -> core[df12db4294e9bfd3]::result::Result<(), alloc[2182bb758b4b3781]::string::String>>
[INFO] [stdout]   15:     0x5dcbef9f0085 - test[9d35eded1c95d3be]::run_test::{closure#0}
[INFO] [stdout]   16:     0x5dcbef9e9944 - std[70759c8f55707aa4]::sys::backtrace::__rust_begin_short_backtrace::<test[9d35eded1c95d3be]::run_test::{closure#1}, ()>
[INFO] [stdout]   17:     0x5dcbef9f31e2 - <std[70759c8f55707aa4]::thread::lifecycle::spawn_unchecked<test[9d35eded1c95d3be]::run_test::{closure#1}, ()>::{closure#1} as core[df12db4294e9bfd3]::ops::function::FnOnce<()>>::call_once::{shim:vtable#0}
[INFO] [stdout]   18:     0x5dcbefa5a419 - <std[70759c8f55707aa4]::sys::thread::unix::Thread>::new::thread_start
[INFO] [stdout]   19:     0x72271888edfa - <unknown>
[INFO] [stdout]   20:     0x7227189223d4 - clone
[INFO] [stdout]   21:                0x0 - <unknown>
[INFO] [stdout] 
[INFO] [stdout] ---- elements::module::integration_tests::serde_import stdout ----
[INFO] [stdout] 
[INFO] [stdout] thread 'elements::module::integration_tests::serde_import' (266) panicked at src/elements/module.rs:756:59:
[INFO] [stdout] Should be deserialized: HeapOther("Can't read from the file: Os { code: 2, kind: NotFound, message: \"No such file or directory\" }")
[INFO] [stdout] stack backtrace:
[INFO] [stdout]    0:     0x5dcbefa5ab41 - <<std[70759c8f55707aa4]::sys::backtrace::BacktraceLock>::print::DisplayBacktrace as core[df12db4294e9bfd3]::fmt::Display>::fmt
[INFO] [stdout]    1:     0x5dcbefa6f1fa - core[df12db4294e9bfd3]::fmt::write
[INFO] [stdout]    2:     0x5dcbefa5efdc - <alloc[2182bb758b4b3781]::vec::Vec<u8> as core[df12db4294e9bfd3]::io::write::Write>::write_fmt
[INFO] [stdout]    3:     0x5dcbefa37136 - std[70759c8f55707aa4]::panicking::default_hook::{closure#0}
[INFO] [stdout]    4:     0x5dcbefa532a9 - std[70759c8f55707aa4]::panicking::default_hook
[INFO] [stdout]    5:     0x5dcbef9ef730 - test[9d35eded1c95d3be]::test_main_inner::<test[9d35eded1c95d3be]::test_main_static::{closure#0}>::{closure#0}
[INFO] [stdout]    6:     0x5dcbefa53462 - std[70759c8f55707aa4]::panicking::panic_with_hook
[INFO] [stdout]    7:     0x5dcbefa371e2 - std[70759c8f55707aa4]::panicking::panic_handler::{closure#0}
[INFO] [stdout]    8:     0x5dcbefa2ff69 - std[70759c8f55707aa4]::sys::backtrace::__rust_end_short_backtrace::<std[70759c8f55707aa4]::panicking::panic_handler::{closure#0}, !>
[INFO] [stdout]    9:     0x5dcbefa37ddd - __rustc[8fa7c3cbc660c2b3]::rust_begin_unwind
[INFO] [stdout]   10:     0x5dcbefa6f92c - core[df12db4294e9bfd3]::panicking::panic_fmt
[INFO] [stdout]   11:     0x5dcbefa6f702 - core[df12db4294e9bfd3]::result::unwrap_failed
[INFO] [stdout]   12:     0x5dcbef9c7a81 - linera_parity_wasm[54f16e83ec0d7796]::elements::module::integration_tests::serde_import
[INFO] [stdout]   13:     0x5dcbef9be4c9 - <linera_parity_wasm[54f16e83ec0d7796]::elements::module::integration_tests::serde_import::{closure#0} as core[df12db4294e9bfd3]::ops::function::FnOnce<()>>::call_once
[INFO] [stdout]   14:     0x5dcbef9e2a1b - test[9d35eded1c95d3be]::__rust_begin_short_backtrace::<core[df12db4294e9bfd3]::result::Result<(), alloc[2182bb758b4b3781]::string::String>, fn() -> core[df12db4294e9bfd3]::result::Result<(), alloc[2182bb758b4b3781]::string::String>>
[INFO] [stdout]   15:     0x5dcbef9f0085 - test[9d35eded1c95d3be]::run_test::{closure#0}
[INFO] [stdout]   16:     0x5dcbef9e9944 - std[70759c8f55707aa4]::sys::backtrace::__rust_begin_short_backtrace::<test[9d35eded1c95d3be]::run_test::{closure#1}, ()>
[INFO] [stdout]   17:     0x5dcbef9f31e2 - <std[70759c8f55707aa4]::thread::lifecycle::spawn_unchecked<test[9d35eded1c95d3be]::run_test::{closure#1}, ()>::{closure#1} as core[df12db4294e9bfd3]::ops::function::FnOnce<()>>::call_once::{shim:vtable#0}
[INFO] [stdout]   18:     0x5dcbefa5a419 - <std[70759c8f55707aa4]::sys::thread::unix::Thread>::new::thread_start
[INFO] [stdout]   19:     0x72271888edfa - <unknown>
[INFO] [stdout]   20:     0x7227189223d4 - clone
[INFO] [stdout]   21:                0x0 - <unknown>
[INFO] [stdout] 
[INFO] [stdout] ---- elements::module::integration_tests::store stdout ----
[INFO] [stdout] 
[INFO] [stdout] thread 'elements::module::integration_tests::store' (270) panicked at src/elements/module.rs:827:60:
[INFO] [stdout] Should be deserialized: HeapOther("Can't read from the file: Os { code: 2, kind: NotFound, message: \"No such file or directory\" }")
[INFO] [stdout] stack backtrace:
[INFO] [stdout]    0:     0x5dcbefa5ab41 - <<std[70759c8f55707aa4]::sys::backtrace::BacktraceLock>::print::DisplayBacktrace as core[df12db4294e9bfd3]::fmt::Display>::fmt
[INFO] [stdout]    1:     0x5dcbefa6f1fa - core[df12db4294e9bfd3]::fmt::write
[INFO] [stdout]    2:     0x5dcbefa5efdc - <alloc[2182bb758b4b3781]::vec::Vec<u8> as core[df12db4294e9bfd3]::io::write::Write>::write_fmt
[INFO] [stdout]    3:     0x5dcbefa37136 - std[70759c8f55707aa4]::panicking::default_hook::{closure#0}
[INFO] [stdout]    4:     0x5dcbefa532a9 - std[70759c8f55707aa4]::panicking::default_hook
[INFO] [stdout]    5:     0x5dcbef9ef730 - test[9d35eded1c95d3be]::test_main_inner::<test[9d35eded1c95d3be]::test_main_static::{closure#0}>::{closure#0}
[INFO] [stdout]    6:     0x5dcbefa53462 - std[70759c8f55707aa4]::panicking::panic_with_hook
[INFO] [stdout]    7:     0x5dcbefa371e2 - std[70759c8f55707aa4]::panicking::panic_handler::{closure#0}
[INFO] [stdout]    8:     0x5dcbefa2ff69 - std[70759c8f55707aa4]::sys::backtrace::__rust_end_short_backtrace::<std[70759c8f55707aa4]::panicking::panic_handler::{closure#0}, !>
[INFO] [stdout]    9:     0x5dcbefa37ddd - __rustc[8fa7c3cbc660c2b3]::rust_begin_unwind
[INFO] [stdout]   10:     0x5dcbefa6f92c - core[df12db4294e9bfd3]::panicking::panic_fmt
[INFO] [stdout]   11:     0x5dcbefa6f702 - core[df12db4294e9bfd3]::result::unwrap_failed
[INFO] [stdout]   12:     0x5dcbef9cb0ad - linera_parity_wasm[54f16e83ec0d7796]::elements::module::integration_tests::store
[INFO] [stdout]   13:     0x5dcbef9be6e9 - <linera_parity_wasm[54f16e83ec0d7796]::elements::module::integration_tests::store::{closure#0} as core[df12db4294e9bfd3]::ops::function::FnOnce<()>>::call_once
[INFO] [stdout]   14:     0x5dcbef9e2a1b - test[9d35eded1c95d3be]::__rust_begin_short_backtrace::<core[df12db4294e9bfd3]::result::Result<(), alloc[2182bb758b4b3781]::string::String>, fn() -> core[df12db4294e9bfd3]::result::Result<(), alloc[2182bb758b4b3781]::string::String>>
[INFO] [stdout]   15:     0x5dcbef9f0085 - test[9d35eded1c95d3be]::run_test::{closure#0}
[INFO] [stdout]   16:     0x5dcbef9e9944 - std[70759c8f55707aa4]::sys::backtrace::__rust_begin_short_backtrace::<test[9d35eded1c95d3be]::run_test::{closure#1}, ()>
[INFO] [stdout]   17:     0x5dcbef9f31e2 - <std[70759c8f55707aa4]::thread::lifecycle::spawn_unchecked<test[9d35eded1c95d3be]::run_test::{closure#1}, ()>::{closure#1} as core[df12db4294e9bfd3]::ops::function::FnOnce<()>>::call_once::{shim:vtable#0}
[INFO] [stdout]   18:     0x5dcbefa5a419 - <std[70759c8f55707aa4]::sys::thread::unix::Thread>::new::thread_start
[INFO] [stdout]   19:     0x72271888edfa - <unknown>
[INFO] [stdout]   20:     0x7227189223d4 - clone
[INFO] [stdout]   21:                0x0 - <unknown>
[INFO] [stdout] 
[INFO] [stdout] ---- elements::name_section::tests::deserialize_local_names stdout ----
[INFO] [stdout] 
[INFO] [stdout] thread 'elements::name_section::tests::deserialize_local_names' (271) panicked at src/elements/name_section.rs:359:14:
[INFO] [stdout] Should be deserialized: HeapOther("Can't read from the file: Os { code: 2, kind: NotFound, message: \"No such file or directory\" }")
[INFO] [stdout] stack backtrace:
[INFO] [stdout]    0:     0x5dcbefa5ab41 - <<std[70759c8f55707aa4]::sys::backtrace::BacktraceLock>::print::DisplayBacktrace as core[df12db4294e9bfd3]::fmt::Display>::fmt
[INFO] [stdout]    1:     0x5dcbefa6f1fa - core[df12db4294e9bfd3]::fmt::write
[INFO] [stdout]    2:     0x5dcbefa5efdc - <alloc[2182bb758b4b3781]::vec::Vec<u8> as core[df12db4294e9bfd3]::io::write::Write>::write_fmt
[INFO] [stdout]    3:     0x5dcbefa37136 - std[70759c8f55707aa4]::panicking::default_hook::{closure#0}
[INFO] [stdout]    4:     0x5dcbefa532a9 - std[70759c8f55707aa4]::panicking::default_hook
[INFO] [stdout]    5:     0x5dcbef9ef730 - test[9d35eded1c95d3be]::test_main_inner::<test[9d35eded1c95d3be]::test_main_static::{closure#0}>::{closure#0}
[INFO] [stdout]    6:     0x5dcbefa53462 - std[70759c8f55707aa4]::panicking::panic_with_hook
[INFO] [stdout]    7:     0x5dcbefa371e2 - std[70759c8f55707aa4]::panicking::panic_handler::{closure#0}
[INFO] [stdout]    8:     0x5dcbefa2ff69 - std[70759c8f55707aa4]::sys::backtrace::__rust_end_short_backtrace::<std[70759c8f55707aa4]::panicking::panic_handler::{closure#0}, !>
[INFO] [stdout]    9:     0x5dcbefa37ddd - __rustc[8fa7c3cbc660c2b3]::rust_begin_unwind
[INFO] [stdout]   10:     0x5dcbefa6f92c - core[df12db4294e9bfd3]::panicking::panic_fmt
[INFO] [stdout]   11:     0x5dcbefa6f702 - core[df12db4294e9bfd3]::result::unwrap_failed
[INFO] [stdout]   12:     0x5dcbef9d1299 - linera_parity_wasm[54f16e83ec0d7796]::elements::name_section::tests::deserialize_local_names
[INFO] [stdout]   13:     0x5dcbef9be3e9 - <linera_parity_wasm[54f16e83ec0d7796]::elements::name_section::tests::deserialize_local_names::{closure#0} as core[df12db4294e9bfd3]::ops::function::FnOnce<()>>::call_once
[INFO] [stdout]   14:     0x5dcbef9e2a1b - test[9d35eded1c95d3be]::__rust_begin_short_backtrace::<core[df12db4294e9bfd3]::result::Result<(), alloc[2182bb758b4b3781]::string::String>, fn() -> core[df12db4294e9bfd3]::result::Result<(), alloc[2182bb758b4b3781]::string::String>>
[INFO] [stdout]   15:     0x5dcbef9f0085 - test[9d35eded1c95d3be]::run_test::{closure#0}
[INFO] [stdout]   16:     0x5dcbef9e9944 - std[70759c8f55707aa4]::sys::backtrace::__rust_begin_short_backtrace::<test[9d35eded1c95d3be]::run_test::{closure#1}, ()>
[INFO] [stdout]   17:     0x5dcbef9f31e2 - <std[70759c8f55707aa4]::thread::lifecycle::spawn_unchecked<test[9d35eded1c95d3be]::run_test::{closure#1}, ()>::{closure#1} as core[df12db4294e9bfd3]::ops::function::FnOnce<()>>::call_once::{shim:vtable#0}
[INFO] [stdout]   18:     0x5dcbefa5a419 - <std[70759c8f55707aa4]::sys::thread::unix::Thread>::new::thread_start
[INFO] [stdout]   19:     0x72271888edfa - <unknown>
[INFO] [stdout]   20:     0x7227189223d4 - clone
[INFO] [stdout]   21:                0x0 - <unknown>
[INFO] [stdout] 
[INFO] [stdout] ---- elements::module::integration_tests::serde_code stdout ----
[INFO] [stdout] 
[INFO] [stdout] thread 'elements::module::integration_tests::serde_code' (265) panicked at src/elements/module.rs:774:59:
[INFO] [stdout] Should be deserialized: HeapOther("Can't read from the file: Os { code: 2, kind: NotFound, message: \"No such file or directory\" }")
[INFO] [stdout] stack backtrace:
[INFO] [stdout]    0:     0x5dcbefa5ab41 - <<std[70759c8f55707aa4]::sys::backtrace::BacktraceLock>::print::DisplayBacktrace as core[df12db4294e9bfd3]::fmt::Display>::fmt
[INFO] [stdout]    1:     0x5dcbefa6f1fa - core[df12db4294e9bfd3]::fmt::write
[INFO] [stdout]    2:     0x5dcbefa5efdc - <alloc[2182bb758b4b3781]::vec::Vec<u8> as core[df12db4294e9bfd3]::io::write::Write>::write_fmt
[INFO] [stdout]    3:     0x5dcbefa37136 - std[70759c8f55707aa4]::panicking::default_hook::{closure#0}
[INFO] [stdout]    4:     0x5dcbefa532a9 - std[70759c8f55707aa4]::panicking::default_hook
[INFO] [stdout]    5:     0x5dcbef9ef730 - test[9d35eded1c95d3be]::test_main_inner::<test[9d35eded1c95d3be]::test_main_static::{closure#0}>::{closure#0}
[INFO] [stdout]    6:     0x5dcbefa53462 - std[70759c8f55707aa4]::panicking::panic_with_hook
[INFO] [stdout]    7:     0x5dcbefa371e2 - std[70759c8f55707aa4]::panicking::panic_handler::{closure#0}
[INFO] [stdout]    8:     0x5dcbefa2ff69 - std[70759c8f55707aa4]::sys::backtrace::__rust_end_short_backtrace::<std[70759c8f55707aa4]::panicking::panic_handler::{closure#0}, !>
[INFO] [stdout]    9:     0x5dcbefa37ddd - __rustc[8fa7c3cbc660c2b3]::rust_begin_unwind
[INFO] [stdout]   10:     0x5dcbefa6f92c - core[df12db4294e9bfd3]::panicking::panic_fmt
[INFO] [stdout]   11:     0x5dcbefa6f702 - core[df12db4294e9bfd3]::result::unwrap_failed
[INFO] [stdout]   12:     0x5dcbef9c69bc - linera_parity_wasm[54f16e83ec0d7796]::elements::module::integration_tests::serde_code
[INFO] [stdout]   13:     0x5dcbef9be469 - <linera_parity_wasm[54f16e83ec0d7796]::elements::module::integration_tests::serde_code::{closure#0} as core[df12db4294e9bfd3]::ops::function::FnOnce<()>>::call_once
[INFO] [stdout]   14:     0x5dcbef9e2a1b - test[9d35eded1c95d3be]::__rust_begin_short_backtrace::<core[df12db4294e9bfd3]::result::Result<(), alloc[2182bb758b4b3781]::string::String>, fn() -> core[df12db4294e9bfd3]::result::Result<(), alloc[2182bb758b4b3781]::string::String>>
[INFO] [stdout]   15:     0x5dcbef9f0085 - test[9d35eded1c95d3be]::run_test::{closure#0}
[INFO] [stdout]   16:     0x5dcbef9e9944 - std[70759c8f55707aa4]::sys::backtrace::__rust_begin_short_backtrace::<test[9d35eded1c95d3be]::run_test::{closure#1}, ()>
[INFO] [stdout]   17:     0x5dcbef9f31e2 - <std[70759c8f55707aa4]::thread::lifecycle::spawn_unchecked<test[9d35eded1c95d3be]::run_test::{closure#1}, ()>::{closure#1} as core[df12db4294e9bfd3]::ops::function::FnOnce<()>>::call_once::{shim:vtable#0}
[INFO] [stdout]   18:     0x5dcbefa5a419 - <std[70759c8f55707aa4]::sys::thread::unix::Thread>::new::thread_start
[INFO] [stdout]   19:     0x72271888edfa - <unknown>
[INFO] [stdout]   20:     0x7227189223d4 - clone
[INFO] [stdout]   21:                0x0 - <unknown>
[INFO] [stdout] 
[INFO] [stdout] ---- elements::module::integration_tests::serde_type stdout ----
[INFO] [stdout] 
[INFO] [stdout] thread 'elements::module::integration_tests::serde_type' (267) panicked at src/elements/module.rs:738:59:
[INFO] [stdout] Should be deserialized: HeapOther("Can't read from the file: Os { code: 2, kind: NotFound, message: \"No such file or directory\" }")
[INFO] [stdout] stack backtrace:
[INFO] [stdout]    0:     0x5dcbefa5ab41 - <<std[70759c8f55707aa4]::sys::backtrace::BacktraceLock>::print::DisplayBacktrace as core[df12db4294e9bfd3]::fmt::Display>::fmt
[INFO] [stdout]    1:     0x5dcbefa6f1fa - core[df12db4294e9bfd3]::fmt::write
[INFO] [stdout]    2:     0x5dcbefa5efdc - <alloc[2182bb758b4b3781]::vec::Vec<u8> as core[df12db4294e9bfd3]::io::write::Write>::write_fmt
[INFO] [stdout]    3:     0x5dcbefa37136 - std[70759c8f55707aa4]::panicking::default_hook::{closure#0}
[INFO] [stdout]    4:     0x5dcbefa532a9 - std[70759c8f55707aa4]::panicking::default_hook
[INFO] [stdout]    5:     0x5dcbef9ef730 - test[9d35eded1c95d3be]::test_main_inner::<test[9d35eded1c95d3be]::test_main_static::{closure#0}>::{closure#0}
[INFO] [stdout]    6:     0x5dcbefa53462 - std[70759c8f55707aa4]::panicking::panic_with_hook
[INFO] [stdout]    7:     0x5dcbefa371e2 - std[70759c8f55707aa4]::panicking::panic_handler::{closure#0}
[INFO] [stdout]    8:     0x5dcbefa2ff69 - std[70759c8f55707aa4]::sys::backtrace::__rust_end_short_backtrace::<std[70759c8f55707aa4]::panicking::panic_handler::{closure#0}, !>
[INFO] [stdout]    9:     0x5dcbefa37ddd - __rustc[8fa7c3cbc660c2b3]::rust_begin_unwind
[INFO] [stdout]   10:     0x5dcbefa6f92c - core[df12db4294e9bfd3]::panicking::panic_fmt
[INFO] [stdout]   11:     0x5dcbefa6f702 - core[df12db4294e9bfd3]::result::unwrap_failed
[INFO] [stdout]   12:     0x5dcbef9c70a1 - linera_parity_wasm[54f16e83ec0d7796]::elements::module::integration_tests::serde_type
[INFO] [stdout]   13:     0x5dcbef9be489 - <linera_parity_wasm[54f16e83ec0d7796]::elements::module::integration_tests::serde_type::{closure#0} as core[df12db4294e9bfd3]::ops::function::FnOnce<()>>::call_once
[INFO] [stdout]   14:     0x5dcbef9e2a1b - test[9d35eded1c95d3be]::__rust_begin_short_backtrace::<core[df12db4294e9bfd3]::result::Result<(), alloc[2182bb758b4b3781]::string::String>, fn() -> core[df12db4294e9bfd3]::result::Result<(), alloc[2182bb758b4b3781]::string::String>>
[INFO] [stdout]   15:     0x5dcbef9f0085 - test[9d35eded1c95d3be]::run_test::{closure#0}
[INFO] [stdout]   16:     0x5dcbef9e9944 - std[70759c8f55707aa4]::sys::backtrace::__rust_begin_short_backtrace::<test[9d35eded1c95d3be]::run_test::{closure#1}, ()>
[INFO] [stdout]   17:     0x5dcbef9f31e2 - <std[70759c8f55707aa4]::thread::lifecycle::spawn_unchecked<test[9d35eded1c95d3be]::run_test::{closure#1}, ()>::{closure#1} as core[df12db4294e9bfd3]::ops::function::FnOnce<()>>::call_once::{shim:vtable#0}
[INFO] [stdout]   18:     0x5dcbefa5a419 - <std[70759c8f55707aa4]::sys::thread::unix::Thread>::new::thread_start
[INFO] [stdout]   19:     0x72271888edfa - <unknown>
[INFO] [stdout]   20:     0x7227189223d4 - clone
[INFO] [stdout]   21:                0x0 - <unknown>
[INFO] [stdout] 
[INFO] [stdout] ---- elements::reloc_section::tests::reloc_section stdout ----
[INFO] [stdout] 
[INFO] [stdout] thread 'elements::reloc_section::tests::reloc_section' (309) panicked at src/elements/reloc_section.rs:322:14:
[INFO] [stdout] Module should be deserialized: HeapOther("Can't read from the file: Os { code: 2, kind: NotFound, message: \"No such file or directory\" }")
[INFO] [stdout] stack backtrace:
[INFO] [stdout]    0:     0x5dcbefa5ab41 - <<std[70759c8f55707aa4]::sys::backtrace::BacktraceLock>::print::DisplayBacktrace as core[df12db4294e9bfd3]::fmt::Display>::fmt
[INFO] [stdout]    1:     0x5dcbefa6f1fa - core[df12db4294e9bfd3]::fmt::write
[INFO] [stdout]    2:     0x5dcbefa5efdc - <alloc[2182bb758b4b3781]::vec::Vec<u8> as core[df12db4294e9bfd3]::io::write::Write>::write_fmt
[INFO] [stdout]    3:     0x5dcbefa37136 - std[70759c8f55707aa4]::panicking::default_hook::{closure#0}
[INFO] [stdout]    4:     0x5dcbefa532a9 - std[70759c8f55707aa4]::panicking::default_hook
[INFO] [stdout]    5:     0x5dcbef9ef730 - test[9d35eded1c95d3be]::test_main_inner::<test[9d35eded1c95d3be]::test_main_static::{closure#0}>::{closure#0}
[INFO] [stdout]    6:     0x5dcbefa53462 - std[70759c8f55707aa4]::panicking::panic_with_hook
[INFO] [stdout]    7:     0x5dcbefa371e2 - std[70759c8f55707aa4]::panicking::panic_handler::{closure#0}
[INFO] [stdout]    8:     0x5dcbefa2ff69 - std[70759c8f55707aa4]::sys::backtrace::__rust_end_short_backtrace::<std[70759c8f55707aa4]::panicking::panic_handler::{closure#0}, !>
[INFO] [stdout]    9:     0x5dcbefa37ddd - __rustc[8fa7c3cbc660c2b3]::rust_begin_unwind
[INFO] [stdout]   10:     0x5dcbefa6f92c - core[df12db4294e9bfd3]::panicking::panic_fmt
[INFO] [stdout]   11:     0x5dcbefa6f702 - core[df12db4294e9bfd3]::result::unwrap_failed
[INFO] [stdout]   12:     0x5dcbef9d1b4b - linera_parity_wasm[54f16e83ec0d7796]::elements::reloc_section::tests::reloc_section
[INFO] [stdout]   13:     0x5dcbef9be449 - <linera_parity_wasm[54f16e83ec0d7796]::elements::reloc_section::tests::reloc_section::{closure#0} as core[df12db4294e9bfd3]::ops::function::FnOnce<()>>::call_once
[INFO] [stdout]   14:     0x5dcbef9e2a1b - test[9d35eded1c95d3be]::__rust_begin_short_backtrace::<core[df12db4294e9bfd3]::result::Result<(), alloc[2182bb758b4b3781]::string::String>, fn() -> core[df12db4294e9bfd3]::result::Result<(), alloc[2182bb758b4b3781]::string::String>>
[INFO] [stdout]   15:     0x5dcbef9f0085 - test[9d35eded1c95d3be]::run_test::{closure#0}
[INFO] [stdout]   16:     0x5dcbef9e9944 - std[70759c8f55707aa4]::sys::backtrace::__rust_begin_short_backtrace::<test[9d35eded1c95d3be]::run_test::{closure#1}, ()>
[INFO] [stdout]   17:     0x5dcbef9f31e2 - <std[70759c8f55707aa4]::thread::lifecycle::spawn_unchecked<test[9d35eded1c95d3be]::run_test::{closure#1}, ()>::{closure#1} as core[df12db4294e9bfd3]::ops::function::FnOnce<()>>::call_once::{shim:vtable#0}
[INFO] [stdout]   18:     0x5dcbefa5a419 - <std[70759c8f55707aa4]::sys::thread::unix::Thread>::new::thread_start
[INFO] [stdout]   19:     0x72271888edfa - <unknown>
[INFO] [stdout]   20:     0x7227189223d4 - clone
[INFO] [stdout]   21:                0x0 - <unknown>
[INFO] [stdout] 
[INFO] [stdout] ---- elements::section::tests::import_section stdout ----
[INFO] [stdout] 
[INFO] [stdout] thread 'elements::section::tests::import_section' (319) panicked at src/elements/section.rs:772:68:
[INFO] [stdout] Should be deserialized: HeapOther("Can't read from the file: Os { code: 2, kind: NotFound, message: \"No such file or directory\" }")
[INFO] [stdout] stack backtrace:
[INFO] [stdout]    0:     0x5dcbefa5ab41 - <<std[70759c8f55707aa4]::sys::backtrace::BacktraceLock>::print::DisplayBacktrace as core[df12db4294e9bfd3]::fmt::Display>::fmt
[INFO] [stdout]    1:     0x5dcbefa6f1fa - core[df12db4294e9bfd3]::fmt::write
[INFO] [stdout]    2:     0x5dcbefa5efdc - <alloc[2182bb758b4b3781]::vec::Vec<u8> as core[df12db4294e9bfd3]::io::write::Write>::write_fmt
[INFO] [stdout]    3:     0x5dcbefa37136 - std[70759c8f55707aa4]::panicking::default_hook::{closure#0}
[INFO] [stdout]    4:     0x5dcbefa532a9 - std[70759c8f55707aa4]::panicking::default_hook
[INFO] [stdout]    5:     0x5dcbef9ef730 - test[9d35eded1c95d3be]::test_main_inner::<test[9d35eded1c95d3be]::test_main_static::{closure#0}>::{closure#0}
[INFO] [stdout]    6:     0x5dcbefa53462 - std[70759c8f55707aa4]::panicking::panic_with_hook
[INFO] [stdout]    7:     0x5dcbefa371e2 - std[70759c8f55707aa4]::panicking::panic_handler::{closure#0}
[INFO] [stdout]    8:     0x5dcbefa2ff69 - std[70759c8f55707aa4]::sys::backtrace::__rust_end_short_backtrace::<std[70759c8f55707aa4]::panicking::panic_handler::{closure#0}, !>
[INFO] [stdout]    9:     0x5dcbefa37ddd - __rustc[8fa7c3cbc660c2b3]::rust_begin_unwind
[INFO] [stdout]   10:     0x5dcbefa6f92c - core[df12db4294e9bfd3]::panicking::panic_fmt
[INFO] [stdout]   11:     0x5dcbefa6f702 - core[df12db4294e9bfd3]::result::unwrap_failed
[INFO] [stdout]   12:     0x5dcbef9de2b8 - linera_parity_wasm[54f16e83ec0d7796]::elements::section::tests::import_section
[INFO] [stdout]   13:     0x5dcbef9be829 - <linera_parity_wasm[54f16e83ec0d7796]::elements::section::tests::import_section::{closure#0} as core[df12db4294e9bfd3]::ops::function::FnOnce<()>>::call_once
[INFO] [stdout]   14:     0x5dcbef9e2a1b - test[9d35eded1c95d3be]::__rust_begin_short_backtrace::<core[df12db4294e9bfd3]::result::Result<(), alloc[2182bb758b4b3781]::string::String>, fn() -> core[df12db4294e9bfd3]::result::Result<(), alloc[2182bb758b4b3781]::string::String>>
[INFO] [stdout]   15:     0x5dcbef9f0085 - test[9d35eded1c95d3be]::run_test::{closure#0}
[INFO] [stdout]   16:     0x5dcbef9e9944 - std[70759c8f55707aa4]::sys::backtrace::__rust_begin_short_backtrace::<test[9d35eded1c95d3be]::run_test::{closure#1}, ()>
[INFO] [stdout]   17:     0x5dcbef9f31e2 - <std[70759c8f55707aa4]::thread::lifecycle::spawn_unchecked<test[9d35eded1c95d3be]::run_test::{closure#1}, ()>::{closure#1} as core[df12db4294e9bfd3]::ops::function::FnOnce<()>>::call_once::{shim:vtable#0}
[INFO] [stdout]   18:     0x5dcbefa5a419 - <std[70759c8f55707aa4]::sys::thread::unix::Thread>::new::thread_start
[INFO] [stdout]   19:     0x72271888edfa - <unknown>
[INFO] [stdout]   20:     0x7227189223d4 - clone
[INFO] [stdout]   21:                0x0 - <unknown>
[INFO] [stdout] 
[INFO] [stdout] 
[INFO] [stdout] failures:
[INFO] [stdout]     elements::module::integration_tests::add_custom_section
[INFO] [stdout]     elements::module::integration_tests::add_start
[INFO] [stdout]     elements::module::integration_tests::add_start_custom
[INFO] [stdout]     elements::module::integration_tests::const_
[INFO] [stdout]     elements::module::integration_tests::hello
[INFO] [stdout]     elements::module::integration_tests::memory_space
[INFO] [stdout]     elements::module::integration_tests::mut_start
[INFO] [stdout]     elements::module::integration_tests::names
[INFO] [stdout]     elements::module::integration_tests::names_section_not_present
[INFO] [stdout]     elements::module::integration_tests::names_section_present
[INFO] [stdout]     elements::module::integration_tests::names_with_global_section
[INFO] [stdout]     elements::module::integration_tests::peek
[INFO] [stdout]     elements::module::integration_tests::peek_2
[INFO] [stdout]     elements::module::integration_tests::peek_3
[INFO] [stdout]     elements::module::integration_tests::serde
[INFO] [stdout]     elements::module::integration_tests::serde_code
[INFO] [stdout]     elements::module::integration_tests::serde_import
[INFO] [stdout]     elements::module::integration_tests::serde_type
[INFO] [stdout]     elements::module::integration_tests::serialization_roundtrip
[INFO] [stdout]     elements::module::integration_tests::store
[INFO] [stdout]     elements::name_section::tests::deserialize_local_names
[INFO] [stdout]     elements::reloc_section::tests::reloc_section
[INFO] [stdout]     elements::section::tests::import_section
[INFO] [stdout] 
[INFO] [stdout] test result: FAILED. 80 passed; 23 failed; 0 ignored; 0 measured; 0 filtered out; finished in 0.10s
[INFO] [stdout] 
[INFO] running `Command { std: "docker" "inspect" "7e64587f6b7652f4ebe514932aff8b200995fd5db315ef526d64867b5fd63a35", kill_on_drop: false }`
[INFO] running `Command { std: "docker" "rm" "-f" "7e64587f6b7652f4ebe514932aff8b200995fd5db315ef526d64867b5fd63a35", kill_on_drop: false }`
[INFO] [stdout] 7e64587f6b7652f4ebe514932aff8b200995fd5db315ef526d64867b5fd63a35
