[INFO] fetching crate lineapi 0.14.0...
[INFO] testing lineapi-0.14.0 against 1.99.0-beta.8+cargoflags=--release for beta-release-1.100-2
[INFO] extracting crate lineapi 0.14.0 into /workspace/builds/worker-1-tc1/source
[INFO] started tweaking crates.io crate lineapi 0.14.0
[INFO] finished tweaking crates.io crate lineapi 0.14.0
[INFO] tweaked toml for crates.io crate lineapi 0.14.0 written to /workspace/builds/worker-1-tc1/source/Cargo.toml
[INFO] validating manifest of crates.io crate lineapi 0.14.0 on toolchain 1.99.0-beta.8
[INFO] running `Command { std: CARGO_HOME="/workspace/cargo-home" RUSTUP_HOME="/workspace/rustup-home" "/workspace/cargo-home/bin/cargo" "+1.99.0-beta.8" "metadata" "--manifest-path" "Cargo.toml" "--no-deps", kill_on_drop: false }`
[INFO] crate crates.io crate lineapi 0.14.0 already has a lockfile, it will not be regenerated
[INFO] running `Command { std: CARGO_HOME="/workspace/cargo-home" RUSTUP_HOME="/workspace/rustup-home" "/workspace/cargo-home/bin/cargo" "+1.99.0-beta.8" "fetch" "--manifest-path" "Cargo.toml", kill_on_drop: false }`
[INFO] [stderr]  Downloading crates ...
[INFO] [stderr]   Downloaded h2 v0.4.18
[INFO] [stderr]   Downloaded mockito v1.7.2
[INFO] running `Command { std: "docker" "create" "-v" "/var/lib/crater-agent-workspace/builds/worker-1-tc1/source:/opt/rustwide/workdir:ro,Z" "-v" "/var/lib/crater-agent-workspace/builds/worker-1-tc1/target:/opt/rustwide/target:rw,Z" "-v" "/var/lib/crater-agent-workspace/cargo-home:/opt/rustwide/cargo-home:ro,Z" "-v" "/var/lib/crater-agent-workspace/rustup-home:/opt/rustwide/rustup-home:ro,Z" "-m" "1610612736" "--network" "none" "ghcr.io/rust-lang/crates-build-env/linux@sha256:77db811e55d90add9212f6832c23229e3de5f1c1f9905e8cb07319ea15df73ac" "sleep" "infinity", kill_on_drop: false }`
[INFO] [stdout] e612626a387b4d7ccdf03c8fff2cd3ac282e1ff2dd4caefc5bb0e41737ac3c2f
[INFO] running `Command { std: "docker" "start" "e612626a387b4d7ccdf03c8fff2cd3ac282e1ff2dd4caefc5bb0e41737ac3c2f", kill_on_drop: false }`
[INFO] running `Command { std: "docker" "inspect" "e612626a387b4d7ccdf03c8fff2cd3ac282e1ff2dd4caefc5bb0e41737ac3c2f", kill_on_drop: false }`
[INFO] running `Command { std: "docker" "exec" "-e" "SOURCE_DIR=/opt/rustwide/workdir" "-e" "CARGO_HOME=/opt/rustwide/cargo-home" "-e" "RUSTUP_HOME=/opt/rustwide/rustup-home" "-e" "CARGO_TARGET_DIR=/opt/rustwide/target" "-w" "/opt/rustwide/workdir" "--user" "0:0" "e612626a387b4d7ccdf03c8fff2cd3ac282e1ff2dd4caefc5bb0e41737ac3c2f" "/opt/rustwide/cargo-home/bin/cargo" "+1.99.0-beta.8" "metadata" "--no-deps" "--format-version=1", kill_on_drop: false }`
[INFO] running `Command { std: "docker" "inspect" "e612626a387b4d7ccdf03c8fff2cd3ac282e1ff2dd4caefc5bb0e41737ac3c2f", kill_on_drop: false }`
[INFO] running `Command { std: "docker" "exec" "-e" "SOURCE_DIR=/opt/rustwide/workdir" "-e" "CARGO_HOME=/opt/rustwide/cargo-home" "-e" "RUSTUP_HOME=/opt/rustwide/rustup-home" "-e" "CARGO_TARGET_DIR=/opt/rustwide/target" "-e" "CARGO_INCREMENTAL=0" "-e" "RUST_BACKTRACE=full" "-e" "RUSTFLAGS=--cap-lints=warn" "-e" "RUSTDOCFLAGS=--cap-lints=warn" "-w" "/opt/rustwide/workdir" "--user" "0:0" "e612626a387b4d7ccdf03c8fff2cd3ac282e1ff2dd4caefc5bb0e41737ac3c2f" "/opt/rustwide/cargo-home/bin/cargo" "+1.99.0-beta.8" "build" "--frozen" "--message-format=json" "--release", kill_on_drop: false }`
[INFO] [stderr]    Compiling smallvec v1.15.2
[INFO] [stderr]    Compiling aws-lc-rs v1.18.0
[INFO] [stderr]    Compiling libc v0.2.189
[INFO] [stderr]    Compiling zeroize v1.9.0
[INFO] [stderr]    Compiling syn v2.0.119
[INFO] [stderr]    Compiling syn v3.0.4
[INFO] [stderr]    Compiling http-body v1.1.0
[INFO] [stderr]    Compiling rustls v0.23.43
[INFO] [stderr]    Compiling tokio v1.53.1
[INFO] [stderr]    Compiling indexmap v2.14.0
[INFO] [stderr]    Compiling typenum v1.20.1
[INFO] [stderr]    Compiling unicase v2.9.0
[INFO] [stderr]    Compiling sync_wrapper v1.0.2
[INFO] [stderr]    Compiling rand_core v0.10.1
[INFO] [stderr]    Compiling ipnet v2.12.1
[INFO] [stderr]    Compiling cpufeatures v0.3.0
[INFO] [stderr]    Compiling getrandom v0.4.3
[INFO] [stderr]    Compiling const-oid v0.10.2
[INFO] [stderr]    Compiling encoding_rs v0.8.35
[INFO] [stderr]    Compiling http-body-util v0.1.5
[INFO] [stderr]    Compiling chacha20 v0.10.1
[INFO] [stderr]    Compiling base64 v0.23.1
[INFO] [stderr]    Compiling rustls-pki-types v1.15.1
[INFO] [stderr]    Compiling mime_guess v2.0.5
[INFO] [stderr]    Compiling rand v0.10.2
[INFO] [stderr]    Compiling rustls-native-certs v0.8.4
[INFO] [stderr]    Compiling hybrid-array v0.4.14
[INFO] [stderr]    Compiling jobserver v0.1.35
[INFO] [stderr]    Compiling block-buffer v0.12.1
[INFO] [stderr]    Compiling crypto-common v0.2.2
[INFO] [stderr]    Compiling cc v1.4.4
[INFO] [stderr]    Compiling cmake v0.1.58
[INFO] [stderr]    Compiling aws-lc-sys v0.44.0
[INFO] [stderr]    Compiling digest v0.11.3
[INFO] [stderr]    Compiling sha2 v0.11.0
[INFO] [stderr]    Compiling zerovec-derive v0.11.6
[INFO] [stderr]    Compiling displaydoc v0.2.7
[INFO] [stderr]    Compiling futures-macro v0.3.34
[INFO] [stderr]    Compiling serde_derive v1.0.229
[INFO] [stderr]    Compiling thiserror-impl v2.0.20
[INFO] [stderr]    Compiling futures-util v0.3.34
[INFO] [stderr]    Compiling thiserror v2.0.20
[INFO] [stderr]    Compiling tokio-util v0.7.19
[INFO] [stderr]    Compiling synstructure v0.13.2
[INFO] [stderr]    Compiling serde v1.0.229
[INFO] [stderr]    Compiling zerofrom-derive v0.1.7
[INFO] [stderr]    Compiling yoke-derive v0.8.2
[INFO] [stderr]    Compiling tracing-attributes v0.1.31
[INFO] [stderr]    Compiling strum_macros v0.28.0
[INFO] [stderr]    Compiling async-stream-impl v0.3.6
[INFO] [stderr]    Compiling tower v0.5.3
[INFO] [stderr]    Compiling async-stream v0.3.6
[INFO] [stderr]    Compiling zerofrom v0.1.8
[INFO] [stderr]    Compiling yoke v0.8.3
[INFO] [stderr]    Compiling serde_urlencoded v0.7.1
[INFO] [stderr]    Compiling chrono v0.4.45
[INFO] [stderr]    Compiling zerovec v0.11.8
[INFO] [stderr]    Compiling zerotrie v0.2.5
[INFO] [stderr]    Compiling tracing v0.1.44
[INFO] [stderr]    Compiling h2 v0.4.18
[INFO] [stderr]    Compiling tinystr v0.8.4
[INFO] [stderr]    Compiling potential_utf v0.1.6
[INFO] [stderr]    Compiling icu_collections v2.3.0
[INFO] [stderr]    Compiling icu_locale_core v2.3.0
[INFO] [stderr]    Compiling strum v0.28.0
[INFO] [stderr]    Compiling icu_provider v2.3.1
[INFO] [stderr]    Compiling icu_normalizer v2.3.0
[INFO] [stderr]    Compiling icu_properties v2.3.0
[INFO] [stderr]    Compiling hyper v1.11.0
[INFO] [stderr]    Compiling idna_adapter v1.2.2
[INFO] [stderr]    Compiling idna v1.1.0
[INFO] [stderr]    Compiling url v2.5.8
[INFO] [stderr]    Compiling tower-http v0.6.11
[INFO] [stderr]    Compiling hyper-util v0.1.20
[INFO] [stderr]    Compiling rustls-webpki v0.103.15
[INFO] [stderr]    Compiling tokio-rustls v0.26.4
[INFO] [stderr]    Compiling rustls-platform-verifier v0.7.0
[INFO] [stderr]    Compiling hyper-rustls v0.27.9
[INFO] [stderr]    Compiling reqwest v0.13.4
[INFO] [stderr]    Compiling lineapi v0.14.0 (/opt/rustwide/workdir)
[INFO] [stderr]     Finished `release` profile [optimized] target(s) in 2m 11s
[INFO] running `Command { std: "docker" "inspect" "e612626a387b4d7ccdf03c8fff2cd3ac282e1ff2dd4caefc5bb0e41737ac3c2f", kill_on_drop: false }`
[INFO] running `Command { std: "docker" "exec" "-e" "SOURCE_DIR=/opt/rustwide/workdir" "-e" "CARGO_HOME=/opt/rustwide/cargo-home" "-e" "RUSTUP_HOME=/opt/rustwide/rustup-home" "-e" "CARGO_TARGET_DIR=/opt/rustwide/target" "-e" "CARGO_INCREMENTAL=0" "-e" "RUST_BACKTRACE=full" "-e" "RUSTFLAGS=--cap-lints=warn" "-e" "RUSTDOCFLAGS=--cap-lints=warn" "-w" "/opt/rustwide/workdir" "--user" "0:0" "e612626a387b4d7ccdf03c8fff2cd3ac282e1ff2dd4caefc5bb0e41737ac3c2f" "/opt/rustwide/cargo-home/bin/cargo" "+1.99.0-beta.8" "test" "--frozen" "--no-run" "--message-format=json" "--release", kill_on_drop: false }`
[INFO] [stderr]    Compiling tokio-macros v2.7.2
[INFO] [stderr]    Compiling tracing-core v0.1.36
[INFO] [stderr]    Compiling log v0.4.34
[INFO] [stderr]    Compiling thread_local v1.1.10
[INFO] [stderr]    Compiling nu-ansi-term v0.50.3
[INFO] [stderr]    Compiling uuid v1.25.0
[INFO] [stderr]    Compiling sharded-slab v0.1.7
[INFO] [stderr]    Compiling rustls-platform-verifier v0.7.0
[INFO] [stderr]    Compiling tokio v1.53.1
[INFO] [stderr]    Compiling tracing v0.1.44
[INFO] [stderr]    Compiling tracing-log v0.2.0
[INFO] [stderr]    Compiling tracing-subscriber v0.3.23
[INFO] [stderr]    Compiling tokio-util v0.7.19
[INFO] [stderr]    Compiling tower v0.5.3
[INFO] [stderr]    Compiling tokio-rustls v0.26.4
[INFO] [stderr]    Compiling h2 v0.4.18
[INFO] [stderr]    Compiling tower-http v0.6.11
[INFO] [stderr]    Compiling hyper v1.11.0
[INFO] [stderr]    Compiling hyper-util v0.1.20
[INFO] [stderr]    Compiling hyper-rustls v0.27.9
[INFO] [stderr]    Compiling reqwest v0.13.4
[INFO] [stderr]    Compiling lineapi v0.14.0 (/opt/rustwide/workdir)
[INFO] [stdout] warning: unused import: `super::*`
[INFO] [stdout]    --> src/lib.rs:301:9
[INFO] [stdout]     |
[INFO] [stdout] 301 |     use super::*;
[INFO] [stdout]     |         ^^^^^^^^
[INFO] [stdout]     |
[INFO] [stdout]     = note: `#[warn(unused_imports)]` (part of `#[warn(unused)]`) on by default
[INFO] [stdout] 
[INFO] [stdout] 
[INFO] [stderr]     Finished `release` profile [optimized] target(s) in 57.80s
[INFO] running `Command { std: "docker" "inspect" "e612626a387b4d7ccdf03c8fff2cd3ac282e1ff2dd4caefc5bb0e41737ac3c2f", kill_on_drop: false }`
[INFO] running `Command { std: "docker" "exec" "-e" "SOURCE_DIR=/opt/rustwide/workdir" "-e" "CARGO_HOME=/opt/rustwide/cargo-home" "-e" "RUSTUP_HOME=/opt/rustwide/rustup-home" "-e" "CARGO_TARGET_DIR=/opt/rustwide/target" "-e" "CARGO_INCREMENTAL=0" "-e" "RUST_BACKTRACE=full" "-e" "RUSTFLAGS=--cap-lints=warn" "-e" "RUSTDOCFLAGS=--cap-lints=warn" "-w" "/opt/rustwide/workdir" "--user" "0:0" "e612626a387b4d7ccdf03c8fff2cd3ac282e1ff2dd4caefc5bb0e41737ac3c2f" "/opt/rustwide/cargo-home/bin/cargo" "+1.99.0-beta.8" "test" "--frozen" "--release", kill_on_drop: false }`
[INFO] [stderr] warning: unused import: `super::*`
[INFO] [stderr]    --> src/lib.rs:301:9
[INFO] [stderr]     |
[INFO] [stderr] 301 |     use super::*;
[INFO] [stderr]     |         ^^^^^^^^
[INFO] [stderr]     |
[INFO] [stderr]     = note: `#[warn(unused_imports)]` (part of `#[warn(unused)]`) on by default
[INFO] [stderr] 
[INFO] [stderr] warning: `lineapi` (lib test) generated 1 warning (run `cargo fix --lib -p lineapi --tests` to apply 1 suggestion)
[INFO] [stderr]     Finished `release` profile [optimized] target(s) in 0.21s
[INFO] [stderr]      Running unittests src/lib.rs (/opt/rustwide/target/release/deps/lineapi-e8bd8ed62f517f15)
[INFO] [stdout] 
[INFO] [stdout] running 40 tests
[INFO] [stdout] test line_login::tests::test_oauth_url ... ok
[INFO] [stdout] test line_login::post_oauth2_v2_1_revoke::tests::test_line_login_post_oauth2_v2_1_revoke ... FAILED
[INFO] [stdout] test line_login::get_oauth2_v2_1_userinfo::tests::test_line_login_get_oauth2_v2_1_userinfo ... FAILED
[INFO] [stdout] test line_login::get_oauth2_v2_1_verify::tests::test_line_login_get_oauth2_v2_1_verify ... FAILED
[INFO] [stdout] test line_login::post_oauth2_v2_1_verify::tests::test_line_login_post_oauth2_v2_1_verify ... FAILED
[INFO] [stdout] test line_login::post_oauth2_v2_1_token::tests::test_line_login_post_oauth2_v2_1_token_refresh_token ... FAILED
[INFO] [stdout] test line_login::get_v2_profile::tests::test_line_login_get_v2_profile ... FAILED
[INFO] [stdout] test messaging_api::get_v2_bot_profile::tests::test_messaging_api_get_v2_bot_profile ... FAILED
[INFO] [stdout] test messaging_api::get_v2_bot_info::tests::test_messaging_api_get_v2_bot_info ... FAILED
[INFO] [stdout] test line_login::get_friendship_v1_status::tests::test_line_login_get_friendship_v1_status ... FAILED
[INFO] [stdout] test option::tests::test_get_try_count_normalizes_zero ... ok
[INFO] [stdout] test option::tests::test_line_options_serde_round_trip_drops_callbacks ... ok
[INFO] [stdout] test option::tests::test_redact_body_case_insensitive ... ok
[INFO] [stdout] test option::tests::test_redact_body_masks_generic_code_in_response ... ok
[INFO] [stdout] test option::tests::test_redact_body_masks_known_keys_recursively ... ok
[INFO] [stdout] test messaging_api::post_v2_bot_message_push::tests::test_messaging_api_post_v2_bot_message_push ... FAILED
[INFO] [stdout] test option::tests::test_redact_deauthorize_request_body ... ok
[INFO] [stdout] test line_login::post_oauth2_v2_1_token::tests::test_line_login_post_oauth2_v2_1_token_authorization_code ... FAILED
[INFO] [stdout] test option::tests::test_redact_query_custom_keys ... ok
[INFO] [stdout] test messaging_api::post_v2_bot_message_validate_push::tests::test_messaging_api_post_v2_bot_message_validate_push ... FAILED
[INFO] [stdout] test messaging_api::get_v2_bot_message_quote::tests::test_messaging_api_get_v2_bot_message_quote ... FAILED
[INFO] [stdout] test messaging_api::get_v2_bot_message_aggregation_info::tests::test_get_v2_bot_message_aggregation_info ... FAILED
[INFO] [stdout] test messaging_api::get_v2_bot_message_aggregation_list::tests::test_get_v2_bot_message_aggregation_list ... FAILED
[INFO] [stdout] test messaging_api::get_v2_bot_insight_message_event_aggregation::tests::test_get_v2_bot_insight_message_event_aggregation ... FAILED
[INFO] [stdout] test line_login::post_user_v1_deauthorize::tests::test_line_login_post_user_v1_deauthorize ... FAILED
[INFO] [stdout] test messaging_api::get_v2_bot_message_quote_consumption::tests::test_messaging_api_get_v2_bot_message_quote_consumption ... FAILED
[INFO] [stdout] test option::tests::test_request_log_query_redacted_masks_access_token ... ok
[INFO] [stdout] test option::tests::test_redact_query_empty ... ok
[INFO] [stdout] test option::tests::test_redact_query_masks_duplicate_keys ... ok
[INFO] [stdout] test option::tests::test_redact_query_roundtrip_encoding ... ok
[INFO] [stdout] test option::tests::test_request_log_debug_masks_query_secret ... ok
[INFO] [stdout] test option::tests::test_get_redacted_body_keys_default_matches_const ... ok
[INFO] [stdout] test option::tests::test_request_log_query_none_but_captured ... ok
[INFO] [stdout] test option::tests::test_request_log_headers_none_contract ... ok
[INFO] [stdout] test option::tests::test_request_log_method_path_query_accessors ... ok
[INFO] [stdout] test option::tests::test_request_log_query_redacted_uses_per_call_keys ... ok
[INFO] [stderr] error: test failed, to rerun pass `--lib`
[INFO] [stdout] test option::tests::test_serialize_log_body_failure_sentinel ... ok
[INFO] [stdout] test option::tests::test_serialize_log_body_success ... ok
[INFO] [stdout] test option::tests::test_with_redacted_body_keys_empty_disables_masking ... ok
[INFO] [stdout] test option::tests::test_with_redacted_body_keys_replaces_and_normalizes ... ok
[INFO] [stdout] 
[INFO] [stdout] failures:
[INFO] [stdout] 
[INFO] [stdout] ---- line_login::post_oauth2_v2_1_revoke::tests::test_line_login_post_oauth2_v2_1_revoke stdout ----
[INFO] [stdout] 
[INFO] [stdout] thread 'line_login::post_oauth2_v2_1_revoke::tests::test_line_login_post_oauth2_v2_1_revoke' (3210) panicked at src/line_login/post_oauth2_v2_1_revoke.rs:81:58:
[INFO] [stdout] called `Result::unwrap()` on an `Err` value: NotPresent
[INFO] [stdout] stack backtrace:
[INFO] [stdout]    0:     0x5e641fa3b5c1 - <<std[70759c8f55707aa4]::sys::backtrace::BacktraceLock>::print::DisplayBacktrace as core[df12db4294e9bfd3]::fmt::Display>::fmt
[INFO] [stdout]    1:     0x5e641fa52d6a - core[df12db4294e9bfd3]::fmt::write
[INFO] [stdout]    2:     0x5e641fa40a7c - <alloc[2182bb758b4b3781]::vec::Vec<u8> as core[df12db4294e9bfd3]::io::write::Write>::write_fmt
[INFO] [stdout]    3:     0x5e641fa14e26 - std[70759c8f55707aa4]::panicking::default_hook::{closure#0}
[INFO] [stdout]    4:     0x5e641fa32409 - std[70759c8f55707aa4]::panicking::default_hook
[INFO] [stdout]    5:     0x5e641f5c40d0 - test[9d35eded1c95d3be]::test_main_inner::<test[9d35eded1c95d3be]::test_main_static::{closure#0}>::{closure#0}
[INFO] [stdout]    6:     0x5e641fa32732 - std[70759c8f55707aa4]::panicking::panic_with_hook
[INFO] [stdout]    7:     0x5e641fa14ed2 - std[70759c8f55707aa4]::panicking::panic_handler::{closure#0}
[INFO] [stdout]    8:     0x5e641fa0d3b9 - std[70759c8f55707aa4]::sys::backtrace::__rust_end_short_backtrace::<std[70759c8f55707aa4]::panicking::panic_handler::{closure#0}, !>
[INFO] [stdout]    9:     0x5e641fa15dcd - __rustc[8fa7c3cbc660c2b3]::rust_begin_unwind
[INFO] [stdout]   10:     0x5e641fa534cc - core[df12db4294e9bfd3]::panicking::panic_fmt
[INFO] [stdout]   11:     0x5e641fa532a2 - core[df12db4294e9bfd3]::result::unwrap_failed
[INFO] [stdout]   12:     0x5e641f557a40 - lineapi[357aceebe8875627]::line_login::post_oauth2_v2_1_revoke::tests::test_line_login_post_oauth2_v2_1_revoke::{closure#0}
[INFO] [stdout]   13:     0x5e641f55284d - <tokio[75c9a1fa5baa4b12]::runtime::scheduler::current_thread::CurrentThread>::block_on::<core[df12db4294e9bfd3]::pin::Pin<&mut dyn core[df12db4294e9bfd3]::future::future::Future<Output = ()>>>
[INFO] [stdout]   14:     0x5e641f5aa94d - <tokio[75c9a1fa5baa4b12]::runtime::runtime::Runtime>::block_on::<core[df12db4294e9bfd3]::pin::Pin<&mut dyn core[df12db4294e9bfd3]::future::future::Future<Output = ()>>>
[INFO] [stdout]   15:     0x5e641f55ca78 - lineapi[357aceebe8875627]::line_login::post_oauth2_v2_1_revoke::tests::test_line_login_post_oauth2_v2_1_revoke
[INFO] [stdout]   16:     0x5e641f5aa4e9 - <lineapi[357aceebe8875627]::line_login::post_oauth2_v2_1_revoke::tests::test_line_login_post_oauth2_v2_1_revoke::{closure#0} as core[df12db4294e9bfd3]::ops::function::FnOnce<()>>::call_once
[INFO] [stdout]   17:     0x5e641f5b73bb - test[9d35eded1c95d3be]::__rust_begin_short_backtrace::<core[df12db4294e9bfd3]::result::Result<(), alloc[2182bb758b4b3781]::string::String>, fn() -> core[df12db4294e9bfd3]::result::Result<(), alloc[2182bb758b4b3781]::string::String>>
[INFO] [stdout]   18:     0x5e641f5c4a25 - test[9d35eded1c95d3be]::run_test::{closure#0}
[INFO] [stdout]   19:     0x5e641f5be2e4 - std[70759c8f55707aa4]::sys::backtrace::__rust_begin_short_backtrace::<test[9d35eded1c95d3be]::run_test::{closure#1}, ()>
[INFO] [stdout]   20:     0x5e641f5c7b82 - <std[70759c8f55707aa4]::thread::lifecycle::spawn_unchecked<test[9d35eded1c95d3be]::run_test::{closure#1}, ()>::{closure#1} as core[df12db4294e9bfd3]::ops::function::FnOnce<()>>::call_once::{shim:vtable#0}
[INFO] [stdout]   21:     0x5e641fa3a459 - <std[70759c8f55707aa4]::sys::thread::unix::Thread>::new::thread_start
[INFO] [stdout]   22:     0x70a68cf25dfa - <unknown>
[INFO] [stdout]   23:     0x70a68cfb93d4 - clone
[INFO] [stdout]   24:                0x0 - <unknown>
[INFO] [stdout] 
[INFO] [stdout] ---- line_login::get_oauth2_v2_1_userinfo::tests::test_line_login_get_oauth2_v2_1_userinfo stdout ----
[INFO] [stdout] 
[INFO] [stdout] thread 'line_login::get_oauth2_v2_1_userinfo::tests::test_line_login_get_oauth2_v2_1_userinfo' (3207) panicked at src/line_login/get_oauth2_v2_1_userinfo.rs:84:14:
[INFO] [stdout] setting default subscriber failed: SetGlobalDefaultError("a global default trace dispatcher has already been set")
[INFO] [stdout] stack backtrace:
[INFO] [stdout]    0:     0x5e641fa3b5c1 - <<std[70759c8f55707aa4]::sys::backtrace::BacktraceLock>::print::DisplayBacktrace as core[df12db4294e9bfd3]::fmt::Display>::fmt
[INFO] [stdout]    1:     0x5e641fa52d6a - core[df12db4294e9bfd3]::fmt::write
[INFO] [stdout]    2:     0x5e641fa40a7c - <alloc[2182bb758b4b3781]::vec::Vec<u8> as core[df12db4294e9bfd3]::io::write::Write>::write_fmt
[INFO] [stdout]    3:     0x5e641fa14e26 - std[70759c8f55707aa4]::panicking::default_hook::{closure#0}
[INFO] [stdout]    4:     0x5e641fa32409 - std[70759c8f55707aa4]::panicking::default_hook
[INFO] [stdout]    5:     0x5e641f5c40d0 - test[9d35eded1c95d3be]::test_main_inner::<test[9d35eded1c95d3be]::test_main_static::{closure#0}>::{closure#0}
[INFO] [stdout]    6:     0x5e641fa32732 - std[70759c8f55707aa4]::panicking::panic_with_hook
[INFO] [stdout]    7:     0x5e641fa14ed2 - std[70759c8f55707aa4]::panicking::panic_handler::{closure#0}
[INFO] [stdout]    8:     0x5e641fa0d3b9 - std[70759c8f55707aa4]::sys::backtrace::__rust_end_short_backtrace::<std[70759c8f55707aa4]::panicking::panic_handler::{closure#0}, !>
[INFO] [stdout]    9:     0x5e641fa15dcd - __rustc[8fa7c3cbc660c2b3]::rust_begin_unwind
[INFO] [stdout]   10:     0x5e641fa534cc - core[df12db4294e9bfd3]::panicking::panic_fmt
[INFO] [stdout]   11:     0x5e641fa532a2 - core[df12db4294e9bfd3]::result::unwrap_failed
[INFO] [stdout]   12:     0x5e641f4f7d62 - lineapi[357aceebe8875627]::line_login::get_oauth2_v2_1_userinfo::tests::test_line_login_get_oauth2_v2_1_userinfo::{closure#0}
[INFO] [stdout]   13:     0x5e641f55284d - <tokio[75c9a1fa5baa4b12]::runtime::scheduler::current_thread::CurrentThread>::block_on::<core[df12db4294e9bfd3]::pin::Pin<&mut dyn core[df12db4294e9bfd3]::future::future::Future<Output = ()>>>
[INFO] [stdout]   14:     0x5e641f5aa94d - <tokio[75c9a1fa5baa4b12]::runtime::runtime::Runtime>::block_on::<core[df12db4294e9bfd3]::pin::Pin<&mut dyn core[df12db4294e9bfd3]::future::future::Future<Output = ()>>>
[INFO] [stdout]   15:     0x5e641f4fcae8 - lineapi[357aceebe8875627]::line_login::get_oauth2_v2_1_userinfo::tests::test_line_login_get_oauth2_v2_1_userinfo
[INFO] [stdout]   16:     0x5e641f5aa549 - <lineapi[357aceebe8875627]::line_login::get_oauth2_v2_1_userinfo::tests::test_line_login_get_oauth2_v2_1_userinfo::{closure#0} as core[df12db4294e9bfd3]::ops::function::FnOnce<()>>::call_once
[INFO] [stdout]   17:     0x5e641f5b73bb - test[9d35eded1c95d3be]::__rust_begin_short_backtrace::<core[df12db4294e9bfd3]::result::Result<(), alloc[2182bb758b4b3781]::string::String>, fn() -> core[df12db4294e9bfd3]::result::Result<(), alloc[2182bb758b4b3781]::string::String>>
[INFO] [stdout]   18:     0x5e641f5c4a25 - test[9d35eded1c95d3be]::run_test::{closure#0}
[INFO] [stdout]   19:     0x5e641f5be2e4 - std[70759c8f55707aa4]::sys::backtrace::__rust_begin_short_backtrace::<test[9d35eded1c95d3be]::run_test::{closure#1}, ()>
[INFO] [stdout]   20:     0x5e641f5c7b82 - <std[70759c8f55707aa4]::thread::lifecycle::spawn_unchecked<test[9d35eded1c95d3be]::run_test::{closure#1}, ()>::{closure#1} as core[df12db4294e9bfd3]::ops::function::FnOnce<()>>::call_once::{shim:vtable#0}
[INFO] [stdout]   21:     0x5e641fa3a459 - <std[70759c8f55707aa4]::sys::thread::unix::Thread>::new::thread_start
[INFO] [stdout]   22:     0x70a68cf25dfa - <unknown>
[INFO] [stdout]   23:     0x70a68cfb93d4 - clone
[INFO] [stdout]   24:                0x0 - <unknown>
[INFO] [stdout] 
[INFO] [stdout] ---- line_login::get_oauth2_v2_1_verify::tests::test_line_login_get_oauth2_v2_1_verify stdout ----
[INFO] [stdout] 
[INFO] [stdout] thread 'line_login::get_oauth2_v2_1_verify::tests::test_line_login_get_oauth2_v2_1_verify' (3208) panicked at src/line_login/get_oauth2_v2_1_verify.rs:59:14:
[INFO] [stdout] setting default subscriber failed: SetGlobalDefaultError("a global default trace dispatcher has already been set")
[INFO] [stdout] stack backtrace:
[INFO] [stdout]    0:     0x5e641fa3b5c1 - <<std[70759c8f55707aa4]::sys::backtrace::BacktraceLock>::print::DisplayBacktrace as core[df12db4294e9bfd3]::fmt::Display>::fmt
[INFO] [stdout]    1:     0x5e641fa52d6a - core[df12db4294e9bfd3]::fmt::write
[INFO] [stdout]    2:     0x5e641fa40a7c - <alloc[2182bb758b4b3781]::vec::Vec<u8> as core[df12db4294e9bfd3]::io::write::Write>::write_fmt
[INFO] [stdout]    3:     0x5e641fa14e26 - std[70759c8f55707aa4]::panicking::default_hook::{closure#0}
[INFO] [stdout]    4:     0x5e641fa32409 - std[70759c8f55707aa4]::panicking::default_hook
[INFO] [stdout]    5:     0x5e641f5c40d0 - test[9d35eded1c95d3be]::test_main_inner::<test[9d35eded1c95d3be]::test_main_static::{closure#0}>::{closure#0}
[INFO] [stdout]    6:     0x5e641fa32732 - std[70759c8f55707aa4]::panicking::panic_with_hook
[INFO] [stdout]    7:     0x5e641fa14ed2 - std[70759c8f55707aa4]::panicking::panic_handler::{closure#0}
[INFO] [stdout]    8:     0x5e641fa0d3b9 - std[70759c8f55707aa4]::sys::backtrace::__rust_end_short_backtrace::<std[70759c8f55707aa4]::panicking::panic_handler::{closure#0}, !>
[INFO] [stdout]    9:     0x5e641fa15dcd - __rustc[8fa7c3cbc660c2b3]::rust_begin_unwind
[INFO] [stdout]   10:     0x5e641fa534cc - core[df12db4294e9bfd3]::panicking::panic_fmt
[INFO] [stdout]   11:     0x5e641fa532a2 - core[df12db4294e9bfd3]::result::unwrap_failed
[INFO] [stdout]   12:     0x5e641f54d80f - lineapi[357aceebe8875627]::line_login::get_oauth2_v2_1_verify::tests::test_line_login_get_oauth2_v2_1_verify::{closure#0}
[INFO] [stdout]   13:     0x5e641f55284d - <tokio[75c9a1fa5baa4b12]::runtime::scheduler::current_thread::CurrentThread>::block_on::<core[df12db4294e9bfd3]::pin::Pin<&mut dyn core[df12db4294e9bfd3]::future::future::Future<Output = ()>>>
[INFO] [stdout]   14:     0x5e641f5aa94d - <tokio[75c9a1fa5baa4b12]::runtime::runtime::Runtime>::block_on::<core[df12db4294e9bfd3]::pin::Pin<&mut dyn core[df12db4294e9bfd3]::future::future::Future<Output = ()>>>
[INFO] [stdout]   15:     0x5e641f551888 - lineapi[357aceebe8875627]::line_login::get_oauth2_v2_1_verify::tests::test_line_login_get_oauth2_v2_1_verify
[INFO] [stdout]   16:     0x5e641f5aa489 - <lineapi[357aceebe8875627]::line_login::get_oauth2_v2_1_verify::tests::test_line_login_get_oauth2_v2_1_verify::{closure#0} as core[df12db4294e9bfd3]::ops::function::FnOnce<()>>::call_once
[INFO] [stdout]   17:     0x5e641f5b73bb - test[9d35eded1c95d3be]::__rust_begin_short_backtrace::<core[df12db4294e9bfd3]::result::Result<(), alloc[2182bb758b4b3781]::string::String>, fn() -> core[df12db4294e9bfd3]::result::Result<(), alloc[2182bb758b4b3781]::string::String>>
[INFO] [stdout]   18:     0x5e641f5c4a25 - test[9d35eded1c95d3be]::run_test::{closure#0}
[INFO] [stdout]   19:     0x5e641f5be2e4 - std[70759c8f55707aa4]::sys::backtrace::__rust_begin_short_backtrace::<test[9d35eded1c95d3be]::run_test::{closure#1}, ()>
[INFO] [stdout]   20:     0x5e641f5c7b82 - <std[70759c8f55707aa4]::thread::lifecycle::spawn_unchecked<test[9d35eded1c95d3be]::run_test::{closure#1}, ()>::{closure#1} as core[df12db4294e9bfd3]::ops::function::FnOnce<()>>::call_once::{shim:vtable#0}
[INFO] [stdout]   21:     0x5e641fa3a459 - <std[70759c8f55707aa4]::sys::thread::unix::Thread>::new::thread_start
[INFO] [stdout]   22:     0x70a68cf25dfa - <unknown>
[INFO] [stdout]   23:     0x70a68cfb93d4 - clone
[INFO] [stdout]   24:                0x0 - <unknown>
[INFO] [stdout] 
[INFO] [stdout] ---- line_login::post_oauth2_v2_1_verify::tests::test_line_login_post_oauth2_v2_1_verify stdout ----
[INFO] [stdout] 
[INFO] [stdout] thread 'line_login::post_oauth2_v2_1_verify::tests::test_line_login_post_oauth2_v2_1_verify' (3213) panicked at src/line_login/post_oauth2_v2_1_verify.rs:125:14:
[INFO] [stdout] setting default subscriber failed: SetGlobalDefaultError("a global default trace dispatcher has already been set")
[INFO] [stdout] stack backtrace:
[INFO] [stdout]    0:     0x5e641fa3b5c1 - <<std[70759c8f55707aa4]::sys::backtrace::BacktraceLock>::print::DisplayBacktrace as core[df12db4294e9bfd3]::fmt::Display>::fmt
[INFO] [stdout]    1:     0x5e641fa52d6a - core[df12db4294e9bfd3]::fmt::write
[INFO] [stdout]    2:     0x5e641fa40a7c - <alloc[2182bb758b4b3781]::vec::Vec<u8> as core[df12db4294e9bfd3]::io::write::Write>::write_fmt
[INFO] [stdout]    3:     0x5e641fa14e26 - std[70759c8f55707aa4]::panicking::default_hook::{closure#0}
[INFO] [stdout]    4:     0x5e641fa32409 - std[70759c8f55707aa4]::panicking::default_hook
[INFO] [stdout]    5:     0x5e641f5c40d0 - test[9d35eded1c95d3be]::test_main_inner::<test[9d35eded1c95d3be]::test_main_static::{closure#0}>::{closure#0}
[INFO] [stdout]    6:     0x5e641fa32732 - std[70759c8f55707aa4]::panicking::panic_with_hook
[INFO] [stdout]    7:     0x5e641fa14ed2 - std[70759c8f55707aa4]::panicking::panic_handler::{closure#0}
[INFO] [stdout]    8:     0x5e641fa0d3b9 - std[70759c8f55707aa4]::sys::backtrace::__rust_end_short_backtrace::<std[70759c8f55707aa4]::panicking::panic_handler::{closure#0}, !>
[INFO] [stdout]    9:     0x5e641fa15dcd - __rustc[8fa7c3cbc660c2b3]::rust_begin_unwind
[INFO] [stdout]   10:     0x5e641fa534cc - core[df12db4294e9bfd3]::panicking::panic_fmt
[INFO] [stdout]   11:     0x5e641fa532a2 - core[df12db4294e9bfd3]::result::unwrap_failed
[INFO] [stdout]   12:     0x5e641f53f18f - lineapi[357aceebe8875627]::line_login::post_oauth2_v2_1_verify::tests::test_line_login_post_oauth2_v2_1_verify::{closure#0}
[INFO] [stdout]   13:     0x5e641f55284d - <tokio[75c9a1fa5baa4b12]::runtime::scheduler::current_thread::CurrentThread>::block_on::<core[df12db4294e9bfd3]::pin::Pin<&mut dyn core[df12db4294e9bfd3]::future::future::Future<Output = ()>>>
[INFO] [stdout]   14:     0x5e641f5aa94d - <tokio[75c9a1fa5baa4b12]::runtime::runtime::Runtime>::block_on::<core[df12db4294e9bfd3]::pin::Pin<&mut dyn core[df12db4294e9bfd3]::future::future::Future<Output = ()>>>
[INFO] [stdout]   15:     0x5e641f54407c - lineapi[357aceebe8875627]::line_login::post_oauth2_v2_1_verify::tests::test_line_login_post_oauth2_v2_1_verify
[INFO] [stdout]   16:     0x5e641f5aa509 - <lineapi[357aceebe8875627]::line_login::post_oauth2_v2_1_verify::tests::test_line_login_post_oauth2_v2_1_verify::{closure#0} as core[df12db4294e9bfd3]::ops::function::FnOnce<()>>::call_once
[INFO] [stdout]   17:     0x5e641f5b73bb - test[9d35eded1c95d3be]::__rust_begin_short_backtrace::<core[df12db4294e9bfd3]::result::Result<(), alloc[2182bb758b4b3781]::string::String>, fn() -> core[df12db4294e9bfd3]::result::Result<(), alloc[2182bb758b4b3781]::string::String>>
[INFO] [stdout]   18:     0x5e641f5c4a25 - test[9d35eded1c95d3be]::run_test::{closure#0}
[INFO] [stdout]   19:     0x5e641f5be2e4 - std[70759c8f55707aa4]::sys::backtrace::__rust_begin_short_backtrace::<test[9d35eded1c95d3be]::run_test::{closure#1}, ()>
[INFO] [stdout]   20:     0x5e641f5c7b82 - <std[70759c8f55707aa4]::thread::lifecycle::spawn_unchecked<test[9d35eded1c95d3be]::run_test::{closure#1}, ()>::{closure#1} as core[df12db4294e9bfd3]::ops::function::FnOnce<()>>::call_once::{shim:vtable#0}
[INFO] [stdout]   21:     0x5e641fa3a459 - <std[70759c8f55707aa4]::sys::thread::unix::Thread>::new::thread_start
[INFO] [stdout]   22:     0x70a68cf25dfa - <unknown>
[INFO] [stdout]   23:     0x70a68cfb93d4 - clone
[INFO] [stdout]   24:                0x0 - <unknown>
[INFO] [stdout] 
[INFO] [stdout] ---- line_login::post_oauth2_v2_1_token::tests::test_line_login_post_oauth2_v2_1_token_refresh_token stdout ----
[INFO] [stdout] 
[INFO] [stdout] thread 'line_login::post_oauth2_v2_1_token::tests::test_line_login_post_oauth2_v2_1_token_refresh_token' (3212) panicked at src/line_login/post_oauth2_v2_1_token.rs:150:14:
[INFO] [stdout] setting default subscriber failed: SetGlobalDefaultError("a global default trace dispatcher has already been set")
[INFO] [stdout] stack backtrace:
[INFO] [stdout]    0:     0x5e641fa3b5c1 - <<std[70759c8f55707aa4]::sys::backtrace::BacktraceLock>::print::DisplayBacktrace as core[df12db4294e9bfd3]::fmt::Display>::fmt
[INFO] [stdout]    1:     0x5e641fa52d6a - core[df12db4294e9bfd3]::fmt::write
[INFO] [stdout]    2:     0x5e641fa40a7c - <alloc[2182bb758b4b3781]::vec::Vec<u8> as core[df12db4294e9bfd3]::io::write::Write>::write_fmt
[INFO] [stdout]    3:     0x5e641fa14e26 - std[70759c8f55707aa4]::panicking::default_hook::{closure#0}
[INFO] [stdout]    4:     0x5e641fa32409 - std[70759c8f55707aa4]::panicking::default_hook
[INFO] [stdout]    5:     0x5e641f5c40d0 - test[9d35eded1c95d3be]::test_main_inner::<test[9d35eded1c95d3be]::test_main_static::{closure#0}>::{closure#0}
[INFO] [stdout]    6:     0x5e641fa32732 - std[70759c8f55707aa4]::panicking::panic_with_hook
[INFO] [stdout]    7:     0x5e641fa14ed2 - std[70759c8f55707aa4]::panicking::panic_handler::{closure#0}
[INFO] [stdout]    8:     0x5e641fa0d3b9 - std[70759c8f55707aa4]::sys::backtrace::__rust_end_short_backtrace::<std[70759c8f55707aa4]::panicking::panic_handler::{closure#0}, !>
[INFO] [stdout]    9:     0x5e641fa15dcd - __rustc[8fa7c3cbc660c2b3]::rust_begin_unwind
[INFO] [stdout]   10:     0x5e641fa534cc - core[df12db4294e9bfd3]::panicking::panic_fmt
[INFO] [stdout]   11:     0x5e641fa532a2 - core[df12db4294e9bfd3]::result::unwrap_failed
[INFO] [stdout]   12:     0x5e641f537236 - lineapi[357aceebe8875627]::line_login::post_oauth2_v2_1_token::tests::test_line_login_post_oauth2_v2_1_token_refresh_token::{closure#0}
[INFO] [stdout]   13:     0x5e641f55284d - <tokio[75c9a1fa5baa4b12]::runtime::scheduler::current_thread::CurrentThread>::block_on::<core[df12db4294e9bfd3]::pin::Pin<&mut dyn core[df12db4294e9bfd3]::future::future::Future<Output = ()>>>
[INFO] [stdout]   14:     0x5e641f5aa94d - <tokio[75c9a1fa5baa4b12]::runtime::runtime::Runtime>::block_on::<core[df12db4294e9bfd3]::pin::Pin<&mut dyn core[df12db4294e9bfd3]::future::future::Future<Output = ()>>>
[INFO] [stdout]   15:     0x5e641f5384f8 - lineapi[357aceebe8875627]::line_login::post_oauth2_v2_1_token::tests::test_line_login_post_oauth2_v2_1_token_refresh_token
[INFO] [stdout]   16:     0x5e641f5aa4a9 - <lineapi[357aceebe8875627]::line_login::post_oauth2_v2_1_token::tests::test_line_login_post_oauth2_v2_1_token_refresh_token::{closure#0} as core[df12db4294e9bfd3]::ops::function::FnOnce<()>>::call_once
[INFO] [stdout]   17:     0x5e641f5b73bb - test[9d35eded1c95d3be]::__rust_begin_short_backtrace::<core[df12db4294e9bfd3]::result::Result<(), alloc[2182bb758b4b3781]::string::String>, fn() -> core[df12db4294e9bfd3]::result::Result<(), alloc[2182bb758b4b3781]::string::String>>
[INFO] [stdout]   18:     0x5e641f5c4a25 - test[9d35eded1c95d3be]::run_test::{closure#0}
[INFO] [stdout]   19:     0x5e641f5be2e4 - std[70759c8f55707aa4]::sys::backtrace::__rust_begin_short_backtrace::<test[9d35eded1c95d3be]::run_test::{closure#1}, ()>
[INFO] [stdout]   20:     0x5e641f5c7b82 - <std[70759c8f55707aa4]::thread::lifecycle::spawn_unchecked<test[9d35eded1c95d3be]::run_test::{closure#1}, ()>::{closure#1} as core[df12db4294e9bfd3]::ops::function::FnOnce<()>>::call_once::{shim:vtable#0}
[INFO] [stdout]   21:     0x5e641fa3a459 - <std[70759c8f55707aa4]::sys::thread::unix::Thread>::new::thread_start
[INFO] [stdout]   22:     0x70a68cf25dfa - <unknown>
[INFO] [stdout]   23:     0x70a68cfb93d4 - clone
[INFO] [stdout]   24:                0x0 - <unknown>
[INFO] [stdout] 
[INFO] [stdout] ---- line_login::get_v2_profile::tests::test_line_login_get_v2_profile stdout ----
[INFO] [stdout] 
[INFO] [stdout] thread 'line_login::get_v2_profile::tests::test_line_login_get_v2_profile' (3209) panicked at src/line_login/get_v2_profile.rs:63:14:
[INFO] [stdout] setting default subscriber failed: SetGlobalDefaultError("a global default trace dispatcher has already been set")
[INFO] [stdout] stack backtrace:
[INFO] [stdout]    0:     0x5e641fa3b5c1 - <<std[70759c8f55707aa4]::sys::backtrace::BacktraceLock>::print::DisplayBacktrace as core[df12db4294e9bfd3]::fmt::Display>::fmt
[INFO] [stdout]    1:     0x5e641fa52d6a - core[df12db4294e9bfd3]::fmt::write
[INFO] [stdout]    2:     0x5e641fa40a7c - <alloc[2182bb758b4b3781]::vec::Vec<u8> as core[df12db4294e9bfd3]::io::write::Write>::write_fmt
[INFO] [stdout]    3:     0x5e641fa14e26 - std[70759c8f55707aa4]::panicking::default_hook::{closure#0}
[INFO] [stdout]    4:     0x5e641fa32409 - std[70759c8f55707aa4]::panicking::default_hook
[INFO] [stdout]    5:     0x5e641f5c40d0 - test[9d35eded1c95d3be]::test_main_inner::<test[9d35eded1c95d3be]::test_main_static::{closure#0}>::{closure#0}
[INFO] [stdout]    6:     0x5e641fa32732 - std[70759c8f55707aa4]::panicking::panic_with_hook
[INFO] [stdout]    7:     0x5e641fa14ed2 - std[70759c8f55707aa4]::panicking::panic_handler::{closure#0}
[INFO] [stdout]    8:     0x5e641fa0d3b9 - std[70759c8f55707aa4]::sys::backtrace::__rust_end_short_backtrace::<std[70759c8f55707aa4]::panicking::panic_handler::{closure#0}, !>
[INFO] [stdout]    9:     0x5e641fa15dcd - __rustc[8fa7c3cbc660c2b3]::rust_begin_unwind
[INFO] [stdout]   10:     0x5e641fa534cc - core[df12db4294e9bfd3]::panicking::panic_fmt
[INFO] [stdout]   11:     0x5e641fa532a2 - core[df12db4294e9bfd3]::result::unwrap_failed
[INFO] [stdout]   12:     0x5e641f5877ca - lineapi[357aceebe8875627]::line_login::get_v2_profile::tests::test_line_login_get_v2_profile::{closure#0}
[INFO] [stdout]   13:     0x5e641f55284d - <tokio[75c9a1fa5baa4b12]::runtime::scheduler::current_thread::CurrentThread>::block_on::<core[df12db4294e9bfd3]::pin::Pin<&mut dyn core[df12db4294e9bfd3]::future::future::Future<Output = ()>>>
[INFO] [stdout]   14:     0x5e641f5aa94d - <tokio[75c9a1fa5baa4b12]::runtime::runtime::Runtime>::block_on::<core[df12db4294e9bfd3]::pin::Pin<&mut dyn core[df12db4294e9bfd3]::future::future::Future<Output = ()>>>
[INFO] [stdout]   15:     0x5e641f58b058 - lineapi[357aceebe8875627]::line_login::get_v2_profile::tests::test_line_login_get_v2_profile
[INFO] [stdout]   16:     0x5e641f5aa469 - <lineapi[357aceebe8875627]::line_login::get_v2_profile::tests::test_line_login_get_v2_profile::{closure#0} as core[df12db4294e9bfd3]::ops::function::FnOnce<()>>::call_once
[INFO] [stdout]   17:     0x5e641f5b73bb - test[9d35eded1c95d3be]::__rust_begin_short_backtrace::<core[df12db4294e9bfd3]::result::Result<(), alloc[2182bb758b4b3781]::string::String>, fn() -> core[df12db4294e9bfd3]::result::Result<(), alloc[2182bb758b4b3781]::string::String>>
[INFO] [stdout]   18:     0x5e641f5c4a25 - test[9d35eded1c95d3be]::run_test::{closure#0}
[INFO] [stdout]   19:     0x5e641f5be2e4 - std[70759c8f55707aa4]::sys::backtrace::__rust_begin_short_backtrace::<test[9d35eded1c95d3be]::run_test::{closure#1}, ()>
[INFO] [stdout]   20:     0x5e641f5c7b82 - <std[70759c8f55707aa4]::thread::lifecycle::spawn_unchecked<test[9d35eded1c95d3be]::run_test::{closure#1}, ()>::{closure#1} as core[df12db4294e9bfd3]::ops::function::FnOnce<()>>::call_once::{shim:vtable#0}
[INFO] [stdout]   21:     0x5e641fa3a459 - <std[70759c8f55707aa4]::sys::thread::unix::Thread>::new::thread_start
[INFO] [stdout]   22:     0x70a68cf25dfa - <unknown>
[INFO] [stdout]   23:     0x70a68cfb93d4 - clone
[INFO] [stdout]   24:                0x0 - <unknown>
[INFO] [stdout] 
[INFO] [stdout] ---- messaging_api::get_v2_bot_profile::tests::test_messaging_api_get_v2_bot_profile stdout ----
[INFO] [stdout] 
[INFO] [stdout] thread 'messaging_api::get_v2_bot_profile::tests::test_messaging_api_get_v2_bot_profile' (3222) panicked at src/messaging_api/get_v2_bot_profile.rs:66:14:
[INFO] [stdout] setting default subscriber failed: SetGlobalDefaultError("a global default trace dispatcher has already been set")
[INFO] [stdout] stack backtrace:
[INFO] [stdout]    0:     0x5e641fa3b5c1 - <<std[70759c8f55707aa4]::sys::backtrace::BacktraceLock>::print::DisplayBacktrace as core[df12db4294e9bfd3]::fmt::Display>::fmt
[INFO] [stdout]    1:     0x5e641fa52d6a - core[df12db4294e9bfd3]::fmt::write
[INFO] [stdout]    2:     0x5e641fa40a7c - <alloc[2182bb758b4b3781]::vec::Vec<u8> as core[df12db4294e9bfd3]::io::write::Write>::write_fmt
[INFO] [stdout]    3:     0x5e641fa14e26 - std[70759c8f55707aa4]::panicking::default_hook::{closure#0}
[INFO] [stdout]    4:     0x5e641fa32409 - std[70759c8f55707aa4]::panicking::default_hook
[INFO] [stdout]    5:     0x5e641f5c40d0 - test[9d35eded1c95d3be]::test_main_inner::<test[9d35eded1c95d3be]::test_main_static::{closure#0}>::{closure#0}
[INFO] [stdout]    6:     0x5e641fa32732 - std[70759c8f55707aa4]::panicking::panic_with_hook
[INFO] [stdout]    7:     0x5e641fa14ed2 - std[70759c8f55707aa4]::panicking::panic_handler::{closure#0}
[INFO] [stdout]    8:     0x5e641fa0d3b9 - std[70759c8f55707aa4]::sys::backtrace::__rust_end_short_backtrace::<std[70759c8f55707aa4]::panicking::panic_handler::{closure#0}, !>
[INFO] [stdout]    9:     0x5e641fa15dcd - __rustc[8fa7c3cbc660c2b3]::rust_begin_unwind
[INFO] [stdout]   10:     0x5e641fa534cc - core[df12db4294e9bfd3]::panicking::panic_fmt
[INFO] [stdout]   11:     0x5e641fa532a2 - core[df12db4294e9bfd3]::result::unwrap_failed
[INFO] [stdout]   12:     0x5e641f59639a - lineapi[357aceebe8875627]::messaging_api::get_v2_bot_profile::tests::test_messaging_api_get_v2_bot_profile::{closure#0}
[INFO] [stdout]   13:     0x5e641f55284d - <tokio[75c9a1fa5baa4b12]::runtime::scheduler::current_thread::CurrentThread>::block_on::<core[df12db4294e9bfd3]::pin::Pin<&mut dyn core[df12db4294e9bfd3]::future::future::Future<Output = ()>>>
[INFO] [stdout]   14:     0x5e641f5aa94d - <tokio[75c9a1fa5baa4b12]::runtime::runtime::Runtime>::block_on::<core[df12db4294e9bfd3]::pin::Pin<&mut dyn core[df12db4294e9bfd3]::future::future::Future<Output = ()>>>
[INFO] [stdout]   15:     0x5e641f59b9d8 - lineapi[357aceebe8875627]::messaging_api::get_v2_bot_profile::tests::test_messaging_api_get_v2_bot_profile
[INFO] [stdout]   16:     0x5e641f5aa5a9 - <lineapi[357aceebe8875627]::messaging_api::get_v2_bot_profile::tests::test_messaging_api_get_v2_bot_profile::{closure#0} as core[df12db4294e9bfd3]::ops::function::FnOnce<()>>::call_once
[INFO] [stdout]   17:     0x5e641f5b73bb - test[9d35eded1c95d3be]::__rust_begin_short_backtrace::<core[df12db4294e9bfd3]::result::Result<(), alloc[2182bb758b4b3781]::string::String>, fn() -> core[df12db4294e9bfd3]::result::Result<(), alloc[2182bb758b4b3781]::string::String>>
[INFO] [stdout]   18:     0x5e641f5c4a25 - test[9d35eded1c95d3be]::run_test::{closure#0}
[INFO] [stdout]   19:     0x5e641f5be2e4 - std[70759c8f55707aa4]::sys::backtrace::__rust_begin_short_backtrace::<test[9d35eded1c95d3be]::run_test::{closure#1}, ()>
[INFO] [stdout]   20:     0x5e641f5c7b82 - <std[70759c8f55707aa4]::thread::lifecycle::spawn_unchecked<test[9d35eded1c95d3be]::run_test::{closure#1}, ()>::{closure#1} as core[df12db4294e9bfd3]::ops::function::FnOnce<()>>::call_once::{shim:vtable#0}
[INFO] [stdout]   21:     0x5e641fa3a459 - <std[70759c8f55707aa4]::sys::thread::unix::Thread>::new::thread_start
[INFO] [stdout]   22:     0x70a68cf25dfa - <unknown>
[INFO] [stdout]   23:     0x70a68cfb93d4 - clone
[INFO] [stdout]   24:                0x0 - <unknown>
[INFO] [stdout] 
[INFO] [stdout] ---- messaging_api::get_v2_bot_info::tests::test_messaging_api_get_v2_bot_info stdout ----
[INFO] [stdout] 
[INFO] [stdout] thread 'messaging_api::get_v2_bot_info::tests::test_messaging_api_get_v2_bot_info' (3216) panicked at src/messaging_api/get_v2_bot_info.rs:84:14:
[INFO] [stdout] setting default subscriber failed: SetGlobalDefaultError("a global default trace dispatcher has already been set")
[INFO] [stdout] stack backtrace:
[INFO] [stdout]    0:     0x5e641fa3b5c1 - <<std[70759c8f55707aa4]::sys::backtrace::BacktraceLock>::print::DisplayBacktrace as core[df12db4294e9bfd3]::fmt::Display>::fmt
[INFO] [stdout]    1:     0x5e641fa52d6a - core[df12db4294e9bfd3]::fmt::write
[INFO] [stdout]    2:     0x5e641fa40a7c - <alloc[2182bb758b4b3781]::vec::Vec<u8> as core[df12db4294e9bfd3]::io::write::Write>::write_fmt
[INFO] [stdout]    3:     0x5e641fa14e26 - std[70759c8f55707aa4]::panicking::default_hook::{closure#0}
[INFO] [stdout]    4:     0x5e641fa32409 - std[70759c8f55707aa4]::panicking::default_hook
[INFO] [stdout]    5:     0x5e641f5c40d0 - test[9d35eded1c95d3be]::test_main_inner::<test[9d35eded1c95d3be]::test_main_static::{closure#0}>::{closure#0}
[INFO] [stdout]    6:     0x5e641fa32732 - std[70759c8f55707aa4]::panicking::panic_with_hook
[INFO] [stdout]    7:     0x5e641fa14ed2 - std[70759c8f55707aa4]::panicking::panic_handler::{closure#0}
[INFO] [stdout]    8:     0x5e641fa0d3b9 - std[70759c8f55707aa4]::sys::backtrace::__rust_end_short_backtrace::<std[70759c8f55707aa4]::panicking::panic_handler::{closure#0}, !>
[INFO] [stdout]    9:     0x5e641fa15dcd - __rustc[8fa7c3cbc660c2b3]::rust_begin_unwind
[INFO] [stdout]   10:     0x5e641fa534cc - core[df12db4294e9bfd3]::panicking::panic_fmt
[INFO] [stdout]   11:     0x5e641fa532a2 - core[df12db4294e9bfd3]::result::unwrap_failed
[INFO] [stdout]   12:     0x5e641f570ab9 - lineapi[357aceebe8875627]::messaging_api::get_v2_bot_info::tests::test_messaging_api_get_v2_bot_info::{closure#0}
[INFO] [stdout]   13:     0x5e641f55284d - <tokio[75c9a1fa5baa4b12]::runtime::scheduler::current_thread::CurrentThread>::block_on::<core[df12db4294e9bfd3]::pin::Pin<&mut dyn core[df12db4294e9bfd3]::future::future::Future<Output = ()>>>
[INFO] [stdout]   14:     0x5e641f5aa94d - <tokio[75c9a1fa5baa4b12]::runtime::runtime::Runtime>::block_on::<core[df12db4294e9bfd3]::pin::Pin<&mut dyn core[df12db4294e9bfd3]::future::future::Future<Output = ()>>>
[INFO] [stdout]   15:     0x5e641f573018 - lineapi[357aceebe8875627]::messaging_api::get_v2_bot_info::tests::test_messaging_api_get_v2_bot_info
[INFO] [stdout]   16:     0x5e641f5aa589 - <lineapi[357aceebe8875627]::messaging_api::get_v2_bot_info::tests::test_messaging_api_get_v2_bot_info::{closure#0} as core[df12db4294e9bfd3]::ops::function::FnOnce<()>>::call_once
[INFO] [stdout]   17:     0x5e641f5b73bb - test[9d35eded1c95d3be]::__rust_begin_short_backtrace::<core[df12db4294e9bfd3]::result::Result<(), alloc[2182bb758b4b3781]::string::String>, fn() -> core[df12db4294e9bfd3]::result::Result<(), alloc[2182bb758b4b3781]::string::String>>
[INFO] [stdout]   18:     0x5e641f5c4a25 - test[9d35eded1c95d3be]::run_test::{closure#0}
[INFO] [stdout]   19:     0x5e641f5be2e4 - std[70759c8f55707aa4]::sys::backtrace::__rust_begin_short_backtrace::<test[9d35eded1c95d3be]::run_test::{closure#1}, ()>
[INFO] [stdout]   20:     0x5e641f5c7b82 - <std[70759c8f55707aa4]::thread::lifecycle::spawn_unchecked<test[9d35eded1c95d3be]::run_test::{closure#1}, ()>::{closure#1} as core[df12db4294e9bfd3]::ops::function::FnOnce<()>>::call_once::{shim:vtable#0}
[INFO] [stdout]   21:     0x5e641fa3a459 - <std[70759c8f55707aa4]::sys::thread::unix::Thread>::new::thread_start
[INFO] [stdout]   22:     0x70a68cf25dfa - <unknown>
[INFO] [stdout]   23:     0x70a68cfb93d4 - clone
[INFO] [stdout]   24:                0x0 - <unknown>
[INFO] [stdout] 
[INFO] [stdout] ---- line_login::get_friendship_v1_status::tests::test_line_login_get_friendship_v1_status stdout ----
[INFO] [stdout] 
[INFO] [stdout] thread 'line_login::get_friendship_v1_status::tests::test_line_login_get_friendship_v1_status' (3206) panicked at src/line_login/get_friendship_v1_status.rs:58:14:
[INFO] [stdout] setting default subscriber failed: SetGlobalDefaultError("a global default trace dispatcher has already been set")
[INFO] [stdout] stack backtrace:
[INFO] [stdout]    0:     0x5e641fa3b5c1 - <<std[70759c8f55707aa4]::sys::backtrace::BacktraceLock>::print::DisplayBacktrace as core[df12db4294e9bfd3]::fmt::Display>::fmt
[INFO] [stdout]    1:     0x5e641fa52d6a - core[df12db4294e9bfd3]::fmt::write
[INFO] [stdout]    2:     0x5e641fa40a7c - <alloc[2182bb758b4b3781]::vec::Vec<u8> as core[df12db4294e9bfd3]::io::write::Write>::write_fmt
[INFO] [stdout]    3:     0x5e641fa14e26 - std[70759c8f55707aa4]::panicking::default_hook::{closure#0}
[INFO] [stdout]    4:     0x5e641fa32409 - std[70759c8f55707aa4]::panicking::default_hook
[INFO] [stdout]    5:     0x5e641f5c40d0 - test[9d35eded1c95d3be]::test_main_inner::<test[9d35eded1c95d3be]::test_main_static::{closure#0}>::{closure#0}
[INFO] [stdout]    6:     0x5e641fa32732 - std[70759c8f55707aa4]::panicking::panic_with_hook
[INFO] [stdout]    7:     0x5e641fa14ed2 - std[70759c8f55707aa4]::panicking::panic_handler::{closure#0}
[INFO] [stdout]    8:     0x5e641fa0d3b9 - std[70759c8f55707aa4]::sys::backtrace::__rust_end_short_backtrace::<std[70759c8f55707aa4]::panicking::panic_handler::{closure#0}, !>
[INFO] [stdout]    9:     0x5e641fa15dcd - __rustc[8fa7c3cbc660c2b3]::rust_begin_unwind
[INFO] [stdout]   10:     0x5e641fa534cc - core[df12db4294e9bfd3]::panicking::panic_fmt
[INFO] [stdout]   11:     0x5e641fa532a2 - core[df12db4294e9bfd3]::result::unwrap_failed
[INFO] [stdout]   12:     0x5e641f5b1639 - lineapi[357aceebe8875627]::line_login::get_friendship_v1_status::tests::test_line_login_get_friendship_v1_status::{closure#0}
[INFO] [stdout]   13:     0x5e641f55284d - <tokio[75c9a1fa5baa4b12]::runtime::scheduler::current_thread::CurrentThread>::block_on::<core[df12db4294e9bfd3]::pin::Pin<&mut dyn core[df12db4294e9bfd3]::future::future::Future<Output = ()>>>
[INFO] [stdout]   14:     0x5e641f5aa94d - <tokio[75c9a1fa5baa4b12]::runtime::runtime::Runtime>::block_on::<core[df12db4294e9bfd3]::pin::Pin<&mut dyn core[df12db4294e9bfd3]::future::future::Future<Output = ()>>>
[INFO] [stdout]   15:     0x5e641f5b5938 - lineapi[357aceebe8875627]::line_login::get_friendship_v1_status::tests::test_line_login_get_friendship_v1_status
[INFO] [stdout]   16:     0x5e641f5aa529 - <lineapi[357aceebe8875627]::line_login::get_friendship_v1_status::tests::test_line_login_get_friendship_v1_status::{closure#0} as core[df12db4294e9bfd3]::ops::function::FnOnce<()>>::call_once
[INFO] [stdout]   17:     0x5e641f5b73bb - test[9d35eded1c95d3be]::__rust_begin_short_backtrace::<core[df12db4294e9bfd3]::result::Result<(), alloc[2182bb758b4b3781]::string::String>, fn() -> core[df12db4294e9bfd3]::result::Result<(), alloc[2182bb758b4b3781]::string::String>>
[INFO] [stdout]   18:     0x5e641f5c4a25 - test[9d35eded1c95d3be]::run_test::{closure#0}
[INFO] [stdout]   19:     0x5e641f5be2e4 - std[70759c8f55707aa4]::sys::backtrace::__rust_begin_short_backtrace::<test[9d35eded1c95d3be]::run_test::{closure#1}, ()>
[INFO] [stdout]   20:     0x5e641f5c7b82 - <std[70759c8f55707aa4]::thread::lifecycle::spawn_unchecked<test[9d35eded1c95d3be]::run_test::{closure#1}, ()>::{closure#1} as core[df12db4294e9bfd3]::ops::function::FnOnce<()>>::call_once::{shim:vtable#0}
[INFO] [stdout]   21:     0x5e641fa3a459 - <std[70759c8f55707aa4]::sys::thread::unix::Thread>::new::thread_start
[INFO] [stdout]   22:     0x70a68cf25dfa - <unknown>
[INFO] [stdout]   23:     0x70a68cfb93d4 - clone
[INFO] [stdout]   24:                0x0 - <unknown>
[INFO] [stdout] 
[INFO] [stdout] ---- messaging_api::post_v2_bot_message_push::tests::test_messaging_api_post_v2_bot_message_push stdout ----
[INFO] [stdout] 
[INFO] [stdout] thread 'messaging_api::post_v2_bot_message_push::tests::test_messaging_api_post_v2_bot_message_push' (3223) panicked at src/messaging_api/post_v2_bot_message_push.rs:104:48:
[INFO] [stdout] called `Result::unwrap()` on an `Err` value: NotPresent
[INFO] [stdout] stack backtrace:
[INFO] [stdout]    0:     0x5e641fa3b5c1 - <<std[70759c8f55707aa4]::sys::backtrace::BacktraceLock>::print::DisplayBacktrace as core[df12db4294e9bfd3]::fmt::Display>::fmt
[INFO] [stdout]    1:     0x5e641fa52d6a - core[df12db4294e9bfd3]::fmt::write
[INFO] [stdout]    2:     0x5e641fa40a7c - <alloc[2182bb758b4b3781]::vec::Vec<u8> as core[df12db4294e9bfd3]::io::write::Write>::write_fmt
[INFO] [stdout]    3:     0x5e641fa14e26 - std[70759c8f55707aa4]::panicking::default_hook::{closure#0}
[INFO] [stdout]    4:     0x5e641fa32409 - std[70759c8f55707aa4]::panicking::default_hook
[INFO] [stdout]    5:     0x5e641f5c40d0 - test[9d35eded1c95d3be]::test_main_inner::<test[9d35eded1c95d3be]::test_main_static::{closure#0}>::{closure#0}
[INFO] [stdout]    6:     0x5e641fa32732 - std[70759c8f55707aa4]::panicking::panic_with_hook
[INFO] [stdout]    7:     0x5e641fa14ed2 - std[70759c8f55707aa4]::panicking::panic_handler::{closure#0}
[INFO] [stdout]    8:     0x5e641fa0d3b9 - std[70759c8f55707aa4]::sys::backtrace::__rust_end_short_backtrace::<std[70759c8f55707aa4]::panicking::panic_handler::{closure#0}, !>
[INFO] [stdout]    9:     0x5e641fa15dcd - __rustc[8fa7c3cbc660c2b3]::rust_begin_unwind
[INFO] [stdout]   10:     0x5e641fa534cc - core[df12db4294e9bfd3]::panicking::panic_fmt
[INFO] [stdout]   11:     0x5e641fa532a2 - core[df12db4294e9bfd3]::result::unwrap_failed
[INFO] [stdout]   12:     0x5e641f5a0af3 - lineapi[357aceebe8875627]::messaging_api::post_v2_bot_message_push::tests::test_messaging_api_post_v2_bot_message_push::{closure#0}
[INFO] [stdout]   13:     0x5e641f55284d - <tokio[75c9a1fa5baa4b12]::runtime::scheduler::current_thread::CurrentThread>::block_on::<core[df12db4294e9bfd3]::pin::Pin<&mut dyn core[df12db4294e9bfd3]::future::future::Future<Output = ()>>>
[INFO] [stdout]   14:     0x5e641f5aa94d - <tokio[75c9a1fa5baa4b12]::runtime::runtime::Runtime>::block_on::<core[df12db4294e9bfd3]::pin::Pin<&mut dyn core[df12db4294e9bfd3]::future::future::Future<Output = ()>>>
[INFO] [stdout]   15:     0x5e641f5aa66b - <lineapi[357aceebe8875627]::messaging_api::post_v2_bot_message_push::tests::test_messaging_api_post_v2_bot_message_push::{closure#0} as core[df12db4294e9bfd3]::ops::function::FnOnce<()>>::call_once
[INFO] [stdout]   16:     0x5e641f5b73bb - test[9d35eded1c95d3be]::__rust_begin_short_backtrace::<core[df12db4294e9bfd3]::result::Result<(), alloc[2182bb758b4b3781]::string::String>, fn() -> core[df12db4294e9bfd3]::result::Result<(), alloc[2182bb758b4b3781]::string::String>>
[INFO] [stdout]   17:     0x5e641f5c4a25 - test[9d35eded1c95d3be]::run_test::{closure#0}
[INFO] [stdout]   18:     0x5e641f5be2e4 - std[70759c8f55707aa4]::sys::backtrace::__rust_begin_short_backtrace::<test[9d35eded1c95d3be]::run_test::{closure#1}, ()>
[INFO] [stdout]   19:     0x5e641f5c7b82 - <std[70759c8f55707aa4]::thread::lifecycle::spawn_unchecked<test[9d35eded1c95d3be]::run_test::{closure#1}, ()>::{closure#1} as core[df12db4294e9bfd3]::ops::function::FnOnce<()>>::call_once::{shim:vtable#0}
[INFO] [stdout]   20:     0x5e641fa3a459 - <std[70759c8f55707aa4]::sys::thread::unix::Thread>::new::thread_start
[INFO] [stdout]   21:     0x70a68cf25dfa - <unknown>
[INFO] [stdout]   22:     0x70a68cfb93d4 - clone
[INFO] [stdout]   23:                0x0 - <unknown>
[INFO] [stdout] 
[INFO] [stdout] ---- line_login::post_oauth2_v2_1_token::tests::test_line_login_post_oauth2_v2_1_token_authorization_code stdout ----
[INFO] [stdout] 
[INFO] [stdout] thread 'line_login::post_oauth2_v2_1_token::tests::test_line_login_post_oauth2_v2_1_token_authorization_code' (3211) panicked at src/line_login/post_oauth2_v2_1_token.rs:116:14:
[INFO] [stdout] setting default subscriber failed: SetGlobalDefaultError("a global default trace dispatcher has already been set")
[INFO] [stdout] stack backtrace:
[INFO] [stdout]    0:     0x5e641fa3b5c1 - <<std[70759c8f55707aa4]::sys::backtrace::BacktraceLock>::print::DisplayBacktrace as core[df12db4294e9bfd3]::fmt::Display>::fmt
[INFO] [stdout]    1:     0x5e641fa52d6a - core[df12db4294e9bfd3]::fmt::write
[INFO] [stdout]    2:     0x5e641fa40a7c - <alloc[2182bb758b4b3781]::vec::Vec<u8> as core[df12db4294e9bfd3]::io::write::Write>::write_fmt
[INFO] [stdout]    3:     0x5e641fa14e26 - std[70759c8f55707aa4]::panicking::default_hook::{closure#0}
[INFO] [stdout]    4:     0x5e641fa32409 - std[70759c8f55707aa4]::panicking::default_hook
[INFO] [stdout]    5:     0x5e641f5c40d0 - test[9d35eded1c95d3be]::test_main_inner::<test[9d35eded1c95d3be]::test_main_static::{closure#0}>::{closure#0}
[INFO] [stdout]    6:     0x5e641fa32732 - std[70759c8f55707aa4]::panicking::panic_with_hook
[INFO] [stdout]    7:     0x5e641fa14ed2 - std[70759c8f55707aa4]::panicking::panic_handler::{closure#0}
[INFO] [stdout]    8:     0x5e641fa0d3b9 - std[70759c8f55707aa4]::sys::backtrace::__rust_end_short_backtrace::<std[70759c8f55707aa4]::panicking::panic_handler::{closure#0}, !>
[INFO] [stdout]    9:     0x5e641fa15dcd - __rustc[8fa7c3cbc660c2b3]::rust_begin_unwind
[INFO] [stdout]   10:     0x5e641fa534cc - core[df12db4294e9bfd3]::panicking::panic_fmt
[INFO] [stdout]   11:     0x5e641fa532a2 - core[df12db4294e9bfd3]::result::unwrap_failed
[INFO] [stdout]   12:     0x5e641f537f0c - lineapi[357aceebe8875627]::line_login::post_oauth2_v2_1_token::tests::test_line_login_post_oauth2_v2_1_token_authorization_code::{closure#0}
[INFO] [stdout]   13:     0x5e641f55284d - <tokio[75c9a1fa5baa4b12]::runtime::scheduler::current_thread::CurrentThread>::block_on::<core[df12db4294e9bfd3]::pin::Pin<&mut dyn core[df12db4294e9bfd3]::future::future::Future<Output = ()>>>
[INFO] [stdout]   14:     0x5e641f5aa94d - <tokio[75c9a1fa5baa4b12]::runtime::runtime::Runtime>::block_on::<core[df12db4294e9bfd3]::pin::Pin<&mut dyn core[df12db4294e9bfd3]::future::future::Future<Output = ()>>>
[INFO] [stdout]   15:     0x5e641f538638 - lineapi[357aceebe8875627]::line_login::post_oauth2_v2_1_token::tests::test_line_login_post_oauth2_v2_1_token_authorization_code
[INFO] [stdout]   16:     0x5e641f5aa4c9 - <lineapi[357aceebe8875627]::line_login::post_oauth2_v2_1_token::tests::test_line_login_post_oauth2_v2_1_token_authorization_code::{closure#0} as core[df12db4294e9bfd3]::ops::function::FnOnce<()>>::call_once
[INFO] [stdout]   17:     0x5e641f5b73bb - test[9d35eded1c95d3be]::__rust_begin_short_backtrace::<core[df12db4294e9bfd3]::result::Result<(), alloc[2182bb758b4b3781]::string::String>, fn() -> core[df12db4294e9bfd3]::result::Result<(), alloc[2182bb758b4b3781]::string::String>>
[INFO] [stdout]   18:     0x5e641f5c4a25 - test[9d35eded1c95d3be]::run_test::{closure#0}
[INFO] [stdout]   19:     0x5e641f5be2e4 - std[70759c8f55707aa4]::sys::backtrace::__rust_begin_short_backtrace::<test[9d35eded1c95d3be]::run_test::{closure#1}, ()>
[INFO] [stdout]   20:     0x5e641f5c7b82 - <std[70759c8f55707aa4]::thread::lifecycle::spawn_unchecked<test[9d35eded1c95d3be]::run_test::{closure#1}, ()>::{closure#1} as core[df12db4294e9bfd3]::ops::function::FnOnce<()>>::call_once::{shim:vtable#0}
[INFO] [stdout]   21:     0x5e641fa3a459 - <std[70759c8f55707aa4]::sys::thread::unix::Thread>::new::thread_start
[INFO] [stdout]   22:     0x70a68cf25dfa - <unknown>
[INFO] [stdout]   23:     0x70a68cfb93d4 - clone
[INFO] [stdout]   24:                0x0 - <unknown>
[INFO] [stdout] 
[INFO] [stdout] ---- messaging_api::post_v2_bot_message_validate_push::tests::test_messaging_api_post_v2_bot_message_validate_push stdout ----
[INFO] [stdout] 
[INFO] [stdout] thread 'messaging_api::post_v2_bot_message_validate_push::tests::test_messaging_api_post_v2_bot_message_validate_push' (3224) panicked at src/messaging_api/post_v2_bot_message_validate_push.rs:52:73:
[INFO] [stdout] called `Result::unwrap()` on an `Err` value: NotPresent
[INFO] [stdout] stack backtrace:
[INFO] [stdout]    0:     0x5e641fa3b5c1 - <<std[70759c8f55707aa4]::sys::backtrace::BacktraceLock>::print::DisplayBacktrace as core[df12db4294e9bfd3]::fmt::Display>::fmt
[INFO] [stdout]    1:     0x5e641fa52d6a - core[df12db4294e9bfd3]::fmt::write
[INFO] [stdout]    2:     0x5e641fa40a7c - <alloc[2182bb758b4b3781]::vec::Vec<u8> as core[df12db4294e9bfd3]::io::write::Write>::write_fmt
[INFO] [stdout]    3:     0x5e641fa14e26 - std[70759c8f55707aa4]::panicking::default_hook::{closure#0}
[INFO] [stdout]    4:     0x5e641fa32409 - std[70759c8f55707aa4]::panicking::default_hook
[INFO] [stdout]    5:     0x5e641f5c40d0 - test[9d35eded1c95d3be]::test_main_inner::<test[9d35eded1c95d3be]::test_main_static::{closure#0}>::{closure#0}
[INFO] [stdout]    6:     0x5e641fa32732 - std[70759c8f55707aa4]::panicking::panic_with_hook
[INFO] [stdout]    7:     0x5e641fa14ed2 - std[70759c8f55707aa4]::panicking::panic_handler::{closure#0}
[INFO] [stdout]    8:     0x5e641fa0d3b9 - std[70759c8f55707aa4]::sys::backtrace::__rust_end_short_backtrace::<std[70759c8f55707aa4]::panicking::panic_handler::{closure#0}, !>
[INFO] [stdout]    9:     0x5e641fa15dcd - __rustc[8fa7c3cbc660c2b3]::rust_begin_unwind
[INFO] [stdout]   10:     0x5e641fa534cc - core[df12db4294e9bfd3]::panicking::panic_fmt
[INFO] [stdout]   11:     0x5e641fa532a2 - core[df12db4294e9bfd3]::result::unwrap_failed
[INFO] [stdout]   12:     0x5e641f52514c - lineapi[357aceebe8875627]::messaging_api::post_v2_bot_message_validate_push::tests::test_messaging_api_post_v2_bot_message_validate_push::{closure#0}
[INFO] [stdout]   13:     0x5e641f55284d - <tokio[75c9a1fa5baa4b12]::runtime::scheduler::current_thread::CurrentThread>::block_on::<core[df12db4294e9bfd3]::pin::Pin<&mut dyn core[df12db4294e9bfd3]::future::future::Future<Output = ()>>>
[INFO] [stdout]   14:     0x5e641f5aa94d - <tokio[75c9a1fa5baa4b12]::runtime::runtime::Runtime>::block_on::<core[df12db4294e9bfd3]::pin::Pin<&mut dyn core[df12db4294e9bfd3]::future::future::Future<Output = ()>>>
[INFO] [stdout]   15:     0x5e641f529a1c - lineapi[357aceebe8875627]::messaging_api::post_v2_bot_message_validate_push::tests::test_messaging_api_post_v2_bot_message_validate_push
[INFO] [stdout]   16:     0x5e641f5aa729 - <lineapi[357aceebe8875627]::messaging_api::post_v2_bot_message_validate_push::tests::test_messaging_api_post_v2_bot_message_validate_push::{closure#0} as core[df12db4294e9bfd3]::ops::function::FnOnce<()>>::call_once
[INFO] [stdout]   17:     0x5e641f5b73bb - test[9d35eded1c95d3be]::__rust_begin_short_backtrace::<core[df12db4294e9bfd3]::result::Result<(), alloc[2182bb758b4b3781]::string::String>, fn() -> core[df12db4294e9bfd3]::result::Result<(), alloc[2182bb758b4b3781]::string::String>>
[INFO] [stdout]   18:     0x5e641f5c4a25 - test[9d35eded1c95d3be]::run_test::{closure#0}
[INFO] [stdout]   19:     0x5e641f5be2e4 - std[70759c8f55707aa4]::sys::backtrace::__rust_begin_short_backtrace::<test[9d35eded1c95d3be]::run_test::{closure#1}, ()>
[INFO] [stdout]   20:     0x5e641f5c7b82 - <std[70759c8f55707aa4]::thread::lifecycle::spawn_unchecked<test[9d35eded1c95d3be]::run_test::{closure#1}, ()>::{closure#1} as core[df12db4294e9bfd3]::ops::function::FnOnce<()>>::call_once::{shim:vtable#0}
[INFO] [stdout]   21:     0x5e641fa3a459 - <std[70759c8f55707aa4]::sys::thread::unix::Thread>::new::thread_start
[INFO] [stdout]   22:     0x70a68cf25dfa - <unknown>
[INFO] [stdout]   23:     0x70a68cfb93d4 - clone
[INFO] [stdout]   24:                0x0 - <unknown>
[INFO] [stdout] 
[INFO] [stdout] ---- messaging_api::get_v2_bot_message_quote::tests::test_messaging_api_get_v2_bot_message_quote stdout ----
[INFO] [stdout] 
[INFO] [stdout] thread 'messaging_api::get_v2_bot_message_quote::tests::test_messaging_api_get_v2_bot_message_quote' (3220) panicked at src/messaging_api/get_v2_bot_message_quote.rs:51:73:
[INFO] [stdout] called `Result::unwrap()` on an `Err` value: NotPresent
[INFO] [stdout] stack backtrace:
[INFO] [stdout]    0:     0x5e641fa3b5c1 - <<std[70759c8f55707aa4]::sys::backtrace::BacktraceLock>::print::DisplayBacktrace as core[df12db4294e9bfd3]::fmt::Display>::fmt
[INFO] [stdout]    1:     0x5e641fa52d6a - core[df12db4294e9bfd3]::fmt::write
[INFO] [stdout]    2:     0x5e641fa40a7c - <alloc[2182bb758b4b3781]::vec::Vec<u8> as core[df12db4294e9bfd3]::io::write::Write>::write_fmt
[INFO] [stdout]    3:     0x5e641fa14e26 - std[70759c8f55707aa4]::panicking::default_hook::{closure#0}
[INFO] [stdout]    4:     0x5e641fa32409 - std[70759c8f55707aa4]::panicking::default_hook
[INFO] [stdout]    5:     0x5e641f5c40d0 - test[9d35eded1c95d3be]::test_main_inner::<test[9d35eded1c95d3be]::test_main_static::{closure#0}>::{closure#0}
[INFO] [stdout]    6:     0x5e641fa32732 - std[70759c8f55707aa4]::panicking::panic_with_hook
[INFO] [stdout]    7:     0x5e641fa14ed2 - std[70759c8f55707aa4]::panicking::panic_handler::{closure#0}
[INFO] [stdout]    8:     0x5e641fa0d3b9 - std[70759c8f55707aa4]::sys::backtrace::__rust_end_short_backtrace::<std[70759c8f55707aa4]::panicking::panic_handler::{closure#0}, !>
[INFO] [stdout]    9:     0x5e641fa15dcd - __rustc[8fa7c3cbc660c2b3]::rust_begin_unwind
[INFO] [stdout]   10:     0x5e641fa534cc - core[df12db4294e9bfd3]::panicking::panic_fmt
[INFO] [stdout]   11:     0x5e641fa532a2 - core[df12db4294e9bfd3]::result::unwrap_failed
[INFO] [stdout]   12:     0x5e641f58936f - lineapi[357aceebe8875627]::messaging_api::get_v2_bot_message_quote::tests::test_messaging_api_get_v2_bot_message_quote::{closure#0}
[INFO] [stdout]   13:     0x5e641f55284d - <tokio[75c9a1fa5baa4b12]::runtime::scheduler::current_thread::CurrentThread>::block_on::<core[df12db4294e9bfd3]::pin::Pin<&mut dyn core[df12db4294e9bfd3]::future::future::Future<Output = ()>>>
[INFO] [stdout]   14:     0x5e641f5aa94d - <tokio[75c9a1fa5baa4b12]::runtime::runtime::Runtime>::block_on::<core[df12db4294e9bfd3]::pin::Pin<&mut dyn core[df12db4294e9bfd3]::future::future::Future<Output = ()>>>
[INFO] [stdout]   15:     0x5e641f58b198 - lineapi[357aceebe8875627]::messaging_api::get_v2_bot_message_quote::tests::test_messaging_api_get_v2_bot_message_quote
[INFO] [stdout]   16:     0x5e641f5aa5c9 - <lineapi[357aceebe8875627]::messaging_api::get_v2_bot_message_quote::tests::test_messaging_api_get_v2_bot_message_quote::{closure#0} as core[df12db4294e9bfd3]::ops::function::FnOnce<()>>::call_once
[INFO] [stdout]   17:     0x5e641f5b73bb - test[9d35eded1c95d3be]::__rust_begin_short_backtrace::<core[df12db4294e9bfd3]::result::Result<(), alloc[2182bb758b4b3781]::string::String>, fn() -> core[df12db4294e9bfd3]::result::Result<(), alloc[2182bb758b4b3781]::string::String>>
[INFO] [stdout]   18:     0x5e641f5c4a25 - test[9d35eded1c95d3be]::run_test::{closure#0}
[INFO] [stdout]   19:     0x5e641f5be2e4 - std[70759c8f55707aa4]::sys::backtrace::__rust_begin_short_backtrace::<test[9d35eded1c95d3be]::run_test::{closure#1}, ()>
[INFO] [stdout]   20:     0x5e641f5c7b82 - <std[70759c8f55707aa4]::thread::lifecycle::spawn_unchecked<test[9d35eded1c95d3be]::run_test::{closure#1}, ()>::{closure#1} as core[df12db4294e9bfd3]::ops::function::FnOnce<()>>::call_once::{shim:vtable#0}
[INFO] [stdout]   21:     0x5e641fa3a459 - <std[70759c8f55707aa4]::sys::thread::unix::Thread>::new::thread_start
[INFO] [stdout]   22:     0x70a68cf25dfa - <unknown>
[INFO] [stdout]   23:     0x70a68cfb93d4 - clone
[INFO] [stdout]   24:                0x0 - <unknown>
[INFO] [stdout] 
[INFO] [stdout] ---- messaging_api::get_v2_bot_message_aggregation_info::tests::test_get_v2_bot_message_aggregation_info stdout ----
[INFO] [stdout] 
[INFO] [stdout] thread 'messaging_api::get_v2_bot_message_aggregation_info::tests::test_get_v2_bot_message_aggregation_info' (3218) panicked at src/messaging_api/get_v2_bot_message_aggregation_info.rs:50:73:
[INFO] [stdout] called `Result::unwrap()` on an `Err` value: NotPresent
[INFO] [stdout] stack backtrace:
[INFO] [stdout]    0:     0x5e641fa3b5c1 - <<std[70759c8f55707aa4]::sys::backtrace::BacktraceLock>::print::DisplayBacktrace as core[df12db4294e9bfd3]::fmt::Display>::fmt
[INFO] [stdout]    1:     0x5e641fa52d6a - core[df12db4294e9bfd3]::fmt::write
[INFO] [stdout]    2:     0x5e641fa40a7c - <alloc[2182bb758b4b3781]::vec::Vec<u8> as core[df12db4294e9bfd3]::io::write::Write>::write_fmt
[INFO] [stdout]    3:     0x5e641fa14e26 - std[70759c8f55707aa4]::panicking::default_hook::{closure#0}
[INFO] [stdout]    4:     0x5e641fa32409 - std[70759c8f55707aa4]::panicking::default_hook
[INFO] [stdout]    5:     0x5e641f5c40d0 - test[9d35eded1c95d3be]::test_main_inner::<test[9d35eded1c95d3be]::test_main_static::{closure#0}>::{closure#0}
[INFO] [stdout]    6:     0x5e641fa32732 - std[70759c8f55707aa4]::panicking::panic_with_hook
[INFO] [stdout]    7:     0x5e641fa14ed2 - std[70759c8f55707aa4]::panicking::panic_handler::{closure#0}
[INFO] [stdout]    8:     0x5e641fa0d3b9 - std[70759c8f55707aa4]::sys::backtrace::__rust_end_short_backtrace::<std[70759c8f55707aa4]::panicking::panic_handler::{closure#0}, !>
[INFO] [stdout]    9:     0x5e641fa15dcd - __rustc[8fa7c3cbc660c2b3]::rust_begin_unwind
[INFO] [stdout]   10:     0x5e641fa534cc - core[df12db4294e9bfd3]::panicking::panic_fmt
[INFO] [stdout]   11:     0x5e641fa532a2 - core[df12db4294e9bfd3]::result::unwrap_failed
[INFO] [stdout]   12:     0x5e641f5b3498 - lineapi[357aceebe8875627]::messaging_api::get_v2_bot_message_aggregation_info::tests::test_get_v2_bot_message_aggregation_info::{closure#0}
[INFO] [stdout]   13:     0x5e641f55284d - <tokio[75c9a1fa5baa4b12]::runtime::scheduler::current_thread::CurrentThread>::block_on::<core[df12db4294e9bfd3]::pin::Pin<&mut dyn core[df12db4294e9bfd3]::future::future::Future<Output = ()>>>
[INFO] [stdout]   14:     0x5e641f5aa94d - <tokio[75c9a1fa5baa4b12]::runtime::runtime::Runtime>::block_on::<core[df12db4294e9bfd3]::pin::Pin<&mut dyn core[df12db4294e9bfd3]::future::future::Future<Output = ()>>>
[INFO] [stdout]   15:     0x5e641f5b5a78 - lineapi[357aceebe8875627]::messaging_api::get_v2_bot_message_aggregation_info::tests::test_get_v2_bot_message_aggregation_info
[INFO] [stdout]   16:     0x5e641f5aa749 - <lineapi[357aceebe8875627]::messaging_api::get_v2_bot_message_aggregation_info::tests::test_get_v2_bot_message_aggregation_info::{closure#0} as core[df12db4294e9bfd3]::ops::function::FnOnce<()>>::call_once
[INFO] [stdout]   17:     0x5e641f5b73bb - test[9d35eded1c95d3be]::__rust_begin_short_backtrace::<core[df12db4294e9bfd3]::result::Result<(), alloc[2182bb758b4b3781]::string::String>, fn() -> core[df12db4294e9bfd3]::result::Result<(), alloc[2182bb758b4b3781]::string::String>>
[INFO] [stdout]   18:     0x5e641f5c4a25 - test[9d35eded1c95d3be]::run_test::{closure#0}
[INFO] [stdout]   19:     0x5e641f5be2e4 - std[70759c8f55707aa4]::sys::backtrace::__rust_begin_short_backtrace::<test[9d35eded1c95d3be]::run_test::{closure#1}, ()>
[INFO] [stdout]   20:     0x5e641f5c7b82 - <std[70759c8f55707aa4]::thread::lifecycle::spawn_unchecked<test[9d35eded1c95d3be]::run_test::{closure#1}, ()>::{closure#1} as core[df12db4294e9bfd3]::ops::function::FnOnce<()>>::call_once::{shim:vtable#0}
[INFO] [stdout]   21:     0x5e641fa3a459 - <std[70759c8f55707aa4]::sys::thread::unix::Thread>::new::thread_start
[INFO] [stdout]   22:     0x70a68cf25dfa - <unknown>
[INFO] [stdout]   23:     0x70a68cfb93d4 - clone
[INFO] [stdout]   24:                0x0 - <unknown>
[INFO] [stdout] 
[INFO] [stdout] ---- messaging_api::get_v2_bot_message_aggregation_list::tests::test_get_v2_bot_message_aggregation_list stdout ----
[INFO] [stdout] 
[INFO] [stdout] thread 'messaging_api::get_v2_bot_message_aggregation_list::tests::test_get_v2_bot_message_aggregation_list' (3219) panicked at src/messaging_api/get_v2_bot_message_aggregation_list.rs:144:73:
[INFO] [stdout] called `Result::unwrap()` on an `Err` value: NotPresent
[INFO] [stdout] stack backtrace:
[INFO] [stdout]    0:     0x5e641fa3b5c1 - <<std[70759c8f55707aa4]::sys::backtrace::BacktraceLock>::print::DisplayBacktrace as core[df12db4294e9bfd3]::fmt::Display>::fmt
[INFO] [stdout]    1:     0x5e641fa52d6a - core[df12db4294e9bfd3]::fmt::write
[INFO] [stdout]    2:     0x5e641fa40a7c - <alloc[2182bb758b4b3781]::vec::Vec<u8> as core[df12db4294e9bfd3]::io::write::Write>::write_fmt
[INFO] [stdout]    3:     0x5e641fa14e26 - std[70759c8f55707aa4]::panicking::default_hook::{closure#0}
[INFO] [stdout]    4:     0x5e641fa32409 - std[70759c8f55707aa4]::panicking::default_hook
[INFO] [stdout]    5:     0x5e641f5c40d0 - test[9d35eded1c95d3be]::test_main_inner::<test[9d35eded1c95d3be]::test_main_static::{closure#0}>::{closure#0}
[INFO] [stdout]    6:     0x5e641fa32732 - std[70759c8f55707aa4]::panicking::panic_with_hook
[INFO] [stdout]    7:     0x5e641fa14ed2 - std[70759c8f55707aa4]::panicking::panic_handler::{closure#0}
[INFO] [stdout]    8:     0x5e641fa0d3b9 - std[70759c8f55707aa4]::sys::backtrace::__rust_end_short_backtrace::<std[70759c8f55707aa4]::panicking::panic_handler::{closure#0}, !>
[INFO] [stdout]    9:     0x5e641fa15dcd - __rustc[8fa7c3cbc660c2b3]::rust_begin_unwind
[INFO] [stdout]   10:     0x5e641fa534cc - core[df12db4294e9bfd3]::panicking::panic_fmt
[INFO] [stdout]   11:     0x5e641fa532a2 - core[df12db4294e9bfd3]::result::unwrap_failed
[INFO] [stdout]   12:     0x5e641f563aed - lineapi[357aceebe8875627]::messaging_api::get_v2_bot_message_aggregation_list::tests::test_get_v2_bot_message_aggregation_list::{closure#0}
[INFO] [stdout]   13:     0x5e641f55284d - <tokio[75c9a1fa5baa4b12]::runtime::scheduler::current_thread::CurrentThread>::block_on::<core[df12db4294e9bfd3]::pin::Pin<&mut dyn core[df12db4294e9bfd3]::future::future::Future<Output = ()>>>
[INFO] [stdout]   14:     0x5e641f5aa94d - <tokio[75c9a1fa5baa4b12]::runtime::runtime::Runtime>::block_on::<core[df12db4294e9bfd3]::pin::Pin<&mut dyn core[df12db4294e9bfd3]::future::future::Future<Output = ()>>>
[INFO] [stdout]   15:     0x5e641f569288 - lineapi[357aceebe8875627]::messaging_api::get_v2_bot_message_aggregation_list::tests::test_get_v2_bot_message_aggregation_list
[INFO] [stdout]   16:     0x5e641f5aa769 - <lineapi[357aceebe8875627]::messaging_api::get_v2_bot_message_aggregation_list::tests::test_get_v2_bot_message_aggregation_list::{closure#0} as core[df12db4294e9bfd3]::ops::function::FnOnce<()>>::call_once
[INFO] [stdout]   17:     0x5e641f5b73bb - test[9d35eded1c95d3be]::__rust_begin_short_backtrace::<core[df12db4294e9bfd3]::result::Result<(), alloc[2182bb758b4b3781]::string::String>, fn() -> core[df12db4294e9bfd3]::result::Result<(), alloc[2182bb758b4b3781]::string::String>>
[INFO] [stdout]   18:     0x5e641f5c4a25 - test[9d35eded1c95d3be]::run_test::{closure#0}
[INFO] [stdout]   19:     0x5e641f5be2e4 - std[70759c8f55707aa4]::sys::backtrace::__rust_begin_short_backtrace::<test[9d35eded1c95d3be]::run_test::{closure#1}, ()>
[INFO] [stdout]   20:     0x5e641f5c7b82 - <std[70759c8f55707aa4]::thread::lifecycle::spawn_unchecked<test[9d35eded1c95d3be]::run_test::{closure#1}, ()>::{closure#1} as core[df12db4294e9bfd3]::ops::function::FnOnce<()>>::call_once::{shim:vtable#0}
[INFO] [stdout]   21:     0x5e641fa3a459 - <std[70759c8f55707aa4]::sys::thread::unix::Thread>::new::thread_start
[INFO] [stdout]   22:     0x70a68cf25dfa - <unknown>
[INFO] [stdout]   23:     0x70a68cfb93d4 - clone
[INFO] [stdout]   24:                0x0 - <unknown>
[INFO] [stdout] 
[INFO] [stdout] ---- messaging_api::get_v2_bot_insight_message_event_aggregation::tests::test_get_v2_bot_insight_message_event_aggregation stdout ----
[INFO] [stdout] 
[INFO] [stdout] thread 'messaging_api::get_v2_bot_insight_message_event_aggregation::tests::test_get_v2_bot_insight_message_event_aggregation' (3217) panicked at src/messaging_api/get_v2_bot_insight_message_event_aggregation.rs:121:73:
[INFO] [stdout] called `Result::unwrap()` on an `Err` value: NotPresent
[INFO] [stdout] stack backtrace:
[INFO] [stdout]    0:     0x5e641fa3b5c1 - <<std[70759c8f55707aa4]::sys::backtrace::BacktraceLock>::print::DisplayBacktrace as core[df12db4294e9bfd3]::fmt::Display>::fmt
[INFO] [stdout]    1:     0x5e641fa52d6a - core[df12db4294e9bfd3]::fmt::write
[INFO] [stdout]    2:     0x5e641fa40a7c - <alloc[2182bb758b4b3781]::vec::Vec<u8> as core[df12db4294e9bfd3]::io::write::Write>::write_fmt
[INFO] [stdout]    3:     0x5e641fa14e26 - std[70759c8f55707aa4]::panicking::default_hook::{closure#0}
[INFO] [stdout]    4:     0x5e641fa32409 - std[70759c8f55707aa4]::panicking::default_hook
[INFO] [stdout]    5:     0x5e641f5c40d0 - test[9d35eded1c95d3be]::test_main_inner::<test[9d35eded1c95d3be]::test_main_static::{closure#0}>::{closure#0}
[INFO] [stdout]    6:     0x5e641fa32732 - std[70759c8f55707aa4]::panicking::panic_with_hook
[INFO] [stdout]    7:     0x5e641fa14ed2 - std[70759c8f55707aa4]::panicking::panic_handler::{closure#0}
[INFO] [stdout]    8:     0x5e641fa0d3b9 - std[70759c8f55707aa4]::sys::backtrace::__rust_end_short_backtrace::<std[70759c8f55707aa4]::panicking::panic_handler::{closure#0}, !>
[INFO] [stdout]    9:     0x5e641fa15dcd - __rustc[8fa7c3cbc660c2b3]::rust_begin_unwind
[INFO] [stdout]   10:     0x5e641fa534cc - core[df12db4294e9bfd3]::panicking::panic_fmt
[INFO] [stdout]   11:     0x5e641fa532a2 - core[df12db4294e9bfd3]::result::unwrap_failed
[INFO] [stdout]   12:     0x5e641f5643a9 - lineapi[357aceebe8875627]::messaging_api::get_v2_bot_insight_message_event_aggregation::tests::test_get_v2_bot_insight_message_event_aggregation::{closure#0}
[INFO] [stdout]   13:     0x5e641f55284d - <tokio[75c9a1fa5baa4b12]::runtime::scheduler::current_thread::CurrentThread>::block_on::<core[df12db4294e9bfd3]::pin::Pin<&mut dyn core[df12db4294e9bfd3]::future::future::Future<Output = ()>>>
[INFO] [stdout]   14:     0x5e641f5aa94d - <tokio[75c9a1fa5baa4b12]::runtime::runtime::Runtime>::block_on::<core[df12db4294e9bfd3]::pin::Pin<&mut dyn core[df12db4294e9bfd3]::future::future::Future<Output = ()>>>
[INFO] [stdout]   15:     0x5e641f5693c8 - lineapi[357aceebe8875627]::messaging_api::get_v2_bot_insight_message_event_aggregation::tests::test_get_v2_bot_insight_message_event_aggregation
[INFO] [stdout]   16:     0x5e641f5aa7a9 - <lineapi[357aceebe8875627]::messaging_api::get_v2_bot_insight_message_event_aggregation::tests::test_get_v2_bot_insight_message_event_aggregation::{closure#0} as core[df12db4294e9bfd3]::ops::function::FnOnce<()>>::call_once
[INFO] [stdout]   17:     0x5e641f5b73bb - test[9d35eded1c95d3be]::__rust_begin_short_backtrace::<core[df12db4294e9bfd3]::result::Result<(), alloc[2182bb758b4b3781]::string::String>, fn() -> core[df12db4294e9bfd3]::result::Result<(), alloc[2182bb758b4b3781]::string::String>>
[INFO] [stdout]   18:     0x5e641f5c4a25 - test[9d35eded1c95d3be]::run_test::{closure#0}
[INFO] [stdout]   19:     0x5e641f5be2e4 - std[70759c8f55707aa4]::sys::backtrace::__rust_begin_short_backtrace::<test[9d35eded1c95d3be]::run_test::{closure#1}, ()>
[INFO] [stdout]   20:     0x5e641f5c7b82 - <std[70759c8f55707aa4]::thread::lifecycle::spawn_unchecked<test[9d35eded1c95d3be]::run_test::{closure#1}, ()>::{closure#1} as core[df12db4294e9bfd3]::ops::function::FnOnce<()>>::call_once::{shim:vtable#0}
[INFO] [stdout]   21:     0x5e641fa3a459 - <std[70759c8f55707aa4]::sys::thread::unix::Thread>::new::thread_start
[INFO] [stdout]   22:     0x70a68cf25dfa - <unknown>
[INFO] [stdout]   23:     0x70a68cfb93d4 - clone
[INFO] [stdout]   24:                0x0 - <unknown>
[INFO] [stdout] 
[INFO] [stdout] ---- line_login::post_user_v1_deauthorize::tests::test_line_login_post_user_v1_deauthorize stdout ----
[INFO] [stdout] 
[INFO] [stdout] thread 'line_login::post_user_v1_deauthorize::tests::test_line_login_post_user_v1_deauthorize' (3214) panicked at src/line_login/post_user_v1_deauthorize.rs:80:14:
[INFO] [stdout] setting default subscriber failed: SetGlobalDefaultError("a global default trace dispatcher has already been set")
[INFO] [stdout] stack backtrace:
[INFO] [stdout]    0:     0x5e641fa3b5c1 - <<std[70759c8f55707aa4]::sys::backtrace::BacktraceLock>::print::DisplayBacktrace as core[df12db4294e9bfd3]::fmt::Display>::fmt
[INFO] [stdout]    1:     0x5e641fa52d6a - core[df12db4294e9bfd3]::fmt::write
[INFO] [stdout]    2:     0x5e641fa40a7c - <alloc[2182bb758b4b3781]::vec::Vec<u8> as core[df12db4294e9bfd3]::io::write::Write>::write_fmt
[INFO] [stdout]    3:     0x5e641fa14e26 - std[70759c8f55707aa4]::panicking::default_hook::{closure#0}
[INFO] [stdout]    4:     0x5e641fa32409 - std[70759c8f55707aa4]::panicking::default_hook
[INFO] [stdout]    5:     0x5e641f5c40d0 - test[9d35eded1c95d3be]::test_main_inner::<test[9d35eded1c95d3be]::test_main_static::{closure#0}>::{closure#0}
[INFO] [stdout]    6:     0x5e641fa32732 - std[70759c8f55707aa4]::panicking::panic_with_hook
[INFO] [stdout]    7:     0x5e641fa14ed2 - std[70759c8f55707aa4]::panicking::panic_handler::{closure#0}
[INFO] [stdout]    8:     0x5e641fa0d3b9 - std[70759c8f55707aa4]::sys::backtrace::__rust_end_short_backtrace::<std[70759c8f55707aa4]::panicking::panic_handler::{closure#0}, !>
[INFO] [stdout]    9:     0x5e641fa15dcd - __rustc[8fa7c3cbc660c2b3]::rust_begin_unwind
[INFO] [stdout]   10:     0x5e641fa534cc - core[df12db4294e9bfd3]::panicking::panic_fmt
[INFO] [stdout]   11:     0x5e641fa532a2 - core[df12db4294e9bfd3]::result::unwrap_failed
[INFO] [stdout]   12:     0x5e641f57ad6c - lineapi[357aceebe8875627]::line_login::post_user_v1_deauthorize::tests::test_line_login_post_user_v1_deauthorize::{closure#0}
[INFO] [stdout]   13:     0x5e641f55284d - <tokio[75c9a1fa5baa4b12]::runtime::scheduler::current_thread::CurrentThread>::block_on::<core[df12db4294e9bfd3]::pin::Pin<&mut dyn core[df12db4294e9bfd3]::future::future::Future<Output = ()>>>
[INFO] [stdout]   14:     0x5e641f5aa94d - <tokio[75c9a1fa5baa4b12]::runtime::runtime::Runtime>::block_on::<core[df12db4294e9bfd3]::pin::Pin<&mut dyn core[df12db4294e9bfd3]::future::future::Future<Output = ()>>>
[INFO] [stdout]   15:     0x5e641f57f498 - lineapi[357aceebe8875627]::line_login::post_user_v1_deauthorize::tests::test_line_login_post_user_v1_deauthorize
[INFO] [stdout]   16:     0x5e641f5aa569 - <lineapi[357aceebe8875627]::line_login::post_user_v1_deauthorize::tests::test_line_login_post_user_v1_deauthorize::{closure#0} as core[df12db4294e9bfd3]::ops::function::FnOnce<()>>::call_once
[INFO] [stdout]   17:     0x5e641f5b73bb - test[9d35eded1c95d3be]::__rust_begin_short_backtrace::<core[df12db4294e9bfd3]::result::Result<(), alloc[2182bb758b4b3781]::string::String>, fn() -> core[df12db4294e9bfd3]::result::Result<(), alloc[2182bb758b4b3781]::string::String>>
[INFO] [stdout]   18:     0x5e641f5c4a25 - test[9d35eded1c95d3be]::run_test::{closure#0}
[INFO] [stdout]   19:     0x5e641f5be2e4 - std[70759c8f55707aa4]::sys::backtrace::__rust_begin_short_backtrace::<test[9d35eded1c95d3be]::run_test::{closure#1}, ()>
[INFO] [stdout]   20:     0x5e641f5c7b82 - <std[70759c8f55707aa4]::thread::lifecycle::spawn_unchecked<test[9d35eded1c95d3be]::run_test::{closure#1}, ()>::{closure#1} as core[df12db4294e9bfd3]::ops::function::FnOnce<()>>::call_once::{shim:vtable#0}
[INFO] [stdout]   21:     0x5e641fa3a459 - <std[70759c8f55707aa4]::sys::thread::unix::Thread>::new::thread_start
[INFO] [stdout]   22:     0x70a68cf25dfa - <unknown>
[INFO] [stdout]   23:     0x70a68cfb93d4 - clone
[INFO] [stdout]   24:                0x0 - <unknown>
[INFO] [stdout] 
[INFO] [stdout] ---- messaging_api::get_v2_bot_message_quote_consumption::tests::test_messaging_api_get_v2_bot_message_quote_consumption stdout ----
[INFO] [stdout] 
[INFO] [stdout] thread 'messaging_api::get_v2_bot_message_quote_consumption::tests::test_messaging_api_get_v2_bot_message_quote_consumption' (3221) panicked at src/messaging_api/get_v2_bot_message_quote_consumption.rs:52:73:
[INFO] [stdout] called `Result::unwrap()` on an `Err` value: NotPresent
[INFO] [stdout] stack backtrace:
[INFO] [stdout]    0:     0x5e641fa3b5c1 - <<std[70759c8f55707aa4]::sys::backtrace::BacktraceLock>::print::DisplayBacktrace as core[df12db4294e9bfd3]::fmt::Display>::fmt
[INFO] [stdout]    1:     0x5e641fa52d6a - core[df12db4294e9bfd3]::fmt::write
[INFO] [stdout]    2:     0x5e641fa40a7c - <alloc[2182bb758b4b3781]::vec::Vec<u8> as core[df12db4294e9bfd3]::io::write::Write>::write_fmt
[INFO] [stdout]    3:     0x5e641fa14e26 - std[70759c8f55707aa4]::panicking::default_hook::{closure#0}
[INFO] [stdout]    4:     0x5e641fa32409 - std[70759c8f55707aa4]::panicking::default_hook
[INFO] [stdout]    5:     0x5e641f5c40d0 - test[9d35eded1c95d3be]::test_main_inner::<test[9d35eded1c95d3be]::test_main_static::{closure#0}>::{closure#0}
[INFO] [stdout]    6:     0x5e641fa32732 - std[70759c8f55707aa4]::panicking::panic_with_hook
[INFO] [stdout]    7:     0x5e641fa14ed2 - std[70759c8f55707aa4]::panicking::panic_handler::{closure#0}
[INFO] [stdout]    8:     0x5e641fa0d3b9 - std[70759c8f55707aa4]::sys::backtrace::__rust_end_short_backtrace::<std[70759c8f55707aa4]::panicking::panic_handler::{closure#0}, !>
[INFO] [stdout]    9:     0x5e641fa15dcd - __rustc[8fa7c3cbc660c2b3]::rust_begin_unwind
[INFO] [stdout]   10:     0x5e641fa534cc - core[df12db4294e9bfd3]::panicking::panic_fmt
[INFO] [stdout]   11:     0x5e641fa532a2 - core[df12db4294e9bfd3]::result::unwrap_failed
[INFO] [stdout]   12:     0x5e641f54f8a5 - lineapi[357aceebe8875627]::messaging_api::get_v2_bot_message_quote_consumption::tests::test_messaging_api_get_v2_bot_message_quote_consumption::{closure#0}
[INFO] [stdout]   13:     0x5e641f55284d - <tokio[75c9a1fa5baa4b12]::runtime::scheduler::current_thread::CurrentThread>::block_on::<core[df12db4294e9bfd3]::pin::Pin<&mut dyn core[df12db4294e9bfd3]::future::future::Future<Output = ()>>>
[INFO] [stdout]   14:     0x5e641f5aa94d - <tokio[75c9a1fa5baa4b12]::runtime::runtime::Runtime>::block_on::<core[df12db4294e9bfd3]::pin::Pin<&mut dyn core[df12db4294e9bfd3]::future::future::Future<Output = ()>>>
[INFO] [stdout]   15:     0x5e641f5519c8 - lineapi[357aceebe8875627]::messaging_api::get_v2_bot_message_quote_consumption::tests::test_messaging_api_get_v2_bot_message_quote_consumption
[INFO] [stdout]   16:     0x5e641f5aa789 - <lineapi[357aceebe8875627]::messaging_api::get_v2_bot_message_quote_consumption::tests::test_messaging_api_get_v2_bot_message_quote_consumption::{closure#0} as core[df12db4294e9bfd3]::ops::function::FnOnce<()>>::call_once
[INFO] [stdout]   17:     0x5e641f5b73bb - test[9d35eded1c95d3be]::__rust_begin_short_backtrace::<core[df12db4294e9bfd3]::result::Result<(), alloc[2182bb758b4b3781]::string::String>, fn() -> core[df12db4294e9bfd3]::result::Result<(), alloc[2182bb758b4b3781]::string::String>>
[INFO] [stdout]   18:     0x5e641f5c4a25 - test[9d35eded1c95d3be]::run_test::{closure#0}
[INFO] [stdout]   19:     0x5e641f5be2e4 - std[70759c8f55707aa4]::sys::backtrace::__rust_begin_short_backtrace::<test[9d35eded1c95d3be]::run_test::{closure#1}, ()>
[INFO] [stdout]   20:     0x5e641f5c7b82 - <std[70759c8f55707aa4]::thread::lifecycle::spawn_unchecked<test[9d35eded1c95d3be]::run_test::{closure#1}, ()>::{closure#1} as core[df12db4294e9bfd3]::ops::function::FnOnce<()>>::call_once::{shim:vtable#0}
[INFO] [stdout]   21:     0x5e641fa3a459 - <std[70759c8f55707aa4]::sys::thread::unix::Thread>::new::thread_start
[INFO] [stdout]   22:     0x70a68cf25dfa - <unknown>
[INFO] [stdout]   23:     0x70a68cfb93d4 - clone
[INFO] [stdout]   24:                0x0 - <unknown>
[INFO] [stdout] 
[INFO] [stdout] 
[INFO] [stdout] failures:
[INFO] [stdout]     line_login::get_friendship_v1_status::tests::test_line_login_get_friendship_v1_status
[INFO] [stdout]     line_login::get_oauth2_v2_1_userinfo::tests::test_line_login_get_oauth2_v2_1_userinfo
[INFO] [stdout]     line_login::get_oauth2_v2_1_verify::tests::test_line_login_get_oauth2_v2_1_verify
[INFO] [stdout]     line_login::get_v2_profile::tests::test_line_login_get_v2_profile
[INFO] [stdout]     line_login::post_oauth2_v2_1_revoke::tests::test_line_login_post_oauth2_v2_1_revoke
[INFO] [stdout]     line_login::post_oauth2_v2_1_token::tests::test_line_login_post_oauth2_v2_1_token_authorization_code
[INFO] [stdout]     line_login::post_oauth2_v2_1_token::tests::test_line_login_post_oauth2_v2_1_token_refresh_token
[INFO] [stdout]     line_login::post_oauth2_v2_1_verify::tests::test_line_login_post_oauth2_v2_1_verify
[INFO] [stdout]     line_login::post_user_v1_deauthorize::tests::test_line_login_post_user_v1_deauthorize
[INFO] [stdout]     messaging_api::get_v2_bot_info::tests::test_messaging_api_get_v2_bot_info
[INFO] [stdout]     messaging_api::get_v2_bot_insight_message_event_aggregation::tests::test_get_v2_bot_insight_message_event_aggregation
[INFO] [stdout]     messaging_api::get_v2_bot_message_aggregation_info::tests::test_get_v2_bot_message_aggregation_info
[INFO] [stdout]     messaging_api::get_v2_bot_message_aggregation_list::tests::test_get_v2_bot_message_aggregation_list
[INFO] [stdout]     messaging_api::get_v2_bot_message_quote::tests::test_messaging_api_get_v2_bot_message_quote
[INFO] [stdout]     messaging_api::get_v2_bot_message_quote_consumption::tests::test_messaging_api_get_v2_bot_message_quote_consumption
[INFO] [stdout]     messaging_api::get_v2_bot_profile::tests::test_messaging_api_get_v2_bot_profile
[INFO] [stdout]     messaging_api::post_v2_bot_message_push::tests::test_messaging_api_post_v2_bot_message_push
[INFO] [stdout]     messaging_api::post_v2_bot_message_validate_push::tests::test_messaging_api_post_v2_bot_message_validate_push
[INFO] [stdout] 
[INFO] [stdout] test result: FAILED. 22 passed; 18 failed; 0 ignored; 0 measured; 0 filtered out; finished in 0.02s
[INFO] [stdout] 
[INFO] running `Command { std: "docker" "inspect" "e612626a387b4d7ccdf03c8fff2cd3ac282e1ff2dd4caefc5bb0e41737ac3c2f", kill_on_drop: false }`
[INFO] running `Command { std: "docker" "rm" "-f" "e612626a387b4d7ccdf03c8fff2cd3ac282e1ff2dd4caefc5bb0e41737ac3c2f", kill_on_drop: false }`
[INFO] [stdout] e612626a387b4d7ccdf03c8fff2cd3ac282e1ff2dd4caefc5bb0e41737ac3c2f
