[INFO] fetching crate lindera-dictionary 6.2.0...
[INFO] testing lindera-dictionary-6.2.0 against 1.99.0-beta.8+cargoflags=--release for beta-release-1.100-2
[INFO] extracting crate lindera-dictionary 6.2.0 into /workspace/builds/worker-2-tc1/source
[INFO] started tweaking crates.io crate lindera-dictionary 6.2.0
[INFO] removed 0 missing tests
[INFO] finished tweaking crates.io crate lindera-dictionary 6.2.0
[INFO] tweaked toml for crates.io crate lindera-dictionary 6.2.0 written to /workspace/builds/worker-2-tc1/source/Cargo.toml
[INFO] validating manifest of crates.io crate lindera-dictionary 6.2.0 on toolchain 1.99.0-beta.8
[INFO] running `Command { std: CARGO_HOME="/workspace/cargo-home" RUSTUP_HOME="/workspace/rustup-home" "/workspace/cargo-home/bin/cargo" "+1.99.0-beta.8" "metadata" "--manifest-path" "Cargo.toml" "--no-deps", kill_on_drop: false }`
[INFO] crate crates.io crate lindera-dictionary 6.2.0 already has a lockfile, it will not be regenerated
[INFO] running `Command { std: CARGO_HOME="/workspace/cargo-home" RUSTUP_HOME="/workspace/rustup-home" "/workspace/cargo-home/bin/cargo" "+1.99.0-beta.8" "fetch" "--manifest-path" "Cargo.toml", kill_on_drop: false }`
[INFO] [stderr]     Updating crates.io index
[INFO] [stderr]  Downloading crates ...
[INFO] [stderr]   Downloaded md5 v0.8.1
[INFO] [stderr]   Downloaded multiversion-macros v0.9.0
[INFO] [stderr]   Downloaded ureq-proto v0.6.4
[INFO] [stderr]   Downloaded redox_syscall v0.7.4
[INFO] [stderr]   Downloaded crossbeam-deque v0.8.7
[INFO] [stderr]   Downloaded encoding_rs_io v0.1.8
[INFO] [stderr]   Downloaded multiversion v0.9.0
[INFO] [stderr]   Downloaded rkyv_derive v0.8.18
[INFO] [stderr]   Downloaded ureq v3.4.2
[INFO] [stderr]   Downloaded crawdad v0.4.1
[INFO] [stderr]   Downloaded memmap2 v0.9.11
[INFO] [stderr]   Downloaded daachorse v5.0.0
[INFO] [stderr]   Downloaded rkyv v0.8.18
[INFO] [stderr]   Downloaded syn v3.0.2
[INFO] [stderr]   Downloaded encoding_rs v0.8.41
[INFO] running `Command { std: "docker" "create" "-v" "/var/lib/crater-agent-workspace/builds/worker-2-tc1/source:/opt/rustwide/workdir:ro,Z" "-v" "/var/lib/crater-agent-workspace/builds/worker-2-tc1/target:/opt/rustwide/target:rw,Z" "-v" "/var/lib/crater-agent-workspace/cargo-home:/opt/rustwide/cargo-home:ro,Z" "-v" "/var/lib/crater-agent-workspace/rustup-home:/opt/rustwide/rustup-home:ro,Z" "-m" "1610612736" "--network" "none" "ghcr.io/rust-lang/crates-build-env/linux@sha256:77db811e55d90add9212f6832c23229e3de5f1c1f9905e8cb07319ea15df73ac" "sleep" "infinity", kill_on_drop: false }`
[INFO] [stdout] d9799614f34d5c249a32d692307c1db693a9866a6acc9f7395d07bf079d6362b
[INFO] running `Command { std: "docker" "start" "d9799614f34d5c249a32d692307c1db693a9866a6acc9f7395d07bf079d6362b", kill_on_drop: false }`
[INFO] running `Command { std: "docker" "inspect" "d9799614f34d5c249a32d692307c1db693a9866a6acc9f7395d07bf079d6362b", kill_on_drop: false }`
[INFO] running `Command { std: "docker" "exec" "-e" "SOURCE_DIR=/opt/rustwide/workdir" "-e" "CARGO_HOME=/opt/rustwide/cargo-home" "-e" "RUSTUP_HOME=/opt/rustwide/rustup-home" "-e" "CARGO_TARGET_DIR=/opt/rustwide/target" "-w" "/opt/rustwide/workdir" "--user" "0:0" "d9799614f34d5c249a32d692307c1db693a9866a6acc9f7395d07bf079d6362b" "/opt/rustwide/cargo-home/bin/cargo" "+1.99.0-beta.8" "metadata" "--no-deps" "--format-version=1", kill_on_drop: false }`
[INFO] running `Command { std: "docker" "inspect" "d9799614f34d5c249a32d692307c1db693a9866a6acc9f7395d07bf079d6362b", kill_on_drop: false }`
[INFO] running `Command { std: "docker" "exec" "-e" "SOURCE_DIR=/opt/rustwide/workdir" "-e" "CARGO_HOME=/opt/rustwide/cargo-home" "-e" "RUSTUP_HOME=/opt/rustwide/rustup-home" "-e" "CARGO_TARGET_DIR=/opt/rustwide/target" "-e" "CARGO_INCREMENTAL=0" "-e" "RUST_BACKTRACE=full" "-e" "RUSTFLAGS=--cap-lints=warn" "-e" "RUSTDOCFLAGS=--cap-lints=warn" "-w" "/opt/rustwide/workdir" "--user" "0:0" "d9799614f34d5c249a32d692307c1db693a9866a6acc9f7395d07bf079d6362b" "/opt/rustwide/cargo-home/bin/cargo" "+1.99.0-beta.8" "build" "--frozen" "--message-format=json" "--release", kill_on_drop: false }`
[INFO] [stderr]    Compiling syn v2.0.117
[INFO] [stderr]    Compiling syn v3.0.2
[INFO] [stderr]    Compiling serde_core v1.0.229
[INFO] [stderr]    Compiling crossbeam-epoch v0.9.20
[INFO] [stderr]    Compiling simdutf8 v0.1.5
[INFO] [stderr]    Compiling crossbeam-deque v0.8.7
[INFO] [stderr]    Compiling encoding_rs v0.8.41
[INFO] [stderr]    Compiling memchr v2.8.3
[INFO] [stderr]    Compiling serde_json v1.0.151
[INFO] [stderr]    Compiling core_detect v1.0.0
[INFO] [stderr]    Compiling thiserror v2.0.20
[INFO] [stderr]    Compiling multiversion_no_op v1.0.0
[INFO] [stderr]    Compiling serde v1.0.229
[INFO] [stderr]    Compiling hashbrown v0.17.1
[INFO] [stderr]    Compiling either v1.15.0
[INFO] [stderr]    Compiling memmap2 v0.9.11
[INFO] [stderr]    Compiling rayon-core v1.13.0
[INFO] [stderr]    Compiling csv-core v0.1.13
[INFO] [stderr]    Compiling daachorse v5.0.0
[INFO] [stderr]    Compiling log v0.4.34
[INFO] [stderr]    Compiling crawdad v0.4.1
[INFO] [stderr]    Compiling rayon v1.12.0
[INFO] [stderr]    Compiling glob v0.3.4
[INFO] [stderr]    Compiling csv v1.4.0
[INFO] [stderr]    Compiling ptr_meta_derive v0.3.1
[INFO] [stderr]    Compiling bytecheck_derive v0.8.2
[INFO] [stderr]    Compiling munge_macro v0.4.7
[INFO] [stderr]    Compiling strum_macros v0.28.0
[INFO] [stderr]    Compiling ptr_meta v0.3.1
[INFO] [stderr]    Compiling rancor v0.1.1
[INFO] [stderr]    Compiling munge v0.4.7
[INFO] [stderr]    Compiling bytecheck v0.8.2
[INFO] [stderr]    Compiling rend v0.5.3
[INFO] [stderr]    Compiling multiversion-macros v0.9.0
[INFO] [stderr]    Compiling serde_derive v1.0.229
[INFO] [stderr]    Compiling thiserror-impl v2.0.20
[INFO] [stderr]    Compiling rkyv_derive v0.8.18
[INFO] [stderr]    Compiling strum v0.28.0
[INFO] [stderr]    Compiling multiversion v0.9.0
[INFO] [stderr]    Compiling encoding_rs_io v0.1.8
[INFO] [stderr]    Compiling rkyv v0.8.18
[INFO] [stderr]    Compiling lindera-dictionary v6.2.0 (/opt/rustwide/workdir)
[INFO] [stderr]     Finished `release` profile [optimized] target(s) in 1m 13s
[INFO] running `Command { std: "docker" "inspect" "d9799614f34d5c249a32d692307c1db693a9866a6acc9f7395d07bf079d6362b", kill_on_drop: false }`
[INFO] running `Command { std: "docker" "exec" "-e" "SOURCE_DIR=/opt/rustwide/workdir" "-e" "CARGO_HOME=/opt/rustwide/cargo-home" "-e" "RUSTUP_HOME=/opt/rustwide/rustup-home" "-e" "CARGO_TARGET_DIR=/opt/rustwide/target" "-e" "CARGO_INCREMENTAL=0" "-e" "RUST_BACKTRACE=full" "-e" "RUSTFLAGS=--cap-lints=warn" "-e" "RUSTDOCFLAGS=--cap-lints=warn" "-w" "/opt/rustwide/workdir" "--user" "0:0" "d9799614f34d5c249a32d692307c1db693a9866a6acc9f7395d07bf079d6362b" "/opt/rustwide/cargo-home/bin/cargo" "+1.99.0-beta.8" "test" "--frozen" "--no-run" "--message-format=json" "--release", kill_on_drop: false }`
[INFO] [stderr]    Compiling serde_core v1.0.229
[INFO] [stderr]    Compiling serde v1.0.229
[INFO] [stderr]    Compiling zerocopy v0.8.48
[INFO] [stderr]    Compiling zerocopy-derive v0.8.48
[INFO] [stderr]    Compiling either v1.15.0
[INFO] [stderr]    Compiling cc v1.2.60
[INFO] [stderr]    Compiling num-traits v0.2.19
[INFO] [stderr]    Compiling ciborium-io v0.2.2
[INFO] [stderr]    Compiling regex-syntax v0.8.11
[INFO] [stderr]    Compiling rustix v1.1.4
[INFO] [stderr]    Compiling clap_lex v1.1.0
[INFO] [stderr]    Compiling anstyle v1.0.14
[INFO] [stderr]    Compiling itertools v0.13.0
[INFO] [stderr]    Compiling clap_builder v4.6.7
[INFO] [stderr]    Compiling bitflags v2.11.1
[INFO] [stderr]    Compiling linux-raw-sys v0.12.1
[INFO] [stderr]    Compiling cast v0.3.0
[INFO] [stderr]    Compiling rayon v1.12.0
[INFO] [stderr]    Compiling alloca v0.4.0
[INFO] [stderr]    Compiling regex-automata v0.4.16
[INFO] [stderr]    Compiling criterion-plot v0.8.2
[INFO] [stderr]    Compiling serde_json v1.0.151
[INFO] [stderr]    Compiling csv v1.4.0
[INFO] [stderr]    Compiling clap v4.6.7
[INFO] [stderr]    Compiling page_size v0.6.0
[INFO] [stderr]    Compiling regex v1.13.1
[INFO] [stderr]    Compiling tinytemplate v1.2.1
[INFO] [stderr]    Compiling rand_core v0.10.1
[INFO] [stderr]    Compiling anes v0.1.6
[INFO] [stderr]    Compiling oorandom v11.1.5
[INFO] [stderr]    Compiling tempfile v3.27.0
[INFO] [stderr]    Compiling rand v0.10.3
[INFO] [stderr]    Compiling lindera-dictionary v6.2.0 (/opt/rustwide/workdir)
[INFO] [stderr]    Compiling half v2.7.1
[INFO] [stderr]    Compiling ciborium-ll v0.2.2
[INFO] [stderr]    Compiling ciborium v0.2.2
[INFO] [stderr]    Compiling criterion v0.8.2
[INFO] [stderr]     Finished `release` profile [optimized] target(s) in 1m 54s
[INFO] running `Command { std: "docker" "inspect" "d9799614f34d5c249a32d692307c1db693a9866a6acc9f7395d07bf079d6362b", kill_on_drop: false }`
[INFO] running `Command { std: "docker" "exec" "-e" "SOURCE_DIR=/opt/rustwide/workdir" "-e" "CARGO_HOME=/opt/rustwide/cargo-home" "-e" "RUSTUP_HOME=/opt/rustwide/rustup-home" "-e" "CARGO_TARGET_DIR=/opt/rustwide/target" "-e" "CARGO_INCREMENTAL=0" "-e" "RUST_BACKTRACE=full" "-e" "RUSTFLAGS=--cap-lints=warn" "-e" "RUSTDOCFLAGS=--cap-lints=warn" "-w" "/opt/rustwide/workdir" "--user" "0:0" "d9799614f34d5c249a32d692307c1db693a9866a6acc9f7395d07bf079d6362b" "/opt/rustwide/cargo-home/bin/cargo" "+1.99.0-beta.8" "test" "--frozen" "--release", kill_on_drop: false }`
[INFO] [stderr]     Finished `release` profile [optimized] target(s) in 0.14s
[INFO] [stderr]      Running unittests src/lib.rs (/opt/rustwide/target/release/deps/lindera_dictionary-62799936ba2c9385)
[INFO] [stdout] 
[INFO] [stdout] running 121 tests
[INFO] [stdout] test builder::connection_cost_matrix::tests::test_matches_reference_simple ... ok
[INFO] [stdout] test builder::connection_cost_matrix::tests::test_duplicate_last_occurrence_wins ... ok
[INFO] [stdout] test builder::connection_cost_matrix::tests::test_matches_reference_sparse_and_negative ... ok
[INFO] [stdout] test builder::connection_cost_matrix::tests::test_missing_field_errors ... ok
[INFO] [stdout] test builder::connection_cost_matrix::tests::test_no_trailing_newline ... ok
[INFO] [stdout] test builder::connection_cost_matrix::tests::test_strip_utf8_bom ... ok
[INFO] [stdout] test builder::context_id_remap::tests::test_build_perm_empty ... ok
[INFO] [stdout] test builder::context_id_remap::tests::test_build_perm_orders_by_frequency ... ok
[INFO] [stdout] test builder::context_id_remap::tests::test_build_perm_single ... ok
[INFO] [stdout] test builder::prefix_dictionary::tests::test_get_common_field_value_empty ... ok
[INFO] [stdout] test builder::prefix_dictionary::tests::test_get_common_field_value_out_of_bounds ... ok
[INFO] [stdout] test builder::prefix_dictionary::tests::test_get_encoding ... ok
[INFO] [stdout] test builder::prefix_dictionary::tests::test_get_encoding_invalid ... ok
[INFO] [stdout] test builder::prefix_dictionary::tests::test_new_with_schema ... ok
[INFO] [stdout] test builder::prefix_dictionary::tests::test_normalize_function ... ok
[INFO] [stdout] test builder::prefix_dictionary::tests::test_get_common_field_value ... ok
[INFO] [stdout] test builder::prefix_dictionary::tests::test_pack_entry_value_rejects_offset_overflow ... ok
[INFO] [stdout] test builder::prefix_dictionary::tests::test_pack_entry_value_rejects_too_many_variants ... ok
[INFO] [stdout] test builder::prefix_dictionary::tests::test_pack_entry_value_within_bounds ... ok
[INFO] [stdout] test builder::prefix_dictionary::tests::test_parse_right_id ... ok
[INFO] [stdout] test builder::prefix_dictionary::tests::test_parse_word_cost ... ok
[INFO] [stdout] test builder::prefix_dictionary::tests::test_parse_word_cost_invalid ... ok
[INFO] [stdout] test builder::prefix_dictionary::tests::test_parse_word_cost_skip_invalid ... ok
[INFO] [stdout] test builder::prefix_dictionary::tests::test_sort_by_cached_key_matches_sort_by_key ... ok
[INFO] [stdout] test builder::prefix_dictionary::tests::test_parse_left_id ... ok
[INFO] [stdout] test dictionary::connection_cost_matrix::tests::borrowed_and_owned_produce_identical_costs ... ok
[INFO] [stdout] test dictionary::connection_cost_matrix::tests::clone_does_not_alias_the_source_buffer ... ok
[INFO] [stdout] test builder::user_dictionary::tests::mixed_simple_and_detailed_rows_build ... FAILED
[INFO] [stdout] test dictionary::character_definition::tests::test_lookup_table ... ok
[INFO] [stdout] test dictionary::connection_cost_matrix::tests::cloning_a_static_backed_matrix_stays_zero_copy ... ok
[INFO] [stdout] test dictionary::character_definition::tests::test_flat_table_rebuilt_after_rkyv_round_trip ... ok
[INFO] [stdout] test builder::user_dictionary::tests::reader_and_path_builds_are_identical ... FAILED
[INFO] [stdout] test dictionary::connection_cost_matrix::tests::connection_cost_matrix_is_send_and_sync ... ok
[INFO] [stdout] test builder::user_dictionary::tests::short_rows_error_instead_of_panicking ... ok
[INFO] [stdout] test dictionary::connection_cost_matrix::tests::matrix_survives_move ... ok
[INFO] [stdout] test dictionary::connection_cost_matrix::tests::degenerate_single_cell_matrix_is_borrowable ... ok
[INFO] [stdout] test dictionary::connection_cost_matrix::tests::rejects_axes_larger_than_payload ... ok
[INFO] [stdout] test dictionary::connection_cost_matrix::tests::test_load_old_format ... ok
[INFO] [stdout] test dictionary::connection_cost_matrix::tests::test_load_data_too_short ... ok
[INFO] [stdout] test dictionary::connection_cost_matrix::tests::test_load_transposed ... ok
[INFO] [stdout] test dictionary::metadata::tests::legacy_version_is_the_first_format_version ... ok
[INFO] [stdout] test dictionary::metadata::tests::metadata_without_format_version_reads_as_legacy ... ok
[INFO] [stdout] test dictionary::metadata::tests::model_info_with_legacy_updated_at_still_parses ... ok
[INFO] [stdout] test dictionary::metadata::tests::model_info_without_updated_at_parses ... ok
[INFO] [stdout] test dictionary::metadata::tests::test_metadata_default ... ok
[INFO] [stdout] test dictionary::metadata::tests::space_penalty_is_optional_and_round_trips ... ok
[INFO] [stdout] test dictionary::metadata::tests::test_metadata_new ... ok
[INFO] [stdout] test dictionary::metadata::tests::test_metadata_serialization ... ok
[INFO] [stdout] test dictionary::metadata::tests::validate_format_version_accepts_the_current_version ... ok
[INFO] [stdout] test dictionary::connection_cost_matrix::tests::transposed_bytes_match_the_const ... ok
[INFO] [stdout] test dictionary::context_id_map::tests::test_map_left_and_right ... ok
[INFO] [stdout] test dictionary::metadata::tests::validate_format_version_rejects_an_older_dictionary ... ok
[INFO] [stdout] test dictionary::metadata::tests::format_version_round_trips_through_json ... ok
[INFO] [stdout] test dictionary::metadata::tests::validate_format_version_rejects_a_newer_dictionary ... ok
[INFO] [stdout] test dictionary::prefix_dictionary::tests::empty_dictionary_matches_nothing ... ok
[INFO] [stdout] test dictionary::connection_cost_matrix::tests::odd_length_payload_does_not_panic ... ok
[INFO] [stdout] test dictionary::prefix_dictionary::tests::common_prefix_iterator_counts_characters ... ok
[INFO] [stdout] test dictionary::prefix_dictionary::tests::load_rejects_truncated_trie ... ok
[INFO] [stdout] test dictionary::prefix_dictionary::tests::prefix_returns_byte_offsets ... ok
[INFO] [stdout] test dictionary::prefix_dictionary::tests::serialize_trie_rejects_nul_in_surface ... ok
[INFO] [stdout] test dictionary::prefix_dictionary::tests::load_rejects_absurd_table_length ... ok
[INFO] [stdout] test dictionary::prefix_dictionary::tests::trie_view_matches_crawdad_search ... ok
[INFO] [stdout] test dictionary::prefix_dictionary::tests::common_prefix_search_codes_matches_chars ... ok
[INFO] [stdout] test dictionary::schema::tests::test_backward_compatibility ... ok
[INFO] [stdout] test dictionary::schema::tests::test_custom_field_index_lookup ... ok
[INFO] [stdout] test dictionary::schema::tests::test_custom_fields ... ok
[INFO] [stdout] test dictionary::schema::tests::test_default_schema ... ok
[INFO] [stdout] test dictionary::schema::tests::test_field_access ... ok
[INFO] [stdout] test dictionary::schema::tests::test_field_index_lookup ... ok
[INFO] [stdout] test dictionary::prefix_dictionary::tests::corrupted_nodes_yield_no_matches_without_panicking ... ok
[INFO] [stdout] test dictionary::prefix_dictionary::tests::find_surface_returns_all_variants ... ok
[INFO] [stdout] test dictionary::prefix_dictionary::tests::user_dictionary_load_validates_da_bytes ... ok
[INFO] [stdout] test dictionary::schema::tests::test_field_name_lookup ... ok
[INFO] [stdout] test dictionary::schema::tests::test_new_schema ... ok
[INFO] [stdout] test dictionary::schema::tests::test_validate_fields_success ... ok
[INFO] [stdout] test dictionary::tests::detail_fields_constructors ... ok
[INFO] [stdout] test dictionary::tests::user_word_details_corrupt_offset_falls_back_instead_of_panicking ... ok
[INFO] [stdout] test dictionary::tests::user_word_details_iter_matches_word_details ... ok
[INFO] [stdout] test dictionary::tests::user_word_details_iter_reports_an_exact_length ... ok
[INFO] [stdout] test dictionary::tests::user_word_details_out_of_range_returns_unk ... ok
[INFO] [stdout] test dictionary::tests::user_word_details_preserves_empty_fields ... ok
[INFO] [stdout] test dictionary::tests::user_word_details_returns_fields_in_order ... ok
[INFO] [stdout] test dictionary::unknown_dictionary::tests::word_details_empty_entry_yields_one_empty_field ... ok
[INFO] [stdout] test dictionary::unknown_dictionary::tests::word_details_handles_single_field ... ok
[INFO] [stdout] test dictionary::unknown_dictionary::tests::word_details_invalid_utf8_returns_none ... ok
[INFO] [stdout] test dictionary::unknown_dictionary::tests::word_details_out_of_range_returns_none ... ok
[INFO] [stdout] test dictionary::unknown_dictionary::tests::word_details_preserves_empty_fields ... ok
[INFO] [stdout] test dictionary::unknown_dictionary::tests::word_details_returns_fields_in_order ... ok
[INFO] [stdout] test dictionary::schema::tests::test_validate_fields_missing_field ... ok
[INFO] [stdout] test dictionary::tests::user_word_details_handles_single_field ... ok
[INFO] [stdout] test dictionary::unknown_dictionary::tests::word_details_truncated_entry_returns_none ... ok
[INFO] [stdout] test loader::metadata::tests::test_metadata_load ... ok
[INFO] [stdout] test loader::user_dictionary::tests::test_load_all_prebuilt_bin_fixtures ... FAILED
[INFO] [stdout] test loader::metadata::tests::test_metadata_load_nonexistent_file ... ok
[INFO] [stdout] test space_penalty::tests::constructors_set_every_field ... ok
[INFO] [stdout] test dictionary::tests::user_word_details_invalid_utf8_returns_unk ... ok
[INFO] [stdout] test dictionary::schema::tests::test_validate_fields_empty_field ... ok
[INFO] [stdout] test space_penalty::tests::config_round_trips_through_json ... ok
[INFO] [stdout] test space_penalty::tests::cost_for_tag_matches_on_the_first_pos ... ok
[INFO] [stdout] test space_penalty::tests::cost_for_tag_prefers_the_first_matching_rule ... ok
[INFO] [stdout] test space_penalty::tests::first_pos_takes_the_part_before_the_first_plus ... ok
[INFO] [stdout] test util::tests::detail_field_count_ipadic_shape ... ok
[INFO] [stdout] test util::tests::joined_details_at_reads_the_declared_length ... ok
[INFO] [stdout] test util::tests::joined_details_at_rejects_out_of_range_offsets_and_lengths ... ok
[INFO] [stdout] test viterbi::tests::test_backtrace_works_after_shrink_to ... ok
[INFO] [stdout] test viterbi::tests::test_clear_after_shrink_leaves_no_stale_edges ... ok
[INFO] [stdout] test viterbi::tests::test_group_runs_match_forward_scan ... ok
[INFO] [stdout] test util::tests::words_idx_offset_reads_and_bounds_checks ... ok
[INFO] [stdout] test util::tests::detail_field_count_is_never_zero ... ok
[INFO] [stdout] test viterbi::tests::test_set_capacity_presizes_all_new_slots ... ok
[INFO] [stdout] test viterbi::tests::test_shrink_to_noop_when_target_not_smaller ... ok
[INFO] [stdout] test viterbi::tests::test_shrink_to_releases_nbest_paths ... ok
[INFO] [stdout] test viterbi::tests::test_shrink_to_truncates_and_keeps_presize ... ok
[INFO] [stdout] test viterbi::tests::test_tokens_offset_finds_eos_at_last_text_len_after_shrink ... ok
[INFO] [stdout] test viterbi::tests::test_tokens_offset_into_matches_tokens_offset ... ok
[INFO] [stdout] test viterbi::tests::test_word_entry ... ok
[INFO] [stdout] test util::tests::joined_details_at_rejects_invalid_utf8 ... ok
[INFO] [stdout] test space_penalty::tests::pos_detail_index_prefers_ko_dic_then_generic_name ... ok
[INFO] [stdout] test util::tests::detail_field_count_matches_split ... ok
[INFO] [stdout] test builder::connection_cost_matrix::tests::test_parallel_matches_sequential ... ok
[INFO] [stdout] test dictionary::character_definition::tests::test_flat_table_matches_binary_search_for_all_chars ... ok
[INFO] [stdout] 
[INFO] [stdout] failures:
[INFO] [stdout] 
[INFO] [stdout] ---- builder::user_dictionary::tests::mixed_simple_and_detailed_rows_build stdout ----
[INFO] [stdout] 
[INFO] [stdout] thread 'builder::user_dictionary::tests::mixed_simple_and_detailed_rows_build' (1696) panicked at src/builder/user_dictionary.rs:459:25:
[INFO] [stdout] failed to read fixture: No such file or directory (os error 2)
[INFO] [stdout] stack backtrace:
[INFO] [stdout]    0:     0x5dd192725291 - <<std[70759c8f55707aa4]::sys::backtrace::BacktraceLock>::print::DisplayBacktrace as core[df12db4294e9bfd3]::fmt::Display>::fmt
[INFO] [stdout]    1:     0x5dd19273a94a - core[df12db4294e9bfd3]::fmt::write
[INFO] [stdout]    2:     0x5dd192729efc - <alloc[2182bb758b4b3781]::vec::Vec<u8> as core[df12db4294e9bfd3]::io::write::Write>::write_fmt
[INFO] [stdout]    3:     0x5dd1926ff706 - std[70759c8f55707aa4]::panicking::default_hook::{closure#0}
[INFO] [stdout]    4:     0x5dd19271caf9 - std[70759c8f55707aa4]::panicking::default_hook
[INFO] [stdout]    5:     0x5dd1926a5f40 - test[9d35eded1c95d3be]::test_main_inner::<test[9d35eded1c95d3be]::test_main_static::{closure#0}>::{closure#0}
[INFO] [stdout]    6:     0x5dd19271ce22 - std[70759c8f55707aa4]::panicking::panic_with_hook
[INFO] [stdout]    7:     0x5dd1926ff7b2 - std[70759c8f55707aa4]::panicking::panic_handler::{closure#0}
[INFO] [stdout]    8:     0x5dd1926f7cf9 - std[70759c8f55707aa4]::sys::backtrace::__rust_end_short_backtrace::<std[70759c8f55707aa4]::panicking::panic_handler::{closure#0}, !>
[INFO] [stderr] error: test failed, to rerun pass `--lib`
[INFO] [stdout]    9:     0x5dd1927004bd - __rustc[8fa7c3cbc660c2b3]::rust_begin_unwind
[INFO] [stdout]   10:     0x5dd19273b07c - core[df12db4294e9bfd3]::panicking::panic_fmt
[INFO] [stdout]   11:     0x5dd1926482d1 - lindera_dictionary[c9fd33768eb1e7f7]::builder::user_dictionary::tests::mixed_simple_and_detailed_rows_build
[INFO] [stdout]   12:     0x5dd1926339c9 - <lindera_dictionary[c9fd33768eb1e7f7]::builder::user_dictionary::tests::mixed_simple_and_detailed_rows_build::{closure#0} as core[df12db4294e9bfd3]::ops::function::FnOnce<()>>::call_once
[INFO] [stdout]   13:     0x5dd19269922b - test[9d35eded1c95d3be]::__rust_begin_short_backtrace::<core[df12db4294e9bfd3]::result::Result<(), alloc[2182bb758b4b3781]::string::String>, fn() -> core[df12db4294e9bfd3]::result::Result<(), alloc[2182bb758b4b3781]::string::String>>
[INFO] [stdout]   14:     0x5dd1926a6895 - test[9d35eded1c95d3be]::run_test::{closure#0}
[INFO] [stdout]   15:     0x5dd1926a0154 - std[70759c8f55707aa4]::sys::backtrace::__rust_begin_short_backtrace::<test[9d35eded1c95d3be]::run_test::{closure#1}, ()>
[INFO] [stdout]   16:     0x5dd1926a99f2 - <std[70759c8f55707aa4]::thread::lifecycle::spawn_unchecked<test[9d35eded1c95d3be]::run_test::{closure#1}, ()>::{closure#1} as core[df12db4294e9bfd3]::ops::function::FnOnce<()>>::call_once::{shim:vtable#0}
[INFO] [stdout]   17:     0x5dd192724619 - <std[70759c8f55707aa4]::sys::thread::unix::Thread>::new::thread_start
[INFO] [stdout]   18:     0x7498dfab4dfa - <unknown>
[INFO] [stdout]   19:     0x7498dfb483d4 - clone
[INFO] [stdout]   20:                0x0 - <unknown>
[INFO] [stdout] 
[INFO] [stdout] ---- builder::user_dictionary::tests::reader_and_path_builds_are_identical stdout ----
[INFO] [stdout] 
[INFO] [stdout] thread 'builder::user_dictionary::tests::reader_and_path_builds_are_identical' (1697) panicked at src/builder/user_dictionary.rs:431:25:
[INFO] [stdout] path build failed: LinderaError(kind=Io, source=Failed to open user dictionary CSV file: "/opt/rustwide/workdir/../resources/user_dict/ipadic_simple_userdic.csv")
[INFO] [stdout] stack backtrace:
[INFO] [stdout]    0:     0x5dd192725291 - <<std[70759c8f55707aa4]::sys::backtrace::BacktraceLock>::print::DisplayBacktrace as core[df12db4294e9bfd3]::fmt::Display>::fmt
[INFO] [stdout]    1:     0x5dd19273a94a - core[df12db4294e9bfd3]::fmt::write
[INFO] [stdout]    2:     0x5dd192729efc - <alloc[2182bb758b4b3781]::vec::Vec<u8> as core[df12db4294e9bfd3]::io::write::Write>::write_fmt
[INFO] [stdout]    3:     0x5dd1926ff706 - std[70759c8f55707aa4]::panicking::default_hook::{closure#0}
[INFO] [stdout]    4:     0x5dd19271caf9 - std[70759c8f55707aa4]::panicking::default_hook
[INFO] [stdout]    5:     0x5dd1926a5f40 - test[9d35eded1c95d3be]::test_main_inner::<test[9d35eded1c95d3be]::test_main_static::{closure#0}>::{closure#0}
[INFO] [stdout]    6:     0x5dd19271ce22 - std[70759c8f55707aa4]::panicking::panic_with_hook
[INFO] [stdout]    7:     0x5dd1926ff7b2 - std[70759c8f55707aa4]::panicking::panic_handler::{closure#0}
[INFO] [stdout]    8:     0x5dd1926f7cf9 - std[70759c8f55707aa4]::sys::backtrace::__rust_end_short_backtrace::<std[70759c8f55707aa4]::panicking::panic_handler::{closure#0}, !>
[INFO] [stdout]    9:     0x5dd1927004bd - __rustc[8fa7c3cbc660c2b3]::rust_begin_unwind
[INFO] [stdout]   10:     0x5dd19273b07c - core[df12db4294e9bfd3]::panicking::panic_fmt
[INFO] [stdout]   11:     0x5dd192648892 - lindera_dictionary[c9fd33768eb1e7f7]::builder::user_dictionary::tests::reader_and_path_builds_are_identical
[INFO] [stdout]   12:     0x5dd1926339e9 - <lindera_dictionary[c9fd33768eb1e7f7]::builder::user_dictionary::tests::reader_and_path_builds_are_identical::{closure#0} as core[df12db4294e9bfd3]::ops::function::FnOnce<()>>::call_once
[INFO] [stdout]   13:     0x5dd19269922b - test[9d35eded1c95d3be]::__rust_begin_short_backtrace::<core[df12db4294e9bfd3]::result::Result<(), alloc[2182bb758b4b3781]::string::String>, fn() -> core[df12db4294e9bfd3]::result::Result<(), alloc[2182bb758b4b3781]::string::String>>
[INFO] [stdout]   14:     0x5dd1926a6895 - test[9d35eded1c95d3be]::run_test::{closure#0}
[INFO] [stdout]   15:     0x5dd1926a0154 - std[70759c8f55707aa4]::sys::backtrace::__rust_begin_short_backtrace::<test[9d35eded1c95d3be]::run_test::{closure#1}, ()>
[INFO] [stdout]   16:     0x5dd1926a99f2 - <std[70759c8f55707aa4]::thread::lifecycle::spawn_unchecked<test[9d35eded1c95d3be]::run_test::{closure#1}, ()>::{closure#1} as core[df12db4294e9bfd3]::ops::function::FnOnce<()>>::call_once::{shim:vtable#0}
[INFO] [stdout]   17:     0x5dd192724619 - <std[70759c8f55707aa4]::sys::thread::unix::Thread>::new::thread_start
[INFO] [stdout]   18:     0x7498dfab4dfa - <unknown>
[INFO] [stdout]   19:     0x7498dfb483d4 - clone
[INFO] [stdout]   20:                0x0 - <unknown>
[INFO] [stdout] 
[INFO] [stdout] ---- loader::user_dictionary::tests::test_load_all_prebuilt_bin_fixtures stdout ----
[INFO] [stdout] 
[INFO] [stdout] thread 'loader::user_dictionary::tests::test_load_all_prebuilt_bin_fixtures' (1767) panicked at src/loader/user_dictionary.rs:53:13:
[INFO] [stdout] failed to load prebuilt user dictionary fixture ipadic_simple_userdic.bin: Some(LinderaError { kind: Io, source: Failed to open file: /opt/rustwide/workdir/../resources/user_dict/ipadic_simple_userdic.bin
[INFO] [stdout] 
[INFO] [stdout] Caused by:
[INFO] [stdout]     No such file or directory (os error 2)
[INFO] [stdout] 
[INFO] [stdout] Stack backtrace:
[INFO] [stdout]    0: <anyhow::Error as core::convert::From<core::io::error::Error>>::from
[INFO] [stdout]    1: lindera_dictionary::util::read_file::{closure#0}
[INFO] [stdout]    2: lindera_dictionary::util::read_file
[INFO] [stdout]    3: <lindera_dictionary::loader::user_dictionary::UserDictionaryLoader>::load_from_bin::<std::path::PathBuf>
[INFO] [stdout]    4: lindera_dictionary::loader::user_dictionary::tests::test_load_all_prebuilt_bin_fixtures
[INFO] [stdout]    5: <lindera_dictionary::loader::user_dictionary::tests::test_load_all_prebuilt_bin_fixtures::{closure#0} as core::ops::function::FnOnce<()>>::call_once
[INFO] [stdout]    6: test::__rust_begin_short_backtrace::<core::result::Result<(), alloc::string::String>, fn() -> core::result::Result<(), alloc::string::String>>
[INFO] [stdout]    7: test::run_test::{closure#0}
[INFO] [stdout]    8: std::sys::backtrace::__rust_begin_short_backtrace::<test::run_test::{closure#1}, ()>
[INFO] [stdout]    9: <std::thread::lifecycle::spawn_unchecked<test::run_test::{closure#1}, ()>::{closure#1} as core::ops::function::FnOnce<()>>::call_once::{shim:vtable#0}
[INFO] [stdout]   10: <std::sys::thread::unix::Thread>::new::thread_start
[INFO] [stdout]   11: <unknown>
[INFO] [stdout]   12: clone })
[INFO] [stdout] stack backtrace:
[INFO] [stdout]    0:     0x5dd192725291 - <<std[70759c8f55707aa4]::sys::backtrace::BacktraceLock>::print::DisplayBacktrace as core[df12db4294e9bfd3]::fmt::Display>::fmt
[INFO] [stdout]    1:     0x5dd19273a94a - core[df12db4294e9bfd3]::fmt::write
[INFO] [stdout]    2:     0x5dd192729efc - <alloc[2182bb758b4b3781]::vec::Vec<u8> as core[df12db4294e9bfd3]::io::write::Write>::write_fmt
[INFO] [stdout]    3:     0x5dd1926ff706 - std[70759c8f55707aa4]::panicking::default_hook::{closure#0}
[INFO] [stdout]    4:     0x5dd19271caf9 - std[70759c8f55707aa4]::panicking::default_hook
[INFO] [stdout]    5:     0x5dd1926a5f40 - test[9d35eded1c95d3be]::test_main_inner::<test[9d35eded1c95d3be]::test_main_static::{closure#0}>::{closure#0}
[INFO] [stdout]    6:     0x5dd19271ce22 - std[70759c8f55707aa4]::panicking::panic_with_hook
[INFO] [stdout]    7:     0x5dd1926ff7b2 - std[70759c8f55707aa4]::panicking::panic_handler::{closure#0}
[INFO] [stdout]    8:     0x5dd1926f7cf9 - std[70759c8f55707aa4]::sys::backtrace::__rust_end_short_backtrace::<std[70759c8f55707aa4]::panicking::panic_handler::{closure#0}, !>
[INFO] [stdout]    9:     0x5dd1927004bd - __rustc[8fa7c3cbc660c2b3]::rust_begin_unwind
[INFO] [stdout]   10:     0x5dd19273b07c - core[df12db4294e9bfd3]::panicking::panic_fmt
[INFO] [stdout]   11:     0x5dd19263c4ec - lindera_dictionary[c9fd33768eb1e7f7]::loader::user_dictionary::tests::test_load_all_prebuilt_bin_fixtures
[INFO] [stdout]   12:     0x5dd192633969 - <lindera_dictionary[c9fd33768eb1e7f7]::loader::user_dictionary::tests::test_load_all_prebuilt_bin_fixtures::{closure#0} as core[df12db4294e9bfd3]::ops::function::FnOnce<()>>::call_once
[INFO] [stdout]   13:     0x5dd19269922b - test[9d35eded1c95d3be]::__rust_begin_short_backtrace::<core[df12db4294e9bfd3]::result::Result<(), alloc[2182bb758b4b3781]::string::String>, fn() -> core[df12db4294e9bfd3]::result::Result<(), alloc[2182bb758b4b3781]::string::String>>
[INFO] [stdout]   14:     0x5dd1926a6895 - test[9d35eded1c95d3be]::run_test::{closure#0}
[INFO] [stdout]   15:     0x5dd1926a0154 - std[70759c8f55707aa4]::sys::backtrace::__rust_begin_short_backtrace::<test[9d35eded1c95d3be]::run_test::{closure#1}, ()>
[INFO] [stdout]   16:     0x5dd1926a99f2 - <std[70759c8f55707aa4]::thread::lifecycle::spawn_unchecked<test[9d35eded1c95d3be]::run_test::{closure#1}, ()>::{closure#1} as core[df12db4294e9bfd3]::ops::function::FnOnce<()>>::call_once::{shim:vtable#0}
[INFO] [stdout]   17:     0x5dd192724619 - <std[70759c8f55707aa4]::sys::thread::unix::Thread>::new::thread_start
[INFO] [stdout]   18:     0x7498dfab4dfa - <unknown>
[INFO] [stdout]   19:     0x7498dfb483d4 - clone
[INFO] [stdout]   20:                0x0 - <unknown>
[INFO] [stdout] 
[INFO] [stdout] 
[INFO] [stdout] failures:
[INFO] [stdout]     builder::user_dictionary::tests::mixed_simple_and_detailed_rows_build
[INFO] [stdout]     builder::user_dictionary::tests::reader_and_path_builds_are_identical
[INFO] [stdout]     loader::user_dictionary::tests::test_load_all_prebuilt_bin_fixtures
[INFO] [stdout] 
[INFO] [stdout] test result: FAILED. 118 passed; 3 failed; 0 ignored; 0 measured; 0 filtered out; finished in 0.05s
[INFO] [stdout] 
[INFO] running `Command { std: "docker" "inspect" "d9799614f34d5c249a32d692307c1db693a9866a6acc9f7395d07bf079d6362b", kill_on_drop: false }`
[INFO] running `Command { std: "docker" "rm" "-f" "d9799614f34d5c249a32d692307c1db693a9866a6acc9f7395d07bf079d6362b", kill_on_drop: false }`
[INFO] [stdout] d9799614f34d5c249a32d692307c1db693a9866a6acc9f7395d07bf079d6362b
