[INFO] fetching crate limmat 0.2.8...
[INFO] testing limmat-0.2.8 against 1.99.0-beta.8+cargoflags=--release for beta-release-1.100-2
[INFO] extracting crate limmat 0.2.8 into /workspace/builds/worker-1-tc1/source
[INFO] removed /workspace/builds/worker-1-tc1/source/.cargo/config.toml
[INFO] started tweaking crates.io crate limmat 0.2.8
[INFO] removed 0 missing tests
[INFO] finished tweaking crates.io crate limmat 0.2.8
[INFO] tweaked toml for crates.io crate limmat 0.2.8 written to /workspace/builds/worker-1-tc1/source/Cargo.toml
[INFO] validating manifest of crates.io crate limmat 0.2.8 on toolchain 1.99.0-beta.8
[INFO] running `Command { std: CARGO_HOME="/workspace/cargo-home" RUSTUP_HOME="/workspace/rustup-home" "/workspace/cargo-home/bin/cargo" "+1.99.0-beta.8" "metadata" "--manifest-path" "Cargo.toml" "--no-deps", kill_on_drop: false }`
[INFO] crate crates.io crate limmat 0.2.8 already has a lockfile, it will not be regenerated
[INFO] running `Command { std: CARGO_HOME="/workspace/cargo-home" RUSTUP_HOME="/workspace/rustup-home" "/workspace/cargo-home/bin/cargo" "+1.99.0-beta.8" "fetch" "--manifest-path" "Cargo.toml", kill_on_drop: false }`
[INFO] [stderr]     Updating crates.io index
[INFO] [stderr]  Downloading crates ...
[INFO] [stderr]   Downloaded http-range-header v0.4.2
[INFO] [stderr]   Downloaded tokio-macros v2.6.0
[INFO] [stderr]   Downloaded socket2 v0.6.1
[INFO] [stderr]   Downloaded googletest_macro v0.12.0
[INFO] [stderr]   Downloaded test_bin v0.4.0
[INFO] [stderr]   Downloaded test-case-macros v3.3.1
[INFO] [stderr]   Downloaded kqueue-sys v1.0.4
[INFO] [stderr]   Downloaded test-case-core v3.3.1
[INFO] [stderr]   Downloaded strip-ansi-escapes v0.2.1
[INFO] [stderr]   Downloaded libredox v0.1.12
[INFO] [stderr]   Downloaded zmij v1.0.14
[INFO] [stderr]   Downloaded filetime v0.2.26
[INFO] [stderr]   Downloaded wasm-bindgen-shared v0.2.106
[INFO] [stderr]   Downloaded wasm-bindgen-macro v0.2.106
[INFO] [stderr]   Downloaded test-case v3.3.1
[INFO] [stderr]   Downloaded inotify v0.9.6
[INFO] [stderr]   Downloaded redox_syscall v0.7.0
[INFO] [stderr]   Downloaded signal-hook-mio v0.2.5
[INFO] [stderr]   Downloaded notify v6.1.1
[INFO] [stderr]   Downloaded find-msvc-tools v0.1.7
[INFO] [stderr]   Downloaded clap_lex v0.7.7
[INFO] [stderr]   Downloaded wasm-bindgen v0.2.106
[INFO] [stderr]   Downloaded iana-time-zone v0.1.64
[INFO] [stderr]   Downloaded vte v0.14.1
[INFO] [stderr]   Downloaded clap_derive v4.5.49
[INFO] [stderr]   Downloaded dlv-list v0.5.2
[INFO] [stderr]   Downloaded tempfile v3.24.0
[INFO] [stderr]   Downloaded pretty_assertions v1.4.1
[INFO] [stderr]   Downloaded signal-hook v0.3.18
[INFO] [stderr]   Downloaded clap v4.5.54
[INFO] [stderr]   Downloaded js-sys v0.3.83
[INFO] [stderr]   Downloaded wasm-bindgen-macro-support v0.2.106
[INFO] [stderr]   Downloaded async-condvar-fair v1.0.1
[INFO] [stderr]   Downloaded crossbeam-channel v0.5.15
[INFO] [stderr]   Downloaded cc v1.2.52
[INFO] [stderr]   Downloaded ryu v1.0.22
[INFO] [stderr]   Downloaded googletest v0.12.0
[INFO] [stderr]   Downloaded winnow v0.7.14
[INFO] [stderr]   Downloaded zerocopy-derive v0.8.33
[INFO] [stderr]   Downloaded ansi-control-codes v1.0.1
[INFO] [stderr]   Downloaded crossterm v0.28.1
[INFO] [stderr]   Downloaded hyper-util v0.1.19
[INFO] [stderr]   Downloaded clap_builder v4.5.54
[INFO] [stderr]   Downloaded flexi_logger v0.29.8
[INFO] [stderr]   Downloaded chrono v0.4.42
[INFO] [stderr]   Downloaded zerocopy v0.8.33
[INFO] [stderr]   Downloaded nix v0.28.0
[INFO] [stderr]   Downloaded rustix v1.1.3
[INFO] [stderr]   Downloaded tokio v1.49.0
[INFO] [stderr]   Downloaded linux-raw-sys v0.11.0
[INFO] running `Command { std: "docker" "create" "-v" "/var/lib/crater-agent-workspace/builds/worker-1-tc1/source:/opt/rustwide/workdir:ro,Z" "-v" "/var/lib/crater-agent-workspace/builds/worker-1-tc1/target:/opt/rustwide/target:rw,Z" "-v" "/var/lib/crater-agent-workspace/cargo-home:/opt/rustwide/cargo-home:ro,Z" "-v" "/var/lib/crater-agent-workspace/rustup-home:/opt/rustwide/rustup-home:ro,Z" "-m" "1610612736" "--network" "none" "ghcr.io/rust-lang/crates-build-env/linux@sha256:77db811e55d90add9212f6832c23229e3de5f1c1f9905e8cb07319ea15df73ac" "sleep" "infinity", kill_on_drop: false }`
[INFO] [stdout] cd0cdfe8b666383eebf55c46f6ed70dffe098fb19d56ea6da6af1b1e48690889
[INFO] running `Command { std: "docker" "start" "cd0cdfe8b666383eebf55c46f6ed70dffe098fb19d56ea6da6af1b1e48690889", kill_on_drop: false }`
[INFO] running `Command { std: "docker" "inspect" "cd0cdfe8b666383eebf55c46f6ed70dffe098fb19d56ea6da6af1b1e48690889", kill_on_drop: false }`
[INFO] running `Command { std: "docker" "exec" "-e" "SOURCE_DIR=/opt/rustwide/workdir" "-e" "CARGO_HOME=/opt/rustwide/cargo-home" "-e" "RUSTUP_HOME=/opt/rustwide/rustup-home" "-e" "CARGO_TARGET_DIR=/opt/rustwide/target" "-w" "/opt/rustwide/workdir" "--user" "0:0" "cd0cdfe8b666383eebf55c46f6ed70dffe098fb19d56ea6da6af1b1e48690889" "/opt/rustwide/cargo-home/bin/cargo" "+1.99.0-beta.8" "metadata" "--no-deps" "--format-version=1", kill_on_drop: false }`
[INFO] running `Command { std: "docker" "inspect" "cd0cdfe8b666383eebf55c46f6ed70dffe098fb19d56ea6da6af1b1e48690889", kill_on_drop: false }`
[INFO] running `Command { std: "docker" "exec" "-e" "SOURCE_DIR=/opt/rustwide/workdir" "-e" "CARGO_HOME=/opt/rustwide/cargo-home" "-e" "RUSTUP_HOME=/opt/rustwide/rustup-home" "-e" "CARGO_TARGET_DIR=/opt/rustwide/target" "-e" "CARGO_INCREMENTAL=0" "-e" "RUST_BACKTRACE=full" "-e" "RUSTFLAGS=--cap-lints=warn" "-e" "RUSTDOCFLAGS=--cap-lints=warn" "-w" "/opt/rustwide/workdir" "--user" "0:0" "cd0cdfe8b666383eebf55c46f6ed70dffe098fb19d56ea6da6af1b1e48690889" "/opt/rustwide/cargo-home/bin/cargo" "+1.99.0-beta.8" "build" "--frozen" "--message-format=json" "--release", kill_on_drop: false }`
[INFO] [stderr]    Compiling proc-macro2 v1.0.105
[INFO] [stderr]    Compiling unicode-ident v1.0.22
[INFO] [stderr]    Compiling quote v1.0.43
[INFO] [stderr]    Compiling libc v0.2.180
[INFO] [stderr]    Compiling log v0.4.29
[INFO] [stderr]    Compiling pin-project-lite v0.2.16
[INFO] [stderr]    Compiling memchr v2.7.6
[INFO] [stderr]    Compiling futures-core v0.3.31
[INFO] [stderr]    Compiling itoa v1.0.17
[INFO] [stderr]    Compiling parking_lot_core v0.9.12
[INFO] [stderr]    Compiling bytes v1.11.0
[INFO] [stderr]    Compiling smallvec v1.15.1
[INFO] [stderr]    Compiling futures-sink v0.3.31
[INFO] [stderr]    Compiling lock_api v0.4.14
[INFO] [stderr]    Compiling typenum v1.19.0
[INFO] [stderr]    Compiling pin-utils v0.1.0
[INFO] [stderr]    Compiling generic-array v0.14.7
[INFO] [stderr]    Compiling zerocopy v0.8.33
[INFO] [stderr]    Compiling futures-io v0.3.31
[INFO] [stderr]    Compiling futures-task v0.3.31
[INFO] [stderr]    Compiling slab v0.4.11
[INFO] [stderr]    Compiling once_cell v1.21.3
[INFO] [stderr]    Compiling crunchy v0.2.4
[INFO] [stderr]    Compiling bitflags v2.10.0
[INFO] [stderr]    Compiling futures-channel v0.3.31
[INFO] [stderr]    Compiling tiny-keccak v2.0.2
[INFO] [stderr]    Compiling tracing-core v0.1.36
[INFO] [stderr]    Compiling zmij v1.0.14
[INFO] [stderr]    Compiling autocfg v1.5.0
[INFO] [stderr]    Compiling cpufeatures v0.2.17
[INFO] [stderr]    Compiling httpdate v1.0.3
[INFO] [stderr]    Compiling crossbeam-utils v0.8.21
[INFO] [stderr]    Compiling serde_json v1.0.149
[INFO] [stderr]    Compiling unicase v2.9.0
[INFO] [stderr]    Compiling utf8parse v0.2.2
[INFO] [stderr]    Compiling signal-hook v0.3.18
[INFO] [stderr]    Compiling anstyle-parse v0.2.7
[INFO] [stderr]    Compiling num-traits v0.2.19
[INFO] [stderr]    Compiling aho-corasick v1.1.4
[INFO] [stderr]    Compiling mime_guess v2.0.5
[INFO] [stderr]    Compiling getrandom v0.3.4
[INFO] [stderr]    Compiling http v1.4.0
[INFO] [stderr]    Compiling regex-syntax v0.8.8
[INFO] [stderr]    Compiling anstyle-query v1.1.5
[INFO] [stderr]    Compiling utf-8 v0.7.6
[INFO] [stderr]    Compiling data-encoding v2.10.0
[INFO] [stderr]    Compiling rustix v1.1.3
[INFO] [stderr]    Compiling is_terminal_polyfill v1.70.2
[INFO] [stderr]    Compiling colorchoice v1.0.4
[INFO] [stderr]    Compiling block-buffer v0.10.4
[INFO] [stderr]    Compiling crypto-common v0.1.7
[INFO] [stderr]    Compiling tracing v0.1.44
[INFO] [stderr]    Compiling byteorder v1.5.0
[INFO] [stderr]    Compiling cfg_aliases v0.1.1
[INFO] [stderr]    Compiling thiserror v2.0.17
[INFO] [stderr]    Compiling syn v2.0.114
[INFO] [stderr]    Compiling rustix v0.38.44
[INFO] [stderr]    Compiling digest v0.10.7
[INFO] [stderr]    Compiling anstyle v1.0.13
[INFO] [stderr]    Compiling nix v0.28.0
[INFO] [stderr]    Compiling sha1 v0.10.6
[INFO] [stderr]    Compiling anstream v0.6.21
[INFO] [stderr]    Compiling http-body v1.0.1
[INFO] [stderr]    Compiling form_urlencoded v1.2.2
[INFO] [stderr]    Compiling getrandom v0.2.17
[INFO] [stderr]    Compiling http-body-util v0.1.3
[INFO] [stderr]    Compiling const-random-macro v0.1.16
[INFO] [stderr]    Compiling strsim v0.11.1
[INFO] [stderr]    Compiling anyhow v1.0.100
[INFO] [stderr]    Compiling linux-raw-sys v0.4.15
[INFO] [stderr]    Compiling const-random v0.1.18
[INFO] [stderr]    Compiling errno v0.3.14
[INFO] [stderr]    Compiling mio v1.1.1
[INFO] [stderr]    Compiling socket2 v0.6.1
[INFO] [stderr]    Compiling signal-hook-registry v1.4.8
[INFO] [stderr]    Compiling parking_lot v0.12.5
[INFO] [stderr]    Compiling rand_core v0.6.4
[INFO] [stderr]    Compiling inotify-sys v0.1.5
[INFO] [stderr]    Compiling ryu v1.0.22
[INFO] [stderr]    Compiling schemars v0.8.22
[INFO] [stderr]    Compiling linux-raw-sys v0.11.0
[INFO] [stderr]    Compiling winnow v0.7.14
[INFO] [stderr]    Compiling ppv-lite86 v0.2.21
[INFO] [stderr]    Compiling clap_lex v0.7.7
[INFO] [stderr]    Compiling toml_write v0.1.2
[INFO] [stderr]    Compiling iana-time-zone v0.1.64
[INFO] [stderr]    Compiling heck v0.5.0
[INFO] [stderr]    Compiling bitflags v1.3.2
[INFO] [stderr]    Compiling dirs-sys v0.4.1
[INFO] [stderr]    Compiling inotify v0.9.6
[INFO] [stderr]    Compiling chrono v0.4.42
[INFO] [stderr]    Compiling rand_chacha v0.3.1
[INFO] [stderr]    Compiling clap_builder v4.5.54
[INFO] [stderr]    Compiling signal-hook-mio v0.2.5
[INFO] [stderr]    Compiling regex-automata v0.4.13
[INFO] [stderr]    Compiling rand v0.8.5
[INFO] [stderr]    Compiling dlv-list v0.5.2
[INFO] [stderr]    Compiling mio v0.8.11
[INFO] [stderr]    Compiling filetime v0.2.26
[INFO] [stderr]    Compiling crossbeam-channel v0.5.15
[INFO] [stderr]    Compiling vte v0.14.1
[INFO] [stderr]    Compiling serde_path_to_error v0.1.20
[INFO] [stderr]    Compiling matchit v0.7.3
[INFO] [stderr]    Compiling dyn-clone v1.0.20
[INFO] [stderr]    Compiling keccak v0.1.5
[INFO] [stderr]    Compiling nu-ansi-term v0.50.3
[INFO] [stderr]    Compiling fastrand v2.3.0
[INFO] [stderr]    Compiling lazy_static v1.5.0
[INFO] [stderr]    Compiling http-range-header v0.4.2
[INFO] [stderr]    Compiling itertools v0.13.0
[INFO] [stderr]    Compiling colored v2.2.0
[INFO] [stderr]    Compiling sha3 v0.10.8
[INFO] [stderr]    Compiling notify v6.1.1
[INFO] [stderr]    Compiling tempfile v3.24.0
[INFO] [stderr]    Compiling strip-ansi-escapes v0.2.1
[INFO] [stderr]    Compiling serde_derive_internals v0.29.1
[INFO] [stderr]    Compiling crossterm v0.28.1
[INFO] [stderr]    Compiling async-condvar-fair v1.0.1
[INFO] [stderr]    Compiling directories v5.0.1
[INFO] [stderr]    Compiling hex v0.4.3
[INFO] [stderr]    Compiling ansi-control-codes v1.0.1
[INFO] [stderr]    Compiling indoc v2.0.7
[INFO] [stderr]    Compiling unicode-segmentation v1.12.0
[INFO] [stderr]    Compiling regex v1.12.2
[INFO] [stderr]    Compiling tokio-macros v2.6.0
[INFO] [stderr]    Compiling futures-macro v0.3.31
[INFO] [stderr]    Compiling serde_derive v1.0.228
[INFO] [stderr]    Compiling futures-util v0.3.31
[INFO] [stderr]    Compiling tokio v1.49.0
[INFO] [stderr]    Compiling thiserror-impl v1.0.69
[INFO] [stderr]    Compiling async-trait v0.1.89
[INFO] [stderr]    Compiling thiserror-impl v2.0.17
[INFO] [stderr]    Compiling clap_derive v4.5.49
[INFO] [stderr]    Compiling async-stream-impl v0.3.6
[INFO] [stderr]    Compiling schemars_derive v0.8.22
[INFO] [stderr]    Compiling async-stream v0.3.6
[INFO] [stderr]    Compiling thiserror v1.0.69
[INFO] [stderr]    Compiling tungstenite v0.24.0
[INFO] [stderr]    Compiling flexi_logger v0.29.8
[INFO] [stderr]    Compiling clap v4.5.54
[INFO] [stderr]    Compiling serde v1.0.228
[INFO] [stderr]    Compiling axum-core v0.4.5
[INFO] [stderr]    Compiling futures-executor v0.3.31
[INFO] [stderr]    Compiling futures v0.3.31
[INFO] [stderr]    Compiling toml_datetime v0.6.11
[INFO] [stderr]    Compiling serde_spanned v0.6.9
[INFO] [stderr]    Compiling serde_urlencoded v0.7.1
[INFO] [stderr]    Compiling toml_edit v0.22.27
[INFO] [stderr]    Compiling hyper v1.8.1
[INFO] [stderr]    Compiling tower v0.5.3
[INFO] [stderr]    Compiling tokio-tungstenite v0.24.0
[INFO] [stderr]    Compiling tokio-util v0.7.18
[INFO] [stderr]    Compiling tower-http v0.6.8
[INFO] [stderr]    Compiling toml v0.8.23
[INFO] [stderr]    Compiling hyper-util v0.1.19
[INFO] [stderr]    Compiling axum v0.7.9
[INFO] [stderr]    Compiling limmat v0.2.8 (/opt/rustwide/workdir)
[INFO] [stdout] warning: unused import: `arg`
[INFO] [stdout]  --> src/main.rs:2:12
[INFO] [stdout]   |
[INFO] [stdout] 2 | use clap::{arg, Parser as _, Subcommand, ValueEnum};
[INFO] [stdout]   |            ^^^
[INFO] [stdout]   |
[INFO] [stdout]   = note: `#[warn(unused_imports)]` (part of `#[warn(unused)]`) on by default
[INFO] [stdout] 
[INFO] [stdout] 
[INFO] [stdout] warning: use of deprecated method `tempfile::TempDir::into_path`: use TempDir::keep()
[INFO] [stdout]    --> src/main.rs:571:62
[INFO] [stdout]     |
[INFO] [stdout] 571 |     let output_dir = TempDir::with_prefix("limmat-output-")?.into_path();
[INFO] [stdout]     |                                                              ^^^^^^^^^
[INFO] [stdout]     |
[INFO] [stdout]     = note: `#[warn(deprecated)]` on by default
[INFO] [stdout] 
[INFO] [stdout] 
[INFO] [stderr]     Finished `release` profile [optimized] target(s) in 1m 01s
[INFO] running `Command { std: "docker" "inspect" "cd0cdfe8b666383eebf55c46f6ed70dffe098fb19d56ea6da6af1b1e48690889", kill_on_drop: false }`
[INFO] running `Command { std: "docker" "exec" "-e" "SOURCE_DIR=/opt/rustwide/workdir" "-e" "CARGO_HOME=/opt/rustwide/cargo-home" "-e" "RUSTUP_HOME=/opt/rustwide/rustup-home" "-e" "CARGO_TARGET_DIR=/opt/rustwide/target" "-e" "CARGO_INCREMENTAL=0" "-e" "RUST_BACKTRACE=full" "-e" "RUSTFLAGS=--cap-lints=warn" "-e" "RUSTDOCFLAGS=--cap-lints=warn" "-w" "/opt/rustwide/workdir" "--user" "0:0" "cd0cdfe8b666383eebf55c46f6ed70dffe098fb19d56ea6da6af1b1e48690889" "/opt/rustwide/cargo-home/bin/cargo" "+1.99.0-beta.8" "test" "--frozen" "--no-run" "--message-format=json" "--release", kill_on_drop: false }`
[INFO] [stderr]    Compiling num-traits v0.2.19
[INFO] [stderr]    Compiling test-case-core v3.3.1
[INFO] [stderr]    Compiling googletest_macro v0.12.0
[INFO] [stderr]    Compiling diff v0.1.13
[INFO] [stderr]    Compiling glob v0.3.3
[INFO] [stderr]    Compiling test_bin v0.4.0
[INFO] [stderr]    Compiling pretty_assertions v1.4.1
[INFO] [stderr]    Compiling test-case-macros v3.3.1
[INFO] [stderr]    Compiling chrono v0.4.42
[INFO] [stderr]    Compiling googletest v0.12.0
[INFO] [stderr]    Compiling test-case v3.3.1
[INFO] [stderr]    Compiling flexi_logger v0.29.8
[INFO] [stderr]    Compiling limmat v0.2.8 (/opt/rustwide/workdir)
[INFO] [stdout] warning: unused import: `arg`
[INFO] [stdout]  --> src/main.rs:2:12
[INFO] [stdout]   |
[INFO] [stdout] 2 | use clap::{arg, Parser as _, Subcommand, ValueEnum};
[INFO] [stdout]   |            ^^^
[INFO] [stdout]   |
[INFO] [stdout]   = note: `#[warn(unused_imports)]` (part of `#[warn(unused)]`) on by default
[INFO] [stdout] 
[INFO] [stdout] 
[INFO] [stdout] warning: unused import: `arg`
[INFO] [stdout]  --> src/main.rs:2:12
[INFO] [stdout]   |
[INFO] [stdout] 2 | use clap::{arg, Parser as _, Subcommand, ValueEnum};
[INFO] [stdout]   |            ^^^
[INFO] [stdout]   |
[INFO] [stdout]   = note: `#[warn(unused_imports)]` (part of `#[warn(unused)]`) on by default
[INFO] [stdout] 
[INFO] [stdout] 
[INFO] [stdout] warning: use of deprecated method `tempfile::TempDir::into_path`: use TempDir::keep()
[INFO] [stdout]    --> src/main.rs:571:62
[INFO] [stdout]     |
[INFO] [stdout] 571 |     let output_dir = TempDir::with_prefix("limmat-output-")?.into_path();
[INFO] [stdout]     |                                                              ^^^^^^^^^
[INFO] [stdout]     |
[INFO] [stdout]     = note: `#[warn(deprecated)]` on by default
[INFO] [stdout] 
[INFO] [stdout] 
[INFO] [stdout] warning: use of deprecated method `tempfile::TempDir::into_path`: use TempDir::keep()
[INFO] [stdout]    --> src/main.rs:571:62
[INFO] [stdout]     |
[INFO] [stdout] 571 |     let output_dir = TempDir::with_prefix("limmat-output-")?.into_path();
[INFO] [stdout]     |                                                              ^^^^^^^^^
[INFO] [stdout]     |
[INFO] [stdout]     = note: `#[warn(deprecated)]` on by default
[INFO] [stdout] 
[INFO] [stdout] 
[INFO] [stdout] warning: use of deprecated method `tempfile::TempDir::into_path`: use TempDir::keep()
[INFO] [stdout]     --> src/test.rs:1653:42
[INFO] [stdout]      |
[INFO] [stdout] 1653 |                 let db_dir_path = db_dir.into_path(); // Stops it from being deleted.
[INFO] [stdout]      |                                          ^^^^^^^^^
[INFO] [stdout] 
[INFO] [stdout] 
[INFO] [stderr]     Finished `release` profile [optimized] target(s) in 20.96s
[INFO] running `Command { std: "docker" "inspect" "cd0cdfe8b666383eebf55c46f6ed70dffe098fb19d56ea6da6af1b1e48690889", kill_on_drop: false }`
[INFO] running `Command { std: "docker" "exec" "-e" "SOURCE_DIR=/opt/rustwide/workdir" "-e" "CARGO_HOME=/opt/rustwide/cargo-home" "-e" "RUSTUP_HOME=/opt/rustwide/rustup-home" "-e" "CARGO_TARGET_DIR=/opt/rustwide/target" "-e" "CARGO_INCREMENTAL=0" "-e" "RUST_BACKTRACE=full" "-e" "RUSTFLAGS=--cap-lints=warn" "-e" "RUSTDOCFLAGS=--cap-lints=warn" "-w" "/opt/rustwide/workdir" "--user" "0:0" "cd0cdfe8b666383eebf55c46f6ed70dffe098fb19d56ea6da6af1b1e48690889" "/opt/rustwide/cargo-home/bin/cargo" "+1.99.0-beta.8" "test" "--frozen" "--release", kill_on_drop: false }`
[INFO] [stderr] warning: unused import: `arg`
[INFO] [stderr]  --> src/main.rs:2:12
[INFO] [stderr]   |
[INFO] [stderr] 2 | use clap::{arg, Parser as _, Subcommand, ValueEnum};
[INFO] [stderr]   |            ^^^
[INFO] [stderr]   |
[INFO] [stderr]   = note: `#[warn(unused_imports)]` (part of `#[warn(unused)]`) on by default
[INFO] [stderr] 
[INFO] [stderr] warning: use of deprecated method `tempfile::TempDir::into_path`: use TempDir::keep()
[INFO] [stderr]    --> src/main.rs:571:62
[INFO] [stderr]     |
[INFO] [stderr] 571 |     let output_dir = TempDir::with_prefix("limmat-output-")?.into_path();
[INFO] [stderr]     |                                                              ^^^^^^^^^
[INFO] [stderr]     |
[INFO] [stderr]     = note: `#[warn(deprecated)]` on by default
[INFO] [stderr] 
[INFO] [stderr] warning: `limmat` (bin "limmat") generated 2 warnings (run `cargo fix --bin "limmat" -p limmat` to apply 1 suggestion)
[INFO] [stderr] warning: use of deprecated method `tempfile::TempDir::into_path`: use TempDir::keep()
[INFO] [stderr]     --> src/test.rs:1653:42
[INFO] [stderr]      |
[INFO] [stderr] 1653 |                 let db_dir_path = db_dir.into_path(); // Stops it from being deleted.
[INFO] [stderr]      |                                          ^^^^^^^^^
[INFO] [stderr] 
[INFO] [stderr] warning: `limmat` (bin "limmat" test) generated 3 warnings (2 duplicates)
[INFO] [stderr]     Finished `release` profile [optimized] target(s) in 0.17s
[INFO] [stderr]      Running unittests src/main.rs (/opt/rustwide/target/release/deps/limmat-7450b19c5c3a82fb)
[INFO] [stdout] 
[INFO] [stdout] running 46 tests
[INFO] [stdout] test config::tests::test_json_schema_updated ... ok
[INFO] [stdout] test config::tests::test_default_dependency_failure ... ok
[INFO] [stdout] test dag::tests::test_bottom_up::diamond ... ok
[INFO] [stdout] test dag::tests::test_graph_validity::self_link ... ok
[INFO] [stdout] test dag::tests::test_top_down::one_edge ... ok
[INFO] [stdout] test config::tests::test_default_filtering ... ok
[INFO] [stdout] test dag::tests::test_bottom_up::empty ... ok
[INFO] [stdout] test dag::tests::test_graph_validity::one_edge ... ok
[INFO] [stdout] test dag::tests::test_graph_validity::no_child ... ok
[INFO] [stdout] test dag::tests::test_bottom_up::one_edge ... ok
[INFO] [stdout] test dag::tests::test_graph_validity::tree ... ok
[INFO] [stdout] test resource::tests::test_pools_get_some ... ok
[INFO] [stdout] test resource::tests::test_pools_one_empty_blocks::two_empty ... ok
[INFO] [stdout] test dag::tests::test_top_down::trees_1 ... ok
[INFO] [stdout] test dag::tests::test_top_down::trees_2 ... ok
[INFO] [stdout] test dag::tests::test_bottom_up::tree ... ok
[INFO] [stdout] test dag::tests::test_graph_validity::empty ... ok
[INFO] [stdout] test dag::tests::test_graph_validity::trees ... ok
[INFO] [stdout] test dag::tests::test_top_down::asymmetric_diamond ... ok
[INFO] [stdout] test dag::tests::test_top_down::tree ... ok
[INFO] [stdout] test dag::tests::test_top_down::tree_non_root ... ok
[INFO] [stdout] test dag::tests::test_graph_validity::a_loop ... ok
[INFO] [stdout] test dag::tests::test_bottom_up::trees ... ok
[INFO] [stdout] test config::tests::test_readme_snippets ... ok
[INFO] [stdout] test database::tests::test_corrupted_result ... ok
[INFO] [stdout] test git::tests::test_new_gitdir_notgit ... ok
[INFO] [stdout] test git::tests::test_new_gitdir_file_notgit ... ok
[INFO] [stdout] test test::tests::should_cancel_waiting_for_deps ... FAILED
[INFO] [stdout] test test::tests::should_handle_many::single_worktree_one_test ... FAILED
[INFO] [stdout] test test::tests::test_job_env ... FAILED
[INFO] [stdout] test test::tests::should_handle_many::multiple_worktrees_multiple_tests ... FAILED
[INFO] [stdout] test test::tests::should_wait_for_dependencies::failed_shouldn_t_start ... FAILED
[INFO] [stdout] test test::tests::should_not_cache ... FAILED
[INFO] [stdout] test test::tests::should_not_start_canceled ... FAILED
[INFO] [stdout] test test::tests::should_handle_many::multiple_worktrees_one_test ... FAILED
[INFO] [stdout] test test::tests::should_run_single ... FAILED
[INFO] [stdout] test test::tests::should_not_require_worktree ... FAILED
[INFO] [stdout] test test::tests::should_respect_resource_limits ... FAILED
[INFO] [stdout] test test::tests::should_not_settle ... FAILED
[INFO] [stdout] test test::tests::should_cancel_running ... FAILED
[INFO] [stdout] test test::tests::should_cache_results ... FAILED
[INFO] [stdout] test test::tests::should_wait_for_dependencies::succeeded_should_start ... FAILED
[INFO] [stdout] test test::tests::should_wait_for_dependencies::blocked_shouldn_t_start ... FAILED
[INFO] [stdout] test ui::tests::output_buffer_empty ... FAILED
[INFO] [stdout] test ui::tests::output_buffer_octopus ... FAILED
[INFO] [stdout] test ui::tests::output_buffer_smoke ... FAILED
[INFO] [stdout] 
[INFO] [stdout] failures:
[INFO] [stdout] 
[INFO] [stdout] ---- test::tests::should_cancel_waiting_for_deps stdout ----
[INFO] [stdout] 
[INFO] [stdout] thread 'test::tests::should_cancel_waiting_for_deps' (3456) panicked at src/test.rs:1549:14:
[INFO] [stdout] couldn't create base commit: 'git commit' failed
[INFO] [stdout] 
[INFO] [stdout] Caused by:
[INFO] [stdout]     failed with exit code 128. stderr:
[INFO] [stdout]     Author identity unknown
[INFO] [stdout]     
[INFO] [stdout]     *** Please tell me who you are.
[INFO] [stdout]     
[INFO] [stdout]     Run
[INFO] [stdout]     
[INFO] [stdout]       git config --global user.email "you@example.com"
[INFO] [stdout]       git config --global user.name "Your Name"
[INFO] [stdout]     
[INFO] [stdout]     to set your account's default identity.
[INFO] [stdout]     Omit --global to set the identity only in this repository.
[INFO] [stdout]     
[INFO] [stdout]     fatal: unable to auto-detect email address (got 'root@cd0cdfe8b666.(none)')
[INFO] [stdout]     
[INFO] [stdout]     stdout:
[INFO] [stdout]     
[INFO] [stdout] 
[INFO] [stdout] Stack backtrace:
[INFO] [stdout]    0: <anyhow::Error>::msg::<alloc::string::String>
[INFO] [stdout]    1: <std::process::Output as limmat::process::OutputExt>::ok
[INFO] [stdout]    2: <limmat::git::GitCommand>::execute::{closure#0}
[INFO] [stdout]    3: <limmat::git::test_utils::TempRepo as limmat::git::test_utils::WorktreeExt>::commit::<&str>::{closure#0}
[INFO] [stdout]    4: <limmat::test::tests::TestScriptFixtureBuilder>::build::{closure#0}
[INFO] [stdout]    5: limmat::test::tests::should_cancel_waiting_for_deps::{closure#0}
[INFO] [stdout]    6: <tokio::runtime::scheduler::current_thread::Context>::enter::<core::task::poll::Poll<()>, <tokio::runtime::scheduler::current_thread::CoreGuard>::block_on<core::pin::Pin<&mut core::pin::Pin<&mut dyn core::future::future::Future<Output = ()>>>>::{closure#0}::{closure#0}>
[INFO] [stdout]    7: <tokio::runtime::context::scoped::Scoped<tokio::runtime::scheduler::Context>>::set::<<tokio::runtime::scheduler::current_thread::CoreGuard>::enter<<tokio::runtime::scheduler::current_thread::CoreGuard>::block_on<core::pin::Pin<&mut core::pin::Pin<&mut dyn core::future::future::Future<Output = ()>>>>::{closure#0}, core::option::Option<()>>::{closure#0}, (alloc::boxed::Box<tokio::runtime::scheduler::current_thread::Core>, core::option::Option<()>)>
[INFO] [stdout]    8: <tokio::runtime::scheduler::current_thread::CoreGuard>::block_on::<core::pin::Pin<&mut core::pin::Pin<&mut dyn core::future::future::Future<Output = ()>>>>
[INFO] [stdout]    9: tokio::runtime::context::runtime::enter_runtime::<<tokio::runtime::scheduler::current_thread::CurrentThread>::block_on<core::pin::Pin<&mut dyn core::future::future::Future<Output = ()>>>::{closure#0}, ()>
[INFO] [stdout]   10: <tokio::runtime::runtime::Runtime>::block_on::<core::pin::Pin<&mut dyn core::future::future::Future<Output = ()>>>
[INFO] [stdout]   11: limmat::test::tests::should_cancel_waiting_for_deps
[INFO] [stdout]   12: <limmat::test::tests::should_cancel_waiting_for_deps::{closure#0} as core::ops::function::FnOnce<()>>::call_once
[INFO] [stdout]   13: test::__rust_begin_short_backtrace::<core::result::Result<(), alloc::string::String>, fn() -> core::result::Result<(), alloc::string::String>>
[INFO] [stdout]   14: test::run_test::{closure#0}
[INFO] [stdout]   15: std::sys::backtrace::__rust_begin_short_backtrace::<test::run_test::{closure#1}, ()>
[INFO] [stdout]   16: <std::thread::lifecycle::spawn_unchecked<test::run_test::{closure#1}, ()>::{closure#1} as core::ops::function::FnOnce<()>>::call_once::{shim:vtable#0}
[INFO] [stdout]   17: <std::sys::thread::unix::Thread>::new::thread_start
[INFO] [stdout]   18: <unknown>
[INFO] [stdout]   19: clone
[INFO] [stdout] stack backtrace:
[INFO] [stdout]    0:     0x5d365f0f72e1 - <<std[70759c8f55707aa4]::sys::backtrace::BacktraceLock>::print::DisplayBacktrace as core[df12db4294e9bfd3]::fmt::Display>::fmt
[INFO] [stdout]    1:     0x5d365f10e1ca - core[df12db4294e9bfd3]::fmt::write
[INFO] [stdout]    2:     0x5d365f0fc2fc - <alloc[2182bb758b4b3781]::vec::Vec<u8> as core[df12db4294e9bfd3]::io::write::Write>::write_fmt
[INFO] [stdout]    3:     0x5d365f0d0b46 - std[70759c8f55707aa4]::panicking::default_hook::{closure#0}
[INFO] [stdout]    4:     0x5d365f0ee689 - std[70759c8f55707aa4]::panicking::default_hook
[INFO] [stdout]    5:     0x5d365ef74020 - test[9d35eded1c95d3be]::test_main_inner::<test[9d35eded1c95d3be]::test_main_static::{closure#0}>::{closure#0}
[INFO] [stdout]    6:     0x5d365f0ee9b2 - std[70759c8f55707aa4]::panicking::panic_with_hook
[INFO] [stdout]    7:     0x5d365f0d0bf2 - std[70759c8f55707aa4]::panicking::panic_handler::{closure#0}
[INFO] [stdout]    8:     0x5d365f0c9109 - std[70759c8f55707aa4]::sys::backtrace::__rust_end_short_backtrace::<std[70759c8f55707aa4]::panicking::panic_handler::{closure#0}, !>
[INFO] [stdout]    9:     0x5d365f0d18fd - __rustc[8fa7c3cbc660c2b3]::rust_begin_unwind
[INFO] [stdout]   10:     0x5d365f10e9ac - core[df12db4294e9bfd3]::panicking::panic_fmt
[INFO] [stdout]   11:     0x5d365f10e782 - core[df12db4294e9bfd3]::result::unwrap_failed
[INFO] [stdout]   12:     0x5d365ee5c944 - <limmat[29c22f5bf6d82f9d]::test::tests::TestScriptFixtureBuilder>::build::{closure#0}
[INFO] [stdout]   13:     0x5d365ee6c965 - limmat[29c22f5bf6d82f9d]::test::tests::should_cancel_waiting_for_deps::{closure#0}
[INFO] [stdout]   14:     0x5d365eeeb523 - <tokio[1a99e81b75638eb6]::runtime::scheduler::current_thread::Context>::enter::<core[df12db4294e9bfd3]::task::poll::Poll<()>, <tokio[1a99e81b75638eb6]::runtime::scheduler::current_thread::CoreGuard>::block_on<core[df12db4294e9bfd3]::pin::Pin<&mut core[df12db4294e9bfd3]::pin::Pin<&mut dyn core[df12db4294e9bfd3]::future::future::Future<Output = ()>>>>::{closure#0}::{closure#0}>
[INFO] [stdout]   15:     0x5d365ef29abc - <tokio[1a99e81b75638eb6]::runtime::context::scoped::Scoped<tokio[1a99e81b75638eb6]::runtime::scheduler::Context>>::set::<<tokio[1a99e81b75638eb6]::runtime::scheduler::current_thread::CoreGuard>::enter<<tokio[1a99e81b75638eb6]::runtime::scheduler::current_thread::CoreGuard>::block_on<core[df12db4294e9bfd3]::pin::Pin<&mut core[df12db4294e9bfd3]::pin::Pin<&mut dyn core[df12db4294e9bfd3]::future::future::Future<Output = ()>>>>::{closure#0}, core[df12db4294e9bfd3]::option::Option<()>>::{closure#0}, (alloc[2182bb758b4b3781]::boxed::Box<tokio[1a99e81b75638eb6]::runtime::scheduler::current_thread::Core>, core[df12db4294e9bfd3]::option::Option<()>)>
[INFO] [stdout]   16:     0x5d365eeebb67 - <tokio[1a99e81b75638eb6]::runtime::scheduler::current_thread::CoreGuard>::block_on::<core[df12db4294e9bfd3]::pin::Pin<&mut core[df12db4294e9bfd3]::pin::Pin<&mut dyn core[df12db4294e9bfd3]::future::future::Future<Output = ()>>>>
[INFO] [stdout]   17:     0x5d365ef31d2d - tokio[1a99e81b75638eb6]::runtime::context::runtime::enter_runtime::<<tokio[1a99e81b75638eb6]::runtime::scheduler::current_thread::CurrentThread>::block_on<core[df12db4294e9bfd3]::pin::Pin<&mut dyn core[df12db4294e9bfd3]::future::future::Future<Output = ()>>>::{closure#0}, ()>
[INFO] [stdout]   18:     0x5d365eeeb175 - <tokio[1a99e81b75638eb6]::runtime::runtime::Runtime>::block_on::<core[df12db4294e9bfd3]::pin::Pin<&mut dyn core[df12db4294e9bfd3]::future::future::Future<Output = ()>>>
[INFO] [stdout]   19:     0x5d365ee7100b - limmat[29c22f5bf6d82f9d]::test::tests::should_cancel_waiting_for_deps
[INFO] [stdout]   20:     0x5d365eeab3e9 - <limmat[29c22f5bf6d82f9d]::test::tests::should_cancel_waiting_for_deps::{closure#0} as core[df12db4294e9bfd3]::ops::function::FnOnce<()>>::call_once
[INFO] [stdout]   21:     0x5d365ef6730b - test[9d35eded1c95d3be]::__rust_begin_short_backtrace::<core[df12db4294e9bfd3]::result::Result<(), alloc[2182bb758b4b3781]::string::String>, fn() -> core[df12db4294e9bfd3]::result::Result<(), alloc[2182bb758b4b3781]::string::String>>
[INFO] [stdout]   22:     0x5d365ef74975 - test[9d35eded1c95d3be]::run_test::{closure#0}
[INFO] [stdout]   23:     0x5d365ef6e234 - std[70759c8f55707aa4]::sys::backtrace::__rust_begin_short_backtrace::<test[9d35eded1c95d3be]::run_test::{closure#1}, ()>
[INFO] [stdout]   24:     0x5d365ef77ad2 - <std[70759c8f55707aa4]::thread::lifecycle::spawn_unchecked<test[9d35eded1c95d3be]::run_test::{closure#1}, ()>::{closure#1} as core[df12db4294e9bfd3]::ops::function::FnOnce<()>>::call_once::{shim:vtable#0}
[INFO] [stdout]   25:     0x5d365f0f6839 - <std[70759c8f55707aa4]::sys::thread::unix::Thread>::new::thread_start
[INFO] [stdout]   26:     0x7b06fa71fdfa - <unknown>
[INFO] [stdout]   27:     0x7b06fa7b33d4 - clone
[INFO] [stdout]   28:                0x0 - <unknown>
[INFO] [stdout] 
[INFO] [stdout] ---- test::tests::should_handle_many::single_worktree_one_test stdout ----
[INFO] [stdout] 
[INFO] [stdout] thread 'test::tests::should_handle_many::single_worktree_one_test' (3461) panicked at src/test.rs:1549:14:
[INFO] [stdout] couldn't create base commit: 'git commit' failed
[INFO] [stdout] 
[INFO] [stdout] Caused by:
[INFO] [stdout]     failed with exit code 128. stderr:
[INFO] [stdout]     Author identity unknown
[INFO] [stdout]     
[INFO] [stdout]     *** Please tell me who you are.
[INFO] [stdout]     
[INFO] [stdout]     Run
[INFO] [stdout]     
[INFO] [stdout]       git config --global user.email "you@example.com"
[INFO] [stdout]       git config --global user.name "Your Name"
[INFO] [stdout]     
[INFO] [stdout]     to set your account's default identity.
[INFO] [stdout]     Omit --global to set the identity only in this repository.
[INFO] [stdout]     
[INFO] [stdout]     fatal: unable to auto-detect email address (got 'root@cd0cdfe8b666.(none)')
[INFO] [stdout]     
[INFO] [stdout]     stdout:
[INFO] [stdout]     
[INFO] [stdout] 
[INFO] [stdout] Stack backtrace:
[INFO] [stdout]    0: <anyhow::Error>::msg::<alloc::string::String>
[INFO] [stdout]    1: <std::process::Output as limmat::process::OutputExt>::ok
[INFO] [stdout]    2: <limmat::git::GitCommand>::execute::{closure#0}
[INFO] [stdout]    3: limmat::test::tests::should_handle_many::{closure#0}
[INFO] [stdout]    4: limmat::test::tests::should_handle_many::single_worktree_one_test::{closure#0}
[INFO] [stdout]    5: <tokio::runtime::scheduler::current_thread::Context>::enter::<core::task::poll::Poll<()>, <tokio::runtime::scheduler::current_thread::CoreGuard>::block_on<core::pin::Pin<&mut core::pin::Pin<&mut dyn core::future::future::Future<Output = ()>>>>::{closure#0}::{closure#0}>
[INFO] [stdout]    6: <tokio::runtime::context::scoped::Scoped<tokio::runtime::scheduler::Context>>::set::<<tokio::runtime::scheduler::current_thread::CoreGuard>::enter<<tokio::runtime::scheduler::current_thread::CoreGuard>::block_on<core::pin::Pin<&mut core::pin::Pin<&mut dyn core::future::future::Future<Output = ()>>>>::{closure#0}, core::option::Option<()>>::{closure#0}, (alloc::boxed::Box<tokio::runtime::scheduler::current_thread::Core>, core::option::Option<()>)>
[INFO] [stdout]    7: <tokio::runtime::scheduler::current_thread::CoreGuard>::block_on::<core::pin::Pin<&mut core::pin::Pin<&mut dyn core::future::future::Future<Output = ()>>>>
[INFO] [stdout]    8: tokio::runtime::context::runtime::enter_runtime::<<tokio::runtime::scheduler::current_thread::CurrentThread>::block_on<core::pin::Pin<&mut dyn core::future::future::Future<Output = ()>>>::{closure#0}, ()>
[INFO] [stdout]    9: <tokio::runtime::runtime::Runtime>::block_on::<core::pin::Pin<&mut dyn core::future::future::Future<Output = ()>>>
[INFO] [stdout]   10: limmat::test::tests::should_handle_many::single_worktree_one_test
[INFO] [stdout]   11: <limmat::test::tests::should_handle_many::single_worktree_one_test::{closure#0} as core::ops::function::FnOnce<()>>::call_once
[INFO] [stdout]   12: test::__rust_begin_short_backtrace::<core::result::Result<(), alloc::string::String>, fn() -> core::result::Result<(), alloc::string::String>>
[INFO] [stdout]   13: test::run_test::{closure#0}
[INFO] [stdout]   14: std::sys::backtrace::__rust_begin_short_backtrace::<test::run_test::{closure#1}, ()>
[INFO] [stdout]   15: <std::thread::lifecycle::spawn_unchecked<test::run_test::{closure#1}, ()>::{closure#1} as core::ops::function::FnOnce<()>>::call_once::{shim:vtable#0}
[INFO] [stdout]   16: <std::sys::thread::unix::Thread>::new::thread_start
[INFO] [stdout]   17: <unknown>
[INFO] [stdout]   18: clone
[INFO] [stdout] stack backtrace:
[INFO] [stdout]    0:     0x5d365f0f72e1 - <<std[70759c8f55707aa4]::sys::backtrace::BacktraceLock>::print::DisplayBacktrace as core[df12db4294e9bfd3]::fmt::Display>::fmt
[INFO] [stdout]    1:     0x5d365f10e1ca - core[df12db4294e9bfd3]::fmt::write
[INFO] [stdout]    2:     0x5d365f0fc2fc - <alloc[2182bb758b4b3781]::vec::Vec<u8> as core[df12db4294e9bfd3]::io::write::Write>::write_fmt
[INFO] [stdout]    3:     0x5d365f0d0b46 - std[70759c8f55707aa4]::panicking::default_hook::{closure#0}
[INFO] [stdout]    4:     0x5d365f0ee689 - std[70759c8f55707aa4]::panicking::default_hook
[INFO] [stdout]    5:     0x5d365ef74020 - test[9d35eded1c95d3be]::test_main_inner::<test[9d35eded1c95d3be]::test_main_static::{closure#0}>::{closure#0}
[INFO] [stdout]    6:     0x5d365f0ee9b2 - std[70759c8f55707aa4]::panicking::panic_with_hook
[INFO] [stdout]    7:     0x5d365f0d0bf2 - std[70759c8f55707aa4]::panicking::panic_handler::{closure#0}
[INFO] [stdout]    8:     0x5d365f0c9109 - std[70759c8f55707aa4]::sys::backtrace::__rust_end_short_backtrace::<std[70759c8f55707aa4]::panicking::panic_handler::{closure#0}, !>
[INFO] [stdout]    9:     0x5d365f0d18fd - __rustc[8fa7c3cbc660c2b3]::rust_begin_unwind
[INFO] [stdout]   10:     0x5d365f10e9ac - core[df12db4294e9bfd3]::panicking::panic_fmt
[INFO] [stdout]   11:     0x5d365f10e782 - core[df12db4294e9bfd3]::result::unwrap_failed
[INFO] [stdout]   12:     0x5d365eef8344 - limmat[29c22f5bf6d82f9d]::test::tests::should_handle_many::{closure#0}
[INFO] [stdout]   13:     0x5d365eefac3d - limmat[29c22f5bf6d82f9d]::test::tests::should_handle_many::single_worktree_one_test::{closure#0}
[INFO] [stdout]   14:     0x5d365eeeb523 - <tokio[1a99e81b75638eb6]::runtime::scheduler::current_thread::Context>::enter::<core[df12db4294e9bfd3]::task::poll::Poll<()>, <tokio[1a99e81b75638eb6]::runtime::scheduler::current_thread::CoreGuard>::block_on<core[df12db4294e9bfd3]::pin::Pin<&mut core[df12db4294e9bfd3]::pin::Pin<&mut dyn core[df12db4294e9bfd3]::future::future::Future<Output = ()>>>>::{closure#0}::{closure#0}>
[INFO] [stdout]   15:     0x5d365ef29abc - <tokio[1a99e81b75638eb6]::runtime::context::scoped::Scoped<tokio[1a99e81b75638eb6]::runtime::scheduler::Context>>::set::<<tokio[1a99e81b75638eb6]::runtime::scheduler::current_thread::CoreGuard>::enter<<tokio[1a99e81b75638eb6]::runtime::scheduler::current_thread::CoreGuard>::block_on<core[df12db4294e9bfd3]::pin::Pin<&mut core[df12db4294e9bfd3]::pin::Pin<&mut dyn core[df12db4294e9bfd3]::future::future::Future<Output = ()>>>>::{closure#0}, core[df12db4294e9bfd3]::option::Option<()>>::{closure#0}, (alloc[2182bb758b4b3781]::boxed::Box<tokio[1a99e81b75638eb6]::runtime::scheduler::current_thread::Core>, core[df12db4294e9bfd3]::option::Option<()>)>
[INFO] [stdout]   16:     0x5d365eeebb67 - <tokio[1a99e81b75638eb6]::runtime::scheduler::current_thread::CoreGuard>::block_on::<core[df12db4294e9bfd3]::pin::Pin<&mut core[df12db4294e9bfd3]::pin::Pin<&mut dyn core[df12db4294e9bfd3]::future::future::Future<Output = ()>>>>
[INFO] [stdout]   17:     0x5d365ef31d2d - tokio[1a99e81b75638eb6]::runtime::context::runtime::enter_runtime::<<tokio[1a99e81b75638eb6]::runtime::scheduler::current_thread::CurrentThread>::block_on<core[df12db4294e9bfd3]::pin::Pin<&mut dyn core[df12db4294e9bfd3]::future::future::Future<Output = ()>>>::{closure#0}, ()>
[INFO] [stdout]   18:     0x5d365eeeb175 - <tokio[1a99e81b75638eb6]::runtime::runtime::Runtime>::block_on::<core[df12db4294e9bfd3]::pin::Pin<&mut dyn core[df12db4294e9bfd3]::future::future::Future<Output = ()>>>
[INFO] [stdout]   19:     0x5d365eefc6eb - limmat[29c22f5bf6d82f9d]::test::tests::should_handle_many::single_worktree_one_test
[INFO] [stdout]   20:     0x5d365eeabb29 - <limmat[29c22f5bf6d82f9d]::test::tests::should_handle_many::single_worktree_one_test::{closure#0} as core[df12db4294e9bfd3]::ops::function::FnOnce<()>>::call_once
[INFO] [stdout]   21:     0x5d365ef6730b - test[9d35eded1c95d3be]::__rust_begin_short_backtrace::<core[df12db4294e9bfd3]::result::Result<(), alloc[2182bb758b4b3781]::string::String>, fn() -> core[df12db4294e9bfd3]::result::Result<(), alloc[2182bb758b4b3781]::string::String>>
[INFO] [stdout]   22:     0x5d365ef74975 - test[9d35eded1c95d3be]::run_test::{closure#0}
[INFO] [stdout]   23:     0x5d365ef6e234 - std[70759c8f55707aa4]::sys::backtrace::__rust_begin_short_backtrace::<test[9d35eded1c95d3be]::run_test::{closure#1}, ()>
[INFO] [stdout]   24:     0x5d365ef77ad2 - <std[70759c8f55707aa4]::thread::lifecycle::spawn_unchecked<test[9d35eded1c95d3be]::run_test::{closure#1}, ()>::{closure#1} as core[df12db4294e9bfd3]::ops::function::FnOnce<()>>::call_once::{shim:vtable#0}
[INFO] [stdout]   25:     0x5d365f0f6839 - <std[70759c8f55707aa4]::sys::thread::unix::Thread>::new::thread_start
[INFO] [stdout]   26:     0x7b06fa71fdfa - <unknown>
[INFO] [stdout]   27:     0x7b06fa7b33d4 - clone
[INFO] [stdout]   28:                0x0 - <unknown>
[INFO] [stdout] 
[INFO] [stdout] ---- test::tests::test_job_env stdout ----
[INFO] [stdout] 
[INFO] [stdout] thread 'test::tests::test_job_env' (3482) panicked at src/test.rs:1970:14:
[INFO] [stdout] couldn't create test commit: 'git commit' failed
[INFO] [stdout] 
[INFO] [stdout] Caused by:
[INFO] [stdout]     failed with exit code 128. stderr:
[INFO] [stdout]     Author identity unknown
[INFO] [stdout]     
[INFO] [stdout]     *** Please tell me who you are.
[INFO] [stdout]     
[INFO] [stdout]     Run
[INFO] [stdout]     
[INFO] [stdout]       git config --global user.email "you@example.com"
[INFO] [stdout]       git config --global user.name "Your Name"
[INFO] [stdout]     
[INFO] [stdout]     to set your account's default identity.
[INFO] [stdout]     Omit --global to set the identity only in this repository.
[INFO] [stdout]     
[INFO] [stdout]     fatal: unable to auto-detect email address (got 'root@cd0cdfe8b666.(none)')
[INFO] [stdout]     
[INFO] [stdout]     stdout:
[INFO] [stdout]     
[INFO] [stdout] 
[INFO] [stdout] Stack backtrace:
[INFO] [stdout]    0: <anyhow::Error>::msg::<alloc::string::String>
[INFO] [stdout]    1: <std::process::Output as limmat::process::OutputExt>::ok
[INFO] [stdout]    2: <limmat::git::GitCommand>::execute::{closure#0}
[INFO] [stdout]    3: <limmat::git::test_utils::TempRepo as limmat::git::test_utils::WorktreeExt>::commit::<&str>::{closure#0}
[INFO] [stdout]    4: limmat::test::tests::test_job_env::{closure#0}
[INFO] [stdout]    5: <tokio::runtime::scheduler::current_thread::Context>::enter::<core::task::poll::Poll<()>, <tokio::runtime::scheduler::current_thread::CoreGuard>::block_on<core::pin::Pin<&mut core::pin::Pin<&mut dyn core::future::future::Future<Output = ()>>>>::{closure#0}::{closure#0}>
[INFO] [stdout]    6: <tokio::runtime::context::scoped::Scoped<tokio::runtime::scheduler::Context>>::set::<<tokio::runtime::scheduler::current_thread::CoreGuard>::enter<<tokio::runtime::scheduler::current_thread::CoreGuard>::block_on<core::pin::Pin<&mut core::pin::Pin<&mut dyn core::future::future::Future<Output = ()>>>>::{closure#0}, core::option::Option<()>>::{closure#0}, (alloc::boxed::Box<tokio::runtime::scheduler::current_thread::Core>, core::option::Option<()>)>
[INFO] [stdout]    7: <tokio::runtime::scheduler::current_thread::CoreGuard>::block_on::<core::pin::Pin<&mut core::pin::Pin<&mut dyn core::future::future::Future<Output = ()>>>>
[INFO] [stdout]    8: tokio::runtime::context::runtime::enter_runtime::<<tokio::runtime::scheduler::current_thread::CurrentThread>::block_on<core::pin::Pin<&mut dyn core::future::future::Future<Output = ()>>>::{closure#0}, ()>
[INFO] [stdout]    9: <tokio::runtime::runtime::Runtime>::block_on::<core::pin::Pin<&mut dyn core::future::future::Future<Output = ()>>>
[INFO] [stdout]   10: limmat::test::tests::test_job_env
[INFO] [stdout]   11: <limmat::test::tests::test_job_env::{closure#0} as core::ops::function::FnOnce<()>>::call_once
[INFO] [stdout]   12: test::__rust_begin_short_backtrace::<core::result::Result<(), alloc::string::String>, fn() -> core::result::Result<(), alloc::string::String>>
[INFO] [stdout]   13: test::run_test::{closure#0}
[INFO] [stdout]   14: std::sys::backtrace::__rust_begin_short_backtrace::<test::run_test::{closure#1}, ()>
[INFO] [stdout]   15: <std::thread::lifecycle::spawn_unchecked<test::run_test::{closure#1}, ()>::{closure#1} as core::ops::function::FnOnce<()>>::call_once::{shim:vtable#0}
[INFO] [stdout]   16: <std::sys::thread::unix::Thread>::new::thread_start
[INFO] [stdout]   17: <unknown>
[INFO] [stdout]   18: clone
[INFO] [stdout] stack backtrace:
[INFO] [stdout]    0:     0x5d365f0f72e1 - <<std[70759c8f55707aa4]::sys::backtrace::BacktraceLock>::print::DisplayBacktrace as core[df12db4294e9bfd3]::fmt::Display>::fmt
[INFO] [stdout]    1:     0x5d365f10e1ca - core[df12db4294e9bfd3]::fmt::write
[INFO] [stdout]    2:     0x5d365f0fc2fc - <alloc[2182bb758b4b3781]::vec::Vec<u8> as core[df12db4294e9bfd3]::io::write::Write>::write_fmt
[INFO] [stdout]    3:     0x5d365f0d0b46 - std[70759c8f55707aa4]::panicking::default_hook::{closure#0}
[INFO] [stdout]    4:     0x5d365f0ee689 - std[70759c8f55707aa4]::panicking::default_hook
[INFO] [stdout]    5:     0x5d365ef74020 - test[9d35eded1c95d3be]::test_main_inner::<test[9d35eded1c95d3be]::test_main_static::{closure#0}>::{closure#0}
[INFO] [stdout]    6:     0x5d365f0ee9b2 - std[70759c8f55707aa4]::panicking::panic_with_hook
[INFO] [stdout]    7:     0x5d365f0d0bf2 - std[70759c8f55707aa4]::panicking::panic_handler::{closure#0}
[INFO] [stdout]    8:     0x5d365f0c9109 - std[70759c8f55707aa4]::sys::backtrace::__rust_end_short_backtrace::<std[70759c8f55707aa4]::panicking::panic_handler::{closure#0}, !>
[INFO] [stdout]    9:     0x5d365f0d18fd - __rustc[8fa7c3cbc660c2b3]::rust_begin_unwind
[INFO] [stdout]   10:     0x5d365f10e9ac - core[df12db4294e9bfd3]::panicking::panic_fmt
[INFO] [stdout]   11:     0x5d365f10e782 - core[df12db4294e9bfd3]::result::unwrap_failed
[INFO] [stdout]   12:     0x5d365ee6040e - limmat[29c22f5bf6d82f9d]::test::tests::test_job_env::{closure#0}
[INFO] [stdout]   13:     0x5d365eeeb523 - <tokio[1a99e81b75638eb6]::runtime::scheduler::current_thread::Context>::enter::<core[df12db4294e9bfd3]::task::poll::Poll<()>, <tokio[1a99e81b75638eb6]::runtime::scheduler::current_thread::CoreGuard>::block_on<core[df12db4294e9bfd3]::pin::Pin<&mut core[df12db4294e9bfd3]::pin::Pin<&mut dyn core[df12db4294e9bfd3]::future::future::Future<Output = ()>>>>::{closure#0}::{closure#0}>
[INFO] [stdout]   14:     0x5d365ef29abc - <tokio[1a99e81b75638eb6]::runtime::context::scoped::Scoped<tokio[1a99e81b75638eb6]::runtime::scheduler::Context>>::set::<<tokio[1a99e81b75638eb6]::runtime::scheduler::current_thread::CoreGuard>::enter<<tokio[1a99e81b75638eb6]::runtime::scheduler::current_thread::CoreGuard>::block_on<core[df12db4294e9bfd3]::pin::Pin<&mut core[df12db4294e9bfd3]::pin::Pin<&mut dyn core[df12db4294e9bfd3]::future::future::Future<Output = ()>>>>::{closure#0}, core[df12db4294e9bfd3]::option::Option<()>>::{closure#0}, (alloc[2182bb758b4b3781]::boxed::Box<tokio[1a99e81b75638eb6]::runtime::scheduler::current_thread::Core>, core[df12db4294e9bfd3]::option::Option<()>)>
[INFO] [stdout]   15:     0x5d365eeebb67 - <tokio[1a99e81b75638eb6]::runtime::scheduler::current_thread::CoreGuard>::block_on::<core[df12db4294e9bfd3]::pin::Pin<&mut core[df12db4294e9bfd3]::pin::Pin<&mut dyn core[df12db4294e9bfd3]::future::future::Future<Output = ()>>>>
[INFO] [stdout]   16:     0x5d365ef31d2d - tokio[1a99e81b75638eb6]::runtime::context::runtime::enter_runtime::<<tokio[1a99e81b75638eb6]::runtime::scheduler::current_thread::CurrentThread>::block_on<core[df12db4294e9bfd3]::pin::Pin<&mut dyn core[df12db4294e9bfd3]::future::future::Future<Output = ()>>>::{closure#0}, ()>
[INFO] [stdout]   17:     0x5d365eeeb175 - <tokio[1a99e81b75638eb6]::runtime::runtime::Runtime>::block_on::<core[df12db4294e9bfd3]::pin::Pin<&mut dyn core[df12db4294e9bfd3]::future::future::Future<Output = ()>>>
[INFO] [stdout]   18:     0x5d365ee7058b - limmat[29c22f5bf6d82f9d]::test::tests::test_job_env
[INFO] [stdout]   19:     0x5d365eeab2e9 - <limmat[29c22f5bf6d82f9d]::test::tests::test_job_env::{closure#0} as core[df12db4294e9bfd3]::ops::function::FnOnce<()>>::call_once
[INFO] [stdout]   20:     0x5d365ef6730b - test[9d35eded1c95d3be]::__rust_begin_short_backtrace::<core[df12db4294e9bfd3]::result::Result<(), alloc[2182bb758b4b3781]::string::String>, fn() -> core[df12db4294e9bfd3]::result::Result<(), alloc[2182bb758b4b3781]::string::String>>
[INFO] [stdout]   21:     0x5d365ef74975 - test[9d35eded1c95d3be]::run_test::{closure#0}
[INFO] [stdout]   22:     0x5d365ef6e234 - std[70759c8f55707aa4]::sys::backtrace::__rust_begin_short_backtrace::<test[9d35eded1c95d3be]::run_test::{closure#1}, ()>
[INFO] [stdout]   23:     0x5d365ef77ad2 - <std[70759c8f55707aa4]::thread::lifecycle::spawn_unchecked<test[9d35eded1c95d3be]::run_test::{closure#1}, ()>::{closure#1} as core[df12db4294e9bfd3]::ops::function::FnOnce<()>>::call_once::{shim:vtable#0}
[INFO] [stdout]   24:     0x5d365f0f6839 - <std[70759c8f55707aa4]::sys::thread::unix::Thread>::new::thread_start
[INFO] [stdout]   25:     0x7b06fa71fdfa - <unknown>
[INFO] [stdout]   26:     0x7b06fa7b33d4 - clone
[INFO] [stdout]   27:                0x0 - <unknown>
[INFO] [stdout] 
[INFO] [stdout] ---- test::tests::should_handle_many::multiple_worktrees_multiple_tests stdout ----
[INFO] [stdout] 
[INFO] [stdout] thread 'test::tests::should_handle_many::multiple_worktrees_multiple_tests' (3459) panicked at src/test.rs:1549:14:
[INFO] [stdout] couldn't create base commit: 'git commit' failed
[INFO] [stdout] 
[INFO] [stdout] Caused by:
[INFO] [stdout]     failed with exit code 128. stderr:
[INFO] [stdout]     Author identity unknown
[INFO] [stdout]     
[INFO] [stdout]     *** Please tell me who you are.
[INFO] [stdout]     
[INFO] [stdout]     Run
[INFO] [stdout]     
[INFO] [stdout]       git config --global user.email "you@example.com"
[INFO] [stdout]       git config --global user.name "Your Name"
[INFO] [stdout]     
[INFO] [stdout]     to set your account's default identity.
[INFO] [stdout]     Omit --global to set the identity only in this repository.
[INFO] [stdout]     
[INFO] [stdout]     fatal: unable to auto-detect email address (got 'root@cd0cdfe8b666.(none)')
[INFO] [stdout]     
[INFO] [stdout]     stdout:
[INFO] [stdout]     
[INFO] [stdout] 
[INFO] [stdout] Stack backtrace:
[INFO] [stdout]    0: <anyhow::Error>::msg::<alloc::string::String>
[INFO] [stdout]    1: <std::process::Output as limmat::process::OutputExt>::ok
[INFO] [stdout]    2: <limmat::git::GitCommand>::execute::{closure#0}
[INFO] [stdout]    3: limmat::test::tests::should_handle_many::{closure#0}
[INFO] [stdout]    4: limmat::test::tests::should_handle_many::multiple_worktrees_multiple_tests::{closure#0}
[INFO] [stdout]    5: <tokio::runtime::scheduler::current_thread::Context>::enter::<core::task::poll::Poll<()>, <tokio::runtime::scheduler::current_thread::CoreGuard>::block_on<core::pin::Pin<&mut core::pin::Pin<&mut dyn core::future::future::Future<Output = ()>>>>::{closure#0}::{closure#0}>
[INFO] [stdout]    6: <tokio::runtime::context::scoped::Scoped<tokio::runtime::scheduler::Context>>::set::<<tokio::runtime::scheduler::current_thread::CoreGuard>::enter<<tokio::runtime::scheduler::current_thread::CoreGuard>::block_on<core::pin::Pin<&mut core::pin::Pin<&mut dyn core::future::future::Future<Output = ()>>>>::{closure#0}, core::option::Option<()>>::{closure#0}, (alloc::boxed::Box<tokio::runtime::scheduler::current_thread::Core>, core::option::Option<()>)>
[INFO] [stdout]    7: <tokio::runtime::scheduler::current_thread::CoreGuard>::block_on::<core::pin::Pin<&mut core::pin::Pin<&mut dyn core::future::future::Future<Output = ()>>>>
[INFO] [stdout]    8: tokio::runtime::context::runtime::enter_runtime::<<tokio::runtime::scheduler::current_thread::CurrentThread>::block_on<core::pin::Pin<&mut dyn core::future::future::Future<Output = ()>>>::{closure#0}, ()>
[INFO] [stdout]    9: <tokio::runtime::runtime::Runtime>::block_on::<core::pin::Pin<&mut dyn core::future::future::Future<Output = ()>>>
[INFO] [stdout]   10: limmat::test::tests::should_handle_many::multiple_worktrees_multiple_tests
[INFO] [stdout]   11: <limmat::test::tests::should_handle_many::multiple_worktrees_multiple_tests::{closure#0} as core::ops::function::FnOnce<()>>::call_once
[INFO] [stdout]   12: test::__rust_begin_short_backtrace::<core::result::Result<(), alloc::string::String>, fn() -> core::result::Result<(), alloc::string::String>>
[INFO] [stdout]   13: test::run_test::{closure#0}
[INFO] [stdout]   14: std::sys::backtrace::__rust_begin_short_backtrace::<test::run_test::{closure#1}, ()>
[INFO] [stdout]   15: <std::thread::lifecycle::spawn_unchecked<test::run_test::{closure#1}, ()>::{closure#1} as core::ops::function::FnOnce<()>>::call_once::{shim:vtable#0}
[INFO] [stdout]   16: <std::sys::thread::unix::Thread>::new::thread_start
[INFO] [stdout]   17: <unknown>
[INFO] [stdout]   18: clone
[INFO] [stdout] stack backtrace:
[INFO] [stdout]    0:     0x5d365f0f72e1 - <<std[70759c8f55707aa4]::sys::backtrace::BacktraceLock>::print::DisplayBacktrace as core[df12db4294e9bfd3]::fmt::Display>::fmt
[INFO] [stdout]    1:     0x5d365f10e1ca - core[df12db4294e9bfd3]::fmt::write
[INFO] [stdout]    2:     0x5d365f0fc2fc - <alloc[2182bb758b4b3781]::vec::Vec<u8> as core[df12db4294e9bfd3]::io::write::Write>::write_fmt
[INFO] [stdout]    3:     0x5d365f0d0b46 - std[70759c8f55707aa4]::panicking::default_hook::{closure#0}
[INFO] [stdout]    4:     0x5d365f0ee689 - std[70759c8f55707aa4]::panicking::default_hook
[INFO] [stdout]    5:     0x5d365ef74020 - test[9d35eded1c95d3be]::test_main_inner::<test[9d35eded1c95d3be]::test_main_static::{closure#0}>::{closure#0}
[INFO] [stdout]    6:     0x5d365f0ee9b2 - std[70759c8f55707aa4]::panicking::panic_with_hook
[INFO] [stdout]    7:     0x5d365f0d0bf2 - std[70759c8f55707aa4]::panicking::panic_handler::{closure#0}
[INFO] [stdout]    8:     0x5d365f0c9109 - std[70759c8f55707aa4]::sys::backtrace::__rust_end_short_backtrace::<std[70759c8f55707aa4]::panicking::panic_handler::{closure#0}, !>
[INFO] [stdout]    9:     0x5d365f0d18fd - __rustc[8fa7c3cbc660c2b3]::rust_begin_unwind
[INFO] [stdout]   10:     0x5d365f10e9ac - core[df12db4294e9bfd3]::panicking::panic_fmt
[INFO] [stdout]   11:     0x5d365f10e782 - core[df12db4294e9bfd3]::result::unwrap_failed
[INFO] [stdout]   12:     0x5d365eef8344 - limmat[29c22f5bf6d82f9d]::test::tests::should_handle_many::{closure#0}
[INFO] [stdout]   13:     0x5d365eefad9d - limmat[29c22f5bf6d82f9d]::test::tests::should_handle_many::multiple_worktrees_multiple_tests::{closure#0}
[INFO] [stdout]   14:     0x5d365eeeb523 - <tokio[1a99e81b75638eb6]::runtime::scheduler::current_thread::Context>::enter::<core[df12db4294e9bfd3]::task::poll::Poll<()>, <tokio[1a99e81b75638eb6]::runtime::scheduler::current_thread::CoreGuard>::block_on<core[df12db4294e9bfd3]::pin::Pin<&mut core[df12db4294e9bfd3]::pin::Pin<&mut dyn core[df12db4294e9bfd3]::future::future::Future<Output = ()>>>>::{closure#0}::{closure#0}>
[INFO] [stdout]   15:     0x5d365ef29abc - <tokio[1a99e81b75638eb6]::runtime::context::scoped::Scoped<tokio[1a99e81b75638eb6]::runtime::scheduler::Context>>::set::<<tokio[1a99e81b75638eb6]::runtime::scheduler::current_thread::CoreGuard>::enter<<tokio[1a99e81b75638eb6]::runtime::scheduler::current_thread::CoreGuard>::block_on<core[df12db4294e9bfd3]::pin::Pin<&mut core[df12db4294e9bfd3]::pin::Pin<&mut dyn core[df12db4294e9bfd3]::future::future::Future<Output = ()>>>>::{closure#0}, core[df12db4294e9bfd3]::option::Option<()>>::{closure#0}, (alloc[2182bb758b4b3781]::boxed::Box<tokio[1a99e81b75638eb6]::runtime::scheduler::current_thread::Core>, core[df12db4294e9bfd3]::option::Option<()>)>
[INFO] [stdout]   16:     0x5d365eeebb67 - <tokio[1a99e81b75638eb6]::runtime::scheduler::current_thread::CoreGuard>::block_on::<core[df12db4294e9bfd3]::pin::Pin<&mut core[df12db4294e9bfd3]::pin::Pin<&mut dyn core[df12db4294e9bfd3]::future::future::Future<Output = ()>>>>
[INFO] [stdout]   17:     0x5d365ef31d2d - tokio[1a99e81b75638eb6]::runtime::context::runtime::enter_runtime::<<tokio[1a99e81b75638eb6]::runtime::scheduler::current_thread::CurrentThread>::block_on<core[df12db4294e9bfd3]::pin::Pin<&mut dyn core[df12db4294e9bfd3]::future::future::Future<Output = ()>>>::{closure#0}, ()>
[INFO] [stdout]   18:     0x5d365eeeb175 - <tokio[1a99e81b75638eb6]::runtime::runtime::Runtime>::block_on::<core[df12db4294e9bfd3]::pin::Pin<&mut dyn core[df12db4294e9bfd3]::future::future::Future<Output = ()>>>
[INFO] [stdout]   19:     0x5d365eefc9ab - limmat[29c22f5bf6d82f9d]::test::tests::should_handle_many::multiple_worktrees_multiple_tests
[INFO] [stdout]   20:     0x5d365eeabb69 - <limmat[29c22f5bf6d82f9d]::test::tests::should_handle_many::multiple_worktrees_multiple_tests::{closure#0} as core[df12db4294e9bfd3]::ops::function::FnOnce<()>>::call_once
[INFO] [stdout]   21:     0x5d365ef6730b - test[9d35eded1c95d3be]::__rust_begin_short_backtrace::<core[df12db4294e9bfd3]::result::Result<(), alloc[2182bb758b4b3781]::string::String>, fn() -> core[df12db4294e9bfd3]::result::Result<(), alloc[2182bb758b4b3781]::string::String>>
[INFO] [stdout]   22:     0x5d365ef74975 - test[9d35eded1c95d3be]::run_test::{closure#0}
[INFO] [stdout]   23:     0x5d365ef6e234 - std[70759c8f55707aa4]::sys::backtrace::__rust_begin_short_backtrace::<test[9d35eded1c95d3be]::run_test::{closure#1}, ()>
[INFO] [stdout]   24:     0x5d365ef77ad2 - <std[70759c8f55707aa4]::thread::lifecycle::spawn_unchecked<test[9d35eded1c95d3be]::run_test::{closure#1}, ()>::{closure#1} as core[df12db4294e9bfd3]::ops::function::FnOnce<()>>::call_once::{shim:vtable#0}
[INFO] [stdout]   25:     0x5d365f0f6839 - <std[70759c8f55707aa4]::sys::thread::unix::Thread>::new::thread_start
[INFO] [stdout]   26:     0x7b06fa71fdfa - <unknown>
[INFO] [stdout]   27:     0x7b06fa7b33d4 - clone
[INFO] [stdout]   28:                0x0 - <unknown>
[INFO] [stdout] 
[INFO] [stdout] ---- test::tests::should_wait_for_dependencies::failed_shouldn_t_start stdout ----
[INFO] [stdout] 
[INFO] [stdout] thread 'test::tests::should_wait_for_dependencies::failed_shouldn_t_start' (3479) panicked at src/test.rs:1549:14:
[INFO] [stdout] couldn't create base commit: 'git commit' failed
[INFO] [stdout] 
[INFO] [stdout] Caused by:
[INFO] [stdout]     failed with exit code 128. stderr:
[INFO] [stdout]     Author identity unknown
[INFO] [stdout]     
[INFO] [stdout]     *** Please tell me who you are.
[INFO] [stdout]     
[INFO] [stdout]     Run
[INFO] [stdout]     
[INFO] [stdout]       git config --global user.email "you@example.com"
[INFO] [stdout]       git config --global user.name "Your Name"
[INFO] [stdout]     
[INFO] [stdout]     to set your account's default identity.
[INFO] [stdout]     Omit --global to set the identity only in this repository.
[INFO] [stdout]     
[INFO] [stdout]     fatal: unable to auto-detect email address (got 'root@cd0cdfe8b666.(none)')
[INFO] [stdout]     
[INFO] [stdout]     stdout:
[INFO] [stdout]     
[INFO] [stdout] 
[INFO] [stdout] Stack backtrace:
[INFO] [stdout]    0: <anyhow::Error>::msg::<alloc::string::String>
[INFO] [stdout]    1: <std::process::Output as limmat::process::OutputExt>::ok
[INFO] [stdout]    2: <tokio::process::Command as limmat::process::CommandExt>::execute::{closure#0}
[INFO] [stdout]    3: <limmat::git::GitCommand>::execute::{closure#0}
[INFO] [stdout]    4: limmat::test::tests::should_wait_for_dependencies::{closure#0}
[INFO] [stdout]    5: limmat::test::tests::should_wait_for_dependencies::failed_shouldn_t_start::{closure#0}
[INFO] [stdout]    6: <tokio::runtime::scheduler::current_thread::Context>::enter::<core::task::poll::Poll<()>, <tokio::runtime::scheduler::current_thread::CoreGuard>::block_on<core::pin::Pin<&mut core::pin::Pin<&mut dyn core::future::future::Future<Output = ()>>>>::{closure#0}::{closure#0}>
[INFO] [stdout]    7: <tokio::runtime::context::scoped::Scoped<tokio::runtime::scheduler::Context>>::set::<<tokio::runtime::scheduler::current_thread::CoreGuard>::enter<<tokio::runtime::scheduler::current_thread::CoreGuard>::block_on<core::pin::Pin<&mut core::pin::Pin<&mut dyn core::future::future::Future<Output = ()>>>>::{closure#0}, core::option::Option<()>>::{closure#0}, (alloc::boxed::Box<tokio::runtime::scheduler::current_thread::Core>, core::option::Option<()>)>
[INFO] [stdout]    8: <tokio::runtime::scheduler::current_thread::CoreGuard>::block_on::<core::pin::Pin<&mut core::pin::Pin<&mut dyn core::future::future::Future<Output = ()>>>>
[INFO] [stdout]    9: tokio::runtime::context::runtime::enter_runtime::<<tokio::runtime::scheduler::current_thread::CurrentThread>::block_on<core::pin::Pin<&mut dyn core::future::future::Future<Output = ()>>>::{closure#0}, ()>
[INFO] [stdout]   10: <tokio::runtime::runtime::Runtime>::block_on::<core::pin::Pin<&mut dyn core::future::future::Future<Output = ()>>>
[INFO] [stdout]   11: limmat::test::tests::should_wait_for_dependencies::failed_shouldn_t_start
[INFO] [stdout]   12: <limmat::test::tests::should_wait_for_dependencies::failed_shouldn_t_start::{closure#0} as core::ops::function::FnOnce<()>>::call_once
[INFO] [stdout]   13: test::__rust_begin_short_backtrace::<core::result::Result<(), alloc::string::String>, fn() -> core::result::Result<(), alloc::string::String>>
[INFO] [stdout]   14: test::run_test::{closure#0}
[INFO] [stdout]   15: std::sys::backtrace::__rust_begin_short_backtrace::<test::run_test::{closure#1}, ()>
[INFO] [stdout]   16: <std::thread::lifecycle::spawn_unchecked<test::run_test::{closure#1}, ()>::{closure#1} as core::ops::function::FnOnce<()>>::call_once::{shim:vtable#0}
[INFO] [stdout]   17: <std::sys::thread::unix::Thread>::new::thread_start
[INFO] [stdout]   18: <unknown>
[INFO] [stdout]   19: clone
[INFO] [stdout] stack backtrace:
[INFO] [stdout]    0:     0x5d365f0f72e1 - <<std[70759c8f55707aa4]::sys::backtrace::BacktraceLock>::print::DisplayBacktrace as core[df12db4294e9bfd3]::fmt::Display>::fmt
[INFO] [stdout]    1:     0x5d365f10e1ca - core[df12db4294e9bfd3]::fmt::write
[INFO] [stdout]    2:     0x5d365f0fc2fc - <alloc[2182bb758b4b3781]::vec::Vec<u8> as core[df12db4294e9bfd3]::io::write::Write>::write_fmt
[INFO] [stdout]    3:     0x5d365f0d0b46 - std[70759c8f55707aa4]::panicking::default_hook::{closure#0}
[INFO] [stdout]    4:     0x5d365f0ee689 - std[70759c8f55707aa4]::panicking::default_hook
[INFO] [stdout]    5:     0x5d365ef74020 - test[9d35eded1c95d3be]::test_main_inner::<test[9d35eded1c95d3be]::test_main_static::{closure#0}>::{closure#0}
[INFO] [stdout]    6:     0x5d365f0ee9b2 - std[70759c8f55707aa4]::panicking::panic_with_hook
[INFO] [stdout]    7:     0x5d365f0d0bf2 - std[70759c8f55707aa4]::panicking::panic_handler::{closure#0}
[INFO] [stdout]    8:     0x5d365f0c9109 - std[70759c8f55707aa4]::sys::backtrace::__rust_end_short_backtrace::<std[70759c8f55707aa4]::panicking::panic_handler::{closure#0}, !>
[INFO] [stdout]    9:     0x5d365f0d18fd - __rustc[8fa7c3cbc660c2b3]::rust_begin_unwind
[INFO] [stdout]   10:     0x5d365f10e9ac - core[df12db4294e9bfd3]::panicking::panic_fmt
[INFO] [stdout]   11:     0x5d365f10e782 - core[df12db4294e9bfd3]::result::unwrap_failed
[INFO] [stdout]   12:     0x5d365eee337a - limmat[29c22f5bf6d82f9d]::test::tests::should_wait_for_dependencies::{closure#0}
[INFO] [stdout]   13:     0x5d365eee536a - limmat[29c22f5bf6d82f9d]::test::tests::should_wait_for_dependencies::failed_shouldn_t_start::{closure#0}
[INFO] [stdout]   14:     0x5d365eeeb523 - <tokio[1a99e81b75638eb6]::runtime::scheduler::current_thread::Context>::enter::<core[df12db4294e9bfd3]::task::poll::Poll<()>, <tokio[1a99e81b75638eb6]::runtime::scheduler::current_thread::CoreGuard>::block_on<core[df12db4294e9bfd3]::pin::Pin<&mut core[df12db4294e9bfd3]::pin::Pin<&mut dyn core[df12db4294e9bfd3]::future::future::Future<Output = ()>>>>::{closure#0}::{closure#0}>
[INFO] [stdout]   15:     0x5d365ef29abc - <tokio[1a99e81b75638eb6]::runtime::context::scoped::Scoped<tokio[1a99e81b75638eb6]::runtime::scheduler::Context>>::set::<<tokio[1a99e81b75638eb6]::runtime::scheduler::current_thread::CoreGuard>::enter<<tokio[1a99e81b75638eb6]::runtime::scheduler::current_thread::CoreGuard>::block_on<core[df12db4294e9bfd3]::pin::Pin<&mut core[df12db4294e9bfd3]::pin::Pin<&mut dyn core[df12db4294e9bfd3]::future::future::Future<Output = ()>>>>::{closure#0}, core[df12db4294e9bfd3]::option::Option<()>>::{closure#0}, (alloc[2182bb758b4b3781]::boxed::Box<tokio[1a99e81b75638eb6]::runtime::scheduler::current_thread::Core>, core[df12db4294e9bfd3]::option::Option<()>)>
[INFO] [stdout]   16:     0x5d365eeebb67 - <tokio[1a99e81b75638eb6]::runtime::scheduler::current_thread::CoreGuard>::block_on::<core[df12db4294e9bfd3]::pin::Pin<&mut core[df12db4294e9bfd3]::pin::Pin<&mut dyn core[df12db4294e9bfd3]::future::future::Future<Output = ()>>>>
[INFO] [stdout]   17:     0x5d365ef31d2d - tokio[1a99e81b75638eb6]::runtime::context::runtime::enter_runtime::<<tokio[1a99e81b75638eb6]::runtime::scheduler::current_thread::CurrentThread>::block_on<core[df12db4294e9bfd3]::pin::Pin<&mut dyn core[df12db4294e9bfd3]::future::future::Future<Output = ()>>>::{closure#0}, ()>
[INFO] [stdout]   18:     0x5d365eeeb175 - <tokio[1a99e81b75638eb6]::runtime::runtime::Runtime>::block_on::<core[df12db4294e9bfd3]::pin::Pin<&mut dyn core[df12db4294e9bfd3]::future::future::Future<Output = ()>>>
[INFO] [stdout]   19:     0x5d365eee6c8b - limmat[29c22f5bf6d82f9d]::test::tests::should_wait_for_dependencies::failed_shouldn_t_start
[INFO] [stdout]   20:     0x5d365eeabb89 - <limmat[29c22f5bf6d82f9d]::test::tests::should_wait_for_dependencies::failed_shouldn_t_start::{closure#0} as core[df12db4294e9bfd3]::ops::function::FnOnce<()>>::call_once
[INFO] [stdout]   21:     0x5d365ef6730b - test[9d35eded1c95d3be]::__rust_begin_short_backtrace::<core[df12db4294e9bfd3]::result::Result<(), alloc[2182bb758b4b3781]::string::String>, fn() -> core[df12db4294e9bfd3]::result::Result<(), alloc[2182bb758b4b3781]::string::String>>
[INFO] [stdout]   22:     0x5d365ef74975 - test[9d35eded1c95d3be]::run_test::{closure#0}
[INFO] [stdout]   23:     0x5d365ef6e234 - std[70759c8f55707aa4]::sys::backtrace::__rust_begin_short_backtrace::<test[9d35eded1c95d3be]::run_test::{closure#1}, ()>
[INFO] [stdout]   24:     0x5d365ef77ad2 - <std[70759c8f55707aa4]::thread::lifecycle::spawn_unchecked<test[9d35eded1c95d3be]::run_test::{closure#1}, ()>::{closure#1} as core[df12db4294e9bfd3]::ops::function::FnOnce<()>>::call_once::{shim:vtable#0}
[INFO] [stdout]   25:     0x5d365f0f6839 - <std[70759c8f55707aa4]::sys::thread::unix::Thread>::new::thread_start
[INFO] [stdout]   26:     0x7b06fa71fdfa - <unknown>
[INFO] [stdout]   27:     0x7b06fa7b33d4 - clone
[INFO] [stdout]   28:                0x0 - <unknown>
[INFO] [stdout] 
[INFO] [stdout] ---- test::tests::should_not_cache stdout ----
[INFO] [stdout] 
[INFO] [stdout] thread 'test::tests::should_not_cache' (3462) panicked at src/test.rs:1549:14:
[INFO] [stdout] couldn't create base commit: 'git commit' failed
[INFO] [stdout] 
[INFO] [stdout] Caused by:
[INFO] [stdout]     failed with exit code 128. stderr:
[INFO] [stdout]     Author identity unknown
[INFO] [stdout]     
[INFO] [stdout]     *** Please tell me who you are.
[INFO] [stdout]     
[INFO] [stdout]     Run
[INFO] [stdout]     
[INFO] [stdout]       git config --global user.email "you@example.com"
[INFO] [stdout]       git config --global user.name "Your Name"
[INFO] [stdout]     
[INFO] [stdout]     to set your account's default identity.
[INFO] [stdout]     Omit --global to set the identity only in this repository.
[INFO] [stdout]     
[INFO] [stdout]     fatal: unable to auto-detect email address (got 'root@cd0cdfe8b666.(none)')
[INFO] [stdout]     
[INFO] [stdout]     stdout:
[INFO] [stdout]     
[INFO] [stdout] 
[INFO] [stdout] Stack backtrace:
[INFO] [stdout]    0: <anyhow::Error>::msg::<alloc::string::String>
[INFO] [stdout]    1: <std::process::Output as limmat::process::OutputExt>::ok
[INFO] [stdout]    2: <limmat::git::GitCommand>::execute::{closure#0}
[INFO] [stdout]    3: <limmat::git::test_utils::TempRepo as limmat::git::test_utils::WorktreeExt>::commit::<&str>::{closure#0}
[INFO] [stdout]    4: <limmat::test::tests::TestScriptFixtureBuilder>::build::{closure#0}
[INFO] [stdout]    5: limmat::test::tests::should_not_cache::{closure#0}
[INFO] [stdout]    6: <tokio::runtime::scheduler::current_thread::Context>::enter::<core::task::poll::Poll<()>, <tokio::runtime::scheduler::current_thread::CoreGuard>::block_on<core::pin::Pin<&mut core::pin::Pin<&mut dyn core::future::future::Future<Output = ()>>>>::{closure#0}::{closure#0}>
[INFO] [stdout]    7: <tokio::runtime::context::scoped::Scoped<tokio::runtime::scheduler::Context>>::set::<<tokio::runtime::scheduler::current_thread::CoreGuard>::enter<<tokio::runtime::scheduler::current_thread::CoreGuard>::block_on<core::pin::Pin<&mut core::pin::Pin<&mut dyn core::future::future::Future<Output = ()>>>>::{closure#0}, core::option::Option<()>>::{closure#0}, (alloc::boxed::Box<tokio::runtime::scheduler::current_thread::Core>, core::option::Option<()>)>
[INFO] [stdout]    8: <tokio::runtime::scheduler::current_thread::CoreGuard>::block_on::<core::pin::Pin<&mut core::pin::Pin<&mut dyn core::future::future::Future<Output = ()>>>>
[INFO] [stdout]    9: tokio::runtime::context::runtime::enter_runtime::<<tokio::runtime::scheduler::current_thread::CurrentThread>::block_on<core::pin::Pin<&mut dyn core::future::future::Future<Output = ()>>>::{closure#0}, ()>
[INFO] [stdout]   10: <tokio::runtime::runtime::Runtime>::block_on::<core::pin::Pin<&mut dyn core::future::future::Future<Output = ()>>>
[INFO] [stdout]   11: limmat::test::tests::should_not_cache
[INFO] [stdout]   12: <limmat::test::tests::should_not_cache::{closure#0} as core::ops::function::FnOnce<()>>::call_once
[INFO] [stdout]   13: test::__rust_begin_short_backtrace::<core::result::Result<(), alloc::string::String>, fn() -> core::result::Result<(), alloc::string::String>>
[INFO] [stdout]   14: test::run_test::{closure#0}
[INFO] [stdout]   15: std::sys::backtrace::__rust_begin_short_backtrace::<test::run_test::{closure#1}, ()>
[INFO] [stdout]   16: <std::thread::lifecycle::spawn_unchecked<test::run_test::{closure#1}, ()>::{closure#1} as core::ops::function::FnOnce<()>>::call_once::{shim:vtable#0}
[INFO] [stdout]   17: <std::sys::thread::unix::Thread>::new::thread_start
[INFO] [stdout]   18: <unknown>
[INFO] [stdout]   19: clone
[INFO] [stdout] stack backtrace:
[INFO] [stdout]    0:     0x5d365f0f72e1 - <<std[70759c8f55707aa4]::sys::backtrace::BacktraceLock>::print::DisplayBacktrace as core[df12db4294e9bfd3]::fmt::Display>::fmt
[INFO] [stdout]    1:     0x5d365f10e1ca - core[df12db4294e9bfd3]::fmt::write
[INFO] [stdout]    2:     0x5d365f0fc2fc - <alloc[2182bb758b4b3781]::vec::Vec<u8> as core[df12db4294e9bfd3]::io::write::Write>::write_fmt
[INFO] [stdout]    3:     0x5d365f0d0b46 - std[70759c8f55707aa4]::panicking::default_hook::{closure#0}
[INFO] [stdout]    4:     0x5d365f0ee689 - std[70759c8f55707aa4]::panicking::default_hook
[INFO] [stdout]    5:     0x5d365ef74020 - test[9d35eded1c95d3be]::test_main_inner::<test[9d35eded1c95d3be]::test_main_static::{closure#0}>::{closure#0}
[INFO] [stdout]    6:     0x5d365f0ee9b2 - std[70759c8f55707aa4]::panicking::panic_with_hook
[INFO] [stdout]    7:     0x5d365f0d0bf2 - std[70759c8f55707aa4]::panicking::panic_handler::{closure#0}
[INFO] [stdout]    8:     0x5d365f0c9109 - std[70759c8f55707aa4]::sys::backtrace::__rust_end_short_backtrace::<std[70759c8f55707aa4]::panicking::panic_handler::{closure#0}, !>
[INFO] [stdout]    9:     0x5d365f0d18fd - __rustc[8fa7c3cbc660c2b3]::rust_begin_unwind
[INFO] [stdout]   10:     0x5d365f10e9ac - core[df12db4294e9bfd3]::panicking::panic_fmt
[INFO] [stdout]   11:     0x5d365f10e782 - core[df12db4294e9bfd3]::result::unwrap_failed
[INFO] [stdout]   12:     0x5d365ee5c944 - <limmat[29c22f5bf6d82f9d]::test::tests::TestScriptFixtureBuilder>::build::{closure#0}
[INFO] [stdout]   13:     0x5d365ee6167b - limmat[29c22f5bf6d82f9d]::test::tests::should_not_cache::{closure#0}
[INFO] [stdout]   14:     0x5d365eeeb523 - <tokio[1a99e81b75638eb6]::runtime::scheduler::current_thread::Context>::enter::<core[df12db4294e9bfd3]::task::poll::Poll<()>, <tokio[1a99e81b75638eb6]::runtime::scheduler::current_thread::CoreGuard>::block_on<core[df12db4294e9bfd3]::pin::Pin<&mut core[df12db4294e9bfd3]::pin::Pin<&mut dyn core[df12db4294e9bfd3]::future::future::Future<Output = ()>>>>::{closure#0}::{closure#0}>
[INFO] [stdout]   15:     0x5d365ef29abc - <tokio[1a99e81b75638eb6]::runtime::context::scoped::Scoped<tokio[1a99e81b75638eb6]::runtime::scheduler::Context>>::set::<<tokio[1a99e81b75638eb6]::runtime::scheduler::current_thread::CoreGuard>::enter<<tokio[1a99e81b75638eb6]::runtime::scheduler::current_thread::CoreGuard>::block_on<core[df12db4294e9bfd3]::pin::Pin<&mut core[df12db4294e9bfd3]::pin::Pin<&mut dyn core[df12db4294e9bfd3]::future::future::Future<Output = ()>>>>::{closure#0}, core[df12db4294e9bfd3]::option::Option<()>>::{closure#0}, (alloc[2182bb758b4b3781]::boxed::Box<tokio[1a99e81b75638eb6]::runtime::scheduler::current_thread::Core>, core[df12db4294e9bfd3]::option::Option<()>)>
[INFO] [stdout]   16:     0x5d365eeebb67 - <tokio[1a99e81b75638eb6]::runtime::scheduler::current_thread::CoreGuard>::block_on::<core[df12db4294e9bfd3]::pin::Pin<&mut core[df12db4294e9bfd3]::pin::Pin<&mut dyn core[df12db4294e9bfd3]::future::future::Future<Output = ()>>>>
[INFO] [stdout]   17:     0x5d365ef31d2d - tokio[1a99e81b75638eb6]::runtime::context::runtime::enter_runtime::<<tokio[1a99e81b75638eb6]::runtime::scheduler::current_thread::CurrentThread>::block_on<core[df12db4294e9bfd3]::pin::Pin<&mut dyn core[df12db4294e9bfd3]::future::future::Future<Output = ()>>>::{closure#0}, ()>
[INFO] [stdout]   18:     0x5d365eeeb175 - <tokio[1a99e81b75638eb6]::runtime::runtime::Runtime>::block_on::<core[df12db4294e9bfd3]::pin::Pin<&mut dyn core[df12db4294e9bfd3]::future::future::Future<Output = ()>>>
[INFO] [stdout]   19:     0x5d365ee706db - limmat[29c22f5bf6d82f9d]::test::tests::should_not_cache
[INFO] [stdout]   20:     0x5d365eeab309 - <limmat[29c22f5bf6d82f9d]::test::tests::should_not_cache::{closure#0} as core[df12db4294e9bfd3]::ops::function::FnOnce<()>>::call_once
[INFO] [stdout]   21:     0x5d365ef6730b - test[9d35eded1c95d3be]::__rust_begin_short_backtrace::<core[df12db4294e9bfd3]::result::Result<(), alloc[2182bb758b4b3781]::string::String>, fn() -> core[df12db4294e9bfd3]::result::Result<(), alloc[2182bb758b4b3781]::string::String>>
[INFO] [stdout]   22:     0x5d365ef74975 - test[9d35eded1c95d3be]::run_test::{closure#0}
[INFO] [stdout]   23:     0x5d365ef6e234 - std[70759c8f55707aa4]::sys::backtrace::__rust_begin_short_backtrace::<test[9d35eded1c95d3be]::run_test::{closure#1}, ()>
[INFO] [stdout]   24:     0x5d365ef77ad2 - <std[70759c8f55707aa4]::thread::lifecycle::spawn_unchecked<test[9d35eded1c95d3be]::run_test::{closure#1}, ()>::{closure#1} as core[df12db4294e9bfd3]::ops::function::FnOnce<()>>::call_once::{shim:vtable#0}
[INFO] [stdout]   25:     0x5d365f0f6839 - <std[70759c8f55707aa4]::sys::thread::unix::Thread>::new::thread_start
[INFO] [stdout]   26:     0x7b06fa71fdfa - <unknown>
[INFO] [stdout]   27:     0x7b06fa7b33d4 - clone
[INFO] [stdout]   28:                0x0 - <unknown>
[INFO] [stdout] 
[INFO] [stdout] ---- test::tests::should_not_start_canceled stdout ----
[INFO] [stdout] 
[INFO] [stdout] thread 'test::tests::should_not_start_canceled' (3465) panicked at src/test.rs:1549:14:
[INFO] [stdout] couldn't create base commit: 'git commit' failed
[INFO] [stdout] 
[INFO] [stdout] Caused by:
[INFO] [stdout]     failed with exit code 128. stderr:
[INFO] [stdout]     Author identity unknown
[INFO] [stdout]     
[INFO] [stdout]     *** Please tell me who you are.
[INFO] [stdout]     
[INFO] [stdout]     Run
[INFO] [stdout]     
[INFO] [stdout]       git config --global user.email "you@example.com"
[INFO] [stdout]       git config --global user.name "Your Name"
[INFO] [stdout]     
[INFO] [stdout]     to set your account's default identity.
[INFO] [stdout]     Omit --global to set the identity only in this repository.
[INFO] [stdout]     
[INFO] [stdout]     fatal: unable to auto-detect email address (got 'root@cd0cdfe8b666.(none)')
[INFO] [stdout]     
[INFO] [stdout]     stdout:
[INFO] [stdout]     
[INFO] [stdout] 
[INFO] [stdout] Stack backtrace:
[INFO] [stdout]    0: <anyhow::Error>::msg::<alloc::string::String>
[INFO] [stdout]    1: <std::process::Output as limmat::process::OutputExt>::ok
[INFO] [stdout]    2: <limmat::git::GitCommand>::execute::{closure#0}
[INFO] [stdout]    3: <limmat::git::test_utils::TempRepo as limmat::git::test_utils::WorktreeExt>::commit::<&str>::{closure#0}
[INFO] [stdout]    4: <limmat::test::tests::TestScriptFixtureBuilder>::build::{closure#0}
[INFO] [stdout]    5: limmat::test::tests::should_not_start_canceled::{closure#0}
[INFO] [stdout]    6: <tokio::runtime::scheduler::current_thread::Context>::enter::<core::task::poll::Poll<()>, <tokio::runtime::scheduler::current_thread::CoreGuard>::block_on<core::pin::Pin<&mut core::pin::Pin<&mut dyn core::future::future::Future<Output = ()>>>>::{closure#0}::{closure#0}>
[INFO] [stdout]    7: <tokio::runtime::context::scoped::Scoped<tokio::runtime::scheduler::Context>>::set::<<tokio::runtime::scheduler::current_thread::CoreGuard>::enter<<tokio::runtime::scheduler::current_thread::CoreGuard>::block_on<core::pin::Pin<&mut core::pin::Pin<&mut dyn core::future::future::Future<Output = ()>>>>::{closure#0}, core::option::Option<()>>::{closure#0}, (alloc::boxed::Box<tokio::runtime::scheduler::current_thread::Core>, core::option::Option<()>)>
[INFO] [stdout]    8: <tokio::runtime::scheduler::current_thread::CoreGuard>::block_on::<core::pin::Pin<&mut core::pin::Pin<&mut dyn core::future::future::Future<Output = ()>>>>
[INFO] [stdout]    9: tokio::runtime::context::runtime::enter_runtime::<<tokio::runtime::scheduler::current_thread::CurrentThread>::block_on<core::pin::Pin<&mut dyn core::future::future::Future<Output = ()>>>::{closure#0}, ()>
[INFO] [stdout]   10: <tokio::runtime::runtime::Runtime>::block_on::<core::pin::Pin<&mut dyn core::future::future::Future<Output = ()>>>
[INFO] [stdout]   11: limmat::test::tests::should_not_start_canceled
[INFO] [stdout]   12: <limmat::test::tests::should_not_start_canceled::{closure#0} as core::ops::function::FnOnce<()>>::call_once
[INFO] [stdout]   13: test::__rust_begin_short_backtrace::<core::result::Result<(), alloc::string::String>, fn() -> core::result::Result<(), alloc::string::String>>
[INFO] [stdout]   14: test::run_test::{closure#0}
[INFO] [stdout]   15: std::sys::backtrace::__rust_begin_short_backtrace::<test::run_test::{closure#1}, ()>
[INFO] [stdout]   16: <std::thread::lifecycle::spawn_unchecked<test::run_test::{closure#1}, ()>::{closure#1} as core::ops::function::FnOnce<()>>::call_once::{shim:vtable#0}
[INFO] [stdout]   17: <std::sys::thread::unix::Thread>::new::thread_start
[INFO] [stdout]   18: <unknown>
[INFO] [stdout]   19: clone
[INFO] [stdout] stack backtrace:
[INFO] [stdout]    0:     0x5d365f0f72e1 - <<std[70759c8f55707aa4]::sys::backtrace::BacktraceLock>::print::DisplayBacktrace as core[df12db4294e9bfd3]::fmt::Display>::fmt
[INFO] [stdout]    1:     0x5d365f10e1ca - core[df12db4294e9bfd3]::fmt::write
[INFO] [stdout]    2:     0x5d365f0fc2fc - <alloc[2182bb758b4b3781]::vec::Vec<u8> as core[df12db4294e9bfd3]::io::write::Write>::write_fmt
[INFO] [stdout]    3:     0x5d365f0d0b46 - std[70759c8f55707aa4]::panicking::default_hook::{closure#0}
[INFO] [stdout]    4:     0x5d365f0ee689 - std[70759c8f55707aa4]::panicking::default_hook
[INFO] [stdout]    5:     0x5d365ef74020 - test[9d35eded1c95d3be]::test_main_inner::<test[9d35eded1c95d3be]::test_main_static::{closure#0}>::{closure#0}
[INFO] [stdout]    6:     0x5d365f0ee9b2 - std[70759c8f55707aa4]::panicking::panic_with_hook
[INFO] [stdout]    7:     0x5d365f0d0bf2 - std[70759c8f55707aa4]::panicking::panic_handler::{closure#0}
[INFO] [stdout]    8:     0x5d365f0c9109 - std[70759c8f55707aa4]::sys::backtrace::__rust_end_short_backtrace::<std[70759c8f55707aa4]::panicking::panic_handler::{closure#0}, !>
[INFO] [stdout]    9:     0x5d365f0d18fd - __rustc[8fa7c3cbc660c2b3]::rust_begin_unwind
[INFO] [stdout]   10:     0x5d365f10e9ac - core[df12db4294e9bfd3]::panicking::panic_fmt
[INFO] [stdout]   11:     0x5d365f10e782 - core[df12db4294e9bfd3]::result::unwrap_failed
[INFO] [stdout]   12:     0x5d365ee5c944 - <limmat[29c22f5bf6d82f9d]::test::tests::TestScriptFixtureBuilder>::build::{closure#0}
[INFO] [stdout]   13:     0x5d365ee695cd - limmat[29c22f5bf6d82f9d]::test::tests::should_not_start_canceled::{closure#0}
[INFO] [stdout]   14:     0x5d365eeeb523 - <tokio[1a99e81b75638eb6]::runtime::scheduler::current_thread::Context>::enter::<core[df12db4294e9bfd3]::task::poll::Poll<()>, <tokio[1a99e81b75638eb6]::runtime::scheduler::current_thread::CoreGuard>::block_on<core[df12db4294e9bfd3]::pin::Pin<&mut core[df12db4294e9bfd3]::pin::Pin<&mut dyn core[df12db4294e9bfd3]::future::future::Future<Output = ()>>>>::{closure#0}::{closure#0}>
[INFO] [stdout]   15:     0x5d365ef29abc - <tokio[1a99e81b75638eb6]::runtime::context::scoped::Scoped<tokio[1a99e81b75638eb6]::runtime::scheduler::Context>>::set::<<tokio[1a99e81b75638eb6]::runtime::scheduler::current_thread::CoreGuard>::enter<<tokio[1a99e81b75638eb6]::runtime::scheduler::current_thread::CoreGuard>::block_on<core[df12db4294e9bfd3]::pin::Pin<&mut core[df12db4294e9bfd3]::pin::Pin<&mut dyn core[df12db4294e9bfd3]::future::future::Future<Output = ()>>>>::{closure#0}, core[df12db4294e9bfd3]::option::Option<()>>::{closure#0}, (alloc[2182bb758b4b3781]::boxed::Box<tokio[1a99e81b75638eb6]::runtime::scheduler::current_thread::Core>, core[df12db4294e9bfd3]::option::Option<()>)>
[INFO] [stdout]   16:     0x5d365eeebb67 - <tokio[1a99e81b75638eb6]::runtime::scheduler::current_thread::CoreGuard>::block_on::<core[df12db4294e9bfd3]::pin::Pin<&mut core[df12db4294e9bfd3]::pin::Pin<&mut dyn core[df12db4294e9bfd3]::future::future::Future<Output = ()>>>>
[INFO] [stdout]   17:     0x5d365ef31d2d - tokio[1a99e81b75638eb6]::runtime::context::runtime::enter_runtime::<<tokio[1a99e81b75638eb6]::runtime::scheduler::current_thread::CurrentThread>::block_on<core[df12db4294e9bfd3]::pin::Pin<&mut dyn core[df12db4294e9bfd3]::future::future::Future<Output = ()>>>::{closure#0}, ()>
[INFO] [stdout]   18:     0x5d365eeeb175 - <tokio[1a99e81b75638eb6]::runtime::runtime::Runtime>::block_on::<core[df12db4294e9bfd3]::pin::Pin<&mut dyn core[df12db4294e9bfd3]::future::future::Future<Output = ()>>>
[INFO] [stdout]   19:     0x5d365ee70d6b - limmat[29c22f5bf6d82f9d]::test::tests::should_not_start_canceled
[INFO] [stdout]   20:     0x5d365eeab3a9 - <limmat[29c22f5bf6d82f9d]::test::tests::should_not_start_canceled::{closure#0} as core[df12db4294e9bfd3]::ops::function::FnOnce<()>>::call_once
[INFO] [stdout]   21:     0x5d365ef6730b - test[9d35eded1c95d3be]::__rust_begin_short_backtrace::<core[df12db4294e9bfd3]::result::Result<(), alloc[2182bb758b4b3781]::string::String>, fn() -> core[df12db4294e9bfd3]::result::Result<(), alloc[2182bb758b4b3781]::string::String>>
[INFO] [stdout]   22:     0x5d365ef74975 - test[9d35eded1c95d3be]::run_test::{closure#0}
[INFO] [stdout]   23:     0x5d365ef6e234 - std[70759c8f55707aa4]::sys::backtrace::__rust_begin_short_backtrace::<test[9d35eded1c95d3be]::run_test::{closure#1}, ()>
[INFO] [stdout]   24:     0x5d365ef77ad2 - <std[70759c8f55707aa4]::thread::lifecycle::spawn_unchecked<test[9d35eded1c95d3be]::run_test::{closure#1}, ()>::{closure#1} as core[df12db4294e9bfd3]::ops::function::FnOnce<()>>::call_once::{shim:vtable#0}
[INFO] [stdout]   25:     0x5d365f0f6839 - <std[70759c8f55707aa4]::sys::thread::unix::Thread>::new::thread_start
[INFO] [stdout]   26:     0x7b06fa71fdfa - <unknown>
[INFO] [stdout]   27:     0x7b06fa7b33d4 - clone
[INFO] [stdout]   28:                0x0 - <unknown>
[INFO] [stdout] 
[INFO] [stdout] ---- test::tests::should_handle_many::multiple_worktrees_one_test stdout ----
[INFO] [stdout] 
[INFO] [stdout] thread 'test::tests::should_handle_many::multiple_worktrees_one_test' (3460) panicked at src/test.rs:1549:14:
[INFO] [stdout] couldn't create base commit: 'git commit' failed
[INFO] [stdout] 
[INFO] [stdout] Caused by:
[INFO] [stdout]     failed with exit code 128. stderr:
[INFO] [stdout]     Author identity unknown
[INFO] [stdout]     
[INFO] [stdout]     *** Please tell me who you are.
[INFO] [stdout]     
[INFO] [stdout]     Run
[INFO] [stdout]     
[INFO] [stdout]       git config --global user.email "you@example.com"
[INFO] [stdout]       git config --global user.name "Your Name"
[INFO] [stdout]     
[INFO] [stdout]     to set your account's default identity.
[INFO] [stdout]     Omit --global to set the identity only in this repository.
[INFO] [stdout]     
[INFO] [stdout]     fatal: unable to auto-detect email address (got 'root@cd0cdfe8b666.(none)')
[INFO] [stdout]     
[INFO] [stdout]     stdout:
[INFO] [stdout]     
[INFO] [stdout] 
[INFO] [stdout] Stack backtrace:
[INFO] [stdout]    0: <anyhow::Error>::msg::<alloc::string::String>
[INFO] [stdout]    1: <std::process::Output as limmat::process::OutputExt>::ok
[INFO] [stdout]    2: <limmat::git::GitCommand>::execute::{closure#0}
[INFO] [stdout]    3: limmat::test::tests::should_handle_many::{closure#0}
[INFO] [stdout]    4: limmat::test::tests::should_handle_many::multiple_worktrees_one_test::{closure#0}
[INFO] [stdout]    5: <tokio::runtime::scheduler::current_thread::Context>::enter::<core::task::poll::Poll<()>, <tokio::runtime::scheduler::current_thread::CoreGuard>::block_on<core::pin::Pin<&mut core::pin::Pin<&mut dyn core::future::future::Future<Output = ()>>>>::{closure#0}::{closure#0}>
[INFO] [stdout]    6: <tokio::runtime::context::scoped::Scoped<tokio::runtime::scheduler::Context>>::set::<<tokio::runtime::scheduler::current_thread::CoreGuard>::enter<<tokio::runtime::scheduler::current_thread::CoreGuard>::block_on<core::pin::Pin<&mut core::pin::Pin<&mut dyn core::future::future::Future<Output = ()>>>>::{closure#0}, core::option::Option<()>>::{closure#0}, (alloc::boxed::Box<tokio::runtime::scheduler::current_thread::Core>, core::option::Option<()>)>
[INFO] [stdout]    7: <tokio::runtime::scheduler::current_thread::CoreGuard>::block_on::<core::pin::Pin<&mut core::pin::Pin<&mut dyn core::future::future::Future<Output = ()>>>>
[INFO] [stdout]    8: tokio::runtime::context::runtime::enter_runtime::<<tokio::runtime::scheduler::current_thread::CurrentThread>::block_on<core::pin::Pin<&mut dyn core::future::future::Future<Output = ()>>>::{closure#0}, ()>
[INFO] [stdout]    9: <tokio::runtime::runtime::Runtime>::block_on::<core::pin::Pin<&mut dyn core::future::future::Future<Output = ()>>>
[INFO] [stdout]   10: limmat::test::tests::should_handle_many::multiple_worktrees_one_test
[INFO] [stdout]   11: <limmat::test::tests::should_handle_many::multiple_worktrees_one_test::{closure#0} as core::ops::function::FnOnce<()>>::call_once
[INFO] [stdout]   12: test::__rust_begin_short_backtrace::<core::result::Result<(), alloc::string::String>, fn() -> core::result::Result<(), alloc::string::String>>
[INFO] [stdout]   13: test::run_test::{closure#0}
[INFO] [stdout]   14: std::sys::backtrace::__rust_begin_short_backtrace::<test::run_test::{closure#1}, ()>
[INFO] [stdout]   15: <std::thread::lifecycle::spawn_unchecked<test::run_test::{closure#1}, ()>::{closure#1} as core::ops::function::FnOnce<()>>::call_once::{shim:vtable#0}
[INFO] [stdout]   16: <std::sys::thread::unix::Thread>::new::thread_start
[INFO] [stdout]   17: <unknown>
[INFO] [stdout]   18: clone
[INFO] [stdout] stack backtrace:
[INFO] [stdout]    0:     0x5d365f0f72e1 - <<std[70759c8f55707aa4]::sys::backtrace::BacktraceLock>::print::DisplayBacktrace as core[df12db4294e9bfd3]::fmt::Display>::fmt
[INFO] [stdout]    1:     0x5d365f10e1ca - core[df12db4294e9bfd3]::fmt::write
[INFO] [stdout]    2:     0x5d365f0fc2fc - <alloc[2182bb758b4b3781]::vec::Vec<u8> as core[df12db4294e9bfd3]::io::write::Write>::write_fmt
[INFO] [stdout]    3:     0x5d365f0d0b46 - std[70759c8f55707aa4]::panicking::default_hook::{closure#0}
[INFO] [stdout]    4:     0x5d365f0ee689 - std[70759c8f55707aa4]::panicking::default_hook
[INFO] [stdout]    5:     0x5d365ef74020 - test[9d35eded1c95d3be]::test_main_inner::<test[9d35eded1c95d3be]::test_main_static::{closure#0}>::{closure#0}
[INFO] [stdout]    6:     0x5d365f0ee9b2 - std[70759c8f55707aa4]::panicking::panic_with_hook
[INFO] [stdout]    7:     0x5d365f0d0bf2 - std[70759c8f55707aa4]::panicking::panic_handler::{closure#0}
[INFO] [stdout]    8:     0x5d365f0c9109 - std[70759c8f55707aa4]::sys::backtrace::__rust_end_short_backtrace::<std[70759c8f55707aa4]::panicking::panic_handler::{closure#0}, !>
[INFO] [stdout]    9:     0x5d365f0d18fd - __rustc[8fa7c3cbc660c2b3]::rust_begin_unwind
[INFO] [stdout]   10:     0x5d365f10e9ac - core[df12db4294e9bfd3]::panicking::panic_fmt
[INFO] [stdout]   11:     0x5d365f10e782 - core[df12db4294e9bfd3]::result::unwrap_failed
[INFO] [stdout]   12:     0x5d365eef8344 - limmat[29c22f5bf6d82f9d]::test::tests::should_handle_many::{closure#0}
[INFO] [stdout]   13:     0x5d365eefaced - limmat[29c22f5bf6d82f9d]::test::tests::should_handle_many::multiple_worktrees_one_test::{closure#0}
[INFO] [stdout]   14:     0x5d365eeeb523 - <tokio[1a99e81b75638eb6]::runtime::scheduler::current_thread::Context>::enter::<core[df12db4294e9bfd3]::task::poll::Poll<()>, <tokio[1a99e81b75638eb6]::runtime::scheduler::current_thread::CoreGuard>::block_on<core[df12db4294e9bfd3]::pin::Pin<&mut core[df12db4294e9bfd3]::pin::Pin<&mut dyn core[df12db4294e9bfd3]::future::future::Future<Output = ()>>>>::{closure#0}::{closure#0}>
[INFO] [stdout]   15:     0x5d365ef29abc - <tokio[1a99e81b75638eb6]::runtime::context::scoped::Scoped<tokio[1a99e81b75638eb6]::runtime::scheduler::Context>>::set::<<tokio[1a99e81b75638eb6]::runtime::scheduler::current_thread::CoreGuard>::enter<<tokio[1a99e81b75638eb6]::runtime::scheduler::current_thread::CoreGuard>::block_on<core[df12db4294e9bfd3]::pin::Pin<&mut core[df12db4294e9bfd3]::pin::Pin<&mut dyn core[df12db4294e9bfd3]::future::future::Future<Output = ()>>>>::{closure#0}, core[df12db4294e9bfd3]::option::Option<()>>::{closure#0}, (alloc[2182bb758b4b3781]::boxed::Box<tokio[1a99e81b75638eb6]::runtime::scheduler::current_thread::Core>, core[df12db4294e9bfd3]::option::Option<()>)>
[INFO] [stdout]   16:     0x5d365eeebb67 - <tokio[1a99e81b75638eb6]::runtime::scheduler::current_thread::CoreGuard>::block_on::<core[df12db4294e9bfd3]::pin::Pin<&mut core[df12db4294e9bfd3]::pin::Pin<&mut dyn core[df12db4294e9bfd3]::future::future::Future<Output = ()>>>>
[INFO] [stdout]   17:     0x5d365ef31d2d - tokio[1a99e81b75638eb6]::runtime::context::runtime::enter_runtime::<<tokio[1a99e81b75638eb6]::runtime::scheduler::current_thread::CurrentThread>::block_on<core[df12db4294e9bfd3]::pin::Pin<&mut dyn core[df12db4294e9bfd3]::future::future::Future<Output = ()>>>::{closure#0}, ()>
[INFO] [stdout]   18:     0x5d365eeeb175 - <tokio[1a99e81b75638eb6]::runtime::runtime::Runtime>::block_on::<core[df12db4294e9bfd3]::pin::Pin<&mut dyn core[df12db4294e9bfd3]::future::future::Future<Output = ()>>>
[INFO] [stdout]   19:     0x5d365eefc84b - limmat[29c22f5bf6d82f9d]::test::tests::should_handle_many::multiple_worktrees_one_test
[INFO] [stdout]   20:     0x5d365eeabb49 - <limmat[29c22f5bf6d82f9d]::test::tests::should_handle_many::multiple_worktrees_one_test::{closure#0} as core[df12db4294e9bfd3]::ops::function::FnOnce<()>>::call_once
[INFO] [stdout]   21:     0x5d365ef6730b - test[9d35eded1c95d3be]::__rust_begin_short_backtrace::<core[df12db4294e9bfd3]::result::Result<(), alloc[2182bb758b4b3781]::string::String>, fn() -> core[df12db4294e9bfd3]::result::Result<(), alloc[2182bb758b4b3781]::string::String>>
[INFO] [stdout]   22:     0x5d365ef74975 - test[9d35eded1c95d3be]::run_test::{closure#0}
[INFO] [stdout]   23:     0x5d365ef6e234 - std[70759c8f55707aa4]::sys::backtrace::__rust_begin_short_backtrace::<test[9d35eded1c95d3be]::run_test::{closure#1}, ()>
[INFO] [stdout]   24:     0x5d365ef77ad2 - <std[70759c8f55707aa4]::thread::lifecycle::spawn_unchecked<test[9d35eded1c95d3be]::run_test::{closure#1}, ()>::{closure#1} as core[df12db4294e9bfd3]::ops::function::FnOnce<()>>::call_once::{shim:vtable#0}
[INFO] [stdout]   25:     0x5d365f0f6839 - <std[70759c8f55707aa4]::sys::thread::unix::Thread>::new::thread_start
[INFO] [stdout]   26:     0x7b06fa71fdfa - <unknown>
[INFO] [stdout]   27:     0x7b06fa7b33d4 - clone
[INFO] [stdout]   28:                0x0 - <unknown>
[INFO] [stdout] 
[INFO] [stdout] ---- test::tests::should_run_single stdout ----
[INFO] [stdout] 
[INFO] [stdout] thread 'test::tests::should_run_single' (3468) panicked at src/test.rs:1549:14:
[INFO] [stdout] couldn't create base commit: 'git commit' failed
[INFO] [stdout] 
[INFO] [stdout] Caused by:
[INFO] [stdout]     failed with exit code 128. stderr:
[INFO] [stdout]     Author identity unknown
[INFO] [stdout]     
[INFO] [stdout]     *** Please tell me who you are.
[INFO] [stdout]     
[INFO] [stdout]     Run
[INFO] [stdout]     
[INFO] [stdout]       git config --global user.email "you@example.com"
[INFO] [stdout]       git config --global user.name "Your Name"
[INFO] [stdout]     
[INFO] [stdout]     to set your account's default identity.
[INFO] [stdout]     Omit --global to set the identity only in this repository.
[INFO] [stdout]     
[INFO] [stdout]     fatal: unable to auto-detect email address (got 'root@cd0cdfe8b666.(none)')
[INFO] [stdout]     
[INFO] [stdout]     stdout:
[INFO] [stdout]     
[INFO] [stdout] 
[INFO] [stdout] Stack backtrace:
[INFO] [stdout]    0: <anyhow::Error>::msg::<alloc::string::String>
[INFO] [stdout]    1: <std::process::Output as limmat::process::OutputExt>::ok
[INFO] [stdout]    2: <limmat::git::GitCommand>::execute::{closure#0}
[INFO] [stdout]    3: <limmat::git::test_utils::TempRepo as limmat::git::test_utils::WorktreeExt>::commit::<&str>::{closure#0}
[INFO] [stdout]    4: <limmat::test::tests::TestScriptFixtureBuilder>::build::{closure#0}
[INFO] [stdout]    5: limmat::test::tests::should_run_single::{closure#0}
[INFO] [stdout]    6: <tokio::runtime::scheduler::current_thread::Context>::enter::<core::task::poll::Poll<()>, <tokio::runtime::scheduler::current_thread::CoreGuard>::block_on<core::pin::Pin<&mut core::pin::Pin<&mut dyn core::future::future::Future<Output = ()>>>>::{closure#0}::{closure#0}>
[INFO] [stdout]    7: <tokio::runtime::context::scoped::Scoped<tokio::runtime::scheduler::Context>>::set::<<tokio::runtime::scheduler::current_thread::CoreGuard>::enter<<tokio::runtime::scheduler::current_thread::CoreGuard>::block_on<core::pin::Pin<&mut core::pin::Pin<&mut dyn core::future::future::Future<Output = ()>>>>::{closure#0}, core::option::Option<()>>::{closure#0}, (alloc::boxed::Box<tokio::runtime::scheduler::current_thread::Core>, core::option::Option<()>)>
[INFO] [stdout]    8: <tokio::runtime::scheduler::current_thread::CoreGuard>::block_on::<core::pin::Pin<&mut core::pin::Pin<&mut dyn core::future::future::Future<Output = ()>>>>
[INFO] [stdout]    9: tokio::runtime::context::runtime::enter_runtime::<<tokio::runtime::scheduler::current_thread::CurrentThread>::block_on<core::pin::Pin<&mut dyn core::future::future::Future<Output = ()>>>::{closure#0}, ()>
[INFO] [stdout]   10: <tokio::runtime::runtime::Runtime>::block_on::<core::pin::Pin<&mut dyn core::future::future::Future<Output = ()>>>
[INFO] [stdout]   11: limmat::test::tests::should_run_single
[INFO] [stdout]   12: <limmat::test::tests::should_run_single::{closure#0} as core::ops::function::FnOnce<()>>::call_once
[INFO] [stdout]   13: test::__rust_begin_short_backtrace::<core::result::Result<(), alloc::string::String>, fn() -> core::result::Result<(), alloc::string::String>>
[INFO] [stdout]   14: test::run_test::{closure#0}
[INFO] [stdout]   15: std::sys::backtrace::__rust_begin_short_backtrace::<test::run_test::{closure#1}, ()>
[INFO] [stdout]   16: <std::thread::lifecycle::spawn_unchecked<test::run_test::{closure#1}, ()>::{closure#1} as core::ops::function::FnOnce<()>>::call_once::{shim:vtable#0}
[INFO] [stdout]   17: <std::sys::thread::unix::Thread>::new::thread_start
[INFO] [stdout]   18: <unknown>
[INFO] [stdout]   19: clone
[INFO] [stdout] stack backtrace:
[INFO] [stdout]    0:     0x5d365f0f72e1 - <<std[70759c8f55707aa4]::sys::backtrace::BacktraceLock>::print::DisplayBacktrace as core[df12db4294e9bfd3]::fmt::Display>::fmt
[INFO] [stdout]    1:     0x5d365f10e1ca - core[df12db4294e9bfd3]::fmt::write
[INFO] [stdout]    2:     0x5d365f0fc2fc - <alloc[2182bb758b4b3781]::vec::Vec<u8> as core[df12db4294e9bfd3]::io::write::Write>::write_fmt
[INFO] [stdout]    3:     0x5d365f0d0b46 - std[70759c8f55707aa4]::panicking::default_hook::{closure#0}
[INFO] [stdout]    4:     0x5d365f0ee689 - std[70759c8f55707aa4]::panicking::default_hook
[INFO] [stdout]    5:     0x5d365ef74020 - test[9d35eded1c95d3be]::test_main_inner::<test[9d35eded1c95d3be]::test_main_static::{closure#0}>::{closure#0}
[INFO] [stdout]    6:     0x5d365f0ee9b2 - std[70759c8f55707aa4]::panicking::panic_with_hook
[INFO] [stdout]    7:     0x5d365f0d0bf2 - std[70759c8f55707aa4]::panicking::panic_handler::{closure#0}
[INFO] [stdout]    8:     0x5d365f0c9109 - std[70759c8f55707aa4]::sys::backtrace::__rust_end_short_backtrace::<std[70759c8f55707aa4]::panicking::panic_handler::{closure#0}, !>
[INFO] [stdout]    9:     0x5d365f0d18fd - __rustc[8fa7c3cbc660c2b3]::rust_begin_unwind
[INFO] [stdout]   10:     0x5d365f10e9ac - core[df12db4294e9bfd3]::panicking::panic_fmt
[INFO] [stdout]   11:     0x5d365f10e782 - core[df12db4294e9bfd3]::result::unwrap_failed
[INFO] [stdout]   12:     0x5d365ee5c944 - <limmat[29c22f5bf6d82f9d]::test::tests::TestScriptFixtureBuilder>::build::{closure#0}
[INFO] [stdout]   13:     0x5d365ee65f28 - limmat[29c22f5bf6d82f9d]::test::tests::should_run_single::{closure#0}
[INFO] [stdout]   14:     0x5d365eeeb523 - <tokio[1a99e81b75638eb6]::runtime::scheduler::current_thread::Context>::enter::<core[df12db4294e9bfd3]::task::poll::Poll<()>, <tokio[1a99e81b75638eb6]::runtime::scheduler::current_thread::CoreGuard>::block_on<core[df12db4294e9bfd3]::pin::Pin<&mut core[df12db4294e9bfd3]::pin::Pin<&mut dyn core[df12db4294e9bfd3]::future::future::Future<Output = ()>>>>::{closure#0}::{closure#0}>
[INFO] [stdout]   15:     0x5d365ef29abc - <tokio[1a99e81b75638eb6]::runtime::context::scoped::Scoped<tokio[1a99e81b75638eb6]::runtime::scheduler::Context>>::set::<<tokio[1a99e81b75638eb6]::runtime::scheduler::current_thread::CoreGuard>::enter<<tokio[1a99e81b75638eb6]::runtime::scheduler::current_thread::CoreGuard>::block_on<core[df12db4294e9bfd3]::pin::Pin<&mut core[df12db4294e9bfd3]::pin::Pin<&mut dyn core[df12db4294e9bfd3]::future::future::Future<Output = ()>>>>::{closure#0}, core[df12db4294e9bfd3]::option::Option<()>>::{closure#0}, (alloc[2182bb758b4b3781]::boxed::Box<tokio[1a99e81b75638eb6]::runtime::scheduler::current_thread::Core>, core[df12db4294e9bfd3]::option::Option<()>)>
[INFO] [stdout]   16:     0x5d365eeebb67 - <tokio[1a99e81b75638eb6]::runtime::scheduler::current_thread::CoreGuard>::block_on::<core[df12db4294e9bfd3]::pin::Pin<&mut core[df12db4294e9bfd3]::pin::Pin<&mut dyn core[df12db4294e9bfd3]::future::future::Future<Output = ()>>>>
[INFO] [stdout]   17:     0x5d365ef31d2d - tokio[1a99e81b75638eb6]::runtime::context::runtime::enter_runtime::<<tokio[1a99e81b75638eb6]::runtime::scheduler::current_thread::CurrentThread>::block_on<core[df12db4294e9bfd3]::pin::Pin<&mut dyn core[df12db4294e9bfd3]::future::future::Future<Output = ()>>>::{closure#0}, ()>
[INFO] [stdout]   18:     0x5d365eeeb175 - <tokio[1a99e81b75638eb6]::runtime::runtime::Runtime>::block_on::<core[df12db4294e9bfd3]::pin::Pin<&mut dyn core[df12db4294e9bfd3]::future::future::Future<Output = ()>>>
[INFO] [stdout]   19:     0x5d365ee7097b - limmat[29c22f5bf6d82f9d]::test::tests::should_run_single
[INFO] [stdout]   20:     0x5d365eeab349 - <limmat[29c22f5bf6d82f9d]::test::tests::should_run_single::{closure#0} as core[df12db4294e9bfd3]::ops::function::FnOnce<()>>::call_once
[INFO] [stdout]   21:     0x5d365ef6730b - test[9d35eded1c95d3be]::__rust_begin_short_backtrace::<core[df12db4294e9bfd3]::result::Result<(), alloc[2182bb758b4b3781]::string::String>, fn() -> core[df12db4294e9bfd3]::result::Result<(), alloc[2182bb758b4b3781]::string::String>>
[INFO] [stdout]   22:     0x5d365ef74975 - test[9d35eded1c95d3be]::run_test::{closure#0}
[INFO] [stdout]   23:     0x5d365ef6e234 - std[70759c8f55707aa4]::sys::backtrace::__rust_begin_short_backtrace::<test[9d35eded1c95d3be]::run_test::{closure#1}, ()>
[INFO] [stdout]   24:     0x5d365ef77ad2 - <std[70759c8f55707aa4]::thread::lifecycle::spawn_unchecked<test[9d35eded1c95d3be]::run_test::{closure#1}, ()>::{closure#1} as core[df12db4294e9bfd3]::ops::function::FnOnce<()>>::call_once::{shim:vtable#0}
[INFO] [stdout]   25:     0x5d365f0f6839 - <std[70759c8f55707aa4]::sys::thread::unix::Thread>::new::thread_start
[INFO] [stdout]   26:     0x7b06fa71fdfa - <unknown>
[INFO] [stdout]   27:     0x7b06fa7b33d4 - clone
[INFO] [stdout]   28:                0x0 - <unknown>
[INFO] [stdout] 
[INFO] [stdout] ---- test::tests::should_not_require_worktree stdout ----
[INFO] [stdout] 
[INFO] [stdout] thread 'test::tests::should_not_require_worktree' (3463) panicked at src/test.rs:1549:14:
[INFO] [stdout] couldn't create base commit: 'git commit' failed
[INFO] [stdout] 
[INFO] [stdout] Caused by:
[INFO] [stdout]     failed with exit code 128. stderr:
[INFO] [stdout]     Author identity unknown
[INFO] [stdout]     
[INFO] [stdout]     *** Please tell me who you are.
[INFO] [stdout]     
[INFO] [stdout]     Run
[INFO] [stdout]     
[INFO] [stdout]       git config --global user.email "you@example.com"
[INFO] [stdout]       git config --global user.name "Your Name"
[INFO] [stdout]     
[INFO] [stdout]     to set your account's default identity.
[INFO] [stdout]     Omit --global to set the identity only in this repository.
[INFO] [stdout]     
[INFO] [stdout]     fatal: unable to auto-detect email address (got 'root@cd0cdfe8b666.(none)')
[INFO] [stdout]     
[INFO] [stdout]     stdout:
[INFO] [stdout]     
[INFO] [stdout] 
[INFO] [stdout] Stack backtrace:
[INFO] [stdout]    0: <anyhow::Error>::msg::<alloc::string::String>
[INFO] [stdout]    1: <std::process::Output as limmat::process::OutputExt>::ok
[INFO] [stdout]    2: <limmat::git::GitCommand>::execute::{closure#0}
[INFO] [stdout]    3: <limmat::git::test_utils::TempRepo as limmat::git::test_utils::WorktreeExt>::commit::<&str>::{closure#0}
[INFO] [stdout]    4: <limmat::test::tests::TestScriptFixtureBuilder>::build::{closure#0}
[INFO] [stdout]    5: limmat::test::tests::should_not_require_worktree::{closure#0}
[INFO] [stdout]    6: <tokio::runtime::scheduler::current_thread::Context>::enter::<core::task::poll::Poll<()>, <tokio::runtime::scheduler::current_thread::CoreGuard>::block_on<core::pin::Pin<&mut core::pin::Pin<&mut dyn core::future::future::Future<Output = ()>>>>::{closure#0}::{closure#0}>
[INFO] [stdout]    7: <tokio::runtime::context::scoped::Scoped<tokio::runtime::scheduler::Context>>::set::<<tokio::runtime::scheduler::current_thread::CoreGuard>::enter<<tokio::runtime::scheduler::current_thread::CoreGuard>::block_on<core::pin::Pin<&mut core::pin::Pin<&mut dyn core::future::future::Future<Output = ()>>>>::{closure#0}, core::option::Option<()>>::{closure#0}, (alloc::boxed::Box<tokio::runtime::scheduler::current_thread::Core>, core::option::Option<()>)>
[INFO] [stdout]    8: <tokio::runtime::scheduler::current_thread::CoreGuard>::block_on::<core::pin::Pin<&mut core::pin::Pin<&mut dyn core::future::future::Future<Output = ()>>>>
[INFO] [stdout]    9: tokio::runtime::context::runtime::enter_runtime::<<tokio::runtime::scheduler::current_thread::CurrentThread>::block_on<core::pin::Pin<&mut dyn core::future::future::Future<Output = ()>>>::{closure#0}, ()>
[INFO] [stdout]   10: <tokio::runtime::runtime::Runtime>::block_on::<core::pin::Pin<&mut dyn core::future::future::Future<Output = ()>>>
[INFO] [stdout]   11: limmat::test::tests::should_not_require_worktree
[INFO] [stdout]   12: <limmat::test::tests::should_not_require_worktree::{closure#0} as core::ops::function::FnOnce<()>>::call_once
[INFO] [stdout]   13: test::__rust_begin_short_backtrace::<core::result::Result<(), alloc::string::String>, fn() -> core::result::Result<(), alloc::string::String>>
[INFO] [stdout]   14: test::run_test::{closure#0}
[INFO] [stdout]   15: std::sys::backtrace::__rust_begin_short_backtrace::<test::run_test::{closure#1}, ()>
[INFO] [stdout]   16: <std::thread::lifecycle::spawn_unchecked<test::run_test::{closure#1}, ()>::{closure#1} as core::ops::function::FnOnce<()>>::call_once::{shim:vtable#0}
[INFO] [stdout]   17: <std::sys::thread::unix::Thread>::new::thread_start
[INFO] [stdout]   18: <unknown>
[INFO] [stdout]   19: clone
[INFO] [stdout] stack backtrace:
[INFO] [stdout]    0:     0x5d365f0f72e1 - <<std[70759c8f55707aa4]::sys::backtrace::BacktraceLock>::print::DisplayBacktrace as core[df12db4294e9bfd3]::fmt::Display>::fmt
[INFO] [stdout]    1:     0x5d365f10e1ca - core[df12db4294e9bfd3]::fmt::write
[INFO] [stdout]    2:     0x5d365f0fc2fc - <alloc[2182bb758b4b3781]::vec::Vec<u8> as core[df12db4294e9bfd3]::io::write::Write>::write_fmt
[INFO] [stdout]    3:     0x5d365f0d0b46 - std[70759c8f55707aa4]::panicking::default_hook::{closure#0}
[INFO] [stdout]    4:     0x5d365f0ee689 - std[70759c8f55707aa4]::panicking::default_hook
[INFO] [stdout]    5:     0x5d365ef74020 - test[9d35eded1c95d3be]::test_main_inner::<test[9d35eded1c95d3be]::test_main_static::{closure#0}>::{closure#0}
[INFO] [stdout]    6:     0x5d365f0ee9b2 - std[70759c8f55707aa4]::panicking::panic_with_hook
[INFO] [stdout]    7:     0x5d365f0d0bf2 - std[70759c8f55707aa4]::panicking::panic_handler::{closure#0}
[INFO] [stdout]    8:     0x5d365f0c9109 - std[70759c8f55707aa4]::sys::backtrace::__rust_end_short_backtrace::<std[70759c8f55707aa4]::panicking::panic_handler::{closure#0}, !>
[INFO] [stdout]    9:     0x5d365f0d18fd - __rustc[8fa7c3cbc660c2b3]::rust_begin_unwind
[INFO] [stdout]   10:     0x5d365f10e9ac - core[df12db4294e9bfd3]::panicking::panic_fmt
[INFO] [stdout]   11:     0x5d365f10e782 - core[df12db4294e9bfd3]::result::unwrap_failed
[INFO] [stdout]   12:     0x5d365ee5c944 - <limmat[29c22f5bf6d82f9d]::test::tests::TestScriptFixtureBuilder>::build::{closure#0}
[INFO] [stdout]   13:     0x5d365ee6bd25 - limmat[29c22f5bf6d82f9d]::test::tests::should_not_require_worktree::{closure#0}
[INFO] [stdout]   14:     0x5d365eeeb523 - <tokio[1a99e81b75638eb6]::runtime::scheduler::current_thread::Context>::enter::<core[df12db4294e9bfd3]::task::poll::Poll<()>, <tokio[1a99e81b75638eb6]::runtime::scheduler::current_thread::CoreGuard>::block_on<core[df12db4294e9bfd3]::pin::Pin<&mut core[df12db4294e9bfd3]::pin::Pin<&mut dyn core[df12db4294e9bfd3]::future::future::Future<Output = ()>>>>::{closure#0}::{closure#0}>
[INFO] [stdout]   15:     0x5d365ef29abc - <tokio[1a99e81b75638eb6]::runtime::context::scoped::Scoped<tokio[1a99e81b75638eb6]::runtime::scheduler::Context>>::set::<<tokio[1a99e81b75638eb6]::runtime::scheduler::current_thread::CoreGuard>::enter<<tokio[1a99e81b75638eb6]::runtime::scheduler::current_thread::CoreGuard>::block_on<core[df12db4294e9bfd3]::pin::Pin<&mut core[df12db4294e9bfd3]::pin::Pin<&mut dyn core[df12db4294e9bfd3]::future::future::Future<Output = ()>>>>::{closure#0}, core[df12db4294e9bfd3]::option::Option<()>>::{closure#0}, (alloc[2182bb758b4b3781]::boxed::Box<tokio[1a99e81b75638eb6]::runtime::scheduler::current_thread::Core>, core[df12db4294e9bfd3]::option::Option<()>)>
[INFO] [stdout]   16:     0x5d365eeebb67 - <tokio[1a99e81b75638eb6]::runtime::scheduler::current_thread::CoreGuard>::block_on::<core[df12db4294e9bfd3]::pin::Pin<&mut core[df12db4294e9bfd3]::pin::Pin<&mut dyn core[df12db4294e9bfd3]::future::future::Future<Output = ()>>>>
[INFO] [stdout]   17:     0x5d365ef31d2d - tokio[1a99e81b75638eb6]::runtime::context::runtime::enter_runtime::<<tokio[1a99e81b75638eb6]::runtime::scheduler::current_thread::CurrentThread>::block_on<core[df12db4294e9bfd3]::pin::Pin<&mut dyn core[df12db4294e9bfd3]::future::future::Future<Output = ()>>>::{closure#0}, ()>
[INFO] [stdout]   18:     0x5d365eeeb175 - <tokio[1a99e81b75638eb6]::runtime::runtime::Runtime>::block_on::<core[df12db4294e9bfd3]::pin::Pin<&mut dyn core[df12db4294e9bfd3]::future::future::Future<Output = ()>>>
[INFO] [stdout]   19:     0x5d365ee70ebb - limmat[29c22f5bf6d82f9d]::test::tests::should_not_require_worktree
[INFO] [stdout]   20:     0x5d365eeab3c9 - <limmat[29c22f5bf6d82f9d]::test::tests::should_not_require_worktree::{closure#0} as core[df12db4294e9bfd3]::ops::function::FnOnce<()>>::call_once
[INFO] [stdout]   21:     0x5d365ef6730b - test[9d35eded1c95d3be]::__rust_begin_short_backtrace::<core[df12db4294e9bfd3]::result::Result<(), alloc[2182bb758b4b3781]::string::String>, fn() -> core[df12db4294e9bfd3]::result::Result<(), alloc[2182bb758b4b3781]::string::String>>
[INFO] [stdout]   22:     0x5d365ef74975 - test[9d35eded1c95d3be]::run_test::{closure#0}
[INFO] [stdout]   23:     0x5d365ef6e234 - std[70759c8f55707aa4]::sys::backtrace::__rust_begin_short_backtrace::<test[9d35eded1c95d3be]::run_test::{closure#1}, ()>
[INFO] [stderr] error: test failed, to rerun pass `--bin limmat`
[INFO] [stdout]   24:     0x5d365ef77ad2 - <std[70759c8f55707aa4]::thread::lifecycle::spawn_unchecked<test[9d35eded1c95d3be]::run_test::{closure#1}, ()>::{closure#1} as core[df12db4294e9bfd3]::ops::function::FnOnce<()>>::call_once::{shim:vtable#0}
[INFO] [stdout]   25:     0x5d365f0f6839 - <std[70759c8f55707aa4]::sys::thread::unix::Thread>::new::thread_start
[INFO] [stdout]   26:     0x7b06fa71fdfa - <unknown>
[INFO] [stdout]   27:     0x7b06fa7b33d4 - clone
[INFO] [stdout]   28:                0x0 - <unknown>
[INFO] [stdout] 
[INFO] [stdout] ---- test::tests::should_respect_resource_limits stdout ----
[INFO] [stdout] 
[INFO] [stdout] thread 'test::tests::should_respect_resource_limits' (3467) panicked at src/test.rs:1912:22:
[INFO] [stdout] couldn't create test commit: 'git commit' failed
[INFO] [stdout] 
[INFO] [stdout] Caused by:
[INFO] [stdout]     failed with exit code 128. stderr:
[INFO] [stdout]     Author identity unknown
[INFO] [stdout]     
[INFO] [stdout]     *** Please tell me who you are.
[INFO] [stdout]     
[INFO] [stdout]     Run
[INFO] [stdout]     
[INFO] [stdout]       git config --global user.email "you@example.com"
[INFO] [stdout]       git config --global user.name "Your Name"
[INFO] [stdout]     
[INFO] [stdout]     to set your account's default identity.
[INFO] [stdout]     Omit --global to set the identity only in this repository.
[INFO] [stdout]     
[INFO] [stdout]     fatal: unable to auto-detect email address (got 'root@cd0cdfe8b666.(none)')
[INFO] [stdout]     
[INFO] [stdout]     stdout:
[INFO] [stdout]     
[INFO] [stdout] 
[INFO] [stdout] Stack backtrace:
[INFO] [stdout]    0: <anyhow::Error>::msg::<alloc::string::String>
[INFO] [stdout]    1: <std::process::Output as limmat::process::OutputExt>::ok
[INFO] [stdout]    2: <limmat::git::GitCommand>::execute::{closure#0}
[INFO] [stdout]    3: <limmat::git::test_utils::TempRepo as limmat::git::test_utils::WorktreeExt>::commit::<&str>::{closure#0}
[INFO] [stdout]    4: limmat::test::tests::should_respect_resource_limits::{closure#0}
[INFO] [stdout]    5: <tokio::runtime::scheduler::current_thread::Context>::enter::<core::task::poll::Poll<()>, <tokio::runtime::scheduler::current_thread::CoreGuard>::block_on<core::pin::Pin<&mut core::pin::Pin<&mut dyn core::future::future::Future<Output = ()>>>>::{closure#0}::{closure#0}>
[INFO] [stdout]    6: <tokio::runtime::context::scoped::Scoped<tokio::runtime::scheduler::Context>>::set::<<tokio::runtime::scheduler::current_thread::CoreGuard>::enter<<tokio::runtime::scheduler::current_thread::CoreGuard>::block_on<core::pin::Pin<&mut core::pin::Pin<&mut dyn core::future::future::Future<Output = ()>>>>::{closure#0}, core::option::Option<()>>::{closure#0}, (alloc::boxed::Box<tokio::runtime::scheduler::current_thread::Core>, core::option::Option<()>)>
[INFO] [stdout]    7: <tokio::runtime::scheduler::current_thread::CoreGuard>::block_on::<core::pin::Pin<&mut core::pin::Pin<&mut dyn core::future::future::Future<Output = ()>>>>
[INFO] [stdout]    8: tokio::runtime::context::runtime::enter_runtime::<<tokio::runtime::scheduler::current_thread::CurrentThread>::block_on<core::pin::Pin<&mut dyn core::future::future::Future<Output = ()>>>::{closure#0}, ()>
[INFO] [stdout]    9: <tokio::runtime::runtime::Runtime>::block_on::<core::pin::Pin<&mut dyn core::future::future::Future<Output = ()>>>
[INFO] [stdout]   10: limmat::test::tests::should_respect_resource_limits
[INFO] [stdout]   11: <limmat::test::tests::should_respect_resource_limits::{closure#0} as core::ops::function::FnOnce<()>>::call_once
[INFO] [stdout]   12: test::__rust_begin_short_backtrace::<core::result::Result<(), alloc::string::String>, fn() -> core::result::Result<(), alloc::string::String>>
[INFO] [stdout]   13: test::run_test::{closure#0}
[INFO] [stdout]   14: std::sys::backtrace::__rust_begin_short_backtrace::<test::run_test::{closure#1}, ()>
[INFO] [stdout]   15: <std::thread::lifecycle::spawn_unchecked<test::run_test::{closure#1}, ()>::{closure#1} as core::ops::function::FnOnce<()>>::call_once::{shim:vtable#0}
[INFO] [stdout]   16: <std::sys::thread::unix::Thread>::new::thread_start
[INFO] [stdout]   17: <unknown>
[INFO] [stdout]   18: clone
[INFO] [stdout] stack backtrace:
[INFO] [stdout]    0:     0x5d365f0f72e1 - <<std[70759c8f55707aa4]::sys::backtrace::BacktraceLock>::print::DisplayBacktrace as core[df12db4294e9bfd3]::fmt::Display>::fmt
[INFO] [stdout]    1:     0x5d365f10e1ca - core[df12db4294e9bfd3]::fmt::write
[INFO] [stdout]    2:     0x5d365f0fc2fc - <alloc[2182bb758b4b3781]::vec::Vec<u8> as core[df12db4294e9bfd3]::io::write::Write>::write_fmt
[INFO] [stdout]    3:     0x5d365f0d0b46 - std[70759c8f55707aa4]::panicking::default_hook::{closure#0}
[INFO] [stdout]    4:     0x5d365f0ee689 - std[70759c8f55707aa4]::panicking::default_hook
[INFO] [stdout]    5:     0x5d365ef74020 - test[9d35eded1c95d3be]::test_main_inner::<test[9d35eded1c95d3be]::test_main_static::{closure#0}>::{closure#0}
[INFO] [stdout]    6:     0x5d365f0ee9b2 - std[70759c8f55707aa4]::panicking::panic_with_hook
[INFO] [stdout]    7:     0x5d365f0d0bf2 - std[70759c8f55707aa4]::panicking::panic_handler::{closure#0}
[INFO] [stdout]    8:     0x5d365f0c9109 - std[70759c8f55707aa4]::sys::backtrace::__rust_end_short_backtrace::<std[70759c8f55707aa4]::panicking::panic_handler::{closure#0}, !>
[INFO] [stdout]    9:     0x5d365f0d18fd - __rustc[8fa7c3cbc660c2b3]::rust_begin_unwind
[INFO] [stdout]   10:     0x5d365f10e9ac - core[df12db4294e9bfd3]::panicking::panic_fmt
[INFO] [stdout]   11:     0x5d365f10e782 - core[df12db4294e9bfd3]::result::unwrap_failed
[INFO] [stdout]   12:     0x5d365ee6eb05 - limmat[29c22f5bf6d82f9d]::test::tests::should_respect_resource_limits::{closure#0}
[INFO] [stdout]   13:     0x5d365eeeb523 - <tokio[1a99e81b75638eb6]::runtime::scheduler::current_thread::Context>::enter::<core[df12db4294e9bfd3]::task::poll::Poll<()>, <tokio[1a99e81b75638eb6]::runtime::scheduler::current_thread::CoreGuard>::block_on<core[df12db4294e9bfd3]::pin::Pin<&mut core[df12db4294e9bfd3]::pin::Pin<&mut dyn core[df12db4294e9bfd3]::future::future::Future<Output = ()>>>>::{closure#0}::{closure#0}>
[INFO] [stdout]   14:     0x5d365ef29abc - <tokio[1a99e81b75638eb6]::runtime::context::scoped::Scoped<tokio[1a99e81b75638eb6]::runtime::scheduler::Context>>::set::<<tokio[1a99e81b75638eb6]::runtime::scheduler::current_thread::CoreGuard>::enter<<tokio[1a99e81b75638eb6]::runtime::scheduler::current_thread::CoreGuard>::block_on<core[df12db4294e9bfd3]::pin::Pin<&mut core[df12db4294e9bfd3]::pin::Pin<&mut dyn core[df12db4294e9bfd3]::future::future::Future<Output = ()>>>>::{closure#0}, core[df12db4294e9bfd3]::option::Option<()>>::{closure#0}, (alloc[2182bb758b4b3781]::boxed::Box<tokio[1a99e81b75638eb6]::runtime::scheduler::current_thread::Core>, core[df12db4294e9bfd3]::option::Option<()>)>
[INFO] [stdout]   15:     0x5d365eeebb67 - <tokio[1a99e81b75638eb6]::runtime::scheduler::current_thread::CoreGuard>::block_on::<core[df12db4294e9bfd3]::pin::Pin<&mut core[df12db4294e9bfd3]::pin::Pin<&mut dyn core[df12db4294e9bfd3]::future::future::Future<Output = ()>>>>
[INFO] [stdout]   16:     0x5d365ef31d2d - tokio[1a99e81b75638eb6]::runtime::context::runtime::enter_runtime::<<tokio[1a99e81b75638eb6]::runtime::scheduler::current_thread::CurrentThread>::block_on<core[df12db4294e9bfd3]::pin::Pin<&mut dyn core[df12db4294e9bfd3]::future::future::Future<Output = ()>>>::{closure#0}, ()>
[INFO] [stdout]   17:     0x5d365eeeb175 - <tokio[1a99e81b75638eb6]::runtime::runtime::Runtime>::block_on::<core[df12db4294e9bfd3]::pin::Pin<&mut dyn core[df12db4294e9bfd3]::future::future::Future<Output = ()>>>
[INFO] [stdout]   18:     0x5d365ee7115b - limmat[29c22f5bf6d82f9d]::test::tests::should_respect_resource_limits
[INFO] [stdout]   19:     0x5d365eeab409 - <limmat[29c22f5bf6d82f9d]::test::tests::should_respect_resource_limits::{closure#0} as core[df12db4294e9bfd3]::ops::function::FnOnce<()>>::call_once
[INFO] [stdout]   20:     0x5d365ef6730b - test[9d35eded1c95d3be]::__rust_begin_short_backtrace::<core[df12db4294e9bfd3]::result::Result<(), alloc[2182bb758b4b3781]::string::String>, fn() -> core[df12db4294e9bfd3]::result::Result<(), alloc[2182bb758b4b3781]::string::String>>
[INFO] [stdout]   21:     0x5d365ef74975 - test[9d35eded1c95d3be]::run_test::{closure#0}
[INFO] [stdout]   22:     0x5d365ef6e234 - std[70759c8f55707aa4]::sys::backtrace::__rust_begin_short_backtrace::<test[9d35eded1c95d3be]::run_test::{closure#1}, ()>
[INFO] [stdout]   23:     0x5d365ef77ad2 - <std[70759c8f55707aa4]::thread::lifecycle::spawn_unchecked<test[9d35eded1c95d3be]::run_test::{closure#1}, ()>::{closure#1} as core[df12db4294e9bfd3]::ops::function::FnOnce<()>>::call_once::{shim:vtable#0}
[INFO] [stdout]   24:     0x5d365f0f6839 - <std[70759c8f55707aa4]::sys::thread::unix::Thread>::new::thread_start
[INFO] [stdout]   25:     0x7b06fa71fdfa - <unknown>
[INFO] [stdout]   26:     0x7b06fa7b33d4 - clone
[INFO] [stdout]   27:                0x0 - <unknown>
[INFO] [stdout] 
[INFO] [stdout] ---- test::tests::should_not_settle stdout ----
[INFO] [stdout] 
[INFO] [stdout] thread 'test::tests::should_not_settle' (3464) panicked at src/test.rs:1549:14:
[INFO] [stdout] couldn't create base commit: 'git commit' failed
[INFO] [stdout] 
[INFO] [stdout] Caused by:
[INFO] [stdout]     failed with exit code 128. stderr:
[INFO] [stdout]     Author identity unknown
[INFO] [stdout]     
[INFO] [stdout]     *** Please tell me who you are.
[INFO] [stdout]     
[INFO] [stdout]     Run
[INFO] [stdout]     
[INFO] [stdout]       git config --global user.email "you@example.com"
[INFO] [stdout]       git config --global user.name "Your Name"
[INFO] [stdout]     
[INFO] [stdout]     to set your account's default identity.
[INFO] [stdout]     Omit --global to set the identity only in this repository.
[INFO] [stdout]     
[INFO] [stdout]     fatal: unable to auto-detect email address (got 'root@cd0cdfe8b666.(none)')
[INFO] [stdout]     
[INFO] [stdout]     stdout:
[INFO] [stdout]     
[INFO] [stdout] 
[INFO] [stdout] Stack backtrace:
[INFO] [stdout]    0: <anyhow::Error>::msg::<alloc::string::String>
[INFO] [stdout]    1: <std::process::Output as limmat::process::OutputExt>::ok
[INFO] [stdout]    2: <limmat::git::GitCommand>::execute::{closure#0}
[INFO] [stdout]    3: <limmat::git::test_utils::TempRepo as limmat::git::test_utils::WorktreeExt>::commit::<&str>::{closure#0}
[INFO] [stdout]    4: <limmat::test::tests::TestScriptFixtureBuilder>::build::{closure#0}
[INFO] [stdout]    5: limmat::test::tests::should_not_settle::{closure#0}
[INFO] [stdout]    6: <tokio::runtime::scheduler::current_thread::Context>::enter::<core::task::poll::Poll<()>, <tokio::runtime::scheduler::current_thread::CoreGuard>::block_on<core::pin::Pin<&mut core::pin::Pin<&mut dyn core::future::future::Future<Output = ()>>>>::{closure#0}::{closure#0}>
[INFO] [stdout]    7: <tokio::runtime::context::scoped::Scoped<tokio::runtime::scheduler::Context>>::set::<<tokio::runtime::scheduler::current_thread::CoreGuard>::enter<<tokio::runtime::scheduler::current_thread::CoreGuard>::block_on<core::pin::Pin<&mut core::pin::Pin<&mut dyn core::future::future::Future<Output = ()>>>>::{closure#0}, core::option::Option<()>>::{closure#0}, (alloc::boxed::Box<tokio::runtime::scheduler::current_thread::Core>, core::option::Option<()>)>
[INFO] [stdout]    8: <tokio::runtime::scheduler::current_thread::CoreGuard>::block_on::<core::pin::Pin<&mut core::pin::Pin<&mut dyn core::future::future::Future<Output = ()>>>>
[INFO] [stdout]    9: tokio::runtime::context::runtime::enter_runtime::<<tokio::runtime::scheduler::current_thread::CurrentThread>::block_on<core::pin::Pin<&mut dyn core::future::future::Future<Output = ()>>>::{closure#0}, ()>
[INFO] [stdout]   10: <tokio::runtime::runtime::Runtime>::block_on::<core::pin::Pin<&mut dyn core::future::future::Future<Output = ()>>>
[INFO] [stdout]   11: limmat::test::tests::should_not_settle
[INFO] [stdout]   12: <limmat::test::tests::should_not_settle::{closure#0} as core::ops::function::FnOnce<()>>::call_once
[INFO] [stdout]   13: test::__rust_begin_short_backtrace::<core::result::Result<(), alloc::string::String>, fn() -> core::result::Result<(), alloc::string::String>>
[INFO] [stdout]   14: test::run_test::{closure#0}
[INFO] [stdout]   15: std::sys::backtrace::__rust_begin_short_backtrace::<test::run_test::{closure#1}, ()>
[INFO] [stdout]   16: <std::thread::lifecycle::spawn_unchecked<test::run_test::{closure#1}, ()>::{closure#1} as core::ops::function::FnOnce<()>>::call_once::{shim:vtable#0}
[INFO] [stdout]   17: <std::sys::thread::unix::Thread>::new::thread_start
[INFO] [stdout]   18: <unknown>
[INFO] [stdout]   19: clone
[INFO] [stdout] stack backtrace:
[INFO] [stdout]    0:     0x5d365f0f72e1 - <<std[70759c8f55707aa4]::sys::backtrace::BacktraceLock>::print::DisplayBacktrace as core[df12db4294e9bfd3]::fmt::Display>::fmt
[INFO] [stdout]    1:     0x5d365f10e1ca - core[df12db4294e9bfd3]::fmt::write
[INFO] [stdout]    2:     0x5d365f0fc2fc - <alloc[2182bb758b4b3781]::vec::Vec<u8> as core[df12db4294e9bfd3]::io::write::Write>::write_fmt
[INFO] [stdout]    3:     0x5d365f0d0b46 - std[70759c8f55707aa4]::panicking::default_hook::{closure#0}
[INFO] [stdout]    4:     0x5d365f0ee689 - std[70759c8f55707aa4]::panicking::default_hook
[INFO] [stdout]    5:     0x5d365ef74020 - test[9d35eded1c95d3be]::test_main_inner::<test[9d35eded1c95d3be]::test_main_static::{closure#0}>::{closure#0}
[INFO] [stdout]    6:     0x5d365f0ee9b2 - std[70759c8f55707aa4]::panicking::panic_with_hook
[INFO] [stdout]    7:     0x5d365f0d0bf2 - std[70759c8f55707aa4]::panicking::panic_handler::{closure#0}
[INFO] [stdout]    8:     0x5d365f0c9109 - std[70759c8f55707aa4]::sys::backtrace::__rust_end_short_backtrace::<std[70759c8f55707aa4]::panicking::panic_handler::{closure#0}, !>
[INFO] [stdout]    9:     0x5d365f0d18fd - __rustc[8fa7c3cbc660c2b3]::rust_begin_unwind
[INFO] [stdout]   10:     0x5d365f10e9ac - core[df12db4294e9bfd3]::panicking::panic_fmt
[INFO] [stdout]   11:     0x5d365f10e782 - core[df12db4294e9bfd3]::result::unwrap_failed
[INFO] [stdout]   12:     0x5d365ee5c944 - <limmat[29c22f5bf6d82f9d]::test::tests::TestScriptFixtureBuilder>::build::{closure#0}
[INFO] [stdout]   13:     0x5d365ee65523 - limmat[29c22f5bf6d82f9d]::test::tests::should_not_settle::{closure#0}
[INFO] [stdout]   14:     0x5d365eeeb523 - <tokio[1a99e81b75638eb6]::runtime::scheduler::current_thread::Context>::enter::<core[df12db4294e9bfd3]::task::poll::Poll<()>, <tokio[1a99e81b75638eb6]::runtime::scheduler::current_thread::CoreGuard>::block_on<core[df12db4294e9bfd3]::pin::Pin<&mut core[df12db4294e9bfd3]::pin::Pin<&mut dyn core[df12db4294e9bfd3]::future::future::Future<Output = ()>>>>::{closure#0}::{closure#0}>
[INFO] [stdout]   15:     0x5d365ef29abc - <tokio[1a99e81b75638eb6]::runtime::context::scoped::Scoped<tokio[1a99e81b75638eb6]::runtime::scheduler::Context>>::set::<<tokio[1a99e81b75638eb6]::runtime::scheduler::current_thread::CoreGuard>::enter<<tokio[1a99e81b75638eb6]::runtime::scheduler::current_thread::CoreGuard>::block_on<core[df12db4294e9bfd3]::pin::Pin<&mut core[df12db4294e9bfd3]::pin::Pin<&mut dyn core[df12db4294e9bfd3]::future::future::Future<Output = ()>>>>::{closure#0}, core[df12db4294e9bfd3]::option::Option<()>>::{closure#0}, (alloc[2182bb758b4b3781]::boxed::Box<tokio[1a99e81b75638eb6]::runtime::scheduler::current_thread::Core>, core[df12db4294e9bfd3]::option::Option<()>)>
[INFO] [stdout]   16:     0x5d365eeebb67 - <tokio[1a99e81b75638eb6]::runtime::scheduler::current_thread::CoreGuard>::block_on::<core[df12db4294e9bfd3]::pin::Pin<&mut core[df12db4294e9bfd3]::pin::Pin<&mut dyn core[df12db4294e9bfd3]::future::future::Future<Output = ()>>>>
[INFO] [stdout]   17:     0x5d365ef31d2d - tokio[1a99e81b75638eb6]::runtime::context::runtime::enter_runtime::<<tokio[1a99e81b75638eb6]::runtime::scheduler::current_thread::CurrentThread>::block_on<core[df12db4294e9bfd3]::pin::Pin<&mut dyn core[df12db4294e9bfd3]::future::future::Future<Output = ()>>>::{closure#0}, ()>
[INFO] [stdout]   18:     0x5d365eeeb175 - <tokio[1a99e81b75638eb6]::runtime::runtime::Runtime>::block_on::<core[df12db4294e9bfd3]::pin::Pin<&mut dyn core[df12db4294e9bfd3]::future::future::Future<Output = ()>>>
[INFO] [stdout]   19:     0x5d365ee7082b - limmat[29c22f5bf6d82f9d]::test::tests::should_not_settle
[INFO] [stdout]   20:     0x5d365eeab329 - <limmat[29c22f5bf6d82f9d]::test::tests::should_not_settle::{closure#0} as core[df12db4294e9bfd3]::ops::function::FnOnce<()>>::call_once
[INFO] [stdout]   21:     0x5d365ef6730b - test[9d35eded1c95d3be]::__rust_begin_short_backtrace::<core[df12db4294e9bfd3]::result::Result<(), alloc[2182bb758b4b3781]::string::String>, fn() -> core[df12db4294e9bfd3]::result::Result<(), alloc[2182bb758b4b3781]::string::String>>
[INFO] [stdout]   22:     0x5d365ef74975 - test[9d35eded1c95d3be]::run_test::{closure#0}
[INFO] [stdout]   23:     0x5d365ef6e234 - std[70759c8f55707aa4]::sys::backtrace::__rust_begin_short_backtrace::<test[9d35eded1c95d3be]::run_test::{closure#1}, ()>
[INFO] [stdout]   24:     0x5d365ef77ad2 - <std[70759c8f55707aa4]::thread::lifecycle::spawn_unchecked<test[9d35eded1c95d3be]::run_test::{closure#1}, ()>::{closure#1} as core[df12db4294e9bfd3]::ops::function::FnOnce<()>>::call_once::{shim:vtable#0}
[INFO] [stdout]   25:     0x5d365f0f6839 - <std[70759c8f55707aa4]::sys::thread::unix::Thread>::new::thread_start
[INFO] [stdout]   26:     0x7b06fa71fdfa - <unknown>
[INFO] [stdout]   27:     0x7b06fa7b33d4 - clone
[INFO] [stdout]   28:                0x0 - <unknown>
[INFO] [stdout] 
[INFO] [stdout] ---- test::tests::should_cancel_running stdout ----
[INFO] [stdout] 
[INFO] [stdout] thread 'test::tests::should_cancel_running' (3451) panicked at src/test.rs:1549:14:
[INFO] [stdout] couldn't create base commit: 'git commit' failed
[INFO] [stdout] 
[INFO] [stdout] Caused by:
[INFO] [stdout]     failed with exit code 128. stderr:
[INFO] [stdout]     Author identity unknown
[INFO] [stdout]     
[INFO] [stdout]     *** Please tell me who you are.
[INFO] [stdout]     
[INFO] [stdout]     Run
[INFO] [stdout]     
[INFO] [stdout]       git config --global user.email "you@example.com"
[INFO] [stdout]       git config --global user.name "Your Name"
[INFO] [stdout]     
[INFO] [stdout]     to set your account's default identity.
[INFO] [stdout]     Omit --global to set the identity only in this repository.
[INFO] [stdout]     
[INFO] [stdout]     fatal: unable to auto-detect email address (got 'root@cd0cdfe8b666.(none)')
[INFO] [stdout]     
[INFO] [stdout]     stdout:
[INFO] [stdout]     
[INFO] [stdout] 
[INFO] [stdout] Stack backtrace:
[INFO] [stdout]    0: <anyhow::Error>::msg::<alloc::string::String>
[INFO] [stdout]    1: <std::process::Output as limmat::process::OutputExt>::ok
[INFO] [stdout]    2: <limmat::git::GitCommand>::execute::{closure#0}
[INFO] [stdout]    3: <limmat::git::test_utils::TempRepo as limmat::git::test_utils::WorktreeExt>::commit::<&str>::{closure#0}
[INFO] [stdout]    4: <limmat::test::tests::TestScriptFixtureBuilder>::build::{closure#0}
[INFO] [stdout]    5: limmat::test::tests::should_cancel_running::{closure#0}
[INFO] [stdout]    6: <tokio::runtime::scheduler::current_thread::Context>::enter::<core::task::poll::Poll<()>, <tokio::runtime::scheduler::current_thread::CoreGuard>::block_on<core::pin::Pin<&mut core::pin::Pin<&mut dyn core::future::future::Future<Output = ()>>>>::{closure#0}::{closure#0}>
[INFO] [stdout]    7: <tokio::runtime::context::scoped::Scoped<tokio::runtime::scheduler::Context>>::set::<<tokio::runtime::scheduler::current_thread::CoreGuard>::enter<<tokio::runtime::scheduler::current_thread::CoreGuard>::block_on<core::pin::Pin<&mut core::pin::Pin<&mut dyn core::future::future::Future<Output = ()>>>>::{closure#0}, core::option::Option<()>>::{closure#0}, (alloc::boxed::Box<tokio::runtime::scheduler::current_thread::Core>, core::option::Option<()>)>
[INFO] [stdout]    8: <tokio::runtime::scheduler::current_thread::CoreGuard>::block_on::<core::pin::Pin<&mut core::pin::Pin<&mut dyn core::future::future::Future<Output = ()>>>>
[INFO] [stdout]    9: tokio::runtime::context::runtime::enter_runtime::<<tokio::runtime::scheduler::current_thread::CurrentThread>::block_on<core::pin::Pin<&mut dyn core::future::future::Future<Output = ()>>>::{closure#0}, ()>
[INFO] [stdout]   10: <tokio::runtime::runtime::Runtime>::block_on::<core::pin::Pin<&mut dyn core::future::future::Future<Output = ()>>>
[INFO] [stdout]   11: limmat::test::tests::should_cancel_running
[INFO] [stdout]   12: <limmat::test::tests::should_cancel_running::{closure#0} as core::ops::function::FnOnce<()>>::call_once
[INFO] [stdout]   13: test::__rust_begin_short_backtrace::<core::result::Result<(), alloc::string::String>, fn() -> core::result::Result<(), alloc::string::String>>
[INFO] [stdout]   14: test::run_test::{closure#0}
[INFO] [stdout]   15: std::sys::backtrace::__rust_begin_short_backtrace::<test::run_test::{closure#1}, ()>
[INFO] [stdout]   16: <std::thread::lifecycle::spawn_unchecked<test::run_test::{closure#1}, ()>::{closure#1} as core::ops::function::FnOnce<()>>::call_once::{shim:vtable#0}
[INFO] [stdout]   17: <std::sys::thread::unix::Thread>::new::thread_start
[INFO] [stdout]   18: <unknown>
[INFO] [stdout]   19: clone
[INFO] [stdout] stack backtrace:
[INFO] [stdout]    0:     0x5d365f0f72e1 - <<std[70759c8f55707aa4]::sys::backtrace::BacktraceLock>::print::DisplayBacktrace as core[df12db4294e9bfd3]::fmt::Display>::fmt
[INFO] [stdout]    1:     0x5d365f10e1ca - core[df12db4294e9bfd3]::fmt::write
[INFO] [stdout]    2:     0x5d365f0fc2fc - <alloc[2182bb758b4b3781]::vec::Vec<u8> as core[df12db4294e9bfd3]::io::write::Write>::write_fmt
[INFO] [stdout]    3:     0x5d365f0d0b46 - std[70759c8f55707aa4]::panicking::default_hook::{closure#0}
[INFO] [stdout]    4:     0x5d365f0ee689 - std[70759c8f55707aa4]::panicking::default_hook
[INFO] [stdout]    5:     0x5d365ef74020 - test[9d35eded1c95d3be]::test_main_inner::<test[9d35eded1c95d3be]::test_main_static::{closure#0}>::{closure#0}
[INFO] [stdout]    6:     0x5d365f0ee9b2 - std[70759c8f55707aa4]::panicking::panic_with_hook
[INFO] [stdout]    7:     0x5d365f0d0bf2 - std[70759c8f55707aa4]::panicking::panic_handler::{closure#0}
[INFO] [stdout]    8:     0x5d365f0c9109 - std[70759c8f55707aa4]::sys::backtrace::__rust_end_short_backtrace::<std[70759c8f55707aa4]::panicking::panic_handler::{closure#0}, !>
[INFO] [stdout]    9:     0x5d365f0d18fd - __rustc[8fa7c3cbc660c2b3]::rust_begin_unwind
[INFO] [stdout]   10:     0x5d365f10e9ac - core[df12db4294e9bfd3]::panicking::panic_fmt
[INFO] [stdout]   11:     0x5d365f10e782 - core[df12db4294e9bfd3]::result::unwrap_failed
[INFO] [stdout]   12:     0x5d365ee5c944 - <limmat[29c22f5bf6d82f9d]::test::tests::TestScriptFixtureBuilder>::build::{closure#0}
[INFO] [stdout]   13:     0x5d365ee67c0d - limmat[29c22f5bf6d82f9d]::test::tests::should_cancel_running::{closure#0}
[INFO] [stdout]   14:     0x5d365eeeb523 - <tokio[1a99e81b75638eb6]::runtime::scheduler::current_thread::Context>::enter::<core[df12db4294e9bfd3]::task::poll::Poll<()>, <tokio[1a99e81b75638eb6]::runtime::scheduler::current_thread::CoreGuard>::block_on<core[df12db4294e9bfd3]::pin::Pin<&mut core[df12db4294e9bfd3]::pin::Pin<&mut dyn core[df12db4294e9bfd3]::future::future::Future<Output = ()>>>>::{closure#0}::{closure#0}>
[INFO] [stdout]   15:     0x5d365ef29abc - <tokio[1a99e81b75638eb6]::runtime::context::scoped::Scoped<tokio[1a99e81b75638eb6]::runtime::scheduler::Context>>::set::<<tokio[1a99e81b75638eb6]::runtime::scheduler::current_thread::CoreGuard>::enter<<tokio[1a99e81b75638eb6]::runtime::scheduler::current_thread::CoreGuard>::block_on<core[df12db4294e9bfd3]::pin::Pin<&mut core[df12db4294e9bfd3]::pin::Pin<&mut dyn core[df12db4294e9bfd3]::future::future::Future<Output = ()>>>>::{closure#0}, core[df12db4294e9bfd3]::option::Option<()>>::{closure#0}, (alloc[2182bb758b4b3781]::boxed::Box<tokio[1a99e81b75638eb6]::runtime::scheduler::current_thread::Core>, core[df12db4294e9bfd3]::option::Option<()>)>
[INFO] [stdout]   16:     0x5d365eeebb67 - <tokio[1a99e81b75638eb6]::runtime::scheduler::current_thread::CoreGuard>::block_on::<core[df12db4294e9bfd3]::pin::Pin<&mut core[df12db4294e9bfd3]::pin::Pin<&mut dyn core[df12db4294e9bfd3]::future::future::Future<Output = ()>>>>
[INFO] [stdout]   17:     0x5d365ef31d2d - tokio[1a99e81b75638eb6]::runtime::context::runtime::enter_runtime::<<tokio[1a99e81b75638eb6]::runtime::scheduler::current_thread::CurrentThread>::block_on<core[df12db4294e9bfd3]::pin::Pin<&mut dyn core[df12db4294e9bfd3]::future::future::Future<Output = ()>>>::{closure#0}, ()>
[INFO] [stdout]   18:     0x5d365eeeb175 - <tokio[1a99e81b75638eb6]::runtime::runtime::Runtime>::block_on::<core[df12db4294e9bfd3]::pin::Pin<&mut dyn core[df12db4294e9bfd3]::future::future::Future<Output = ()>>>
[INFO] [stdout]   19:     0x5d365ee70c1b - limmat[29c22f5bf6d82f9d]::test::tests::should_cancel_running
[INFO] [stdout]   20:     0x5d365eeab389 - <limmat[29c22f5bf6d82f9d]::test::tests::should_cancel_running::{closure#0} as core[df12db4294e9bfd3]::ops::function::FnOnce<()>>::call_once
[INFO] [stdout]   21:     0x5d365ef6730b - test[9d35eded1c95d3be]::__rust_begin_short_backtrace::<core[df12db4294e9bfd3]::result::Result<(), alloc[2182bb758b4b3781]::string::String>, fn() -> core[df12db4294e9bfd3]::result::Result<(), alloc[2182bb758b4b3781]::string::String>>
[INFO] [stdout]   22:     0x5d365ef74975 - test[9d35eded1c95d3be]::run_test::{closure#0}
[INFO] [stdout]   23:     0x5d365ef6e234 - std[70759c8f55707aa4]::sys::backtrace::__rust_begin_short_backtrace::<test[9d35eded1c95d3be]::run_test::{closure#1}, ()>
[INFO] [stdout]   24:     0x5d365ef77ad2 - <std[70759c8f55707aa4]::thread::lifecycle::spawn_unchecked<test[9d35eded1c95d3be]::run_test::{closure#1}, ()>::{closure#1} as core[df12db4294e9bfd3]::ops::function::FnOnce<()>>::call_once::{shim:vtable#0}
[INFO] [stdout]   25:     0x5d365f0f6839 - <std[70759c8f55707aa4]::sys::thread::unix::Thread>::new::thread_start
[INFO] [stdout]   26:     0x7b06fa71fdfa - <unknown>
[INFO] [stdout]   27:     0x7b06fa7b33d4 - clone
[INFO] [stdout]   28:                0x0 - <unknown>
[INFO] [stdout] 
[INFO] [stdout] ---- test::tests::should_cache_results stdout ----
[INFO] [stdout] 
[INFO] [stdout] thread 'test::tests::should_cache_results' (3450) panicked at src/test.rs:1549:14:
[INFO] [stdout] couldn't create base commit: 'git commit' failed
[INFO] [stdout] 
[INFO] [stdout] Caused by:
[INFO] [stdout]     failed with exit code 128. stderr:
[INFO] [stdout]     Author identity unknown
[INFO] [stdout]     
[INFO] [stdout]     *** Please tell me who you are.
[INFO] [stdout]     
[INFO] [stdout]     Run
[INFO] [stdout]     
[INFO] [stdout]       git config --global user.email "you@example.com"
[INFO] [stdout]       git config --global user.name "Your Name"
[INFO] [stdout]     
[INFO] [stdout]     to set your account's default identity.
[INFO] [stdout]     Omit --global to set the identity only in this repository.
[INFO] [stdout]     
[INFO] [stdout]     fatal: unable to auto-detect email address (got 'root@cd0cdfe8b666.(none)')
[INFO] [stdout]     
[INFO] [stdout]     stdout:
[INFO] [stdout]     
[INFO] [stdout] 
[INFO] [stdout] Stack backtrace:
[INFO] [stdout]    0: <anyhow::Error>::msg::<alloc::string::String>
[INFO] [stdout]    1: <std::process::Output as limmat::process::OutputExt>::ok
[INFO] [stdout]    2: <limmat::git::GitCommand>::execute::{closure#0}
[INFO] [stdout]    3: <limmat::git::test_utils::TempRepo as limmat::git::test_utils::WorktreeExt>::commit::<&str>::{closure#0}
[INFO] [stdout]    4: <limmat::test::tests::TestScriptFixtureBuilder>::build::{closure#0}
[INFO] [stdout]    5: limmat::test::tests::should_cache_results::{closure#0}
[INFO] [stdout]    6: <tokio::runtime::scheduler::current_thread::Context>::enter::<core::task::poll::Poll<()>, <tokio::runtime::scheduler::current_thread::CoreGuard>::block_on<core::pin::Pin<&mut core::pin::Pin<&mut dyn core::future::future::Future<Output = ()>>>>::{closure#0}::{closure#0}>
[INFO] [stdout]    7: <tokio::runtime::context::scoped::Scoped<tokio::runtime::scheduler::Context>>::set::<<tokio::runtime::scheduler::current_thread::CoreGuard>::enter<<tokio::runtime::scheduler::current_thread::CoreGuard>::block_on<core::pin::Pin<&mut core::pin::Pin<&mut dyn core::future::future::Future<Output = ()>>>>::{closure#0}, core::option::Option<()>>::{closure#0}, (alloc::boxed::Box<tokio::runtime::scheduler::current_thread::Core>, core::option::Option<()>)>
[INFO] [stdout]    8: <tokio::runtime::scheduler::current_thread::CoreGuard>::block_on::<core::pin::Pin<&mut core::pin::Pin<&mut dyn core::future::future::Future<Output = ()>>>>
[INFO] [stdout]    9: tokio::runtime::context::runtime::enter_runtime::<<tokio::runtime::scheduler::current_thread::CurrentThread>::block_on<core::pin::Pin<&mut dyn core::future::future::Future<Output = ()>>>::{closure#0}, ()>
[INFO] [stdout]   10: <tokio::runtime::runtime::Runtime>::block_on::<core::pin::Pin<&mut dyn core::future::future::Future<Output = ()>>>
[INFO] [stdout]   11: limmat::test::tests::should_cache_results
[INFO] [stdout]   12: <limmat::test::tests::should_cache_results::{closure#0} as core::ops::function::FnOnce<()>>::call_once
[INFO] [stdout]   13: test::__rust_begin_short_backtrace::<core::result::Result<(), alloc::string::String>, fn() -> core::result::Result<(), alloc::string::String>>
[INFO] [stdout]   14: test::run_test::{closure#0}
[INFO] [stdout]   15: std::sys::backtrace::__rust_begin_short_backtrace::<test::run_test::{closure#1}, ()>
[INFO] [stdout]   16: <std::thread::lifecycle::spawn_unchecked<test::run_test::{closure#1}, ()>::{closure#1} as core::ops::function::FnOnce<()>>::call_once::{shim:vtable#0}
[INFO] [stdout]   17: <std::sys::thread::unix::Thread>::new::thread_start
[INFO] [stdout]   18: <unknown>
[INFO] [stdout]   19: clone
[INFO] [stdout] stack backtrace:
[INFO] [stdout]    0:     0x5d365f0f72e1 - <<std[70759c8f55707aa4]::sys::backtrace::BacktraceLock>::print::DisplayBacktrace as core[df12db4294e9bfd3]::fmt::Display>::fmt
[INFO] [stdout]    1:     0x5d365f10e1ca - core[df12db4294e9bfd3]::fmt::write
[INFO] [stdout]    2:     0x5d365f0fc2fc - <alloc[2182bb758b4b3781]::vec::Vec<u8> as core[df12db4294e9bfd3]::io::write::Write>::write_fmt
[INFO] [stdout]    3:     0x5d365f0d0b46 - std[70759c8f55707aa4]::panicking::default_hook::{closure#0}
[INFO] [stdout]    4:     0x5d365f0ee689 - std[70759c8f55707aa4]::panicking::default_hook
[INFO] [stdout]    5:     0x5d365ef74020 - test[9d35eded1c95d3be]::test_main_inner::<test[9d35eded1c95d3be]::test_main_static::{closure#0}>::{closure#0}
[INFO] [stdout]    6:     0x5d365f0ee9b2 - std[70759c8f55707aa4]::panicking::panic_with_hook
[INFO] [stdout]    7:     0x5d365f0d0bf2 - std[70759c8f55707aa4]::panicking::panic_handler::{closure#0}
[INFO] [stdout]    8:     0x5d365f0c9109 - std[70759c8f55707aa4]::sys::backtrace::__rust_end_short_backtrace::<std[70759c8f55707aa4]::panicking::panic_handler::{closure#0}, !>
[INFO] [stdout]    9:     0x5d365f0d18fd - __rustc[8fa7c3cbc660c2b3]::rust_begin_unwind
[INFO] [stdout]   10:     0x5d365f10e9ac - core[df12db4294e9bfd3]::panicking::panic_fmt
[INFO] [stdout]   11:     0x5d365f10e782 - core[df12db4294e9bfd3]::result::unwrap_failed
[INFO] [stdout]   12:     0x5d365ee5c944 - <limmat[29c22f5bf6d82f9d]::test::tests::TestScriptFixtureBuilder>::build::{closure#0}
[INFO] [stdout]   13:     0x5d365ee66935 - limmat[29c22f5bf6d82f9d]::test::tests::should_cache_results::{closure#0}
[INFO] [stdout]   14:     0x5d365eeeb523 - <tokio[1a99e81b75638eb6]::runtime::scheduler::current_thread::Context>::enter::<core[df12db4294e9bfd3]::task::poll::Poll<()>, <tokio[1a99e81b75638eb6]::runtime::scheduler::current_thread::CoreGuard>::block_on<core[df12db4294e9bfd3]::pin::Pin<&mut core[df12db4294e9bfd3]::pin::Pin<&mut dyn core[df12db4294e9bfd3]::future::future::Future<Output = ()>>>>::{closure#0}::{closure#0}>
[INFO] [stdout]   15:     0x5d365ef29abc - <tokio[1a99e81b75638eb6]::runtime::context::scoped::Scoped<tokio[1a99e81b75638eb6]::runtime::scheduler::Context>>::set::<<tokio[1a99e81b75638eb6]::runtime::scheduler::current_thread::CoreGuard>::enter<<tokio[1a99e81b75638eb6]::runtime::scheduler::current_thread::CoreGuard>::block_on<core[df12db4294e9bfd3]::pin::Pin<&mut core[df12db4294e9bfd3]::pin::Pin<&mut dyn core[df12db4294e9bfd3]::future::future::Future<Output = ()>>>>::{closure#0}, core[df12db4294e9bfd3]::option::Option<()>>::{closure#0}, (alloc[2182bb758b4b3781]::boxed::Box<tokio[1a99e81b75638eb6]::runtime::scheduler::current_thread::Core>, core[df12db4294e9bfd3]::option::Option<()>)>
[INFO] [stdout]   16:     0x5d365eeebb67 - <tokio[1a99e81b75638eb6]::runtime::scheduler::current_thread::CoreGuard>::block_on::<core[df12db4294e9bfd3]::pin::Pin<&mut core[df12db4294e9bfd3]::pin::Pin<&mut dyn core[df12db4294e9bfd3]::future::future::Future<Output = ()>>>>
[INFO] [stdout]   17:     0x5d365ef31d2d - tokio[1a99e81b75638eb6]::runtime::context::runtime::enter_runtime::<<tokio[1a99e81b75638eb6]::runtime::scheduler::current_thread::CurrentThread>::block_on<core[df12db4294e9bfd3]::pin::Pin<&mut dyn core[df12db4294e9bfd3]::future::future::Future<Output = ()>>>::{closure#0}, ()>
[INFO] [stdout]   18:     0x5d365eeeb175 - <tokio[1a99e81b75638eb6]::runtime::runtime::Runtime>::block_on::<core[df12db4294e9bfd3]::pin::Pin<&mut dyn core[df12db4294e9bfd3]::future::future::Future<Output = ()>>>
[INFO] [stdout]   19:     0x5d365ee70acb - limmat[29c22f5bf6d82f9d]::test::tests::should_cache_results
[INFO] [stdout]   20:     0x5d365eeab369 - <limmat[29c22f5bf6d82f9d]::test::tests::should_cache_results::{closure#0} as core[df12db4294e9bfd3]::ops::function::FnOnce<()>>::call_once
[INFO] [stdout]   21:     0x5d365ef6730b - test[9d35eded1c95d3be]::__rust_begin_short_backtrace::<core[df12db4294e9bfd3]::result::Result<(), alloc[2182bb758b4b3781]::string::String>, fn() -> core[df12db4294e9bfd3]::result::Result<(), alloc[2182bb758b4b3781]::string::String>>
[INFO] [stdout]   22:     0x5d365ef74975 - test[9d35eded1c95d3be]::run_test::{closure#0}
[INFO] [stdout]   23:     0x5d365ef6e234 - std[70759c8f55707aa4]::sys::backtrace::__rust_begin_short_backtrace::<test[9d35eded1c95d3be]::run_test::{closure#1}, ()>
[INFO] [stdout]   24:     0x5d365ef77ad2 - <std[70759c8f55707aa4]::thread::lifecycle::spawn_unchecked<test[9d35eded1c95d3be]::run_test::{closure#1}, ()>::{closure#1} as core[df12db4294e9bfd3]::ops::function::FnOnce<()>>::call_once::{shim:vtable#0}
[INFO] [stdout]   25:     0x5d365f0f6839 - <std[70759c8f55707aa4]::sys::thread::unix::Thread>::new::thread_start
[INFO] [stdout]   26:     0x7b06fa71fdfa - <unknown>
[INFO] [stdout]   27:     0x7b06fa7b33d4 - clone
[INFO] [stdout]   28:                0x0 - <unknown>
[INFO] [stdout] 
[INFO] [stdout] ---- test::tests::should_wait_for_dependencies::succeeded_should_start stdout ----
[INFO] [stdout] 
[INFO] [stdout] thread 'test::tests::should_wait_for_dependencies::succeeded_should_start' (3481) panicked at src/test.rs:1549:14:
[INFO] [stdout] couldn't create base commit: 'git commit' failed
[INFO] [stdout] 
[INFO] [stdout] Caused by:
[INFO] [stdout]     failed with exit code 128. stderr:
[INFO] [stdout]     Author identity unknown
[INFO] [stdout]     
[INFO] [stdout]     *** Please tell me who you are.
[INFO] [stdout]     
[INFO] [stdout]     Run
[INFO] [stdout]     
[INFO] [stdout]       git config --global user.email "you@example.com"
[INFO] [stdout]       git config --global user.name "Your Name"
[INFO] [stdout]     
[INFO] [stdout]     to set your account's default identity.
[INFO] [stdout]     Omit --global to set the identity only in this repository.
[INFO] [stdout]     
[INFO] [stdout]     fatal: unable to auto-detect email address (got 'root@cd0cdfe8b666.(none)')
[INFO] [stdout]     
[INFO] [stdout]     stdout:
[INFO] [stdout]     
[INFO] [stdout] 
[INFO] [stdout] Stack backtrace:
[INFO] [stdout]    0: <anyhow::Error>::msg::<alloc::string::String>
[INFO] [stdout]    1: <std::process::Output as limmat::process::OutputExt>::ok
[INFO] [stdout]    2: <tokio::process::Command as limmat::process::CommandExt>::execute::{closure#0}
[INFO] [stdout]    3: <limmat::git::GitCommand>::execute::{closure#0}
[INFO] [stdout]    4: limmat::test::tests::should_wait_for_dependencies::{closure#0}
[INFO] [stdout]    5: limmat::test::tests::should_wait_for_dependencies::succeeded_should_start::{closure#0}
[INFO] [stdout]    6: <tokio::runtime::scheduler::current_thread::Context>::enter::<core::task::poll::Poll<()>, <tokio::runtime::scheduler::current_thread::CoreGuard>::block_on<core::pin::Pin<&mut core::pin::Pin<&mut dyn core::future::future::Future<Output = ()>>>>::{closure#0}::{closure#0}>
[INFO] [stdout]    7: <tokio::runtime::context::scoped::Scoped<tokio::runtime::scheduler::Context>>::set::<<tokio::runtime::scheduler::current_thread::CoreGuard>::enter<<tokio::runtime::scheduler::current_thread::CoreGuard>::block_on<core::pin::Pin<&mut core::pin::Pin<&mut dyn core::future::future::Future<Output = ()>>>>::{closure#0}, core::option::Option<()>>::{closure#0}, (alloc::boxed::Box<tokio::runtime::scheduler::current_thread::Core>, core::option::Option<()>)>
[INFO] [stdout]    8: <tokio::runtime::scheduler::current_thread::CoreGuard>::block_on::<core::pin::Pin<&mut core::pin::Pin<&mut dyn core::future::future::Future<Output = ()>>>>
[INFO] [stdout]    9: tokio::runtime::context::runtime::enter_runtime::<<tokio::runtime::scheduler::current_thread::CurrentThread>::block_on<core::pin::Pin<&mut dyn core::future::future::Future<Output = ()>>>::{closure#0}, ()>
[INFO] [stdout]   10: <tokio::runtime::runtime::Runtime>::block_on::<core::pin::Pin<&mut dyn core::future::future::Future<Output = ()>>>
[INFO] [stdout]   11: limmat::test::tests::should_wait_for_dependencies::succeeded_should_start
[INFO] [stdout]   12: <limmat::test::tests::should_wait_for_dependencies::succeeded_should_start::{closure#0} as core::ops::function::FnOnce<()>>::call_once
[INFO] [stdout]   13: test::__rust_begin_short_backtrace::<core::result::Result<(), alloc::string::String>, fn() -> core::result::Result<(), alloc::string::String>>
[INFO] [stdout]   14: test::run_test::{closure#0}
[INFO] [stdout]   15: std::sys::backtrace::__rust_begin_short_backtrace::<test::run_test::{closure#1}, ()>
[INFO] [stdout]   16: <std::thread::lifecycle::spawn_unchecked<test::run_test::{closure#1}, ()>::{closure#1} as core::ops::function::FnOnce<()>>::call_once::{shim:vtable#0}
[INFO] [stdout]   17: <std::sys::thread::unix::Thread>::new::thread_start
[INFO] [stdout]   18: <unknown>
[INFO] [stdout]   19: clone
[INFO] [stdout] stack backtrace:
[INFO] [stdout]    0:     0x5d365f0f72e1 - <<std[70759c8f55707aa4]::sys::backtrace::BacktraceLock>::print::DisplayBacktrace as core[df12db4294e9bfd3]::fmt::Display>::fmt
[INFO] [stdout]    1:     0x5d365f10e1ca - core[df12db4294e9bfd3]::fmt::write
[INFO] [stdout]    2:     0x5d365f0fc2fc - <alloc[2182bb758b4b3781]::vec::Vec<u8> as core[df12db4294e9bfd3]::io::write::Write>::write_fmt
[INFO] [stdout]    3:     0x5d365f0d0b46 - std[70759c8f55707aa4]::panicking::default_hook::{closure#0}
[INFO] [stdout]    4:     0x5d365f0ee689 - std[70759c8f55707aa4]::panicking::default_hook
[INFO] [stdout]    5:     0x5d365ef74020 - test[9d35eded1c95d3be]::test_main_inner::<test[9d35eded1c95d3be]::test_main_static::{closure#0}>::{closure#0}
[INFO] [stdout]    6:     0x5d365f0ee9b2 - std[70759c8f55707aa4]::panicking::panic_with_hook
[INFO] [stdout]    7:     0x5d365f0d0bf2 - std[70759c8f55707aa4]::panicking::panic_handler::{closure#0}
[INFO] [stdout]    8:     0x5d365f0c9109 - std[70759c8f55707aa4]::sys::backtrace::__rust_end_short_backtrace::<std[70759c8f55707aa4]::panicking::panic_handler::{closure#0}, !>
[INFO] [stdout]    9:     0x5d365f0d18fd - __rustc[8fa7c3cbc660c2b3]::rust_begin_unwind
[INFO] [stdout]   10:     0x5d365f10e9ac - core[df12db4294e9bfd3]::panicking::panic_fmt
[INFO] [stdout]   11:     0x5d365f10e782 - core[df12db4294e9bfd3]::result::unwrap_failed
[INFO] [stdout]   12:     0x5d365eee337a - limmat[29c22f5bf6d82f9d]::test::tests::should_wait_for_dependencies::{closure#0}
[INFO] [stdout]   13:     0x5d365eee549a - limmat[29c22f5bf6d82f9d]::test::tests::should_wait_for_dependencies::succeeded_should_start::{closure#0}
[INFO] [stdout]   14:     0x5d365eeeb523 - <tokio[1a99e81b75638eb6]::runtime::scheduler::current_thread::Context>::enter::<core[df12db4294e9bfd3]::task::poll::Poll<()>, <tokio[1a99e81b75638eb6]::runtime::scheduler::current_thread::CoreGuard>::block_on<core[df12db4294e9bfd3]::pin::Pin<&mut core[df12db4294e9bfd3]::pin::Pin<&mut dyn core[df12db4294e9bfd3]::future::future::Future<Output = ()>>>>::{closure#0}::{closure#0}>
[INFO] [stdout]   15:     0x5d365ef29abc - <tokio[1a99e81b75638eb6]::runtime::context::scoped::Scoped<tokio[1a99e81b75638eb6]::runtime::scheduler::Context>>::set::<<tokio[1a99e81b75638eb6]::runtime::scheduler::current_thread::CoreGuard>::enter<<tokio[1a99e81b75638eb6]::runtime::scheduler::current_thread::CoreGuard>::block_on<core[df12db4294e9bfd3]::pin::Pin<&mut core[df12db4294e9bfd3]::pin::Pin<&mut dyn core[df12db4294e9bfd3]::future::future::Future<Output = ()>>>>::{closure#0}, core[df12db4294e9bfd3]::option::Option<()>>::{closure#0}, (alloc[2182bb758b4b3781]::boxed::Box<tokio[1a99e81b75638eb6]::runtime::scheduler::current_thread::Core>, core[df12db4294e9bfd3]::option::Option<()>)>
[INFO] [stdout]   16:     0x5d365eeebb67 - <tokio[1a99e81b75638eb6]::runtime::scheduler::current_thread::CoreGuard>::block_on::<core[df12db4294e9bfd3]::pin::Pin<&mut core[df12db4294e9bfd3]::pin::Pin<&mut dyn core[df12db4294e9bfd3]::future::future::Future<Output = ()>>>>
[INFO] [stdout]   17:     0x5d365ef31d2d - tokio[1a99e81b75638eb6]::runtime::context::runtime::enter_runtime::<<tokio[1a99e81b75638eb6]::runtime::scheduler::current_thread::CurrentThread>::block_on<core[df12db4294e9bfd3]::pin::Pin<&mut dyn core[df12db4294e9bfd3]::future::future::Future<Output = ()>>>::{closure#0}, ()>
[INFO] [stdout]   18:     0x5d365eeeb175 - <tokio[1a99e81b75638eb6]::runtime::runtime::Runtime>::block_on::<core[df12db4294e9bfd3]::pin::Pin<&mut dyn core[df12db4294e9bfd3]::future::future::Future<Output = ()>>>
[INFO] [stdout]   19:     0x5d365eee6e2b - limmat[29c22f5bf6d82f9d]::test::tests::should_wait_for_dependencies::succeeded_should_start
[INFO] [stdout]   20:     0x5d365eeabba9 - <limmat[29c22f5bf6d82f9d]::test::tests::should_wait_for_dependencies::succeeded_should_start::{closure#0} as core[df12db4294e9bfd3]::ops::function::FnOnce<()>>::call_once
[INFO] [stdout]   21:     0x5d365ef6730b - test[9d35eded1c95d3be]::__rust_begin_short_backtrace::<core[df12db4294e9bfd3]::result::Result<(), alloc[2182bb758b4b3781]::string::String>, fn() -> core[df12db4294e9bfd3]::result::Result<(), alloc[2182bb758b4b3781]::string::String>>
[INFO] [stdout]   22:     0x5d365ef74975 - test[9d35eded1c95d3be]::run_test::{closure#0}
[INFO] [stdout]   23:     0x5d365ef6e234 - std[70759c8f55707aa4]::sys::backtrace::__rust_begin_short_backtrace::<test[9d35eded1c95d3be]::run_test::{closure#1}, ()>
[INFO] [stdout]   24:     0x5d365ef77ad2 - <std[70759c8f55707aa4]::thread::lifecycle::spawn_unchecked<test[9d35eded1c95d3be]::run_test::{closure#1}, ()>::{closure#1} as core[df12db4294e9bfd3]::ops::function::FnOnce<()>>::call_once::{shim:vtable#0}
[INFO] [stdout]   25:     0x5d365f0f6839 - <std[70759c8f55707aa4]::sys::thread::unix::Thread>::new::thread_start
[INFO] [stdout]   26:     0x7b06fa71fdfa - <unknown>
[INFO] [stdout]   27:     0x7b06fa7b33d4 - clone
[INFO] [stdout]   28:                0x0 - <unknown>
[INFO] [stdout] 
[INFO] [stdout] ---- test::tests::should_wait_for_dependencies::blocked_shouldn_t_start stdout ----
[INFO] [stdout] 
[INFO] [stdout] thread 'test::tests::should_wait_for_dependencies::blocked_shouldn_t_start' (3469) panicked at src/test.rs:1549:14:
[INFO] [stdout] couldn't create base commit: 'git commit' failed
[INFO] [stdout] 
[INFO] [stdout] Caused by:
[INFO] [stdout]     failed with exit code 128. stderr:
[INFO] [stdout]     Author identity unknown
[INFO] [stdout]     
[INFO] [stdout]     *** Please tell me who you are.
[INFO] [stdout]     
[INFO] [stdout]     Run
[INFO] [stdout]     
[INFO] [stdout]       git config --global user.email "you@example.com"
[INFO] [stdout]       git config --global user.name "Your Name"
[INFO] [stdout]     
[INFO] [stdout]     to set your account's default identity.
[INFO] [stdout]     Omit --global to set the identity only in this repository.
[INFO] [stdout]     
[INFO] [stdout]     fatal: unable to auto-detect email address (got 'root@cd0cdfe8b666.(none)')
[INFO] [stdout]     
[INFO] [stdout]     stdout:
[INFO] [stdout]     
[INFO] [stdout] 
[INFO] [stdout] Stack backtrace:
[INFO] [stdout]    0: <anyhow::Error>::msg::<alloc::string::String>
[INFO] [stdout]    1: <std::process::Output as limmat::process::OutputExt>::ok
[INFO] [stdout]    2: <tokio::process::Command as limmat::process::CommandExt>::execute::{closure#0}
[INFO] [stdout]    3: <limmat::git::GitCommand>::execute::{closure#0}
[INFO] [stdout]    4: limmat::test::tests::should_wait_for_dependencies::{closure#0}
[INFO] [stdout]    5: limmat::test::tests::should_wait_for_dependencies::blocked_shouldn_t_start::{closure#0}
[INFO] [stdout]    6: <tokio::runtime::scheduler::current_thread::Context>::enter::<core::task::poll::Poll<()>, <tokio::runtime::scheduler::current_thread::CoreGuard>::block_on<core::pin::Pin<&mut core::pin::Pin<&mut dyn core::future::future::Future<Output = ()>>>>::{closure#0}::{closure#0}>
[INFO] [stdout]    7: <tokio::runtime::context::scoped::Scoped<tokio::runtime::scheduler::Context>>::set::<<tokio::runtime::scheduler::current_thread::CoreGuard>::enter<<tokio::runtime::scheduler::current_thread::CoreGuard>::block_on<core::pin::Pin<&mut core::pin::Pin<&mut dyn core::future::future::Future<Output = ()>>>>::{closure#0}, core::option::Option<()>>::{closure#0}, (alloc::boxed::Box<tokio::runtime::scheduler::current_thread::Core>, core::option::Option<()>)>
[INFO] [stdout]    8: <tokio::runtime::scheduler::current_thread::CoreGuard>::block_on::<core::pin::Pin<&mut core::pin::Pin<&mut dyn core::future::future::Future<Output = ()>>>>
[INFO] [stdout]    9: tokio::runtime::context::runtime::enter_runtime::<<tokio::runtime::scheduler::current_thread::CurrentThread>::block_on<core::pin::Pin<&mut dyn core::future::future::Future<Output = ()>>>::{closure#0}, ()>
[INFO] [stdout]   10: <tokio::runtime::runtime::Runtime>::block_on::<core::pin::Pin<&mut dyn core::future::future::Future<Output = ()>>>
[INFO] [stdout]   11: limmat::test::tests::should_wait_for_dependencies::blocked_shouldn_t_start
[INFO] [stdout]   12: <limmat::test::tests::should_wait_for_dependencies::blocked_shouldn_t_start::{closure#0} as core::ops::function::FnOnce<()>>::call_once
[INFO] [stdout]   13: test::__rust_begin_short_backtrace::<core::result::Result<(), alloc::string::String>, fn() -> core::result::Result<(), alloc::string::String>>
[INFO] [stdout]   14: test::run_test::{closure#0}
[INFO] [stdout]   15: std::sys::backtrace::__rust_begin_short_backtrace::<test::run_test::{closure#1}, ()>
[INFO] [stdout]   16: <std::thread::lifecycle::spawn_unchecked<test::run_test::{closure#1}, ()>::{closure#1} as core::ops::function::FnOnce<()>>::call_once::{shim:vtable#0}
[INFO] [stdout]   17: <std::sys::thread::unix::Thread>::new::thread_start
[INFO] [stdout]   18: <unknown>
[INFO] [stdout]   19: clone
[INFO] [stdout] stack backtrace:
[INFO] [stdout]    0:     0x5d365f0f72e1 - <<std[70759c8f55707aa4]::sys::backtrace::BacktraceLock>::print::DisplayBacktrace as core[df12db4294e9bfd3]::fmt::Display>::fmt
[INFO] [stdout]    1:     0x5d365f10e1ca - core[df12db4294e9bfd3]::fmt::write
[INFO] [stdout]    2:     0x5d365f0fc2fc - <alloc[2182bb758b4b3781]::vec::Vec<u8> as core[df12db4294e9bfd3]::io::write::Write>::write_fmt
[INFO] [stdout]    3:     0x5d365f0d0b46 - std[70759c8f55707aa4]::panicking::default_hook::{closure#0}
[INFO] [stdout]    4:     0x5d365f0ee689 - std[70759c8f55707aa4]::panicking::default_hook
[INFO] [stdout]    5:     0x5d365ef74020 - test[9d35eded1c95d3be]::test_main_inner::<test[9d35eded1c95d3be]::test_main_static::{closure#0}>::{closure#0}
[INFO] [stdout]    6:     0x5d365f0ee9b2 - std[70759c8f55707aa4]::panicking::panic_with_hook
[INFO] [stdout]    7:     0x5d365f0d0bf2 - std[70759c8f55707aa4]::panicking::panic_handler::{closure#0}
[INFO] [stdout]    8:     0x5d365f0c9109 - std[70759c8f55707aa4]::sys::backtrace::__rust_end_short_backtrace::<std[70759c8f55707aa4]::panicking::panic_handler::{closure#0}, !>
[INFO] [stdout]    9:     0x5d365f0d18fd - __rustc[8fa7c3cbc660c2b3]::rust_begin_unwind
[INFO] [stdout]   10:     0x5d365f10e9ac - core[df12db4294e9bfd3]::panicking::panic_fmt
[INFO] [stdout]   11:     0x5d365f10e782 - core[df12db4294e9bfd3]::result::unwrap_failed
[INFO] [stdout]   12:     0x5d365eee337a - limmat[29c22f5bf6d82f9d]::test::tests::should_wait_for_dependencies::{closure#0}
[INFO] [stdout]   13:     0x5d365eee5592 - limmat[29c22f5bf6d82f9d]::test::tests::should_wait_for_dependencies::blocked_shouldn_t_start::{closure#0}
[INFO] [stdout]   14:     0x5d365eeeb523 - <tokio[1a99e81b75638eb6]::runtime::scheduler::current_thread::Context>::enter::<core[df12db4294e9bfd3]::task::poll::Poll<()>, <tokio[1a99e81b75638eb6]::runtime::scheduler::current_thread::CoreGuard>::block_on<core[df12db4294e9bfd3]::pin::Pin<&mut core[df12db4294e9bfd3]::pin::Pin<&mut dyn core[df12db4294e9bfd3]::future::future::Future<Output = ()>>>>::{closure#0}::{closure#0}>
[INFO] [stdout]   15:     0x5d365ef29abc - <tokio[1a99e81b75638eb6]::runtime::context::scoped::Scoped<tokio[1a99e81b75638eb6]::runtime::scheduler::Context>>::set::<<tokio[1a99e81b75638eb6]::runtime::scheduler::current_thread::CoreGuard>::enter<<tokio[1a99e81b75638eb6]::runtime::scheduler::current_thread::CoreGuard>::block_on<core[df12db4294e9bfd3]::pin::Pin<&mut core[df12db4294e9bfd3]::pin::Pin<&mut dyn core[df12db4294e9bfd3]::future::future::Future<Output = ()>>>>::{closure#0}, core[df12db4294e9bfd3]::option::Option<()>>::{closure#0}, (alloc[2182bb758b4b3781]::boxed::Box<tokio[1a99e81b75638eb6]::runtime::scheduler::current_thread::Core>, core[df12db4294e9bfd3]::option::Option<()>)>
[INFO] [stdout]   16:     0x5d365eeebb67 - <tokio[1a99e81b75638eb6]::runtime::scheduler::current_thread::CoreGuard>::block_on::<core[df12db4294e9bfd3]::pin::Pin<&mut core[df12db4294e9bfd3]::pin::Pin<&mut dyn core[df12db4294e9bfd3]::future::future::Future<Output = ()>>>>
[INFO] [stdout]   17:     0x5d365ef31d2d - tokio[1a99e81b75638eb6]::runtime::context::runtime::enter_runtime::<<tokio[1a99e81b75638eb6]::runtime::scheduler::current_thread::CurrentThread>::block_on<core[df12db4294e9bfd3]::pin::Pin<&mut dyn core[df12db4294e9bfd3]::future::future::Future<Output = ()>>>::{closure#0}, ()>
[INFO] [stdout]   18:     0x5d365eeeb175 - <tokio[1a99e81b75638eb6]::runtime::runtime::Runtime>::block_on::<core[df12db4294e9bfd3]::pin::Pin<&mut dyn core[df12db4294e9bfd3]::future::future::Future<Output = ()>>>
[INFO] [stdout]   19:     0x5d365eee6fcb - limmat[29c22f5bf6d82f9d]::test::tests::should_wait_for_dependencies::blocked_shouldn_t_start
[INFO] [stdout]   20:     0x5d365eeabbc9 - <limmat[29c22f5bf6d82f9d]::test::tests::should_wait_for_dependencies::blocked_shouldn_t_start::{closure#0} as core[df12db4294e9bfd3]::ops::function::FnOnce<()>>::call_once
[INFO] [stdout]   21:     0x5d365ef6730b - test[9d35eded1c95d3be]::__rust_begin_short_backtrace::<core[df12db4294e9bfd3]::result::Result<(), alloc[2182bb758b4b3781]::string::String>, fn() -> core[df12db4294e9bfd3]::result::Result<(), alloc[2182bb758b4b3781]::string::String>>
[INFO] [stdout]   22:     0x5d365ef74975 - test[9d35eded1c95d3be]::run_test::{closure#0}
[INFO] [stdout]   23:     0x5d365ef6e234 - std[70759c8f55707aa4]::sys::backtrace::__rust_begin_short_backtrace::<test[9d35eded1c95d3be]::run_test::{closure#1}, ()>
[INFO] [stdout]   24:     0x5d365ef77ad2 - <std[70759c8f55707aa4]::thread::lifecycle::spawn_unchecked<test[9d35eded1c95d3be]::run_test::{closure#1}, ()>::{closure#1} as core[df12db4294e9bfd3]::ops::function::FnOnce<()>>::call_once::{shim:vtable#0}
[INFO] [stdout]   25:     0x5d365f0f6839 - <std[70759c8f55707aa4]::sys::thread::unix::Thread>::new::thread_start
[INFO] [stdout]   26:     0x7b06fa71fdfa - <unknown>
[INFO] [stdout]   27:     0x7b06fa7b33d4 - clone
[INFO] [stdout]   28:                0x0 - <unknown>
[INFO] [stdout] 
[INFO] [stdout] ---- ui::tests::output_buffer_empty stdout ----
[INFO] [stdout] 
[INFO] [stdout] thread 'ui::tests::output_buffer_empty' (3501) panicked at src/ui.rs:629:53:
[INFO] [stdout] called `Result::unwrap()` on an `Err` value: 'git commit' failed
[INFO] [stdout] 
[INFO] [stdout] Caused by:
[INFO] [stdout]     failed with exit code 128. stderr:
[INFO] [stdout]     Author identity unknown
[INFO] [stdout]     
[INFO] [stdout]     *** Please tell me who you are.
[INFO] [stdout]     
[INFO] [stdout]     Run
[INFO] [stdout]     
[INFO] [stdout]       git config --global user.email "you@example.com"
[INFO] [stdout]       git config --global user.name "Your Name"
[INFO] [stdout]     
[INFO] [stdout]     to set your account's default identity.
[INFO] [stdout]     Omit --global to set the identity only in this repository.
[INFO] [stdout]     
[INFO] [stdout]     fatal: unable to auto-detect email address (got 'root@cd0cdfe8b666.(none)')
[INFO] [stdout]     
[INFO] [stdout]     stdout:
[INFO] [stdout]     
[INFO] [stdout] 
[INFO] [stdout] Stack backtrace:
[INFO] [stdout]    0: <anyhow::Error>::msg::<alloc::string::String>
[INFO] [stdout]    1: <std::process::Output as limmat::process::OutputExt>::ok
[INFO] [stdout]    2: <limmat::git::GitCommand>::execute::{closure#0}
[INFO] [stdout]    3: <limmat::git::test_utils::TempRepo as limmat::git::test_utils::WorktreeExt>::commit::<&str>::{closure#0}
[INFO] [stdout]    4: limmat::ui::tests::output_buffer_empty::{closure#0}
[INFO] [stdout]    5: <tokio::runtime::scheduler::current_thread::Context>::enter::<core::task::poll::Poll<core::result::Result<(), googletest::internal::test_outcome::TestFailure>>, <tokio::runtime::scheduler::current_thread::CoreGuard>::block_on<core::pin::Pin<&mut core::pin::Pin<&mut dyn core::future::future::Future<Output = core::result::Result<(), googletest::internal::test_outcome::TestFailure>>>>>::{closure#0}::{closure#0}>
[INFO] [stdout]    6: <tokio::runtime::context::scoped::Scoped<tokio::runtime::scheduler::Context>>::set::<<tokio::runtime::scheduler::current_thread::CoreGuard>::enter<<tokio::runtime::scheduler::current_thread::CoreGuard>::block_on<core::pin::Pin<&mut core::pin::Pin<&mut dyn core::future::future::Future<Output = core::result::Result<(), googletest::internal::test_outcome::TestFailure>>>>>::{closure#0}, core::option::Option<core::result::Result<(), googletest::internal::test_outcome::TestFailure>>>::{closure#0}, (alloc::boxed::Box<tokio::runtime::scheduler::current_thread::Core>, core::option::Option<core::result::Result<(), googletest::internal::test_outcome::TestFailure>>)>
[INFO] [stdout]    7: <tokio::runtime::scheduler::current_thread::CoreGuard>::block_on::<core::pin::Pin<&mut core::pin::Pin<&mut dyn core::future::future::Future<Output = core::result::Result<(), googletest::internal::test_outcome::TestFailure>>>>>
[INFO] [stdout]    8: tokio::runtime::context::runtime::enter_runtime::<<tokio::runtime::scheduler::current_thread::CurrentThread>::block_on<core::pin::Pin<&mut dyn core::future::future::Future<Output = core::result::Result<(), googletest::internal::test_outcome::TestFailure>>>>::{closure#0}, core::result::Result<(), googletest::internal::test_outcome::TestFailure>>
[INFO] [stdout]    9: <tokio::runtime::runtime::Runtime>::block_on::<core::pin::Pin<&mut dyn core::future::future::Future<Output = core::result::Result<(), googletest::internal::test_outcome::TestFailure>>>>
[INFO] [stdout]   10: limmat::ui::tests::output_buffer_empty
[INFO] [stdout]   11: <limmat::ui::tests::output_buffer_empty::{closure#0} as core::ops::function::FnOnce<()>>::call_once
[INFO] [stdout]   12: test::__rust_begin_short_backtrace::<core::result::Result<(), alloc::string::String>, fn() -> core::result::Result<(), alloc::string::String>>
[INFO] [stdout]   13: test::run_test::{closure#0}
[INFO] [stdout]   14: std::sys::backtrace::__rust_begin_short_backtrace::<test::run_test::{closure#1}, ()>
[INFO] [stdout]   15: <std::thread::lifecycle::spawn_unchecked<test::run_test::{closure#1}, ()>::{closure#1} as core::ops::function::FnOnce<()>>::call_once::{shim:vtable#0}
[INFO] [stdout]   16: <std::sys::thread::unix::Thread>::new::thread_start
[INFO] [stdout]   17: <unknown>
[INFO] [stdout]   18: clone
[INFO] [stdout] stack backtrace:
[INFO] [stdout]    0:     0x5d365f0f72e1 - <<std[70759c8f55707aa4]::sys::backtrace::BacktraceLock>::print::DisplayBacktrace as core[df12db4294e9bfd3]::fmt::Display>::fmt
[INFO] [stdout]    1:     0x5d365f10e1ca - core[df12db4294e9bfd3]::fmt::write
[INFO] [stdout]    2:     0x5d365f0fc2fc - <alloc[2182bb758b4b3781]::vec::Vec<u8> as core[df12db4294e9bfd3]::io::write::Write>::write_fmt
[INFO] [stdout]    3:     0x5d365f0d0b46 - std[70759c8f55707aa4]::panicking::default_hook::{closure#0}
[INFO] [stdout]    4:     0x5d365f0ee689 - std[70759c8f55707aa4]::panicking::default_hook
[INFO] [stdout]    5:     0x5d365ef74020 - test[9d35eded1c95d3be]::test_main_inner::<test[9d35eded1c95d3be]::test_main_static::{closure#0}>::{closure#0}
[INFO] [stdout]    6:     0x5d365f0ee9b2 - std[70759c8f55707aa4]::panicking::panic_with_hook
[INFO] [stdout]    7:     0x5d365f0d0bf2 - std[70759c8f55707aa4]::panicking::panic_handler::{closure#0}
[INFO] [stdout]    8:     0x5d365f0c9109 - std[70759c8f55707aa4]::sys::backtrace::__rust_end_short_backtrace::<std[70759c8f55707aa4]::panicking::panic_handler::{closure#0}, !>
[INFO] [stdout]    9:     0x5d365f0d18fd - __rustc[8fa7c3cbc660c2b3]::rust_begin_unwind
[INFO] [stdout]   10:     0x5d365f10e9ac - core[df12db4294e9bfd3]::panicking::panic_fmt
[INFO] [stdout]   11:     0x5d365f10e782 - core[df12db4294e9bfd3]::result::unwrap_failed
[INFO] [stdout]   12:     0x5d365ef22164 - limmat[29c22f5bf6d82f9d]::ui::tests::output_buffer_empty::{closure#0}
[INFO] [stdout]   13:     0x5d365eeeb383 - <tokio[1a99e81b75638eb6]::runtime::scheduler::current_thread::Context>::enter::<core[df12db4294e9bfd3]::task::poll::Poll<core[df12db4294e9bfd3]::result::Result<(), googletest[400619ad1b742ee1]::internal::test_outcome::TestFailure>>, <tokio[1a99e81b75638eb6]::runtime::scheduler::current_thread::CoreGuard>::block_on<core[df12db4294e9bfd3]::pin::Pin<&mut core[df12db4294e9bfd3]::pin::Pin<&mut dyn core[df12db4294e9bfd3]::future::future::Future<Output = core[df12db4294e9bfd3]::result::Result<(), googletest[400619ad1b742ee1]::internal::test_outcome::TestFailure>>>>>::{closure#0}::{closure#0}>
[INFO] [stdout]   14:     0x5d365ef298ec - <tokio[1a99e81b75638eb6]::runtime::context::scoped::Scoped<tokio[1a99e81b75638eb6]::runtime::scheduler::Context>>::set::<<tokio[1a99e81b75638eb6]::runtime::scheduler::current_thread::CoreGuard>::enter<<tokio[1a99e81b75638eb6]::runtime::scheduler::current_thread::CoreGuard>::block_on<core[df12db4294e9bfd3]::pin::Pin<&mut core[df12db4294e9bfd3]::pin::Pin<&mut dyn core[df12db4294e9bfd3]::future::future::Future<Output = core[df12db4294e9bfd3]::result::Result<(), googletest[400619ad1b742ee1]::internal::test_outcome::TestFailure>>>>>::{closure#0}, core[df12db4294e9bfd3]::option::Option<core[df12db4294e9bfd3]::result::Result<(), googletest[400619ad1b742ee1]::internal::test_outcome::TestFailure>>>::{closure#0}, (alloc[2182bb758b4b3781]::boxed::Box<tokio[1a99e81b75638eb6]::runtime::scheduler::current_thread::Core>, core[df12db4294e9bfd3]::option::Option<core[df12db4294e9bfd3]::result::Result<(), googletest[400619ad1b742ee1]::internal::test_outcome::TestFailure>>)>
[INFO] [stdout]   15:     0x5d365eeeb977 - <tokio[1a99e81b75638eb6]::runtime::scheduler::current_thread::CoreGuard>::block_on::<core[df12db4294e9bfd3]::pin::Pin<&mut core[df12db4294e9bfd3]::pin::Pin<&mut dyn core[df12db4294e9bfd3]::future::future::Future<Output = core[df12db4294e9bfd3]::result::Result<(), googletest[400619ad1b742ee1]::internal::test_outcome::TestFailure>>>>>
[INFO] [stdout]   16:     0x5d365ef317bd - tokio[1a99e81b75638eb6]::runtime::context::runtime::enter_runtime::<<tokio[1a99e81b75638eb6]::runtime::scheduler::current_thread::CurrentThread>::block_on<core[df12db4294e9bfd3]::pin::Pin<&mut dyn core[df12db4294e9bfd3]::future::future::Future<Output = core[df12db4294e9bfd3]::result::Result<(), googletest[400619ad1b742ee1]::internal::test_outcome::TestFailure>>>>::{closure#0}, core[df12db4294e9bfd3]::result::Result<(), googletest[400619ad1b742ee1]::internal::test_outcome::TestFailure>>
[INFO] [stdout]   17:     0x5d365eeeb065 - <tokio[1a99e81b75638eb6]::runtime::runtime::Runtime>::block_on::<core[df12db4294e9bfd3]::pin::Pin<&mut dyn core[df12db4294e9bfd3]::future::future::Future<Output = core[df12db4294e9bfd3]::result::Result<(), googletest[400619ad1b742ee1]::internal::test_outcome::TestFailure>>>>
[INFO] [stdout]   18:     0x5d365ef2701b - limmat[29c22f5bf6d82f9d]::ui::tests::output_buffer_empty
[INFO] [stdout]   19:     0x5d365eeab0fd - <limmat[29c22f5bf6d82f9d]::ui::tests::output_buffer_empty::{closure#0} as core[df12db4294e9bfd3]::ops::function::FnOnce<()>>::call_once
[INFO] [stdout]   20:     0x5d365ef6730b - test[9d35eded1c95d3be]::__rust_begin_short_backtrace::<core[df12db4294e9bfd3]::result::Result<(), alloc[2182bb758b4b3781]::string::String>, fn() -> core[df12db4294e9bfd3]::result::Result<(), alloc[2182bb758b4b3781]::string::String>>
[INFO] [stdout]   21:     0x5d365ef74975 - test[9d35eded1c95d3be]::run_test::{closure#0}
[INFO] [stdout]   22:     0x5d365ef6e234 - std[70759c8f55707aa4]::sys::backtrace::__rust_begin_short_backtrace::<test[9d35eded1c95d3be]::run_test::{closure#1}, ()>
[INFO] [stdout]   23:     0x5d365ef77ad2 - <std[70759c8f55707aa4]::thread::lifecycle::spawn_unchecked<test[9d35eded1c95d3be]::run_test::{closure#1}, ()>::{closure#1} as core[df12db4294e9bfd3]::ops::function::FnOnce<()>>::call_once::{shim:vtable#0}
[INFO] [stdout]   24:     0x5d365f0f6839 - <std[70759c8f55707aa4]::sys::thread::unix::Thread>::new::thread_start
[INFO] [stdout]   25:     0x7b06fa71fdfa - <unknown>
[INFO] [stdout]   26:     0x7b06fa7b33d4 - clone
[INFO] [stdout]   27:                0x0 - <unknown>
[INFO] [stdout] 
[INFO] [stdout] ---- ui::tests::output_buffer_octopus stdout ----
[INFO] [stdout] 
[INFO] [stdout] thread 'ui::tests::output_buffer_octopus' (3503) panicked at src/ui.rs:561:53:
[INFO] [stdout] called `Result::unwrap()` on an `Err` value: 'git commit' failed
[INFO] [stdout] 
[INFO] [stdout] Caused by:
[INFO] [stdout]     failed with exit code 128. stderr:
[INFO] [stdout]     Author identity unknown
[INFO] [stdout]     
[INFO] [stdout]     *** Please tell me who you are.
[INFO] [stdout]     
[INFO] [stdout]     Run
[INFO] [stdout]     
[INFO] [stdout]       git config --global user.email "you@example.com"
[INFO] [stdout]       git config --global user.name "Your Name"
[INFO] [stdout]     
[INFO] [stdout]     to set your account's default identity.
[INFO] [stdout]     Omit --global to set the identity only in this repository.
[INFO] [stdout]     
[INFO] [stdout]     fatal: unable to auto-detect email address (got 'root@cd0cdfe8b666.(none)')
[INFO] [stdout]     
[INFO] [stdout]     stdout:
[INFO] [stdout]     
[INFO] [stdout] 
[INFO] [stdout] Stack backtrace:
[INFO] [stdout]    0: <anyhow::Error>::msg::<alloc::string::String>
[INFO] [stdout]    1: <std::process::Output as limmat::process::OutputExt>::ok
[INFO] [stdout]    2: <limmat::git::GitCommand>::execute::{closure#0}
[INFO] [stdout]    3: <limmat::git::test_utils::TempRepo as limmat::git::test_utils::WorktreeExt>::commit::<&str>::{closure#0}
[INFO] [stdout]    4: limmat::ui::tests::output_buffer_octopus::{closure#0}
[INFO] [stdout]    5: <tokio::runtime::scheduler::current_thread::Context>::enter::<core::task::poll::Poll<core::result::Result<(), googletest::internal::test_outcome::TestFailure>>, <tokio::runtime::scheduler::current_thread::CoreGuard>::block_on<core::pin::Pin<&mut core::pin::Pin<&mut dyn core::future::future::Future<Output = core::result::Result<(), googletest::internal::test_outcome::TestFailure>>>>>::{closure#0}::{closure#0}>
[INFO] [stdout]    6: <tokio::runtime::context::scoped::Scoped<tokio::runtime::scheduler::Context>>::set::<<tokio::runtime::scheduler::current_thread::CoreGuard>::enter<<tokio::runtime::scheduler::current_thread::CoreGuard>::block_on<core::pin::Pin<&mut core::pin::Pin<&mut dyn core::future::future::Future<Output = core::result::Result<(), googletest::internal::test_outcome::TestFailure>>>>>::{closure#0}, core::option::Option<core::result::Result<(), googletest::internal::test_outcome::TestFailure>>>::{closure#0}, (alloc::boxed::Box<tokio::runtime::scheduler::current_thread::Core>, core::option::Option<core::result::Result<(), googletest::internal::test_outcome::TestFailure>>)>
[INFO] [stdout]    7: <tokio::runtime::scheduler::current_thread::CoreGuard>::block_on::<core::pin::Pin<&mut core::pin::Pin<&mut dyn core::future::future::Future<Output = core::result::Result<(), googletest::internal::test_outcome::TestFailure>>>>>
[INFO] [stdout]    8: tokio::runtime::context::runtime::enter_runtime::<<tokio::runtime::scheduler::current_thread::CurrentThread>::block_on<core::pin::Pin<&mut dyn core::future::future::Future<Output = core::result::Result<(), googletest::internal::test_outcome::TestFailure>>>>::{closure#0}, core::result::Result<(), googletest::internal::test_outcome::TestFailure>>
[INFO] [stdout]    9: <tokio::runtime::runtime::Runtime>::block_on::<core::pin::Pin<&mut dyn core::future::future::Future<Output = core::result::Result<(), googletest::internal::test_outcome::TestFailure>>>>
[INFO] [stdout]   10: limmat::ui::tests::output_buffer_octopus
[INFO] [stdout]   11: <limmat::ui::tests::output_buffer_octopus::{closure#0} as core::ops::function::FnOnce<()>>::call_once
[INFO] [stdout]   12: test::__rust_begin_short_backtrace::<core::result::Result<(), alloc::string::String>, fn() -> core::result::Result<(), alloc::string::String>>
[INFO] [stdout]   13: test::run_test::{closure#0}
[INFO] [stdout]   14: std::sys::backtrace::__rust_begin_short_backtrace::<test::run_test::{closure#1}, ()>
[INFO] [stdout]   15: <std::thread::lifecycle::spawn_unchecked<test::run_test::{closure#1}, ()>::{closure#1} as core::ops::function::FnOnce<()>>::call_once::{shim:vtable#0}
[INFO] [stdout]   16: <std::sys::thread::unix::Thread>::new::thread_start
[INFO] [stdout]   17: <unknown>
[INFO] [stdout]   18: clone
[INFO] [stdout] stack backtrace:
[INFO] [stdout]    0:     0x5d365f0f72e1 - <<std[70759c8f55707aa4]::sys::backtrace::BacktraceLock>::print::DisplayBacktrace as core[df12db4294e9bfd3]::fmt::Display>::fmt
[INFO] [stdout]    1:     0x5d365f10e1ca - core[df12db4294e9bfd3]::fmt::write
[INFO] [stdout]    2:     0x5d365f0fc2fc - <alloc[2182bb758b4b3781]::vec::Vec<u8> as core[df12db4294e9bfd3]::io::write::Write>::write_fmt
[INFO] [stdout]    3:     0x5d365f0d0b46 - std[70759c8f55707aa4]::panicking::default_hook::{closure#0}
[INFO] [stdout]    4:     0x5d365f0ee689 - std[70759c8f55707aa4]::panicking::default_hook
[INFO] [stdout]    5:     0x5d365ef74020 - test[9d35eded1c95d3be]::test_main_inner::<test[9d35eded1c95d3be]::test_main_static::{closure#0}>::{closure#0}
[INFO] [stdout]    6:     0x5d365f0ee9b2 - std[70759c8f55707aa4]::panicking::panic_with_hook
[INFO] [stdout]    7:     0x5d365f0d0bf2 - std[70759c8f55707aa4]::panicking::panic_handler::{closure#0}
[INFO] [stdout]    8:     0x5d365f0c9109 - std[70759c8f55707aa4]::sys::backtrace::__rust_end_short_backtrace::<std[70759c8f55707aa4]::panicking::panic_handler::{closure#0}, !>
[INFO] [stdout]    9:     0x5d365f0d18fd - __rustc[8fa7c3cbc660c2b3]::rust_begin_unwind
[INFO] [stdout]   10:     0x5d365f10e9ac - core[df12db4294e9bfd3]::panicking::panic_fmt
[INFO] [stdout]   11:     0x5d365f10e782 - core[df12db4294e9bfd3]::result::unwrap_failed
[INFO] [stdout]   12:     0x5d365ef25939 - limmat[29c22f5bf6d82f9d]::ui::tests::output_buffer_octopus::{closure#0}
[INFO] [stdout]   13:     0x5d365eeeb383 - <tokio[1a99e81b75638eb6]::runtime::scheduler::current_thread::Context>::enter::<core[df12db4294e9bfd3]::task::poll::Poll<core[df12db4294e9bfd3]::result::Result<(), googletest[400619ad1b742ee1]::internal::test_outcome::TestFailure>>, <tokio[1a99e81b75638eb6]::runtime::scheduler::current_thread::CoreGuard>::block_on<core[df12db4294e9bfd3]::pin::Pin<&mut core[df12db4294e9bfd3]::pin::Pin<&mut dyn core[df12db4294e9bfd3]::future::future::Future<Output = core[df12db4294e9bfd3]::result::Result<(), googletest[400619ad1b742ee1]::internal::test_outcome::TestFailure>>>>>::{closure#0}::{closure#0}>
[INFO] [stdout]   14:     0x5d365ef298ec - <tokio[1a99e81b75638eb6]::runtime::context::scoped::Scoped<tokio[1a99e81b75638eb6]::runtime::scheduler::Context>>::set::<<tokio[1a99e81b75638eb6]::runtime::scheduler::current_thread::CoreGuard>::enter<<tokio[1a99e81b75638eb6]::runtime::scheduler::current_thread::CoreGuard>::block_on<core[df12db4294e9bfd3]::pin::Pin<&mut core[df12db4294e9bfd3]::pin::Pin<&mut dyn core[df12db4294e9bfd3]::future::future::Future<Output = core[df12db4294e9bfd3]::result::Result<(), googletest[400619ad1b742ee1]::internal::test_outcome::TestFailure>>>>>::{closure#0}, core[df12db4294e9bfd3]::option::Option<core[df12db4294e9bfd3]::result::Result<(), googletest[400619ad1b742ee1]::internal::test_outcome::TestFailure>>>::{closure#0}, (alloc[2182bb758b4b3781]::boxed::Box<tokio[1a99e81b75638eb6]::runtime::scheduler::current_thread::Core>, core[df12db4294e9bfd3]::option::Option<core[df12db4294e9bfd3]::result::Result<(), googletest[400619ad1b742ee1]::internal::test_outcome::TestFailure>>)>
[INFO] [stdout]   15:     0x5d365eeeb977 - <tokio[1a99e81b75638eb6]::runtime::scheduler::current_thread::CoreGuard>::block_on::<core[df12db4294e9bfd3]::pin::Pin<&mut core[df12db4294e9bfd3]::pin::Pin<&mut dyn core[df12db4294e9bfd3]::future::future::Future<Output = core[df12db4294e9bfd3]::result::Result<(), googletest[400619ad1b742ee1]::internal::test_outcome::TestFailure>>>>>
[INFO] [stdout]   16:     0x5d365ef317bd - tokio[1a99e81b75638eb6]::runtime::context::runtime::enter_runtime::<<tokio[1a99e81b75638eb6]::runtime::scheduler::current_thread::CurrentThread>::block_on<core[df12db4294e9bfd3]::pin::Pin<&mut dyn core[df12db4294e9bfd3]::future::future::Future<Output = core[df12db4294e9bfd3]::result::Result<(), googletest[400619ad1b742ee1]::internal::test_outcome::TestFailure>>>>::{closure#0}, core[df12db4294e9bfd3]::result::Result<(), googletest[400619ad1b742ee1]::internal::test_outcome::TestFailure>>
[INFO] [stdout]   17:     0x5d365eeeb065 - <tokio[1a99e81b75638eb6]::runtime::runtime::Runtime>::block_on::<core[df12db4294e9bfd3]::pin::Pin<&mut dyn core[df12db4294e9bfd3]::future::future::Future<Output = core[df12db4294e9bfd3]::result::Result<(), googletest[400619ad1b742ee1]::internal::test_outcome::TestFailure>>>>
[INFO] [stdout]   18:     0x5d365ef272db - limmat[29c22f5bf6d82f9d]::ui::tests::output_buffer_octopus
[INFO] [stdout]   19:     0x5d365eeab21d - <limmat[29c22f5bf6d82f9d]::ui::tests::output_buffer_octopus::{closure#0} as core[df12db4294e9bfd3]::ops::function::FnOnce<()>>::call_once
[INFO] [stdout]   20:     0x5d365ef6730b - test[9d35eded1c95d3be]::__rust_begin_short_backtrace::<core[df12db4294e9bfd3]::result::Result<(), alloc[2182bb758b4b3781]::string::String>, fn() -> core[df12db4294e9bfd3]::result::Result<(), alloc[2182bb758b4b3781]::string::String>>
[INFO] [stdout]   21:     0x5d365ef74975 - test[9d35eded1c95d3be]::run_test::{closure#0}
[INFO] [stdout]   22:     0x5d365ef6e234 - std[70759c8f55707aa4]::sys::backtrace::__rust_begin_short_backtrace::<test[9d35eded1c95d3be]::run_test::{closure#1}, ()>
[INFO] [stdout]   23:     0x5d365ef77ad2 - <std[70759c8f55707aa4]::thread::lifecycle::spawn_unchecked<test[9d35eded1c95d3be]::run_test::{closure#1}, ()>::{closure#1} as core[df12db4294e9bfd3]::ops::function::FnOnce<()>>::call_once::{shim:vtable#0}
[INFO] [stdout]   24:     0x5d365f0f6839 - <std[70759c8f55707aa4]::sys::thread::unix::Thread>::new::thread_start
[INFO] [stdout]   25:     0x7b06fa71fdfa - <unknown>
[INFO] [stdout]   26:     0x7b06fa7b33d4 - clone
[INFO] [stdout]   27:                0x0 - <unknown>
[INFO] [stdout] 
[INFO] [stdout] ---- ui::tests::output_buffer_smoke stdout ----
[INFO] [stdout] 
[INFO] [stdout] thread 'ui::tests::output_buffer_smoke' (3505) panicked at src/ui.rs:514:32:
[INFO] [stdout] called `Result::unwrap()` on an `Err` value: 'git commit' failed
[INFO] [stdout] 
[INFO] [stdout] Caused by:
[INFO] [stdout]     failed with exit code 128. stderr:
[INFO] [stdout]     Author identity unknown
[INFO] [stdout]     
[INFO] [stdout]     *** Please tell me who you are.
[INFO] [stdout]     
[INFO] [stdout]     Run
[INFO] [stdout]     
[INFO] [stdout]       git config --global user.email "you@example.com"
[INFO] [stdout]       git config --global user.name "Your Name"
[INFO] [stdout]     
[INFO] [stdout]     to set your account's default identity.
[INFO] [stdout]     Omit --global to set the identity only in this repository.
[INFO] [stdout]     
[INFO] [stdout]     fatal: unable to auto-detect email address (got 'root@cd0cdfe8b666.(none)')
[INFO] [stdout]     
[INFO] [stdout]     stdout:
[INFO] [stdout]     
[INFO] [stdout] 
[INFO] [stdout] Stack backtrace:
[INFO] [stdout]    0: <anyhow::Error>::msg::<alloc::string::String>
[INFO] [stdout]    1: <std::process::Output as limmat::process::OutputExt>::ok
[INFO] [stdout]    2: <limmat::git::GitCommand>::execute::{closure#0}
[INFO] [stdout]    3: <limmat::git::test_utils::TempRepo as limmat::git::test_utils::WorktreeExt>::commit::<&str>::{closure#0}
[INFO] [stdout]    4: limmat::ui::tests::output_buffer_smoke::{closure#0}
[INFO] [stdout]    5: <tokio::runtime::scheduler::current_thread::Context>::enter::<core::task::poll::Poll<core::result::Result<(), googletest::internal::test_outcome::TestFailure>>, <tokio::runtime::scheduler::current_thread::CoreGuard>::block_on<core::pin::Pin<&mut core::pin::Pin<&mut dyn core::future::future::Future<Output = core::result::Result<(), googletest::internal::test_outcome::TestFailure>>>>>::{closure#0}::{closure#0}>
[INFO] [stdout]    6: <tokio::runtime::context::scoped::Scoped<tokio::runtime::scheduler::Context>>::set::<<tokio::runtime::scheduler::current_thread::CoreGuard>::enter<<tokio::runtime::scheduler::current_thread::CoreGuard>::block_on<core::pin::Pin<&mut core::pin::Pin<&mut dyn core::future::future::Future<Output = core::result::Result<(), googletest::internal::test_outcome::TestFailure>>>>>::{closure#0}, core::option::Option<core::result::Result<(), googletest::internal::test_outcome::TestFailure>>>::{closure#0}, (alloc::boxed::Box<tokio::runtime::scheduler::current_thread::Core>, core::option::Option<core::result::Result<(), googletest::internal::test_outcome::TestFailure>>)>
[INFO] [stdout]    7: <tokio::runtime::scheduler::current_thread::CoreGuard>::block_on::<core::pin::Pin<&mut core::pin::Pin<&mut dyn core::future::future::Future<Output = core::result::Result<(), googletest::internal::test_outcome::TestFailure>>>>>
[INFO] [stdout]    8: tokio::runtime::context::runtime::enter_runtime::<<tokio::runtime::scheduler::current_thread::CurrentThread>::block_on<core::pin::Pin<&mut dyn core::future::future::Future<Output = core::result::Result<(), googletest::internal::test_outcome::TestFailure>>>>::{closure#0}, core::result::Result<(), googletest::internal::test_outcome::TestFailure>>
[INFO] [stdout]    9: <tokio::runtime::runtime::Runtime>::block_on::<core::pin::Pin<&mut dyn core::future::future::Future<Output = core::result::Result<(), googletest::internal::test_outcome::TestFailure>>>>
[INFO] [stdout]   10: limmat::ui::tests::output_buffer_smoke
[INFO] [stdout]   11: <limmat::ui::tests::output_buffer_smoke::{closure#0} as core::ops::function::FnOnce<()>>::call_once
[INFO] [stdout]   12: test::__rust_begin_short_backtrace::<core::result::Result<(), alloc::string::String>, fn() -> core::result::Result<(), alloc::string::String>>
[INFO] [stdout]   13: test::run_test::{closure#0}
[INFO] [stdout]   14: std::sys::backtrace::__rust_begin_short_backtrace::<test::run_test::{closure#1}, ()>
[INFO] [stdout]   15: <std::thread::lifecycle::spawn_unchecked<test::run_test::{closure#1}, ()>::{closure#1} as core::ops::function::FnOnce<()>>::call_once::{shim:vtable#0}
[INFO] [stdout]   16: <std::sys::thread::unix::Thread>::new::thread_start
[INFO] [stdout]   17: <unknown>
[INFO] [stdout]   18: clone
[INFO] [stdout] stack backtrace:
[INFO] [stdout]    0:     0x5d365f0f72e1 - <<std[70759c8f55707aa4]::sys::backtrace::BacktraceLock>::print::DisplayBacktrace as core[df12db4294e9bfd3]::fmt::Display>::fmt
[INFO] [stdout]    1:     0x5d365f10e1ca - core[df12db4294e9bfd3]::fmt::write
[INFO] [stdout]    2:     0x5d365f0fc2fc - <alloc[2182bb758b4b3781]::vec::Vec<u8> as core[df12db4294e9bfd3]::io::write::Write>::write_fmt
[INFO] [stdout]    3:     0x5d365f0d0b46 - std[70759c8f55707aa4]::panicking::default_hook::{closure#0}
[INFO] [stdout]    4:     0x5d365f0ee689 - std[70759c8f55707aa4]::panicking::default_hook
[INFO] [stdout]    5:     0x5d365ef74020 - test[9d35eded1c95d3be]::test_main_inner::<test[9d35eded1c95d3be]::test_main_static::{closure#0}>::{closure#0}
[INFO] [stdout]    6:     0x5d365f0ee9b2 - std[70759c8f55707aa4]::panicking::panic_with_hook
[INFO] [stdout]    7:     0x5d365f0d0bf2 - std[70759c8f55707aa4]::panicking::panic_handler::{closure#0}
[INFO] [stdout]    8:     0x5d365f0c9109 - std[70759c8f55707aa4]::sys::backtrace::__rust_end_short_backtrace::<std[70759c8f55707aa4]::panicking::panic_handler::{closure#0}, !>
[INFO] [stdout]    9:     0x5d365f0d18fd - __rustc[8fa7c3cbc660c2b3]::rust_begin_unwind
[INFO] [stdout]   10:     0x5d365f10e9ac - core[df12db4294e9bfd3]::panicking::panic_fmt
[INFO] [stdout]   11:     0x5d365f10e782 - core[df12db4294e9bfd3]::result::unwrap_failed
[INFO] [stdout]   12:     0x5d365ef23c36 - limmat[29c22f5bf6d82f9d]::ui::tests::output_buffer_smoke::{closure#0}
[INFO] [stdout]   13:     0x5d365eeeb383 - <tokio[1a99e81b75638eb6]::runtime::scheduler::current_thread::Context>::enter::<core[df12db4294e9bfd3]::task::poll::Poll<core[df12db4294e9bfd3]::result::Result<(), googletest[400619ad1b742ee1]::internal::test_outcome::TestFailure>>, <tokio[1a99e81b75638eb6]::runtime::scheduler::current_thread::CoreGuard>::block_on<core[df12db4294e9bfd3]::pin::Pin<&mut core[df12db4294e9bfd3]::pin::Pin<&mut dyn core[df12db4294e9bfd3]::future::future::Future<Output = core[df12db4294e9bfd3]::result::Result<(), googletest[400619ad1b742ee1]::internal::test_outcome::TestFailure>>>>>::{closure#0}::{closure#0}>
[INFO] [stdout]   14:     0x5d365ef298ec - <tokio[1a99e81b75638eb6]::runtime::context::scoped::Scoped<tokio[1a99e81b75638eb6]::runtime::scheduler::Context>>::set::<<tokio[1a99e81b75638eb6]::runtime::scheduler::current_thread::CoreGuard>::enter<<tokio[1a99e81b75638eb6]::runtime::scheduler::current_thread::CoreGuard>::block_on<core[df12db4294e9bfd3]::pin::Pin<&mut core[df12db4294e9bfd3]::pin::Pin<&mut dyn core[df12db4294e9bfd3]::future::future::Future<Output = core[df12db4294e9bfd3]::result::Result<(), googletest[400619ad1b742ee1]::internal::test_outcome::TestFailure>>>>>::{closure#0}, core[df12db4294e9bfd3]::option::Option<core[df12db4294e9bfd3]::result::Result<(), googletest[400619ad1b742ee1]::internal::test_outcome::TestFailure>>>::{closure#0}, (alloc[2182bb758b4b3781]::boxed::Box<tokio[1a99e81b75638eb6]::runtime::scheduler::current_thread::Core>, core[df12db4294e9bfd3]::option::Option<core[df12db4294e9bfd3]::result::Result<(), googletest[400619ad1b742ee1]::internal::test_outcome::TestFailure>>)>
[INFO] [stdout]   15:     0x5d365eeeb977 - <tokio[1a99e81b75638eb6]::runtime::scheduler::current_thread::CoreGuard>::block_on::<core[df12db4294e9bfd3]::pin::Pin<&mut core[df12db4294e9bfd3]::pin::Pin<&mut dyn core[df12db4294e9bfd3]::future::future::Future<Output = core[df12db4294e9bfd3]::result::Result<(), googletest[400619ad1b742ee1]::internal::test_outcome::TestFailure>>>>>
[INFO] [stdout]   16:     0x5d365ef317bd - tokio[1a99e81b75638eb6]::runtime::context::runtime::enter_runtime::<<tokio[1a99e81b75638eb6]::runtime::scheduler::current_thread::CurrentThread>::block_on<core[df12db4294e9bfd3]::pin::Pin<&mut dyn core[df12db4294e9bfd3]::future::future::Future<Output = core[df12db4294e9bfd3]::result::Result<(), googletest[400619ad1b742ee1]::internal::test_outcome::TestFailure>>>>::{closure#0}, core[df12db4294e9bfd3]::result::Result<(), googletest[400619ad1b742ee1]::internal::test_outcome::TestFailure>>
[INFO] [stdout]   17:     0x5d365eeeb065 - <tokio[1a99e81b75638eb6]::runtime::runtime::Runtime>::block_on::<core[df12db4294e9bfd3]::pin::Pin<&mut dyn core[df12db4294e9bfd3]::future::future::Future<Output = core[df12db4294e9bfd3]::result::Result<(), googletest[400619ad1b742ee1]::internal::test_outcome::TestFailure>>>>
[INFO] [stdout]   18:     0x5d365ef2717b - limmat[29c22f5bf6d82f9d]::ui::tests::output_buffer_smoke
[INFO] [stdout]   19:     0x5d365eeab18d - <limmat[29c22f5bf6d82f9d]::ui::tests::output_buffer_smoke::{closure#0} as core[df12db4294e9bfd3]::ops::function::FnOnce<()>>::call_once
[INFO] [stdout]   20:     0x5d365ef6730b - test[9d35eded1c95d3be]::__rust_begin_short_backtrace::<core[df12db4294e9bfd3]::result::Result<(), alloc[2182bb758b4b3781]::string::String>, fn() -> core[df12db4294e9bfd3]::result::Result<(), alloc[2182bb758b4b3781]::string::String>>
[INFO] [stdout]   21:     0x5d365ef74975 - test[9d35eded1c95d3be]::run_test::{closure#0}
[INFO] [stdout]   22:     0x5d365ef6e234 - std[70759c8f55707aa4]::sys::backtrace::__rust_begin_short_backtrace::<test[9d35eded1c95d3be]::run_test::{closure#1}, ()>
[INFO] [stdout]   23:     0x5d365ef77ad2 - <std[70759c8f55707aa4]::thread::lifecycle::spawn_unchecked<test[9d35eded1c95d3be]::run_test::{closure#1}, ()>::{closure#1} as core[df12db4294e9bfd3]::ops::function::FnOnce<()>>::call_once::{shim:vtable#0}
[INFO] [stdout]   24:     0x5d365f0f6839 - <std[70759c8f55707aa4]::sys::thread::unix::Thread>::new::thread_start
[INFO] [stdout]   25:     0x7b06fa71fdfa - <unknown>
[INFO] [stdout]   26:     0x7b06fa7b33d4 - clone
[INFO] [stdout]   27:                0x0 - <unknown>
[INFO] [stdout] 
[INFO] [stdout] 
[INFO] [stdout] failures:
[INFO] [stdout]     test::tests::should_cache_results
[INFO] [stdout]     test::tests::should_cancel_running
[INFO] [stdout]     test::tests::should_cancel_waiting_for_deps
[INFO] [stdout]     test::tests::should_handle_many::multiple_worktrees_multiple_tests
[INFO] [stdout]     test::tests::should_handle_many::multiple_worktrees_one_test
[INFO] [stdout]     test::tests::should_handle_many::single_worktree_one_test
[INFO] [stdout]     test::tests::should_not_cache
[INFO] [stdout]     test::tests::should_not_require_worktree
[INFO] [stdout]     test::tests::should_not_settle
[INFO] [stdout]     test::tests::should_not_start_canceled
[INFO] [stdout]     test::tests::should_respect_resource_limits
[INFO] [stdout]     test::tests::should_run_single
[INFO] [stdout]     test::tests::should_wait_for_dependencies::blocked_shouldn_t_start
[INFO] [stdout]     test::tests::should_wait_for_dependencies::failed_shouldn_t_start
[INFO] [stdout]     test::tests::should_wait_for_dependencies::succeeded_should_start
[INFO] [stdout]     test::tests::test_job_env
[INFO] [stdout]     ui::tests::output_buffer_empty
[INFO] [stdout]     ui::tests::output_buffer_octopus
[INFO] [stdout]     ui::tests::output_buffer_smoke
[INFO] [stdout] 
[INFO] [stdout] test result: FAILED. 27 passed; 19 failed; 0 ignored; 0 measured; 0 filtered out; finished in 0.78s
[INFO] [stdout] 
[INFO] running `Command { std: "docker" "inspect" "cd0cdfe8b666383eebf55c46f6ed70dffe098fb19d56ea6da6af1b1e48690889", kill_on_drop: false }`
[INFO] running `Command { std: "docker" "rm" "-f" "cd0cdfe8b666383eebf55c46f6ed70dffe098fb19d56ea6da6af1b1e48690889", kill_on_drop: false }`
[INFO] [stdout] cd0cdfe8b666383eebf55c46f6ed70dffe098fb19d56ea6da6af1b1e48690889
