[INFO] fetching crate limes 0.6.0...
[INFO] testing limes-0.6.0 against 1.100.0-beta.1+cargoflags=--release for beta-release-1.100-2
[INFO] extracting crate limes 0.6.0 into /workspace/builds/worker-7-tc2/source
[INFO] started tweaking crates.io crate limes 0.6.0
[INFO] finished tweaking crates.io crate limes 0.6.0
[INFO] tweaked toml for crates.io crate limes 0.6.0 written to /workspace/builds/worker-7-tc2/source/Cargo.toml
[INFO] validating manifest of crates.io crate limes 0.6.0 on toolchain 1.100.0-beta.1
[INFO] running `Command { std: CARGO_HOME="/workspace/cargo-home" RUSTUP_HOME="/workspace/rustup-home" "/workspace/cargo-home/bin/cargo" "+1.100.0-beta.1" "metadata" "--manifest-path" "Cargo.toml" "--no-deps", kill_on_drop: false }`
[INFO] crate crates.io crate limes 0.6.0 already has a lockfile, it will not be regenerated
[INFO] running `Command { std: CARGO_HOME="/workspace/cargo-home" RUSTUP_HOME="/workspace/rustup-home" "/workspace/cargo-home/bin/cargo" "+1.100.0-beta.1" "fetch" "--manifest-path" "Cargo.toml", kill_on_drop: false }`
[INFO] [stderr] warning: `package.homepage` is redundant with `package.repository`
[INFO] [stderr]    --> Cargo.toml:112:12
[INFO] [stderr]     |
[INFO] [stderr] 112 | homepage = "https://github.com/vakamo-labs/limes-rs"
[INFO] [stderr]     |            ^^^^^^^^^^^^^^^^^^^^^^^^^^^^^^^^^^^^^^^^^
[INFO] [stderr] ...
[INFO] [stderr] 116 | repository = "https://github.com/vakamo-labs/limes-rs"
[INFO] [stderr]     |              -----------------------------------------
[INFO] [stderr]     |
[INFO] [stderr]     = note: `cargo::redundant_homepage` is set to `warn` by default
[INFO] [stderr] help: consider removing `package.homepage`
[INFO] [stderr] warning: `limes` (manifest) generated 1 warning
[INFO] running `Command { std: "docker" "create" "-v" "/var/lib/crater-agent-workspace/builds/worker-7-tc2/source:/opt/rustwide/workdir:ro,Z" "-v" "/var/lib/crater-agent-workspace/builds/worker-7-tc2/target:/opt/rustwide/target:rw,Z" "-v" "/var/lib/crater-agent-workspace/cargo-home:/opt/rustwide/cargo-home:ro,Z" "-v" "/var/lib/crater-agent-workspace/rustup-home:/opt/rustwide/rustup-home:ro,Z" "-m" "1610612736" "--network" "none" "ghcr.io/rust-lang/crates-build-env/linux@sha256:77db811e55d90add9212f6832c23229e3de5f1c1f9905e8cb07319ea15df73ac" "sleep" "infinity", kill_on_drop: false }`
[INFO] [stdout] f1ae4d68ba834a0e3ea3c7cfe5364fed590efaf2b3f682d7e3ea3705b5e0944d
[INFO] running `Command { std: "docker" "start" "f1ae4d68ba834a0e3ea3c7cfe5364fed590efaf2b3f682d7e3ea3705b5e0944d", kill_on_drop: false }`
[INFO] running `Command { std: "docker" "inspect" "f1ae4d68ba834a0e3ea3c7cfe5364fed590efaf2b3f682d7e3ea3705b5e0944d", kill_on_drop: false }`
[INFO] running `Command { std: "docker" "exec" "-e" "SOURCE_DIR=/opt/rustwide/workdir" "-e" "CARGO_HOME=/opt/rustwide/cargo-home" "-e" "RUSTUP_HOME=/opt/rustwide/rustup-home" "-e" "CARGO_TARGET_DIR=/opt/rustwide/target" "-w" "/opt/rustwide/workdir" "--user" "0:0" "f1ae4d68ba834a0e3ea3c7cfe5364fed590efaf2b3f682d7e3ea3705b5e0944d" "/opt/rustwide/cargo-home/bin/cargo" "+1.100.0-beta.1" "metadata" "--no-deps" "--format-version=1", kill_on_drop: false }`
[INFO] running `Command { std: "docker" "inspect" "f1ae4d68ba834a0e3ea3c7cfe5364fed590efaf2b3f682d7e3ea3705b5e0944d", kill_on_drop: false }`
[INFO] running `Command { std: "docker" "exec" "-e" "SOURCE_DIR=/opt/rustwide/workdir" "-e" "CARGO_HOME=/opt/rustwide/cargo-home" "-e" "RUSTUP_HOME=/opt/rustwide/rustup-home" "-e" "CARGO_TARGET_DIR=/opt/rustwide/target" "-e" "CARGO_INCREMENTAL=0" "-e" "RUST_BACKTRACE=full" "-e" "RUSTFLAGS=--cap-lints=warn" "-e" "RUSTDOCFLAGS=--cap-lints=warn" "-w" "/opt/rustwide/workdir" "--user" "0:0" "f1ae4d68ba834a0e3ea3c7cfe5364fed590efaf2b3f682d7e3ea3705b5e0944d" "/opt/rustwide/cargo-home/bin/cargo" "+1.100.0-beta.1" "build" "--frozen" "--message-format=json" "--release", kill_on_drop: false }`
[INFO] [stderr] warning: `package.homepage` is redundant with `package.repository`
[INFO] [stderr]    --> Cargo.toml:112:12
[INFO] [stderr]     |
[INFO] [stderr] 112 | homepage = "https://github.com/vakamo-labs/limes-rs"
[INFO] [stderr]     |            ^^^^^^^^^^^^^^^^^^^^^^^^^^^^^^^^^^^^^^^^^
[INFO] [stderr] ...
[INFO] [stderr] 116 | repository = "https://github.com/vakamo-labs/limes-rs"
[INFO] [stderr]     |              -----------------------------------------
[INFO] [stderr]     |
[INFO] [stderr]     = note: `cargo::redundant_homepage` is set to `warn` by default
[INFO] [stderr] help: consider removing `package.homepage`
[INFO] [stderr] warning: `limes` (manifest) generated 1 warning
[INFO] [stderr]    Compiling libc v0.2.189
[INFO] [stderr]    Compiling shlex v2.0.1
[INFO] [stderr]    Compiling stable_deref_trait v1.2.1
[INFO] [stderr]    Compiling find-msvc-tools v0.1.11
[INFO] [stderr]    Compiling dunce v1.0.5
[INFO] [stderr]    Compiling pkg-config v0.3.34
[INFO] [stderr]    Compiling fs_extra v1.3.0
[INFO] [stderr]    Compiling syn v2.0.119
[INFO] [stderr]    Compiling syn v3.0.4
[INFO] [stderr]    Compiling bytes v1.12.1
[INFO] [stderr]    Compiling pin-project-lite v0.2.17
[INFO] [stderr]    Compiling aws-lc-rs v1.18.0
[INFO] [stderr]    Compiling futures-core v0.3.34
[INFO] [stderr]    Compiling litemap v0.8.3
[INFO] [stderr]    Compiling writeable v0.6.4
[INFO] [stderr]    Compiling smallvec v1.15.2
[INFO] [stderr]    Compiling untrusted v0.7.1
[INFO] [stderr]    Compiling icu_properties_data v2.3.0
[INFO] [stderr]    Compiling utf8_iter v1.0.4
[INFO] [stderr]    Compiling icu_normalizer_data v2.3.0
[INFO] [stderr]    Compiling num-traits v0.2.19
[INFO] [stderr]    Compiling untrusted v0.9.0
[INFO] [stderr]    Compiling httparse v1.10.1
[INFO] [stderr]    Compiling futures-task v0.3.34
[INFO] [stderr]    Compiling percent-encoding v2.3.2
[INFO] [stderr]    Compiling http v1.5.0
[INFO] [stderr]    Compiling slab v0.4.12
[INFO] [stderr]    Compiling rustls v0.23.43
[INFO] [stderr]    Compiling futures-util v0.3.34
[INFO] [stderr]    Compiling tower-service v0.3.3
[INFO] [stderr]    Compiling try-lock v0.2.5
[INFO] [stderr]    Compiling subtle v2.6.1
[INFO] [stderr]    Compiling base64 v0.22.1
[INFO] [stderr]    Compiling jobserver v0.1.35
[INFO] [stderr]    Compiling mio v1.2.2
[INFO] [stderr]    Compiling cc v1.4.4
[INFO] [stderr]    Compiling socket2 v0.6.5
[INFO] [stderr]    Compiling want v0.3.1
[INFO] [stderr]    Compiling http-body v1.1.0
[INFO] [stderr]    Compiling tracing-core v0.1.36
[INFO] [stderr]    Compiling tokio v1.53.1
[INFO] [stderr]    Compiling cmake v0.1.58
[INFO] [stderr]    Compiling futures-channel v0.3.34
[INFO] [stderr]    Compiling num-conv v0.2.2
[INFO] [stderr]    Compiling atomic-waker v1.1.2
[INFO] [stderr]    Compiling time-core v0.1.9
[INFO] [stderr]    Compiling indexmap v2.14.0
[INFO] [stderr]    Compiling num-integer v0.1.47
[INFO] [stderr]    Compiling time-macros v0.2.32
[INFO] [stderr]    Compiling aws-lc-sys v0.44.0
[INFO] [stderr]    Compiling form_urlencoded v1.2.2
[INFO] [stderr]    Compiling sync_wrapper v1.0.2
[INFO] [stderr]    Compiling tower-layer v0.3.3
[INFO] [stderr]    Compiling deranged v0.5.8
[INFO] [stderr]    Compiling powerfmt v0.2.0
[INFO] [stderr]    Compiling synstructure v0.13.2
[INFO] [stderr]    Compiling ipnet v2.12.1
[INFO] [stderr]    Compiling openssl-probe v0.2.1
[INFO] [stderr]    Compiling serde_json v1.0.151
[INFO] [stderr]    Compiling num-bigint v0.4.8
[INFO] [stderr]    Compiling time v0.3.55
[INFO] [stderr]    Compiling zerovec-derive v0.11.6
[INFO] [stderr]    Compiling displaydoc v0.2.7
[INFO] [stderr]    Compiling zerofrom-derive v0.1.7
[INFO] [stderr]    Compiling yoke-derive v0.8.2
[INFO] [stderr]    Compiling zeroize_derive v1.5.0
[INFO] [stderr]    Compiling zeroize v1.9.0
[INFO] [stderr]    Compiling rustls-pki-types v1.15.1
[INFO] [stderr]    Compiling serde_derive v1.0.229
[INFO] [stderr]    Compiling zerofrom v0.1.8
[INFO] [stderr]    Compiling yoke v0.8.3
[INFO] [stderr]    Compiling zerovec v0.11.8
[INFO] [stderr]    Compiling tinystr v0.8.4
[INFO] [stderr]    Compiling potential_utf v0.1.6
[INFO] [stderr]    Compiling icu_locale_core v2.3.0
[INFO] [stderr]    Compiling zerotrie v0.2.5
[INFO] [stderr]    Compiling icu_collections v2.3.0
[INFO] [stderr]    Compiling tracing-attributes v0.1.31
[INFO] [stderr]    Compiling hyper v1.11.0
[INFO] [stderr]    Compiling icu_provider v2.3.1
[INFO] [stderr]    Compiling tracing v0.1.44
[INFO] [stderr]    Compiling icu_properties v2.3.0
[INFO] [stderr]    Compiling icu_normalizer v2.3.0
[INFO] [stderr]    Compiling thiserror-impl v2.0.20
[INFO] [stderr]    Compiling serde v1.0.229
[INFO] [stderr]    Compiling hyper-util v0.1.20
[INFO] [stderr]    Compiling thiserror v2.0.20
[INFO] [stderr]    Compiling rustls-native-certs v0.8.4
[INFO] [stderr]    Compiling idna_adapter v1.2.2
[INFO] [stderr]    Compiling idna v1.1.0
[INFO] [stderr]    Compiling tower v0.5.3
[INFO] [stderr]    Compiling url v2.5.8
[INFO] [stderr]    Compiling bitflags v2.13.1
[INFO] [stderr]    Compiling simple_asn1 v0.6.4
[INFO] [stderr]    Compiling http-body-util v0.1.5
[INFO] [stderr]    Compiling pem v3.0.6
[INFO] [stderr]    Compiling signature v2.2.0
[INFO] [stderr]    Compiling iana-time-zone v0.1.65
[INFO] [stderr]    Compiling tower-http v0.6.11
[INFO] [stderr]    Compiling chrono v0.4.45
[INFO] [stderr]    Compiling typed-builder-macro v0.23.2
[INFO] [stderr]    Compiling async-trait v0.1.92
[INFO] [stderr]    Compiling trait-variant v0.1.3
[INFO] [stderr]    Compiling typed-builder v0.23.2
[INFO] [stderr]    Compiling rustls-webpki v0.103.15
[INFO] [stderr]    Compiling jsonwebtoken v11.0.0
[INFO] [stderr]    Compiling tokio-rustls v0.26.4
[INFO] [stderr]    Compiling rustls-platform-verifier v0.7.0
[INFO] [stderr]    Compiling hyper-rustls v0.27.9
[INFO] [stderr]    Compiling reqwest v0.13.4
[INFO] [stderr]    Compiling jwks_client_rs v0.6.3
[INFO] [stderr]    Compiling limes v0.6.0 (/opt/rustwide/workdir)
[INFO] [stderr] warning: unused dependency `trait-variant`
[INFO] [stderr]   --> Cargo.toml:48:15
[INFO] [stderr]    |
[INFO] [stderr] 48 | [dependencies.trait-variant]
[INFO] [stderr]    |               ^^^^^^^^^^^^^^
[INFO] [stderr]    |
[INFO] [stderr]    = note: `cargo::unused_dependencies` is set to `warn` by default
[INFO] [stderr] help: consider removing the dependency on `trait-variant`
[INFO] [stderr] warning: `limes` (manifest) generated 1 warning
[INFO] [stderr]     Finished `release` profile [optimized] target(s) in 4m 12s
[INFO] running `Command { std: "docker" "inspect" "f1ae4d68ba834a0e3ea3c7cfe5364fed590efaf2b3f682d7e3ea3705b5e0944d", kill_on_drop: false }`
[INFO] running `Command { std: "docker" "exec" "-e" "SOURCE_DIR=/opt/rustwide/workdir" "-e" "CARGO_HOME=/opt/rustwide/cargo-home" "-e" "RUSTUP_HOME=/opt/rustwide/rustup-home" "-e" "CARGO_TARGET_DIR=/opt/rustwide/target" "-e" "CARGO_INCREMENTAL=0" "-e" "RUST_BACKTRACE=full" "-e" "RUSTFLAGS=--cap-lints=warn" "-e" "RUSTDOCFLAGS=--cap-lints=warn" "-w" "/opt/rustwide/workdir" "--user" "0:0" "f1ae4d68ba834a0e3ea3c7cfe5364fed590efaf2b3f682d7e3ea3705b5e0944d" "/opt/rustwide/cargo-home/bin/cargo" "+1.100.0-beta.1" "test" "--frozen" "--no-run" "--message-format=json" "--release", kill_on_drop: false }`
[INFO] [stderr] warning: `package.homepage` is redundant with `package.repository`
[INFO] [stderr]    --> Cargo.toml:112:12
[INFO] [stderr]     |
[INFO] [stderr] 112 | homepage = "https://github.com/vakamo-labs/limes-rs"
[INFO] [stderr]     |            ^^^^^^^^^^^^^^^^^^^^^^^^^^^^^^^^^^^^^^^^^
[INFO] [stderr] ...
[INFO] [stderr] 116 | repository = "https://github.com/vakamo-labs/limes-rs"
[INFO] [stderr]     |              -----------------------------------------
[INFO] [stderr]     |
[INFO] [stderr]     = note: `cargo::redundant_homepage` is set to `warn` by default
[INFO] [stderr] help: consider removing `package.homepage`
[INFO] [stderr] warning: `limes` (manifest) generated 1 warning
[INFO] [stderr]    Compiling serde_core v1.0.229
[INFO] [stderr]    Compiling log v0.4.34
[INFO] [stderr]    Compiling tracing-core v0.1.36
[INFO] [stderr]    Compiling tokio-macros v2.7.2
[INFO] [stderr]    Compiling serde_json v1.0.151
[INFO] [stderr]    Compiling form_urlencoded v1.2.2
[INFO] [stderr]    Compiling httpdate v1.0.3
[INFO] [stderr]    Compiling regex-automata v0.4.18
[INFO] [stderr]    Compiling lazy_static v1.5.0
[INFO] [stderr]    Compiling sharded-slab v0.1.7
[INFO] [stderr]    Compiling rustls-platform-verifier v0.7.0
[INFO] [stderr]    Compiling thread_local v1.1.10
[INFO] [stderr]    Compiling nu-ansi-term v0.50.3
[INFO] [stderr]    Compiling jiff-core v0.1.0
[INFO] [stderr]    Compiling tracing v0.1.44
[INFO] [stderr]    Compiling tokio v1.53.1
[INFO] [stderr]    Compiling tracing-log v0.2.0
[INFO] [stderr]    Compiling k8s-openapi v0.28.0
[INFO] [stderr]    Compiling mime v0.3.17
[INFO] [stderr]    Compiling tracing-test-macro v0.2.6
[INFO] [stderr]    Compiling axum-core v0.5.6
[INFO] [stderr]    Compiling diff v0.1.13
[INFO] [stderr]    Compiling yansi v1.0.1
[INFO] [stderr]    Compiling matchit v0.8.4
[INFO] [stderr]    Compiling pretty_assertions v1.4.1
[INFO] [stderr]    Compiling matchers v0.2.0
[INFO] [stderr]    Compiling tracing-subscriber v0.3.23
[INFO] [stderr]    Compiling serde v1.0.229
[INFO] [stderr]    Compiling serde_path_to_error v0.1.20
[INFO] [stderr]    Compiling jiff v0.2.35
[INFO] [stderr]    Compiling url v2.5.8
[INFO] [stderr]    Compiling serde_urlencoded v0.7.1
[INFO] [stderr]    Compiling hyper v1.11.0
[INFO] [stderr]    Compiling tower v0.5.3
[INFO] [stderr]    Compiling tokio-rustls v0.26.4
[INFO] [stderr]    Compiling tower-http v0.6.11
[INFO] [stderr]    Compiling jsonwebtoken v11.0.0
[INFO] [stderr]    Compiling tracing-test v0.2.6
[INFO] [stderr]    Compiling hyper-util v0.1.20
[INFO] [stderr]    Compiling hyper-rustls v0.27.9
[INFO] [stderr]    Compiling reqwest v0.13.4
[INFO] [stderr]    Compiling axum v0.8.9
[INFO] [stderr]    Compiling jwks_client_rs v0.6.3
[INFO] [stderr]    Compiling limes v0.6.0 (/opt/rustwide/workdir)
[INFO] [stderr] warning: unused dependency `trait-variant`
[INFO] [stderr]   --> Cargo.toml:48:15
[INFO] [stderr]    |
[INFO] [stderr] 48 | [dependencies.trait-variant]
[INFO] [stderr]    |               ^^^^^^^^^^^^^^
[INFO] [stderr]    |
[INFO] [stderr]    = note: `cargo::unused_dependencies` is set to `warn` by default
[INFO] [stderr] help: consider removing the dependency on `trait-variant`
[INFO] [stderr] warning: `limes` (manifest) generated 1 warning
[INFO] [stderr]     Finished `release` profile [optimized] target(s) in 2m 53s
[INFO] running `Command { std: "docker" "inspect" "f1ae4d68ba834a0e3ea3c7cfe5364fed590efaf2b3f682d7e3ea3705b5e0944d", kill_on_drop: false }`
[INFO] running `Command { std: "docker" "exec" "-e" "SOURCE_DIR=/opt/rustwide/workdir" "-e" "CARGO_HOME=/opt/rustwide/cargo-home" "-e" "RUSTUP_HOME=/opt/rustwide/rustup-home" "-e" "CARGO_TARGET_DIR=/opt/rustwide/target" "-e" "CARGO_INCREMENTAL=0" "-e" "RUST_BACKTRACE=full" "-e" "RUSTFLAGS=--cap-lints=warn" "-e" "RUSTDOCFLAGS=--cap-lints=warn" "-w" "/opt/rustwide/workdir" "--user" "0:0" "f1ae4d68ba834a0e3ea3c7cfe5364fed590efaf2b3f682d7e3ea3705b5e0944d" "/opt/rustwide/cargo-home/bin/cargo" "+1.100.0-beta.1" "test" "--frozen" "--release", kill_on_drop: false }`
[INFO] [stderr] warning: `package.homepage` is redundant with `package.repository`
[INFO] [stderr]    --> Cargo.toml:112:12
[INFO] [stderr]     |
[INFO] [stderr] 112 | homepage = "https://github.com/vakamo-labs/limes-rs"
[INFO] [stderr]     |            ^^^^^^^^^^^^^^^^^^^^^^^^^^^^^^^^^^^^^^^^^
[INFO] [stderr] ...
[INFO] [stderr] 116 | repository = "https://github.com/vakamo-labs/limes-rs"
[INFO] [stderr]     |              -----------------------------------------
[INFO] [stderr]     |
[INFO] [stderr]     = note: `cargo::redundant_homepage` is set to `warn` by default
[INFO] [stderr] help: consider removing `package.homepage`
[INFO] [stderr] warning: `limes` (manifest) generated 1 warning
[INFO] [stderr] warning: unused dependency `trait-variant`
[INFO] [stderr]   --> Cargo.toml:48:15
[INFO] [stderr]    |
[INFO] [stderr] 48 | [dependencies.trait-variant]
[INFO] [stderr]    |               ^^^^^^^^^^^^^^
[INFO] [stderr]    |
[INFO] [stderr]    = note: `cargo::unused_dependencies` is set to `warn` by default
[INFO] [stderr] help: consider removing the dependency on `trait-variant`
[INFO] [stderr] warning: `limes` (manifest) generated 1 warning
[INFO] [stderr]     Finished `release` profile [optimized] target(s) in 0.24s
[INFO] [stderr]      Running unittests src/lib.rs (/opt/rustwide/target/release/build/limes/44b455737bd97bf1/out/limes-44b455737bd97bf1)
[INFO] [stdout] 
[INFO] [stdout] running 106 tests
[INFO] [stdout] test authenticator::test::test_metadata_accessors_present ... ok
[INFO] [stdout] test authenticator::test::test_scopes_accepts_array_claim ... ok
[INFO] [stdout] test claims::tests::array_with_non_scalar_element_fails_every_operator_except_exists_true ... ok
[INFO] [stdout] test authenticator::test::test_metadata_accessors_absent ... ok
[INFO] [stdout] test claims::tests::dots_always_nest_and_flat_keys_never_shadow ... ok
[INFO] [stdout] test claims::tests::array_claim_has_set_semantics ... ok
[INFO] [stdout] test authenticator::test::test_scopes_splits_array_elements_like_enforcement ... ok
[INFO] [stdout] test claims::tests::empty_array_matches_nothing_but_exists ... ok
[INFO] [stdout] test claims::tests::dotted_path_does_not_index_arrays ... ok
[INFO] [stdout] test claims::tests::empty_string_claim_exists ... ok
[INFO] [stdout] test claims::tests::dotted_path_resolves_nested_claims ... ok
[INFO] [stdout] test claims::tests::fallback_claim_is_used_when_primary_is_absent_or_null ... ok
[INFO] [stdout] test claims::tests::fallback_exists_false_requires_all_paths_absent ... ok
[INFO] [stdout] test claims::tests::fallback_is_not_consulted_for_none_of_when_primary_is_present ... ok
[INFO] [stdout] test claims::tests::fallback_is_not_consulted_when_primary_is_present_but_malformed ... ok
[INFO] [stdout] test claims::tests::literal_separator_is_exact_not_whitespace ... ok
[INFO] [stdout] test claims::tests::literal_separator_splits_string_claim_and_drops_empty_pieces ... ok
[INFO] [stdout] test claims::tests::navigate_walks_dotted_paths ... ok
[INFO] [stdout] test claims::tests::named_constructors_build_the_same_rules_as_new ... ok
[INFO] [stdout] test claims::tests::new_accepts_exists_without_values ... ok
[INFO] [stdout] test claims::tests::new_rejects_empty_claim_path ... ok
[INFO] [stdout] test claims::tests::new_rejects_empty_literal_separator ... ok
[INFO] [stdout] test claims::tests::new_rejects_empty_path_segments ... ok
[INFO] [stdout] test claims::tests::missing_claim_fails_every_operator_except_exists_false ... ok
[INFO] [stdout] test claims::tests::matching_is_case_sensitive ... ok
[INFO] [stdout] test claims::tests::new_rejects_values_the_separator_would_split ... ok
[INFO] [stdout] test claims::tests::none_of_without_separator_treats_the_whole_string_as_one_value ... ok
[INFO] [stdout] test claims::tests::new_rejects_empty_string_values ... ok
[INFO] [stdout] test claims::tests::null_claim_behaves_like_missing ... ok
[INFO] [stdout] test claims::tests::new_rejects_empty_value_lists ... ok
[INFO] [stdout] test claims::tests::object_claim_fails_every_operator_except_exists_true ... ok
[INFO] [stdout] test claims::tests::or_claim_appends_fallback_and_validates ... ok
[INFO] [stdout] test claims::tests::separator_does_not_apply_to_numbers ... ok
[INFO] [stdout] test authenticator::test::test_scopes_falls_back_to_scp ... ok
[INFO] [stdout] test claims::tests::string_claim_is_a_single_value ... ok
[INFO] [stdout] test claims::tests::string_claim_is_not_split_without_separator ... ok
[INFO] [stdout] test claims::tests::whitespace_separator_splits_string_claim ... ok
[INFO] [stdout] test claims::tests::number_and_bool_claims_compare_by_canonical_string ... ok
[INFO] [stdout] test claims::tests::separator_applies_to_each_string_array_element ... ok
[INFO] [stdout] test introspect::tests::test_introspect_without_sub_claim ... ok
[INFO] [stdout] test introspect::tests::test_introspect_jwt_bearer ... ok
[INFO] [stdout] test introspect::tests::test_long_lived_kube_token ... ok
[INFO] [stdout] test introspect::tests::test_parse_aud_array ... ok
[INFO] [stdout] test introspect::tests::test_parse_aud_none ... ok
[INFO] [stdout] test introspect::tests::test_parse_aud_single_string ... ok
[INFO] [stdout] test claims::tests::values_may_contain_commas_and_spaces ... ok
[INFO] [stdout] test authenticator::test::test_scopes_of_claim_with_numbers_or_booleans_are_empty_like_enforcement ... ok
[INFO] [stdout] test claims::tests::whitespace_only_string_with_separator_has_no_values ... ok
[INFO] [stdout] test authenticator::test::test_scopes_of_malformed_claim_are_empty_like_enforcement ... ok
[INFO] [stdout] test jwks::test::test_authenticate_jwt_accepts_token_satisfying_rules ... ok
[INFO] [stdout] test jwks::test::test_authenticate_jwt_missing_claim_fails_closed ... ok
[INFO] [stdout] test jwks::test::test_authenticate_jwt_classifies_audience_mismatch_without_values ... ok
[INFO] [stdout] test jwks::test::test_authenticate_jwt_expired_is_not_a_rejection ... ok
[INFO] [stdout] test jwks::test::test_authenticate_jwt_accepts_token_without_aud_when_no_audience_configured ... ok
[INFO] [stdout] test jwks::test::test_authenticate_jwt_bad_signature_is_not_a_rejection ... ok
[INFO] [stdout] test jwks::test::test_authenticate_jwt_rejects_failed_rule_with_typed_reason_and_no_values ... ok
[INFO] [stdout] test jwks::test::test_authenticate_jwt_rejects_token_without_aud_when_audience_configured ... ok
[INFO] [stdout] test jwks::test::test_authenticate_jwt_classifies_issuer_mismatch ... ok
[INFO] [stdout] test jwks::test::test_authenticate_jwt_rejects_token_before_nbf ... ok
[INFO] [stdout] test jwks::test::test_authenticate_jwt_reports_first_failing_rule_in_order ... ok
[INFO] [stdout] test jwks::test::test_authenticate_jwt_uses_token_alg_when_jwk_has_none ... ok
[INFO] [stdout] test jwks::test::test_display_name_template_from_str ... ok
[INFO] [stdout] test jwks::test::test_display_name_template_applied_when_no_name_claim ... ok
[INFO] [stdout] test jwks::test::test_authenticate_jwt_accepts_past_nbf_and_absent_nbf ... ok
[INFO] [stdout] test jwks::test::test_display_name_template_ignored_when_name_claim_present ... ok
[INFO] [stdout] test jwks::test::test_display_name_template_parse_rejects_structural_errors ... ok
[INFO] [stdout] test jwks::test::test_get_roles_empty_array ... ok
[INFO] [stdout] test jwks::test::test_get_roles_fallback_from_non_strings ... ok
[INFO] [stdout] test jwks::test::test_get_roles_fallback_to_second_path ... ok
[INFO] [stdout] test jwks::test::test_get_roles_multiple_paths_first_match ... ok
[INFO] [stdout] test jwks::test::test_get_roles_mixed_array ... ok
[INFO] [stdout] test jwks::test::test_get_roles_nested_claim ... ok
[INFO] [stdout] test jwks::test::test_get_roles_no_match ... ok
[INFO] [stdout] test jwks::test::test_get_roles_simple_claim ... ok
[INFO] [stdout] test jwks::test::test_get_roles_single_string ... ok
[INFO] [stdout] test jwks::test::test_get_subject_missing_is_typed_rejection ... ok
[INFO] [stdout] test jwks::test::test_payload_entra_application ... ok
[INFO] [stdout] test jwks::test::test_payload_entra_human_1 ... ok
[INFO] [stdout] test jwks::test::test_display_name_template_parse_accepts_well_formed ... ok
[INFO] [stdout] test jwks::test::test_payload_entra_human_2 ... ok
[INFO] [stdout] test jwks::test::test_get_roles_array_with_non_strings ... ok
[INFO] [stdout] test jwks::test::test_payload_keycloak_human ... ok
[INFO] [stdout] test jwks::test::test_payload_keycloak_machine ... ok
[INFO] [stdout] test jwks::test::test_render_escaped_braces ... ok
[INFO] [stdout] test jwks::test::test_render_literal_only ... ok
[INFO] [stdout] test jwks::test::test_render_missing_claim_yields_none ... ok
[INFO] [stdout] test jwks::test::test_render_navigates_nested_claim ... ok
[INFO] [stdout] test jwks::test::test_render_non_string_claim_yields_none ... ok
[INFO] [stdout] test jwks::test::test_render_substitutes_email ... ok
[INFO] [stdout] test jwks::test::test_render_substitutes_sub ... ok
[INFO] [stdout] test jwks::test::test_render_trims_surrounding_whitespace ... ok
[INFO] [stdout] test jwks::test::test_scope_and_caller_rule_failures_are_distinguishable ... ok
[INFO] [stdout] test jwks::test::test_scope_failure_is_reported_before_required_claims ... ok
[INFO] [stdout] test jwks::test::test_scope_rule_is_a_whitespace_all_of_with_scp_fallback ... ok
[INFO] [stdout] test jwks::test::test_scope_rule_matches_previous_scope_check_cases ... ok
[INFO] [stdout] test jwks::test::test_scope_rule_rejects_non_string_scope_values ... ok
[INFO] [stdout] test subject::test::test_format_subject_multi_tenant ... ok
[INFO] [stdout] test subject::test::test_format_subject_single_tenant ... ok
[INFO] [stdout] test subject::test::test_multiple_separators ... ok
[INFO] [stdout] test subject::test::test_parse_subject_multi_tenant ... ok
[INFO] [stdout] test jwks::test::test_payload_missing_aud_claim_yields_empty_audiences ... ok
[INFO] [stdout] test jwks::test::test_render_does_not_rescan_substituted_value ... ok
[INFO] [stdout] test subject::test::test_parse_subject_multi_tenant_invalid ... ok
[INFO] [stdout] test jwks::test::test_unsatisfiable_scopes_are_rejected_at_construction ... ok
[INFO] [stdout] test jwks::test::test_clone_shares_configuration ... ok
[INFO] [stdout] test jwks::test::test_authenticate_rejects_token_without_aud_when_audience_configured ... ok
[INFO] [stdout] 
[INFO] [stdout] test result: ok. 106 passed; 0 failed; 0 ignored; 0 measured; 0 filtered out; finished in 0.19s
[INFO] [stdout] 
[INFO] [stderr]    Doc-tests limes
[INFO] [stdout] 
[INFO] [stdout] running 2 tests
[INFO] [stdout] test src/lib.rs - (line 36) - compile ... FAILED
[INFO] [stdout] test src/lib.rs - (line 77) - compile ... FAILED
[INFO] [stdout] 
[INFO] [stdout] failures:
[INFO] [stdout] 
[INFO] [stdout] ---- src/lib.rs - (line 36) stdout ----
[INFO] [stdout] error[E0432]: unresolved import `limes::axum`
[INFO] [stdout]    --> src/lib.rs:40:5
[INFO] [stdout]     |
[INFO] [stdout]  40 |     axum::authentication_middleware, format_subject, jwks::JWKSWebAuthenticator, Authentication,
[INFO] [stdout]     |     ^^^^ could not find `axum` in `limes`
[INFO] [stdout]     |
[INFO] [stdout] note: found an item that was configured out
[INFO] [stdout]    --> src/lib.rs:168:9
[INFO] [stdout]     |
[INFO] [stdout] 167 | #[cfg(feature = "axum")]
[INFO] [stdout]     |       ---------------- the item is gated behind the `axum` feature
[INFO] [stdout] 168 | pub mod axum;
[INFO] [stdout]     |         ^^^^
[INFO] [stdout] 
[INFO] [stdout] error: aborting due to 1 previous error
[INFO] [stdout] 
[INFO] [stdout] For more information about this error, try `rustc --explain E0432`.
[INFO] [stdout] Couldn't compile the test.
[INFO] [stdout] ---- src/lib.rs - (line 77) stdout ----
[INFO] [stdout] error[E0432]: unresolved imports `limes::axum`, `limes::kubernetes`
[INFO] [stdout]    --> src/lib.rs:81:5
[INFO] [stdout]     |
[INFO] [stdout]  81 |     axum::authentication_middleware, format_subject, jwks::JWKSWebAuthenticator,
[INFO] [stdout]     |     ^^^^ could not find `axum` in `limes`
[INFO] [stdout]  82 |     kubernetes::KubernetesAuthenticator, Authentication, AuthenticatorChain, AuthenticatorEnum,
[INFO] [stdout]     |     ^^^^^^^^^^ could not find `kubernetes` in `limes`
[INFO] [stdout]     |
[INFO] [stdout] note: found an item that was configured out
[INFO] [stdout]    --> src/lib.rs:168:9
[INFO] [stdout]     |
[INFO] [stdout] 167 | #[cfg(feature = "axum")]
[INFO] [stdout]     |       ---------------- the item is gated behind the `axum` feature
[INFO] [stdout] 168 | pub mod axum;
[INFO] [stdout]     |         ^^^^
[INFO] [stdout] note: found an item that was configured out
[INFO] [stdout]    --> src/lib.rs:157:9
[INFO] [stdout]     |
[INFO] [stdout] 156 | #[cfg(feature = "kubernetes")]
[INFO] [stdout]     |       ---------------------- the item is gated behind the `kubernetes` feature
[INFO] [stdout] 157 | pub mod kubernetes;
[INFO] [stdout]     |         ^^^^^^^^^^
[INFO] [stdout] 
[INFO] [stdout] error: aborting due to 1 previous error
[INFO] [stdout] 
[INFO] [stdout] For more information about this error, try `rustc --explain E0432`.
[INFO] [stdout] Couldn't compile the test.
[INFO] [stdout] 
[INFO] [stdout] failures:
[INFO] [stdout]     src/lib.rs - (line 36)
[INFO] [stdout]     src/lib.rs - (line 77)
[INFO] [stdout] 
[INFO] [stdout] test result: FAILED. 0 passed; 2 failed; 0 ignored; 0 measured; 0 filtered out; finished in 0.16s
[INFO] [stdout] 
[INFO] [stdout] all doctests ran in 0.32s; merged doctests compilation took 0.16s
[INFO] [stderr] error: doctest failed, to rerun pass `--doc`
[INFO] running `Command { std: "docker" "inspect" "f1ae4d68ba834a0e3ea3c7cfe5364fed590efaf2b3f682d7e3ea3705b5e0944d", kill_on_drop: false }`
[INFO] running `Command { std: "docker" "rm" "-f" "f1ae4d68ba834a0e3ea3c7cfe5364fed590efaf2b3f682d7e3ea3705b5e0944d", kill_on_drop: false }`
[INFO] [stdout] f1ae4d68ba834a0e3ea3c7cfe5364fed590efaf2b3f682d7e3ea3705b5e0944d
