[INFO] fetching crate limelight 0.1.3...
[INFO] testing limelight-0.1.3 against 1.100.0-beta.1+cargoflags=--release for beta-release-1.100-2
[INFO] extracting crate limelight 0.1.3 into /workspace/builds/worker-4-tc2/source
[INFO] started tweaking crates.io crate limelight 0.1.3
[INFO] finished tweaking crates.io crate limelight 0.1.3
[INFO] tweaked toml for crates.io crate limelight 0.1.3 written to /workspace/builds/worker-4-tc2/source/Cargo.toml
[INFO] validating manifest of crates.io crate limelight 0.1.3 on toolchain 1.100.0-beta.1
[INFO] running `Command { std: CARGO_HOME="/workspace/cargo-home" RUSTUP_HOME="/workspace/rustup-home" "/workspace/cargo-home/bin/cargo" "+1.100.0-beta.1" "metadata" "--manifest-path" "Cargo.toml" "--no-deps", kill_on_drop: false }`
[INFO] running `Command { std: CARGO_HOME="/workspace/cargo-home" RUSTUP_HOME="/workspace/rustup-home" "/workspace/cargo-home/bin/cargo" "+1.100.0-beta.1" "generate-lockfile" "--manifest-path" "Cargo.toml", kill_on_drop: false }`
[INFO] [stderr]     Updating crates.io index
[INFO] [stderr]      Locking 27 packages to highest compatible versions
[INFO] running `Command { std: CARGO_HOME="/workspace/cargo-home" RUSTUP_HOME="/workspace/rustup-home" "/workspace/cargo-home/bin/cargo" "+1.100.0-beta.1" "fetch" "--manifest-path" "Cargo.toml", kill_on_drop: false }`
[INFO] running `Command { std: "docker" "create" "-v" "/var/lib/crater-agent-workspace/builds/worker-4-tc2/source:/opt/rustwide/workdir:ro,Z" "-v" "/var/lib/crater-agent-workspace/builds/worker-4-tc2/target:/opt/rustwide/target:rw,Z" "-v" "/var/lib/crater-agent-workspace/cargo-home:/opt/rustwide/cargo-home:ro,Z" "-v" "/var/lib/crater-agent-workspace/rustup-home:/opt/rustwide/rustup-home:ro,Z" "-m" "1610612736" "--network" "none" "ghcr.io/rust-lang/crates-build-env/linux@sha256:77db811e55d90add9212f6832c23229e3de5f1c1f9905e8cb07319ea15df73ac" "sleep" "infinity", kill_on_drop: false }`
[INFO] [stdout] 79987b9f31e5b9c46ce44413d4bfd69880fbb2d5d6be6a913bdde73f1e53b388
[INFO] running `Command { std: "docker" "start" "79987b9f31e5b9c46ce44413d4bfd69880fbb2d5d6be6a913bdde73f1e53b388", kill_on_drop: false }`
[INFO] running `Command { std: "docker" "inspect" "79987b9f31e5b9c46ce44413d4bfd69880fbb2d5d6be6a913bdde73f1e53b388", kill_on_drop: false }`
[INFO] running `Command { std: "docker" "exec" "-e" "SOURCE_DIR=/opt/rustwide/workdir" "-e" "CARGO_HOME=/opt/rustwide/cargo-home" "-e" "RUSTUP_HOME=/opt/rustwide/rustup-home" "-e" "CARGO_TARGET_DIR=/opt/rustwide/target" "-w" "/opt/rustwide/workdir" "--user" "0:0" "79987b9f31e5b9c46ce44413d4bfd69880fbb2d5d6be6a913bdde73f1e53b388" "/opt/rustwide/cargo-home/bin/cargo" "+1.100.0-beta.1" "metadata" "--no-deps" "--format-version=1", kill_on_drop: false }`
[INFO] running `Command { std: "docker" "inspect" "79987b9f31e5b9c46ce44413d4bfd69880fbb2d5d6be6a913bdde73f1e53b388", kill_on_drop: false }`
[INFO] running `Command { std: "docker" "exec" "-e" "SOURCE_DIR=/opt/rustwide/workdir" "-e" "CARGO_HOME=/opt/rustwide/cargo-home" "-e" "RUSTUP_HOME=/opt/rustwide/rustup-home" "-e" "CARGO_TARGET_DIR=/opt/rustwide/target" "-e" "CARGO_INCREMENTAL=0" "-e" "RUST_BACKTRACE=full" "-e" "RUSTFLAGS=--cap-lints=warn" "-e" "RUSTDOCFLAGS=--cap-lints=warn" "-w" "/opt/rustwide/workdir" "--user" "0:0" "79987b9f31e5b9c46ce44413d4bfd69880fbb2d5d6be6a913bdde73f1e53b388" "/opt/rustwide/cargo-home/bin/cargo" "+1.100.0-beta.1" "build" "--frozen" "--message-format=json" "--release", kill_on_drop: false }`
[INFO] [stderr]    Compiling slice-of-array v0.3.2
[INFO] [stderr]    Compiling bytemuck_derive v1.12.1
[INFO] [stderr]    Compiling limelight-derive v0.1.1
[INFO] [stderr]    Compiling web-sys v0.3.106
[INFO] [stderr]    Compiling bytemuck v1.25.2
[INFO] [stderr]    Compiling limelight v0.1.3 (/opt/rustwide/workdir)
[INFO] [stdout] warning: struct `UnexpectedValue` is never constructed
[INFO] [stdout]  --> src/webgl/error.rs:8:8
[INFO] [stdout]   |
[INFO] [stdout] 8 | struct UnexpectedValue<T>(u32, PhantomData<T>);
[INFO] [stdout]   |        ^^^^^^^^^^^^^^^
[INFO] [stdout]   |
[INFO] [stdout]   = note: `#[warn(dead_code)]` (part of `#[warn(unused)]`) on by default
[INFO] [stdout] 
[INFO] [stdout] 
[INFO] [stderr]     Finished `release` profile [optimized] target(s) in 6.13s
[INFO] running `Command { std: "docker" "inspect" "79987b9f31e5b9c46ce44413d4bfd69880fbb2d5d6be6a913bdde73f1e53b388", kill_on_drop: false }`
[INFO] running `Command { std: "docker" "exec" "-e" "SOURCE_DIR=/opt/rustwide/workdir" "-e" "CARGO_HOME=/opt/rustwide/cargo-home" "-e" "RUSTUP_HOME=/opt/rustwide/rustup-home" "-e" "CARGO_TARGET_DIR=/opt/rustwide/target" "-e" "CARGO_INCREMENTAL=0" "-e" "RUST_BACKTRACE=full" "-e" "RUSTFLAGS=--cap-lints=warn" "-e" "RUSTDOCFLAGS=--cap-lints=warn" "-w" "/opt/rustwide/workdir" "--user" "0:0" "79987b9f31e5b9c46ce44413d4bfd69880fbb2d5d6be6a913bdde73f1e53b388" "/opt/rustwide/cargo-home/bin/cargo" "+1.100.0-beta.1" "test" "--frozen" "--no-run" "--message-format=json" "--release", kill_on_drop: false }`
[INFO] [stdout] warning: struct `UnexpectedValue` is never constructed
[INFO] [stdout]  --> src/webgl/error.rs:8:8
[INFO] [stdout]   |
[INFO] [stdout] 8 | struct UnexpectedValue<T>(u32, PhantomData<T>);
[INFO] [stdout]   |        ^^^^^^^^^^^^^^^
[INFO] [stdout]   |
[INFO] [stdout]   = note: `#[warn(dead_code)]` (part of `#[warn(unused)]`) on by default
[INFO] [stdout] 
[INFO] [stdout] 
[INFO] [stderr]    Compiling limelight v0.1.3 (/opt/rustwide/workdir)
[INFO] [stdout] warning: struct `UnexpectedValue` is never constructed
[INFO] [stdout]  --> src/webgl/error.rs:8:8
[INFO] [stdout]   |
[INFO] [stdout] 8 | struct UnexpectedValue<T>(u32, PhantomData<T>);
[INFO] [stdout]   |        ^^^^^^^^^^^^^^^
[INFO] [stdout]   |
[INFO] [stdout]   = note: `#[warn(dead_code)]` (part of `#[warn(unused)]`) on by default
[INFO] [stdout] 
[INFO] [stdout] 
[INFO] [stderr]     Finished `release` profile [optimized] target(s) in 0.75s
[INFO] running `Command { std: "docker" "inspect" "79987b9f31e5b9c46ce44413d4bfd69880fbb2d5d6be6a913bdde73f1e53b388", kill_on_drop: false }`
[INFO] running `Command { std: "docker" "exec" "-e" "SOURCE_DIR=/opt/rustwide/workdir" "-e" "CARGO_HOME=/opt/rustwide/cargo-home" "-e" "RUSTUP_HOME=/opt/rustwide/rustup-home" "-e" "CARGO_TARGET_DIR=/opt/rustwide/target" "-e" "CARGO_INCREMENTAL=0" "-e" "RUST_BACKTRACE=full" "-e" "RUSTFLAGS=--cap-lints=warn" "-e" "RUSTDOCFLAGS=--cap-lints=warn" "-w" "/opt/rustwide/workdir" "--user" "0:0" "79987b9f31e5b9c46ce44413d4bfd69880fbb2d5d6be6a913bdde73f1e53b388" "/opt/rustwide/cargo-home/bin/cargo" "+1.100.0-beta.1" "test" "--frozen" "--release", kill_on_drop: false }`
[INFO] [stderr] warning: struct `UnexpectedValue` is never constructed
[INFO] [stderr]  --> src/webgl/error.rs:8:8
[INFO] [stderr]   |
[INFO] [stderr] 8 | struct UnexpectedValue<T>(u32, PhantomData<T>);
[INFO] [stderr]   |        ^^^^^^^^^^^^^^^
[INFO] [stderr]   |
[INFO] [stderr]   = note: `#[warn(dead_code)]` (part of `#[warn(unused)]`) on by default
[INFO] [stderr] 
[INFO] [stderr] warning: `limelight` (lib) generated 1 warning
[INFO] [stderr] warning: `limelight` (lib test) generated 1 warning (1 duplicate)
[INFO] [stderr]     Finished `release` profile [optimized] target(s) in 0.07s
[INFO] [stdout] 
[INFO] [stderr]      Running unittests src/lib.rs (/opt/rustwide/target/release/build/limelight/4c3c88c1c6eaac55/out/limelight-4c3c88c1c6eaac55)
[INFO] [stdout] running 0 tests
[INFO] [stderr]      Running tests/test_vertex_attribute_derive.rs (/opt/rustwide/target/release/build/limelight/4d71f04aa18bdac4/out/test_vertex_attribute_derive-4d71f04aa18bdac4)
[INFO] [stdout] 
[INFO] [stdout] test result: ok. 0 passed; 0 failed; 0 ignored; 0 measured; 0 filtered out; finished in 0.00s
[INFO] [stdout] 
[INFO] [stdout] 
[INFO] [stdout] running 4 tests
[INFO] [stderr]    Doc-tests limelight
[INFO] [stdout] test test_describe_array_field_derive ... ok
[INFO] [stdout] test test_describe_simple_derive ... ok
[INFO] [stdout] test test_describe_two_field_derive ... ok
[INFO] [stdout] test test_describe_multiple_array_field_derive ... ok
[INFO] [stdout] 
[INFO] [stdout] test result: ok. 4 passed; 0 failed; 0 ignored; 0 measured; 0 filtered out; finished in 0.00s
[INFO] [stdout] 
[INFO] [stdout] 
[INFO] [stdout] running 4 tests
[INFO] [stdout] test src/lib.rs - (line 136) ... FAILED
[INFO] [stdout] test src/lib.rs - (line 80) ... FAILED
[INFO] [stdout] test src/lib.rs - (line 40) ... FAILED
[INFO] [stdout] test src/lib.rs - (line 186) ... FAILED
[INFO] [stdout] 
[INFO] [stdout] failures:
[INFO] [stdout] 
[INFO] [stdout] ---- src/lib.rs - (line 136) stdout ----
[INFO] [stdout] error: couldn't read `src/../../examples/03-uniform/shaders/shader.vert`: No such file or directory (os error 2)
[INFO] [stdout]    --> src/lib.rs:152:7
[INFO] [stdout]     |
[INFO] [stdout] 152 |       include_str!("../../examples/03-uniform/shaders/shader.vert"),
[INFO] [stdout]     |       ^^^^^^^^^^^^^^^^^^^^^^^^^^^^^^^^^^^^^^^^^^^^^^^^^^^^^^^^^^^^^
[INFO] [stdout] 
[INFO] [stdout] error: couldn't read `src/../../examples/03-uniform/shaders/shader.frag`: No such file or directory (os error 2)
[INFO] [stdout]    --> src/lib.rs:153:7
[INFO] [stdout]     |
[INFO] [stdout] 153 |       include_str!("../../examples/03-uniform/shaders/shader.frag"),
[INFO] [stdout]     |       ^^^^^^^^^^^^^^^^^^^^^^^^^^^^^^^^^^^^^^^^^^^^^^^^^^^^^^^^^^^^^
[INFO] [stdout] 
[INFO] [stdout] error: aborting due to 2 previous errors
[INFO] [stdout] 
[INFO] [stdout] Couldn't compile the test.
[INFO] [stdout] ---- src/lib.rs - (line 80) stdout ----
[INFO] [stdout] error: couldn't read `src/../../examples/02-buffer/shaders/shader.vert`: No such file or directory (os error 2)
[INFO] [stdout]    --> src/lib.rs:100:7
[INFO] [stdout]     |
[INFO] [stdout] 100 |       include_str!("../../examples/02-buffer/shaders/shader.vert"),
[INFO] [stdout]     |       ^^^^^^^^^^^^^^^^^^^^^^^^^^^^^^^^^^^^^^^^^^^^^^^^^^^^^^^^^^^^
[INFO] [stdout] 
[INFO] [stdout] error: couldn't read `src/../../examples/02-buffer/shaders/shader.frag`: No such file or directory (os error 2)
[INFO] [stdout]    --> src/lib.rs:101:7
[INFO] [stdout]     |
[INFO] [stdout] 101 |       include_str!("../../examples/02-buffer/shaders/shader.frag"),
[INFO] [stdout]     |       ^^^^^^^^^^^^^^^^^^^^^^^^^^^^^^^^^^^^^^^^^^^^^^^^^^^^^^^^^^^^
[INFO] [stdout] 
[INFO] [stdout] error: aborting due to 2 previous errors
[INFO] [stdout] 
[INFO] [stdout] Couldn't compile the test.
[INFO] [stdout] ---- src/lib.rs - (line 40) stdout ----
[INFO] [stdout] error: couldn't read `src/../../examples/01-triangle/shaders/shader.vert`: No such file or directory (os error 2)
[INFO] [stdout]   --> src/lib.rs:53:7
[INFO] [stdout]    |
[INFO] [stdout] 53 |       include_str!("../../examples/01-triangle/shaders/shader.vert"),
[INFO] [stdout]    |       ^^^^^^^^^^^^^^^^^^^^^^^^^^^^^^^^^^^^^^^^^^^^^^^^^^^^^^^^^^^^^^
[INFO] [stdout] 
[INFO] [stdout] error: couldn't read `src/../../examples/01-triangle/shaders/shader.frag`: No such file or directory (os error 2)
[INFO] [stdout]   --> src/lib.rs:54:7
[INFO] [stdout]    |
[INFO] [stdout] 54 |       include_str!("../../examples/01-triangle/shaders/shader.frag"),
[INFO] [stdout]    |       ^^^^^^^^^^^^^^^^^^^^^^^^^^^^^^^^^^^^^^^^^^^^^^^^^^^^^^^^^^^^^^
[INFO] [stdout] 
[INFO] [stdout] error: aborting due to 2 previous errors
[INFO] [stdout] 
[INFO] [stdout] Couldn't compile the test.
[INFO] [stdout] ---- src/lib.rs - (line 186) stdout ----
[INFO] [stdout] error: couldn't read `src/../../examples/04-animate/shaders/shader.vert`: No such file or directory (os error 2)
[INFO] [stdout]    --> src/lib.rs:203:13
[INFO] [stdout]     |
[INFO] [stdout] 203 |             include_str!("../../examples/04-animate/shaders/shader.vert"),
[INFO] [stdout]     |             ^^^^^^^^^^^^^^^^^^^^^^^^^^^^^^^^^^^^^^^^^^^^^^^^^^^^^^^^^^^^^
[INFO] [stdout] 
[INFO] [stdout] error: couldn't read `src/../../examples/04-animate/shaders/shader.frag`: No such file or directory (os error 2)
[INFO] [stdout]    --> src/lib.rs:204:13
[INFO] [stdout]     |
[INFO] [stdout] 204 |             include_str!("../../examples/04-animate/shaders/shader.frag"),
[INFO] [stdout]     |             ^^^^^^^^^^^^^^^^^^^^^^^^^^^^^^^^^^^^^^^^^^^^^^^^^^^^^^^^^^^^^
[INFO] [stdout] 
[INFO] [stdout] error: aborting due to 2 previous errors
[INFO] [stdout] 
[INFO] [stdout] Couldn't compile the test.
[INFO] [stdout] 
[INFO] [stdout] failures:
[INFO] [stdout]     src/lib.rs - (line 136)
[INFO] [stderr] error: doctest failed, to rerun pass `--doc`
[INFO] [stdout]     src/lib.rs - (line 186)
[INFO] [stdout]     src/lib.rs - (line 40)
[INFO] [stdout]     src/lib.rs - (line 80)
[INFO] [stdout] 
[INFO] [stdout] test result: FAILED. 0 passed; 4 failed; 0 ignored; 0 measured; 0 filtered out; finished in 0.14s
[INFO] [stdout] 
[INFO] running `Command { std: "docker" "inspect" "79987b9f31e5b9c46ce44413d4bfd69880fbb2d5d6be6a913bdde73f1e53b388", kill_on_drop: false }`
[INFO] running `Command { std: "docker" "rm" "-f" "79987b9f31e5b9c46ce44413d4bfd69880fbb2d5d6be6a913bdde73f1e53b388", kill_on_drop: false }`
[INFO] [stdout] 79987b9f31e5b9c46ce44413d4bfd69880fbb2d5d6be6a913bdde73f1e53b388
