[INFO] fetching crate lileum-sumcheck 0.1.0...
[INFO] testing lileum-sumcheck-0.1.0 against 1.100.0-beta.1+cargoflags=--release for beta-release-1.100-2
[INFO] extracting crate lileum-sumcheck 0.1.0 into /workspace/builds/worker-3-tc2/source
[INFO] started tweaking crates.io crate lileum-sumcheck 0.1.0
[INFO] finished tweaking crates.io crate lileum-sumcheck 0.1.0
[INFO] tweaked toml for crates.io crate lileum-sumcheck 0.1.0 written to /workspace/builds/worker-3-tc2/source/Cargo.toml
[INFO] validating manifest of crates.io crate lileum-sumcheck 0.1.0 on toolchain 1.100.0-beta.1
[INFO] running `Command { std: CARGO_HOME="/workspace/cargo-home" RUSTUP_HOME="/workspace/rustup-home" "/workspace/cargo-home/bin/cargo" "+1.100.0-beta.1" "metadata" "--manifest-path" "Cargo.toml" "--no-deps", kill_on_drop: false }`
[INFO] crate crates.io crate lileum-sumcheck 0.1.0 already has a lockfile, it will not be regenerated
[INFO] running `Command { std: CARGO_HOME="/workspace/cargo-home" RUSTUP_HOME="/workspace/rustup-home" "/workspace/cargo-home/bin/cargo" "+1.100.0-beta.1" "fetch" "--manifest-path" "Cargo.toml", kill_on_drop: false }`
[INFO] [stderr]     Blocking waiting for file lock on package cache
[INFO] [stderr]     Blocking waiting for file lock on package cache
[INFO] running `Command { std: "docker" "create" "-v" "/var/lib/crater-agent-workspace/builds/worker-3-tc2/source:/opt/rustwide/workdir:ro,Z" "-v" "/var/lib/crater-agent-workspace/builds/worker-3-tc2/target:/opt/rustwide/target:rw,Z" "-v" "/var/lib/crater-agent-workspace/cargo-home:/opt/rustwide/cargo-home:ro,Z" "-v" "/var/lib/crater-agent-workspace/rustup-home:/opt/rustwide/rustup-home:ro,Z" "-m" "1610612736" "--network" "none" "ghcr.io/rust-lang/crates-build-env/linux@sha256:77db811e55d90add9212f6832c23229e3de5f1c1f9905e8cb07319ea15df73ac" "sleep" "infinity", kill_on_drop: false }`
[INFO] [stdout] ea04ccca46a87f663af0fa42bf9963eca9f83aa178c7a3452f7d6a5f50e49ab7
[INFO] running `Command { std: "docker" "start" "ea04ccca46a87f663af0fa42bf9963eca9f83aa178c7a3452f7d6a5f50e49ab7", kill_on_drop: false }`
[INFO] running `Command { std: "docker" "inspect" "ea04ccca46a87f663af0fa42bf9963eca9f83aa178c7a3452f7d6a5f50e49ab7", kill_on_drop: false }`
[INFO] running `Command { std: "docker" "exec" "-e" "SOURCE_DIR=/opt/rustwide/workdir" "-e" "CARGO_HOME=/opt/rustwide/cargo-home" "-e" "RUSTUP_HOME=/opt/rustwide/rustup-home" "-e" "CARGO_TARGET_DIR=/opt/rustwide/target" "-w" "/opt/rustwide/workdir" "--user" "0:0" "ea04ccca46a87f663af0fa42bf9963eca9f83aa178c7a3452f7d6a5f50e49ab7" "/opt/rustwide/cargo-home/bin/cargo" "+1.100.0-beta.1" "metadata" "--no-deps" "--format-version=1", kill_on_drop: false }`
[INFO] running `Command { std: "docker" "inspect" "ea04ccca46a87f663af0fa42bf9963eca9f83aa178c7a3452f7d6a5f50e49ab7", kill_on_drop: false }`
[INFO] running `Command { std: "docker" "exec" "-e" "SOURCE_DIR=/opt/rustwide/workdir" "-e" "CARGO_HOME=/opt/rustwide/cargo-home" "-e" "RUSTUP_HOME=/opt/rustwide/rustup-home" "-e" "CARGO_TARGET_DIR=/opt/rustwide/target" "-e" "CARGO_INCREMENTAL=0" "-e" "RUST_BACKTRACE=full" "-e" "RUSTFLAGS=--cap-lints=warn" "-e" "RUSTDOCFLAGS=--cap-lints=warn" "-w" "/opt/rustwide/workdir" "--user" "0:0" "ea04ccca46a87f663af0fa42bf9963eca9f83aa178c7a3452f7d6a5f50e49ab7" "/opt/rustwide/cargo-home/bin/cargo" "+1.100.0-beta.1" "build" "--frozen" "--message-format=json" "--release", kill_on_drop: false }`
[INFO] [stderr]    Compiling proc-macro2 v1.0.86
[INFO] [stderr]    Compiling unicode-ident v1.0.12
[INFO] [stderr]    Compiling autocfg v1.3.0
[INFO] [stderr]    Compiling syn v1.0.109
[INFO] [stderr]    Compiling byteorder v1.5.0
[INFO] [stderr]    Compiling typenum v1.17.0
[INFO] [stderr]    Compiling either v1.13.0
[INFO] [stderr]    Compiling lileum-automata v0.1.0
[INFO] [stderr]    Compiling itertools v0.10.5
[INFO] [stderr]    Compiling num-traits v0.2.19
[INFO] [stderr]    Compiling quote v1.0.45
[INFO] [stderr]    Compiling syn v2.0.87
[INFO] [stderr]    Compiling generic-array v0.14.7
[INFO] [stderr]    Compiling num-integer v0.1.46
[INFO] [stderr]    Compiling num-bigint v0.4.6
[INFO] [stderr]    Compiling crypto-common v0.1.6
[INFO] [stderr]    Compiling digest v0.10.7
[INFO] [stderr]    Compiling ark-serialize-derive v0.4.2
[INFO] [stderr]    Compiling derivative v2.2.0
[INFO] [stderr]    Compiling ark-ff-asm v0.4.2
[INFO] [stderr]    Compiling ark-ff-macros v0.4.2
[INFO] [stderr]    Compiling zerocopy-derive v0.7.35
[INFO] [stderr]    Compiling zeroize_derive v1.4.2
[INFO] [stderr]    Compiling lileum-sumcheck-derive v0.1.0
[INFO] [stderr]    Compiling zeroize v1.8.1
[INFO] [stderr]    Compiling zerocopy v0.7.35
[INFO] [stderr]    Compiling ppv-lite86 v0.2.20
[INFO] [stderr]    Compiling rand_chacha v0.3.1
[INFO] [stderr]    Compiling rand v0.8.5
[INFO] [stderr]    Compiling ark-std v0.4.0
[INFO] [stderr]    Compiling ark-serialize v0.4.2
[INFO] [stderr]    Compiling ark-ff v0.4.2
[INFO] [stderr]    Compiling lileum-sponge v0.1.0
[INFO] [stderr]    Compiling lileum-reduction v0.1.0
[INFO] [stderr]    Compiling lileum-sumcheck v0.1.0 (/opt/rustwide/workdir)
[INFO] [stderr] warning: unused dependency `sumcheck-derive`
[INFO] [stderr]   --> Cargo.toml:21:15
[INFO] [stderr]    |
[INFO] [stderr] 21 | [dependencies.sumcheck-derive]
[INFO] [stderr]    |               ^^^^^^^^^^^^^^^^
[INFO] [stderr]    |
[INFO] [stderr]    = note: `cargo::unused_dependencies` is set to `warn` by default
[INFO] [stderr] help: consider removing the dependency on `sumcheck-derive`
[INFO] [stderr] warning: `lileum-sumcheck` (manifest) generated 1 warning
[INFO] [stderr]     Finished `release` profile [optimized] target(s) in 38.35s
[INFO] running `Command { std: "docker" "inspect" "ea04ccca46a87f663af0fa42bf9963eca9f83aa178c7a3452f7d6a5f50e49ab7", kill_on_drop: false }`
[INFO] running `Command { std: "docker" "exec" "-e" "SOURCE_DIR=/opt/rustwide/workdir" "-e" "CARGO_HOME=/opt/rustwide/cargo-home" "-e" "RUSTUP_HOME=/opt/rustwide/rustup-home" "-e" "CARGO_TARGET_DIR=/opt/rustwide/target" "-e" "CARGO_INCREMENTAL=0" "-e" "RUST_BACKTRACE=full" "-e" "RUSTFLAGS=--cap-lints=warn" "-e" "RUSTDOCFLAGS=--cap-lints=warn" "-w" "/opt/rustwide/workdir" "--user" "0:0" "ea04ccca46a87f663af0fa42bf9963eca9f83aa178c7a3452f7d6a5f50e49ab7" "/opt/rustwide/cargo-home/bin/cargo" "+1.100.0-beta.1" "test" "--frozen" "--no-run" "--message-format=json" "--release", kill_on_drop: false }`
[INFO] [stderr]    Compiling libc v0.2.155
[INFO] [stderr]    Compiling ahash v0.8.11
[INFO] [stderr]    Compiling ppv-lite86 v0.2.20
[INFO] [stderr]    Compiling once_cell v1.19.0
[INFO] [stderr]    Compiling hashbrown v0.13.2
[INFO] [stderr]    Compiling getrandom v0.2.15
[INFO] [stderr]    Compiling rand_core v0.6.4
[INFO] [stderr]    Compiling rand_chacha v0.3.1
[INFO] [stderr]    Compiling rand v0.8.5
[INFO] [stderr]    Compiling ark-std v0.4.0
[INFO] [stderr]    Compiling ark-serialize v0.4.2
[INFO] [stderr]    Compiling ark-ff v0.4.2
[INFO] [stderr]    Compiling ark-poly v0.4.2
[INFO] [stderr]    Compiling lileum-sponge v0.1.0
[INFO] [stderr]    Compiling lileum-reduction v0.1.0
[INFO] [stderr]    Compiling lileum-sumcheck v0.1.0 (/opt/rustwide/workdir)
[INFO] [stderr]    Compiling ark-ec v0.4.2
[INFO] [stderr]    Compiling ark-pallas v0.4.0
[INFO] [stderr]    Compiling ark-vesta v0.4.0
[INFO] [stderr] warning: unused dependency `sumcheck-derive`
[INFO] [stderr]   --> Cargo.toml:21:15
[INFO] [stderr]    |
[INFO] [stderr] 21 | [dependencies.sumcheck-derive]
[INFO] [stderr]    |               ^^^^^^^^^^^^^^^^
[INFO] [stderr]    |
[INFO] [stderr]    = note: `cargo::unused_dependencies` is set to `warn` by default
[INFO] [stderr] help: consider removing the dependency on `sumcheck-derive`
[INFO] [stderr] help: to still use for development builds, move to `dev-dependencies`
[INFO] [stderr] warning: `lileum-sumcheck` (manifest) generated 1 warning
[INFO] [stderr]     Finished `release` profile [optimized] target(s) in 28.11s
[INFO] running `Command { std: "docker" "inspect" "ea04ccca46a87f663af0fa42bf9963eca9f83aa178c7a3452f7d6a5f50e49ab7", kill_on_drop: false }`
[INFO] running `Command { std: "docker" "exec" "-e" "SOURCE_DIR=/opt/rustwide/workdir" "-e" "CARGO_HOME=/opt/rustwide/cargo-home" "-e" "RUSTUP_HOME=/opt/rustwide/rustup-home" "-e" "CARGO_TARGET_DIR=/opt/rustwide/target" "-e" "CARGO_INCREMENTAL=0" "-e" "RUST_BACKTRACE=full" "-e" "RUSTFLAGS=--cap-lints=warn" "-e" "RUSTDOCFLAGS=--cap-lints=warn" "-w" "/opt/rustwide/workdir" "--user" "0:0" "ea04ccca46a87f663af0fa42bf9963eca9f83aa178c7a3452f7d6a5f50e49ab7" "/opt/rustwide/cargo-home/bin/cargo" "+1.100.0-beta.1" "test" "--frozen" "--release", kill_on_drop: false }`
[INFO] [stderr] warning: unused dependency `sumcheck-derive`
[INFO] [stderr]   --> Cargo.toml:21:15
[INFO] [stderr]    |
[INFO] [stderr] 21 | [dependencies.sumcheck-derive]
[INFO] [stderr]    |               ^^^^^^^^^^^^^^^^
[INFO] [stderr]    |
[INFO] [stderr]    = note: `cargo::unused_dependencies` is set to `warn` by default
[INFO] [stderr] help: consider removing the dependency on `sumcheck-derive`
[INFO] [stderr] help: to still use for development builds, move to `dev-dependencies`
[INFO] [stderr] warning: `lileum-sumcheck` (manifest) generated 1 warning
[INFO] [stderr]     Finished `release` profile [optimized] target(s) in 0.14s
[INFO] [stderr]      Running unittests src/lib.rs (/opt/rustwide/target/release/build/lileum-sumcheck/7954ba675455fb22/out/lileum_sumcheck-7954ba675455fb22)
[INFO] [stdout] 
[INFO] [stdout] running 15 tests
[INFO] [stdout] test powers::compact_powers ... ok
[INFO] [stdout] test powers::compact_powers_hypercube_sum ... ok
[INFO] [stdout] test powers::factor_folding ... ok
[INFO] [stdout] test powers::powers_over_domain ... ok
[INFO] [stdout] test barycentric_eval::tests::test_barycentric_eval ... ok
[INFO] [stdout] test eq::test_eq ... ok
[INFO] [stdout] test eq::test_subset ... ok
[INFO] [stdout] test powers::mle_equivalence ... ok
[INFO] [stdout] test eq::eq_one_coordinate_unsupported - should panic ... ok
[INFO] [stdout] test tests::zerofold::zerofold_rejects_forged_input_sums ... ok
[INFO] [stdout] 
[INFO] [stdout] thread 'tests::zerocheck::product_zerocheck' (975) panicked at /opt/rustwide/cargo-home/registry/src/index.crates.io-1949cf8c6b5b557f/lileum-reduction-0.1.0/src/transcript.rs:115:47:
[INFO] [stdout] called `Result::unwrap()` on an `Err` value: SqueezeBeforeAbsorb
[INFO] [stdout] stack backtrace:
[INFO] [stdout]    0:     0x582daa4fe9f1 - <<std[617be2ca0a6fd877]::sys::backtrace::BacktraceLock>::print::DisplayBacktrace as core[a373ad73a504971]::fmt::Display>::fmt
[INFO] [stdout]    1:     0x582daa5133da - core[a373ad73a504971]::fmt::write
[INFO] [stdout]    2:     0x582daa502c0c - <alloc[2e1b2a31b91974c5]::vec::Vec<u8> as core[a373ad73a504971]::io::write::Write>::write_fmt
[INFO] [stdout]    3:     0x582daa4dae56 - std[617be2ca0a6fd877]::panicking::default_hook::{closure#0}
[INFO] [stdout]    4:     0x582daa4f7089 - std[617be2ca0a6fd877]::panicking::default_hook
[INFO] [stdout]    5:     0x582daa485a80 - test[aada8e7e76ba119b]::test_main_inner::{closure#0}
[INFO] [stdout]    6:     0x582daa4f7242 - std[617be2ca0a6fd877]::panicking::panic_with_hook
[INFO] [stdout]    7:     0x582daa4daf02 - std[617be2ca0a6fd877]::panicking::panic_handler::{closure#0}
[INFO] [stdout]    8:     0x582daa4d3c19 - std[617be2ca0a6fd877]::sys::backtrace::__rust_end_short_backtrace::<std[617be2ca0a6fd877]::panicking::panic_handler::{closure#0}, !>
[INFO] [stdout]    9:     0x582daa4dbb0d - __rustc[ea4f61d10b84890b]::rust_begin_unwind
[INFO] [stdout]   10:     0x582daa513b0c - core[a373ad73a504971]::panicking::panic_fmt
[INFO] [stdout]   11:     0x582daa5138e2 - core[a373ad73a504971]::result::unwrap_failed
[INFO] [stdout]   12:     0x582daa4641ed - <lileum_reduction[a6211942a7235ff0]::transcript::Transcript<ark_ff[4a6ad5d747ff59a8]::fields::models::fp::Fp<ark_ff[4a6ad5d747ff59a8]::fields::models::fp::montgomery_backend::MontBackend<ark_pallas[ab7ba48ac405c1c3]::fields::fq::FqConfig, 4usize>, 4usize>, lileum_sponge[71445869f5340e5a]::sponge::Sponge<ark_ff[4a6ad5d747ff59a8]::fields::models::fp::Fp<ark_ff[4a6ad5d747ff59a8]::fields::models::fp::montgomery_backend::MontBackend<ark_pallas[ab7ba48ac405c1c3]::fields::fq::FqConfig, 4usize>, 4usize>, lileum_sponge[71445869f5340e5a]::poseidon2::permutation::PoseidonPermutation<ark_ff[4a6ad5d747ff59a8]::fields::models::fp::Fp<ark_ff[4a6ad5d747ff59a8]::fields::models::fp::montgomery_backend::MontBackend<ark_pallas[ab7ba48ac405c1c3]::fields::fq::FqConfig, 4usize>, 4usize>, 3usize, lileum_sponge[71445869f5340e5a]::poseidon2::internal_matrix::InternalMatrix3, lileum_sponge[71445869f5340e5a]::poseidon2::internal_matrix::InternalMatrix3, 4usize, 40usize, 7u8>, 2usize, 1usize, 3usize>>>::send_message::<(), 1usize>
[INFO] [stdout]   13:     0x582daa4578df - <lileum_reduction[a6211942a7235ff0]::prover::Prover<ark_ff[4a6ad5d747ff59a8]::fields::models::fp::Fp<ark_ff[4a6ad5d747ff59a8]::fields::models::fp::montgomery_backend::MontBackend<ark_pallas[ab7ba48ac405c1c3]::fields::fq::FqConfig, 4usize>, 4usize>, lileum_sponge[71445869f5340e5a]::sponge::Sponge<ark_ff[4a6ad5d747ff59a8]::fields::models::fp::Fp<ark_ff[4a6ad5d747ff59a8]::fields::models::fp::montgomery_backend::MontBackend<ark_pallas[ab7ba48ac405c1c3]::fields::fq::FqConfig, 4usize>, 4usize>, lileum_sponge[71445869f5340e5a]::poseidon2::permutation::PoseidonPermutation<ark_ff[4a6ad5d747ff59a8]::fields::models::fp::Fp<ark_ff[4a6ad5d747ff59a8]::fields::models::fp::montgomery_backend::MontBackend<ark_pallas[ab7ba48ac405c1c3]::fields::fq::FqConfig, 4usize>, 4usize>, 3usize, lileum_sponge[71445869f5340e5a]::poseidon2::internal_matrix::InternalMatrix3, lileum_sponge[71445869f5340e5a]::poseidon2::internal_matrix::InternalMatrix3, 4usize, 40usize, 7u8>, 2usize, 1usize, 3usize>, lileum_sumcheck[1e84a6e92703653d]::zerocheck::relation::Zerocheck<ark_ff[4a6ad5d747ff59a8]::fields::models::fp::Fp<ark_ff[4a6ad5d747ff59a8]::fields::models::fp::montgomery_backend::MontBackend<ark_pallas[ab7ba48ac405c1c3]::fields::fq::FqConfig, 4usize>, 4usize>, lileum_sumcheck[1e84a6e92703653d]::oracles::testing::TestingOracle<ark_ff[4a6ad5d747ff59a8]::fields::models::fp::Fp<ark_ff[4a6ad5d747ff59a8]::fields::models::fp::montgomery_backend::MontBackend<ark_pallas[ab7ba48ac405c1c3]::fields::fq::FqConfig, 4usize>, 4usize>, lileum_sumcheck[1e84a6e92703653d]::tests::zerocheck::ProductGate<()>>>, lileum_sumcheck[1e84a6e92703653d]::zerocheck::relation::ZeroSumcheck<ark_ff[4a6ad5d747ff59a8]::fields::models::fp::Fp<ark_ff[4a6ad5d747ff59a8]::fields::models::fp::montgomery_backend::MontBackend<ark_pallas[ab7ba48ac405c1c3]::fields::fq::FqConfig, 4usize>, 4usize>, lileum_sumcheck[1e84a6e92703653d]::oracles::testing::TestingOracle<ark_ff[4a6ad5d747ff59a8]::fields::models::fp::Fp<ark_ff[4a6ad5d747ff59a8]::fields::models::fp::montgomery_backend::MontBackend<ark_pallas[ab7ba48ac405c1c3]::fields::fq::FqConfig, 4usize>, 4usize>, lileum_sumcheck[1e84a6e92703653d]::tests::zerocheck::ProductGate<()>>>, lileum_sumcheck[1e84a6e92703653d]::zerocheck::reduction::ZerocheckReduction<ark_ff[4a6ad5d747ff59a8]::fields::models::fp::Fp<ark_ff[4a6ad5d747ff59a8]::fields::models::fp::montgomery_backend::MontBackend<ark_pallas[ab7ba48ac405c1c3]::fields::fq::FqConfig, 4usize>, 4usize>, lileum_sumcheck[1e84a6e92703653d]::oracles::testing::TestingOracle<ark_ff[4a6ad5d747ff59a8]::fields::models::fp::Fp<ark_ff[4a6ad5d747ff59a8]::fields::models::fp::montgomery_backend::MontBackend<ark_pallas[ab7ba48ac405c1c3]::fields::fq::FqConfig, 4usize>, 4usize>, lileum_sumcheck[1e84a6e92703653d]::tests::zerocheck::ProductGate<()>>>>>::prove
[INFO] [stdout]   14:     0x582daa44f861 - <lileum_sumcheck[1e84a6e92703653d]::tests::zerocheck::product_zerocheck::{closure#0} as core[a373ad73a504971]::ops::function::FnOnce<()>>::call_once
[INFO] [stdout]   15:     0x582daa478ecb - test[aada8e7e76ba119b]::__rust_begin_short_backtrace::<core[a373ad73a504971]::result::Result<(), alloc[2e1b2a31b91974c5]::string::String>, fn() -> core[a373ad73a504971]::result::Result<(), alloc[2e1b2a31b91974c5]::string::String>>
[INFO] [stdout]   16:     0x582daa4860a5 - test[aada8e7e76ba119b]::run_test::{closure#0}
[INFO] [stdout]   17:     0x582daa47f994 - std[617be2ca0a6fd877]::sys::backtrace::__rust_begin_short_backtrace::<test[aada8e7e76ba119b]::run_test::{closure#1}, ()>
[INFO] [stdout]   18:     0x582daa489132 - <std[617be2ca0a6fd877]::thread::lifecycle::spawn_unchecked<test[aada8e7e76ba119b]::run_test::{closure#1}, ()>::{closure#1} as core[a373ad73a504971]::ops::function::FnOnce<()>>::call_once::{shim:vtable#0}
[INFO] [stdout]   19:     0x582daa4fe24f - <std[617be2ca0a6fd877]::sys::thread::unix::Thread>::new::thread_start
[INFO] [stdout]   20:     0x7aa0b7900dfa - <unknown>
[INFO] [stdout]   21:     0x7aa0b79943d4 - clone
[INFO] [stdout]   22:                0x0 - <unknown>
[INFO] [stdout] 
[INFO] [stdout] thread 'tests::zerocheck::product_zerocheck' (975) panicked at /opt/rustwide/cargo-home/registry/src/index.crates.io-1949cf8c6b5b557f/lileum-sponge-0.1.0/src/sponge.rs:189:9:
[INFO] [stdout] assertion `left == right` failed: sponge dropped with a partial or incorrect pattern
[INFO] [stdout]   left: [Squeeze(1)]
[INFO] [stdout]  right: []
[INFO] [stdout] stack backtrace:
[INFO] [stdout]    0:     0x582daa4fe9f1 - <<std[617be2ca0a6fd877]::sys::backtrace::BacktraceLock>::print::DisplayBacktrace as core[a373ad73a504971]::fmt::Display>::fmt
[INFO] [stdout]    1:     0x582daa5133da - core[a373ad73a504971]::fmt::write
[INFO] [stdout]    2:     0x582daa502c0c - <alloc[2e1b2a31b91974c5]::vec::Vec<u8> as core[a373ad73a504971]::io::write::Write>::write_fmt
[INFO] [stdout]    3:     0x582daa4dae56 - std[617be2ca0a6fd877]::panicking::default_hook::{closure#0}
[INFO] [stdout]    4:     0x582daa4f7089 - std[617be2ca0a6fd877]::panicking::default_hook
[INFO] [stdout]    5:     0x582daa485a80 - test[aada8e7e76ba119b]::test_main_inner::{closure#0}
[INFO] [stdout]    6:     0x582daa4f7242 - std[617be2ca0a6fd877]::panicking::panic_with_hook
[INFO] [stdout]    7:     0x582daa4daf02 - std[617be2ca0a6fd877]::panicking::panic_handler::{closure#0}
[INFO] [stdout]    8:     0x582daa4d3c19 - std[617be2ca0a6fd877]::sys::backtrace::__rust_end_short_backtrace::<std[617be2ca0a6fd877]::panicking::panic_handler::{closure#0}, !>
[INFO] [stdout]    9:     0x582daa4dbb0d - __rustc[ea4f61d10b84890b]::rust_begin_unwind
[INFO] [stdout]   10:     0x582daa513b0c - core[a373ad73a504971]::panicking::panic_fmt
[INFO] [stdout]   11:     0x582daa513a83 - core[a373ad73a504971]::panicking::assert_failed_inner
[INFO] [stdout]   12:     0x582daa46b361 - core[a373ad73a504971]::panicking::assert_failed::<&alloc[2e1b2a31b91974c5]::vec::Vec<lileum_sponge[71445869f5340e5a]::sponge::Pattern>, &alloc[2e1b2a31b91974c5]::vec::Vec<lileum_sponge[71445869f5340e5a]::sponge::Pattern>>
[INFO] [stdout]   13:     0x582daa450f7e - core[a373ad73a504971]::ptr::drop_glue::<lileum_reduction[a6211942a7235ff0]::transcript::Transcript<ark_ff[4a6ad5d747ff59a8]::fields::models::fp::Fp<ark_ff[4a6ad5d747ff59a8]::fields::models::fp::montgomery_backend::MontBackend<ark_pallas[ab7ba48ac405c1c3]::fields::fq::FqConfig, 4usize>, 4usize>, lileum_sponge[71445869f5340e5a]::sponge::Sponge<ark_ff[4a6ad5d747ff59a8]::fields::models::fp::Fp<ark_ff[4a6ad5d747ff59a8]::fields::models::fp::montgomery_backend::MontBackend<ark_pallas[ab7ba48ac405c1c3]::fields::fq::FqConfig, 4usize>, 4usize>, lileum_sponge[71445869f5340e5a]::poseidon2::permutation::PoseidonPermutation<ark_ff[4a6ad5d747ff59a8]::fields::models::fp::Fp<ark_ff[4a6ad5d747ff59a8]::fields::models::fp::montgomery_backend::MontBackend<ark_pallas[ab7ba48ac405c1c3]::fields::fq::FqConfig, 4usize>, 4usize>, 3usize, lileum_sponge[71445869f5340e5a]::poseidon2::internal_matrix::InternalMatrix3, lileum_sponge[71445869f5340e5a]::poseidon2::internal_matrix::InternalMatrix3, 4usize, 40usize, 7u8>, 2usize, 1usize, 3usize>>>
[INFO] [stdout]   14:     0x582daa457a33 - <lileum_reduction[a6211942a7235ff0]::prover::Prover<ark_ff[4a6ad5d747ff59a8]::fields::models::fp::Fp<ark_ff[4a6ad5d747ff59a8]::fields::models::fp::montgomery_backend::MontBackend<ark_pallas[ab7ba48ac405c1c3]::fields::fq::FqConfig, 4usize>, 4usize>, lileum_sponge[71445869f5340e5a]::sponge::Sponge<ark_ff[4a6ad5d747ff59a8]::fields::models::fp::Fp<ark_ff[4a6ad5d747ff59a8]::fields::models::fp::montgomery_backend::MontBackend<ark_pallas[ab7ba48ac405c1c3]::fields::fq::FqConfig, 4usize>, 4usize>, lileum_sponge[71445869f5340e5a]::poseidon2::permutation::PoseidonPermutation<ark_ff[4a6ad5d747ff59a8]::fields::models::fp::Fp<ark_ff[4a6ad5d747ff59a8]::fields::models::fp::montgomery_backend::MontBackend<ark_pallas[ab7ba48ac405c1c3]::fields::fq::FqConfig, 4usize>, 4usize>, 3usize, lileum_sponge[71445869f5340e5a]::poseidon2::internal_matrix::InternalMatrix3, lileum_sponge[71445869f5340e5a]::poseidon2::internal_matrix::InternalMatrix3, 4usize, 40usize, 7u8>, 2usize, 1usize, 3usize>, lileum_sumcheck[1e84a6e92703653d]::zerocheck::relation::Zerocheck<ark_ff[4a6ad5d747ff59a8]::fields::models::fp::Fp<ark_ff[4a6ad5d747ff59a8]::fields::models::fp::montgomery_backend::MontBackend<ark_pallas[ab7ba48ac405c1c3]::fields::fq::FqConfig, 4usize>, 4usize>, lileum_sumcheck[1e84a6e92703653d]::oracles::testing::TestingOracle<ark_ff[4a6ad5d747ff59a8]::fields::models::fp::Fp<ark_ff[4a6ad5d747ff59a8]::fields::models::fp::montgomery_backend::MontBackend<ark_pallas[ab7ba48ac405c1c3]::fields::fq::FqConfig, 4usize>, 4usize>, lileum_sumcheck[1e84a6e92703653d]::tests::zerocheck::ProductGate<()>>>, lileum_sumcheck[1e84a6e92703653d]::zerocheck::relation::ZeroSumcheck<ark_ff[4a6ad5d747ff59a8]::fields::models::fp::Fp<ark_ff[4a6ad5d747ff59a8]::fields::models::fp::montgomery_backend::MontBackend<ark_pallas[ab7ba48ac405c1c3]::fields::fq::FqConfig, 4usize>, 4usize>, lileum_sumcheck[1e84a6e92703653d]::oracles::testing::TestingOracle<ark_ff[4a6ad5d747ff59a8]::fields::models::fp::Fp<ark_ff[4a6ad5d747ff59a8]::fields::models::fp::montgomery_backend::MontBackend<ark_pallas[ab7ba48ac405c1c3]::fields::fq::FqConfig, 4usize>, 4usize>, lileum_sumcheck[1e84a6e92703653d]::tests::zerocheck::ProductGate<()>>>, lileum_sumcheck[1e84a6e92703653d]::zerocheck::reduction::ZerocheckReduction<ark_ff[4a6ad5d747ff59a8]::fields::models::fp::Fp<ark_ff[4a6ad5d747ff59a8]::fields::models::fp::montgomery_backend::MontBackend<ark_pallas[ab7ba48ac405c1c3]::fields::fq::FqConfig, 4usize>, 4usize>, lileum_sumcheck[1e84a6e92703653d]::oracles::testing::TestingOracle<ark_ff[4a6ad5d747ff59a8]::fields::models::fp::Fp<ark_ff[4a6ad5d747ff59a8]::fields::models::fp::montgomery_backend::MontBackend<ark_pallas[ab7ba48ac405c1c3]::fields::fq::FqConfig, 4usize>, 4usize>, lileum_sumcheck[1e84a6e92703653d]::tests::zerocheck::ProductGate<()>>>>>::prove
[INFO] [stdout]   15:     0x582daa44f861 - <lileum_sumcheck[1e84a6e92703653d]::tests::zerocheck::product_zerocheck::{closure#0} as core[a373ad73a504971]::ops::function::FnOnce<()>>::call_once
[INFO] [stdout]   16:     0x582daa478ecb - test[aada8e7e76ba119b]::__rust_begin_short_backtrace::<core[a373ad73a504971]::result::Result<(), alloc[2e1b2a31b91974c5]::string::String>, fn() -> core[a373ad73a504971]::result::Result<(), alloc[2e1b2a31b91974c5]::string::String>>
[INFO] [stdout]   17:     0x582daa4860a5 - test[aada8e7e76ba119b]::run_test::{closure#0}
[INFO] [stdout]   18:     0x582daa47f994 - std[617be2ca0a6fd877]::sys::backtrace::__rust_begin_short_backtrace::<test[aada8e7e76ba119b]::run_test::{closure#1}, ()>
[INFO] [stdout]   19:     0x582daa489132 - <std[617be2ca0a6fd877]::thread::lifecycle::spawn_unchecked<test[aada8e7e76ba119b]::run_test::{closure#1}, ()>::{closure#1} as core[a373ad73a504971]::ops::function::FnOnce<()>>::call_once::{shim:vtable#0}
[INFO] [stdout]   20:     0x582daa4fe24f - <std[617be2ca0a6fd877]::sys::thread::unix::Thread>::new::thread_start
[INFO] [stdout]   21:     0x7aa0b7900dfa - <unknown>
[INFO] [stdout]   22:     0x7aa0b79943d4 - clone
[INFO] [stdout]   23:                0x0 - <unknown>
[INFO] [stderr] 
[INFO] [stderr] thread 'tests::zerocheck::product_zerocheck' (975) panicked at /rustc/e3feeb59cd1bdd011a2bfcc0747b55125d9b8527/library/core/src/panicking.rs:233:5:
[INFO] [stderr] panic in a destructor during cleanup
[INFO] [stderr] thread caused non-unwinding panic. aborting.
[INFO] [stderr] error: test failed, to rerun pass `--lib`
[INFO] [stderr] 
[INFO] [stderr] Caused by:
[INFO] [stderr]   process didn't exit successfully: `/opt/rustwide/target/release/build/lileum-sumcheck/7954ba675455fb22/out/lileum_sumcheck-7954ba675455fb22` (signal: 6, SIGABRT: process abort signal)
[INFO] running `Command { std: "docker" "inspect" "ea04ccca46a87f663af0fa42bf9963eca9f83aa178c7a3452f7d6a5f50e49ab7", kill_on_drop: false }`
[INFO] running `Command { std: "docker" "rm" "-f" "ea04ccca46a87f663af0fa42bf9963eca9f83aa178c7a3452f7d6a5f50e49ab7", kill_on_drop: false }`
[INFO] [stdout] ea04ccca46a87f663af0fa42bf9963eca9f83aa178c7a3452f7d6a5f50e49ab7
