[INFO] fetching crate likec4-syntax 0.3.0...
[INFO] testing likec4-syntax-0.3.0 against 1.99.0-beta.8+cargoflags=--release for beta-release-1.100-2
[INFO] extracting crate likec4-syntax 0.3.0 into /workspace/builds/worker-6-tc1/source
[INFO] started tweaking crates.io crate likec4-syntax 0.3.0
[INFO] removed 0 missing tests
[INFO] finished tweaking crates.io crate likec4-syntax 0.3.0
[INFO] tweaked toml for crates.io crate likec4-syntax 0.3.0 written to /workspace/builds/worker-6-tc1/source/Cargo.toml
[INFO] validating manifest of crates.io crate likec4-syntax 0.3.0 on toolchain 1.99.0-beta.8
[INFO] running `Command { std: CARGO_HOME="/workspace/cargo-home" RUSTUP_HOME="/workspace/rustup-home" "/workspace/cargo-home/bin/cargo" "+1.99.0-beta.8" "metadata" "--manifest-path" "Cargo.toml" "--no-deps", kill_on_drop: false }`
[INFO] crate crates.io crate likec4-syntax 0.3.0 already has a lockfile, it will not be regenerated
[INFO] running `Command { std: CARGO_HOME="/workspace/cargo-home" RUSTUP_HOME="/workspace/rustup-home" "/workspace/cargo-home/bin/cargo" "+1.99.0-beta.8" "fetch" "--manifest-path" "Cargo.toml", kill_on_drop: false }`
[INFO] [stderr]  Downloading crates ...
[INFO] [stderr]   Downloaded rowan v0.17.0
[INFO] running `Command { std: "docker" "create" "-v" "/var/lib/crater-agent-workspace/builds/worker-6-tc1/source:/opt/rustwide/workdir:ro,Z" "-v" "/var/lib/crater-agent-workspace/builds/worker-6-tc1/target:/opt/rustwide/target:rw,Z" "-v" "/var/lib/crater-agent-workspace/cargo-home:/opt/rustwide/cargo-home:ro,Z" "-v" "/var/lib/crater-agent-workspace/rustup-home:/opt/rustwide/rustup-home:ro,Z" "-m" "1610612736" "--network" "none" "ghcr.io/rust-lang/crates-build-env/linux@sha256:77db811e55d90add9212f6832c23229e3de5f1c1f9905e8cb07319ea15df73ac" "sleep" "infinity", kill_on_drop: false }`
[INFO] [stdout] d60504fad2b117c11237c4fce0774c506fafe76a6a028ccbf71ad623cd037bb4
[INFO] running `Command { std: "docker" "start" "d60504fad2b117c11237c4fce0774c506fafe76a6a028ccbf71ad623cd037bb4", kill_on_drop: false }`
[INFO] running `Command { std: "docker" "inspect" "d60504fad2b117c11237c4fce0774c506fafe76a6a028ccbf71ad623cd037bb4", kill_on_drop: false }`
[INFO] running `Command { std: "docker" "exec" "-e" "SOURCE_DIR=/opt/rustwide/workdir" "-e" "CARGO_HOME=/opt/rustwide/cargo-home" "-e" "RUSTUP_HOME=/opt/rustwide/rustup-home" "-e" "CARGO_TARGET_DIR=/opt/rustwide/target" "-w" "/opt/rustwide/workdir" "--user" "0:0" "d60504fad2b117c11237c4fce0774c506fafe76a6a028ccbf71ad623cd037bb4" "/opt/rustwide/cargo-home/bin/cargo" "+1.99.0-beta.8" "metadata" "--no-deps" "--format-version=1", kill_on_drop: false }`
[INFO] running `Command { std: "docker" "inspect" "d60504fad2b117c11237c4fce0774c506fafe76a6a028ccbf71ad623cd037bb4", kill_on_drop: false }`
[INFO] running `Command { std: "docker" "exec" "-e" "SOURCE_DIR=/opt/rustwide/workdir" "-e" "CARGO_HOME=/opt/rustwide/cargo-home" "-e" "RUSTUP_HOME=/opt/rustwide/rustup-home" "-e" "CARGO_TARGET_DIR=/opt/rustwide/target" "-e" "CARGO_INCREMENTAL=0" "-e" "RUST_BACKTRACE=full" "-e" "RUSTFLAGS=--cap-lints=warn" "-e" "RUSTDOCFLAGS=--cap-lints=warn" "-w" "/opt/rustwide/workdir" "--user" "0:0" "d60504fad2b117c11237c4fce0774c506fafe76a6a028ccbf71ad623cd037bb4" "/opt/rustwide/cargo-home/bin/cargo" "+1.99.0-beta.8" "build" "--frozen" "--message-format=json" "--release", kill_on_drop: false }`
[INFO] [stderr]    Compiling memoffset v0.9.1
[INFO] [stderr]    Compiling hashbrown v0.14.5
[INFO] [stderr]    Compiling countme v3.0.1
[INFO] [stderr]    Compiling text-size v1.1.1
[INFO] [stderr]    Compiling rowan v0.17.0
[INFO] [stderr]    Compiling likec4-syntax v0.3.0 (/opt/rustwide/workdir)
[INFO] [stderr]     Finished `release` profile [optimized] target(s) in 5.69s
[INFO] running `Command { std: "docker" "inspect" "d60504fad2b117c11237c4fce0774c506fafe76a6a028ccbf71ad623cd037bb4", kill_on_drop: false }`
[INFO] running `Command { std: "docker" "exec" "-e" "SOURCE_DIR=/opt/rustwide/workdir" "-e" "CARGO_HOME=/opt/rustwide/cargo-home" "-e" "RUSTUP_HOME=/opt/rustwide/rustup-home" "-e" "CARGO_TARGET_DIR=/opt/rustwide/target" "-e" "CARGO_INCREMENTAL=0" "-e" "RUST_BACKTRACE=full" "-e" "RUSTFLAGS=--cap-lints=warn" "-e" "RUSTDOCFLAGS=--cap-lints=warn" "-w" "/opt/rustwide/workdir" "--user" "0:0" "d60504fad2b117c11237c4fce0774c506fafe76a6a028ccbf71ad623cd037bb4" "/opt/rustwide/cargo-home/bin/cargo" "+1.99.0-beta.8" "test" "--frozen" "--no-run" "--message-format=json" "--release", kill_on_drop: false }`
[INFO] [stderr]    Compiling likec4-syntax v0.3.0 (/opt/rustwide/workdir)
[INFO] [stderr]     Finished `release` profile [optimized] target(s) in 4.93s
[INFO] running `Command { std: "docker" "inspect" "d60504fad2b117c11237c4fce0774c506fafe76a6a028ccbf71ad623cd037bb4", kill_on_drop: false }`
[INFO] running `Command { std: "docker" "exec" "-e" "SOURCE_DIR=/opt/rustwide/workdir" "-e" "CARGO_HOME=/opt/rustwide/cargo-home" "-e" "RUSTUP_HOME=/opt/rustwide/rustup-home" "-e" "CARGO_TARGET_DIR=/opt/rustwide/target" "-e" "CARGO_INCREMENTAL=0" "-e" "RUST_BACKTRACE=full" "-e" "RUSTFLAGS=--cap-lints=warn" "-e" "RUSTDOCFLAGS=--cap-lints=warn" "-w" "/opt/rustwide/workdir" "--user" "0:0" "d60504fad2b117c11237c4fce0774c506fafe76a6a028ccbf71ad623cd037bb4" "/opt/rustwide/cargo-home/bin/cargo" "+1.99.0-beta.8" "test" "--frozen" "--release", kill_on_drop: false }`
[INFO] [stderr]     Finished `release` profile [optimized] target(s) in 0.03s
[INFO] [stderr]      Running unittests src/lib.rs (/opt/rustwide/target/release/deps/likec4_syntax-4246701bce01d54e)
[INFO] [stdout] 
[INFO] [stdout] running 50 tests
[INFO] [stdout] test ast::tests::relation_accessors ... ok
[INFO] [stdout] test kind::tests::reserved_word_lists_match_the_grammar ... ok
[INFO] [stdout] test ast::tests::views_and_rules ... ok
[INFO] [stdout] test ast::tests::relation_like_accessors_are_connector_relative ... ok
[INFO] [stdout] test lexer::tests::uris_icons_booleans ... ok
[INFO] [stdout] test lexer::tests::backslash_before_line_break_does_not_escape ... ok
[INFO] [stdout] test lexer::tests::comments_and_newlines ... ok
[INFO] [stdout] test lexer::tests::identifiers_and_keywords ... ok
[INFO] [stdout] test lexer::tests::strings ... ok
[INFO] [stdout] test lexer::tests::lossless ... ok
[INFO] [stdout] test lexer::tests::symbols ... ok
[INFO] [stdout] test lexer::tests::unicode_outside_strings_is_error_but_lossless ... ok
[INFO] [stdout] test parser::tests::element_both_forms_and_strings ... ok
[INFO] [stdout] test parser::tests::element_kind_expression_and_view_rules ... ok
[INFO] [stdout] test lexer::tests::dots ... ok
[INFO] [stdout] test parser::tests::dynamic_step_chain_is_left_nested ... ok
[INFO] [stdout] test parser::tests::deployment_instance_of ... ok
[INFO] [stdout] test lexer::tests::numbers_and_colors ... ok
[INFO] [stdout] test lexer::tests::arrow_without_spaces_is_greedy_identifier ... ok
[INFO] [stdout] test ast::tests::where_and_try_blocks ... ok
[INFO] [stdout] test parser::tests::flow_keywords_are_step_sources_unless_followed_by_block ... ok
[INFO] [stdout] test parser::tests::include_multiline_with_and_where ... ok
[INFO] [stdout] test parser::tests::missing_closing_brace_reports_error_without_panic ... ok
[INFO] [stdout] test ast::tests::specification_and_colors ... ok
[INFO] [stdout] test parser::tests::property_after_nested_element_is_an_error_but_parsing_continues ... ok
[INFO] [stdout] test parser::tests::recovery_balances_nested_braces ... ok
[INFO] [stdout] test parser::tests::multiline_block_comment_counts_as_a_line_break_for_recovery ... ok
[INFO] [stdout] test parser::tests::grammar_oddities_accepted_like_langium ... ok
[INFO] [stdout] test parser::tests::specification_imports_and_lib ... ok
[INFO] [stdout] test parser::tests::relation_connectors ... ok
[INFO] [stdout] test parser::tests::reserved_words_are_rejected_as_identifiers ... ok
[INFO] [stdout] test parser::tests::comment_before_statement_belongs_to_the_block ... ok
[INFO] [stdout] test ast::tests::deployment_and_globals ... ok
[INFO] [stdout] test parser::tests::nesting_limit_is_exact ... ok
[INFO] [stdout] test parser::tests::extend_relation_requires_a_source ... ok
[INFO] [stdout] test parser::tests::globals ... ok
[INFO] [stdout] test parser::tests::identical_diagnostics_at_the_same_offset_are_reported_once ... ok
[INFO] [stdout] test parser::tests::broken_inputs_never_panic ... ok
[INFO] [stdout] test parser::tests::describe_uses_human_readable_names ... ok
[INFO] [stdout] test ast::tests::element_forms ... ok
[INFO] [stdout] test kind::tests::keyword_kinds_round_trip ... ok
[INFO] [stdout] test parser::tests::file_edge_trivia_belongs_to_root_and_precede_nests_correctly ... ok
[INFO] [stdout] test parser::tests::tags_after_properties_are_an_error ... ok
[INFO] [stdout] test parser::tests::tags_mix_commas_and_spaces ... ok
[INFO] [stdout] test parser::tests::top_level_garbage_resumes_at_next_block ... ok
[INFO] [stdout] test parser::tests::trailing_comment_precedes_the_next_statement ... ok
[INFO] [stdout] test parser::tests::try_catch_finally_nesting ... ok
[INFO] [stdout] test parser::tests::where_precedence_and_not ... ok
[INFO] [stdout] test parser::tests::every_prefix_of_a_complex_document_parses ... ok
[INFO] [stdout] test parser::tests::deep_nesting_is_capped_on_a_small_stack ... ok
[INFO] [stdout] 
[INFO] [stdout] test result: ok. 50 passed; 0 failed; 0 ignored; 0 measured; 0 filtered out; finished in 0.34s
[INFO] [stdout] 
[INFO] [stderr]      Running tests/corpus.rs (/opt/rustwide/target/release/deps/corpus-bcc9739b805438e0)
[INFO] [stdout] 
[INFO] [stdout] running 2 tests
[INFO] [stdout] test corpus_parses_losslessly ... FAILED
[INFO] [stdout] test corpus_prefixes_never_panic ... FAILED
[INFO] [stdout] 
[INFO] [stdout] failures:
[INFO] [stdout] 
[INFO] [stdout] ---- corpus_parses_losslessly stdout ----
[INFO] [stdout] 
[INFO] [stdout] thread 'corpus_parses_losslessly' (364) panicked at tests/corpus.rs:27:29:
[INFO] [stdout] cannot read /opt/tests/corpus/examples: No such file or directory (os error 2)
[INFO] [stdout] stack backtrace:
[INFO] [stdout]    0:     0x5d24be999d41 - <<std[70759c8f55707aa4]::sys::backtrace::BacktraceLock>::print::DisplayBacktrace as core[df12db4294e9bfd3]::fmt::Display>::fmt
[INFO] [stdout]    1:     0x5d24be9aee9a - core[df12db4294e9bfd3]::fmt::write
[INFO] [stdout]    2:     0x5d24be99e4cc - <alloc[2182bb758b4b3781]::vec::Vec<u8> as core[df12db4294e9bfd3]::io::write::Write>::write_fmt
[INFO] [stdout]    3:     0x5d24be975536 - std[70759c8f55707aa4]::panicking::default_hook::{closure#0}
[INFO] [stdout]    4:     0x5d24be991e89 - std[70759c8f55707aa4]::panicking::default_hook
[INFO] [stdout]    5:     0x5d24be917340 - test[9d35eded1c95d3be]::test_main_inner::<test[9d35eded1c95d3be]::test_main_static::{closure#0}>::{closure#0}
[INFO] [stdout]    6:     0x5d24be992042 - std[70759c8f55707aa4]::panicking::panic_with_hook
[INFO] [stdout]    7:     0x5d24be9755e2 - std[70759c8f55707aa4]::panicking::panic_handler::{closure#0}
[INFO] [stdout]    8:     0x5d24be96e139 - std[70759c8f55707aa4]::sys::backtrace::__rust_end_short_backtrace::<std[70759c8f55707aa4]::panicking::panic_handler::{closure#0}, !>
[INFO] [stdout]    9:     0x5d24be9761dd - __rustc[8fa7c3cbc660c2b3]::rust_begin_unwind
[INFO] [stdout]   10:     0x5d24be9af5cc - core[df12db4294e9bfd3]::panicking::panic_fmt
[INFO] [stdout]   11:     0x5d24be905149 - corpus[b9cd35bf6301cc6f]::collect::{closure#0}
[INFO] [stdout]   12:     0x5d24be905770 - corpus[b9cd35bf6301cc6f]::collect
[INFO] [stdout]   13:     0x5d24be90525d - corpus[b9cd35bf6301cc6f]::corpus_files
[INFO] [stdout]   14:     0x5d24be905f56 - <corpus[b9cd35bf6301cc6f]::corpus_parses_losslessly::{closure#0} as core[df12db4294e9bfd3]::ops::function::FnOnce<()>>::call_once
[INFO] [stdout]   15:     0x5d24be90a62b - test[9d35eded1c95d3be]::__rust_begin_short_backtrace::<core[df12db4294e9bfd3]::result::Result<(), alloc[2182bb758b4b3781]::string::String>, fn() -> core[df12db4294e9bfd3]::result::Result<(), alloc[2182bb758b4b3781]::string::String>>
[INFO] [stdout]   16:     0x5d24be917c95 - test[9d35eded1c95d3be]::run_test::{closure#0}
[INFO] [stdout]   17:     0x5d24be911554 - std[70759c8f55707aa4]::sys::backtrace::__rust_begin_short_backtrace::<test[9d35eded1c95d3be]::run_test::{closure#1}, ()>
[INFO] [stdout]   18:     0x5d24be91adf2 - <std[70759c8f55707aa4]::thread::lifecycle::spawn_unchecked<test[9d35eded1c95d3be]::run_test::{closure#1}, ()>::{closure#1} as core[df12db4294e9bfd3]::ops::function::FnOnce<()>>::call_once::{shim:vtable#0}
[INFO] [stdout]   19:     0x5d24be9992a9 - <std[70759c8f55707aa4]::sys::thread::unix::Thread>::new::thread_start
[INFO] [stdout]   20:     0x798eff58adfa - <unknown>
[INFO] [stdout]   21:     0x798eff61e3d4 - clone
[INFO] [stdout]   22:                0x0 - <unknown>
[INFO] [stdout] 
[INFO] [stdout] ---- corpus_prefixes_never_panic stdout ----
[INFO] [stdout] 
[INFO] [stdout] thread 'corpus_prefixes_never_panic' (365) panicked at tests/corpus.rs:27:29:
[INFO] [stdout] cannot read /opt/tests/corpus/examples: No such file or directory (os error 2)
[INFO] [stdout] stack backtrace:
[INFO] [stdout]    0:     0x5d24be999d41 - <<std[70759c8f55707aa4]::sys::backtrace::BacktraceLock>::print::DisplayBacktrace as core[df12db4294e9bfd3]::fmt::Display>::fmt
[INFO] [stdout]    1:     0x5d24be9aee9a - core[df12db4294e9bfd3]::fmt::write
[INFO] [stdout]    2:     0x5d24be99e4cc - <alloc[2182bb758b4b3781]::vec::Vec<u8> as core[df12db4294e9bfd3]::io::write::Write>::write_fmt
[INFO] [stdout]    3:     0x5d24be975536 - std[70759c8f55707aa4]::panicking::default_hook::{closure#0}
[INFO] [stdout]    4:     0x5d24be991e89 - std[70759c8f55707aa4]::panicking::default_hook
[INFO] [stdout]    5:     0x5d24be917340 - test[9d35eded1c95d3be]::test_main_inner::<test[9d35eded1c95d3be]::test_main_static::{closure#0}>::{closure#0}
[INFO] [stdout]    6:     0x5d24be992042 - std[70759c8f55707aa4]::panicking::panic_with_hook
[INFO] [stdout]    7:     0x5d24be9755e2 - std[70759c8f55707aa4]::panicking::panic_handler::{closure#0}
[INFO] [stdout]    8:     0x5d24be96e139 - std[70759c8f55707aa4]::sys::backtrace::__rust_end_short_backtrace::<std[70759c8f55707aa4]::panicking::panic_handler::{closure#0}, !>
[INFO] [stdout]    9:     0x5d24be9761dd - __rustc[8fa7c3cbc660c2b3]::rust_begin_unwind
[INFO] [stdout]   10:     0x5d24be9af5cc - core[df12db4294e9bfd3]::panicking::panic_fmt
[INFO] [stdout]   11:     0x5d24be905149 - corpus[b9cd35bf6301cc6f]::collect::{closure#0}
[INFO] [stdout]   12:     0x5d24be905770 - corpus[b9cd35bf6301cc6f]::collect
[INFO] [stdout]   13:     0x5d24be90525d - corpus[b9cd35bf6301cc6f]::corpus_files
[INFO] [stdout]   14:     0x5d24be907083 - <corpus[b9cd35bf6301cc6f]::corpus_prefixes_never_panic::{closure#0} as core[df12db4294e9bfd3]::ops::function::FnOnce<()>>::call_once
[INFO] [stdout]   15:     0x5d24be90a62b - test[9d35eded1c95d3be]::__rust_begin_short_backtrace::<core[df12db4294e9bfd3]::result::Result<(), alloc[2182bb758b4b3781]::string::String>, fn() -> core[df12db4294e9bfd3]::result::Result<(), alloc[2182bb758b4b3781]::string::String>>
[INFO] [stdout]   16:     0x5d24be917c95 - test[9d35eded1c95d3be]::run_test::{closure#0}
[INFO] [stdout]   17:     0x5d24be911554 - std[70759c8f55707aa4]::sys::backtrace::__rust_begin_short_backtrace::<test[9d35eded1c95d3be]::run_test::{closure#1}, ()>
[INFO] [stdout]   18:     0x5d24be91adf2 - <std[70759c8f55707aa4]::thread::lifecycle::spawn_unchecked<test[9d35eded1c95d3be]::run_test::{closure#1}, ()>::{closure#1} as core[df12db4294e9bfd3]::ops::function::FnOnce<()>>::call_once::{shim:vtable#0}
[INFO] [stdout]   19:     0x5d24be9992a9 - <std[70759c8f55707aa4]::sys::thread::unix::Thread>::new::thread_start
[INFO] [stdout]   20:     0x798eff58adfa - <unknown>
[INFO] [stdout]   21:     0x798eff61e3d4 - clone
[INFO] [stdout]   22:                0x0 - <unknown>
[INFO] [stdout] 
[INFO] [stdout] 
[INFO] [stdout] failures:
[INFO] [stdout]     corpus_parses_losslessly
[INFO] [stdout]     corpus_prefixes_never_panic
[INFO] [stdout] 
[INFO] [stdout] test result: FAILED. 0 passed; 2 failed; 0 ignored; 0 measured; 0 filtered out; finished in 0.00s
[INFO] [stdout] 
[INFO] [stderr] error: test failed, to rerun pass `--test corpus`
[INFO] running `Command { std: "docker" "inspect" "d60504fad2b117c11237c4fce0774c506fafe76a6a028ccbf71ad623cd037bb4", kill_on_drop: false }`
[INFO] running `Command { std: "docker" "rm" "-f" "d60504fad2b117c11237c4fce0774c506fafe76a6a028ccbf71ad623cd037bb4", kill_on_drop: false }`
[INFO] [stdout] d60504fad2b117c11237c4fce0774c506fafe76a6a028ccbf71ad623cd037bb4
