[INFO] fetching crate likec4-lint 0.3.0...
[INFO] testing likec4-lint-0.3.0 against 1.99.0-beta.8+cargoflags=--release for beta-release-1.100-2
[INFO] extracting crate likec4-lint 0.3.0 into /workspace/builds/worker-1-tc1/source
[INFO] started tweaking crates.io crate likec4-lint 0.3.0
[INFO] removed 0 missing tests
[INFO] finished tweaking crates.io crate likec4-lint 0.3.0
[INFO] tweaked toml for crates.io crate likec4-lint 0.3.0 written to /workspace/builds/worker-1-tc1/source/Cargo.toml
[INFO] validating manifest of crates.io crate likec4-lint 0.3.0 on toolchain 1.99.0-beta.8
[INFO] running `Command { std: CARGO_HOME="/workspace/cargo-home" RUSTUP_HOME="/workspace/rustup-home" "/workspace/cargo-home/bin/cargo" "+1.99.0-beta.8" "metadata" "--manifest-path" "Cargo.toml" "--no-deps", kill_on_drop: false }`
[INFO] crate crates.io crate likec4-lint 0.3.0 already has a lockfile, it will not be regenerated
[INFO] running `Command { std: CARGO_HOME="/workspace/cargo-home" RUSTUP_HOME="/workspace/rustup-home" "/workspace/cargo-home/bin/cargo" "+1.99.0-beta.8" "fetch" "--manifest-path" "Cargo.toml", kill_on_drop: false }`
[INFO] [stderr]     Updating crates.io index
[INFO] [stderr]  Downloading crates ...
[INFO] [stderr]   Downloaded toml_writer v1.1.2+spec-1.1.0
[INFO] [stderr]   Downloaded likec4-syntax v0.3.0
[INFO] [stderr]   Downloaded text-size v1.1.1
[INFO] [stderr]   Downloaded countme v3.0.1
[INFO] [stderr]   Downloaded likec4-fmt v0.3.0
[INFO] [stderr]   Downloaded globset v0.4.20
[INFO] [stderr]   Downloaded toml v1.1.5+spec-1.1.0
[INFO] [stderr]   Downloaded rowan v0.17.0
[INFO] [stderr]   Downloaded similar v3.2.0
[INFO] [stderr]   Downloaded annotate-snippets v0.12.16
[INFO] [stderr]   Downloaded ignore v0.4.33
[INFO] [stderr]   Downloaded likec4-rules v0.3.0
[INFO] [stderr]   Downloaded regex v1.13.0
[INFO] running `Command { std: "docker" "create" "-v" "/var/lib/crater-agent-workspace/builds/worker-1-tc1/source:/opt/rustwide/workdir:ro,Z" "-v" "/var/lib/crater-agent-workspace/builds/worker-1-tc1/target:/opt/rustwide/target:rw,Z" "-v" "/var/lib/crater-agent-workspace/cargo-home:/opt/rustwide/cargo-home:ro,Z" "-v" "/var/lib/crater-agent-workspace/rustup-home:/opt/rustwide/rustup-home:ro,Z" "-m" "1610612736" "--network" "none" "ghcr.io/rust-lang/crates-build-env/linux@sha256:77db811e55d90add9212f6832c23229e3de5f1c1f9905e8cb07319ea15df73ac" "sleep" "infinity", kill_on_drop: false }`
[INFO] [stdout] d169934a292e04df3161fdb9c785b4ef94c4302dad7d60f69ef14335f35c5581
[INFO] running `Command { std: "docker" "start" "d169934a292e04df3161fdb9c785b4ef94c4302dad7d60f69ef14335f35c5581", kill_on_drop: false }`
[INFO] running `Command { std: "docker" "inspect" "d169934a292e04df3161fdb9c785b4ef94c4302dad7d60f69ef14335f35c5581", kill_on_drop: false }`
[INFO] running `Command { std: "docker" "exec" "-e" "SOURCE_DIR=/opt/rustwide/workdir" "-e" "CARGO_HOME=/opt/rustwide/cargo-home" "-e" "RUSTUP_HOME=/opt/rustwide/rustup-home" "-e" "CARGO_TARGET_DIR=/opt/rustwide/target" "-w" "/opt/rustwide/workdir" "--user" "0:0" "d169934a292e04df3161fdb9c785b4ef94c4302dad7d60f69ef14335f35c5581" "/opt/rustwide/cargo-home/bin/cargo" "+1.99.0-beta.8" "metadata" "--no-deps" "--format-version=1", kill_on_drop: false }`
[INFO] running `Command { std: "docker" "inspect" "d169934a292e04df3161fdb9c785b4ef94c4302dad7d60f69ef14335f35c5581", kill_on_drop: false }`
[INFO] running `Command { std: "docker" "exec" "-e" "SOURCE_DIR=/opt/rustwide/workdir" "-e" "CARGO_HOME=/opt/rustwide/cargo-home" "-e" "RUSTUP_HOME=/opt/rustwide/rustup-home" "-e" "CARGO_TARGET_DIR=/opt/rustwide/target" "-e" "CARGO_INCREMENTAL=0" "-e" "RUST_BACKTRACE=full" "-e" "RUSTFLAGS=--cap-lints=warn" "-e" "RUSTDOCFLAGS=--cap-lints=warn" "-w" "/opt/rustwide/workdir" "--user" "0:0" "d169934a292e04df3161fdb9c785b4ef94c4302dad7d60f69ef14335f35c5581" "/opt/rustwide/cargo-home/bin/cargo" "+1.99.0-beta.8" "build" "--frozen" "--message-format=json" "--release", kill_on_drop: false }`
[INFO] [stderr]    Compiling memoffset v0.9.1
[INFO] [stderr]    Compiling aho-corasick v1.1.5
[INFO] [stderr]    Compiling text-size v1.1.1
[INFO] [stderr]    Compiling syn v3.0.5
[INFO] [stderr]    Compiling anstyle v1.0.14
[INFO] [stderr]    Compiling rustc-hash v1.1.0
[INFO] [stderr]    Compiling hashbrown v0.14.5
[INFO] [stderr]    Compiling countme v3.0.1
[INFO] [stderr]    Compiling anstyle-parse v1.0.0
[INFO] [stderr]    Compiling is_terminal_polyfill v1.70.2
[INFO] [stderr]    Compiling colorchoice v1.0.5
[INFO] [stderr]    Compiling anstyle-query v1.1.5
[INFO] [stderr]    Compiling bstr v1.13.1
[INFO] [stderr]    Compiling log v0.4.34
[INFO] [stderr]    Compiling either v1.18.0
[INFO] [stderr]    Compiling anstream v1.0.0
[INFO] [stderr]    Compiling clap_lex v1.1.0
[INFO] [stderr]    Compiling winnow v1.0.4
[INFO] [stderr]    Compiling serde_json v1.0.151
[INFO] [stderr]    Compiling rayon v1.12.0
[INFO] [stderr]    Compiling rowan v0.17.0
[INFO] [stderr]    Compiling clap_builder v4.6.6
[INFO] [stderr]    Compiling toml_parser v1.1.3+spec-1.1.0
[INFO] [stderr]    Compiling serde_spanned v1.1.1
[INFO] [stderr]    Compiling toml_datetime v1.1.1+spec-1.1.0
[INFO] [stderr]    Compiling unicode-width v0.2.2
[INFO] [stderr]    Compiling toml_writer v1.1.2+spec-1.1.0
[INFO] [stderr]    Compiling regex-automata v0.4.18
[INFO] [stderr]    Compiling likec4-syntax v0.3.0
[INFO] [stderr]    Compiling likec4-fmt v0.3.0
[INFO] [stderr]    Compiling toml v1.1.5+spec-1.1.0
[INFO] [stderr]    Compiling serde_derive v1.0.229
[INFO] [stderr]    Compiling regex v1.13.0
[INFO] [stderr]    Compiling globset v0.4.20
[INFO] [stderr]    Compiling clap_derive v4.6.4
[INFO] [stderr]    Compiling ignore v0.4.33
[INFO] [stderr]    Compiling annotate-snippets v0.12.16
[INFO] [stderr]    Compiling clap v4.6.6
[INFO] [stderr]    Compiling similar v3.2.0
[INFO] [stderr]    Compiling serde v1.0.229
[INFO] [stderr]    Compiling likec4-rules v0.3.0
[INFO] [stderr]    Compiling likec4-lint v0.3.0 (/opt/rustwide/workdir)
[INFO] [stderr]     Finished `release` profile [optimized] target(s) in 2m 21s
[INFO] running `Command { std: "docker" "inspect" "d169934a292e04df3161fdb9c785b4ef94c4302dad7d60f69ef14335f35c5581", kill_on_drop: false }`
[INFO] running `Command { std: "docker" "exec" "-e" "SOURCE_DIR=/opt/rustwide/workdir" "-e" "CARGO_HOME=/opt/rustwide/cargo-home" "-e" "RUSTUP_HOME=/opt/rustwide/rustup-home" "-e" "CARGO_TARGET_DIR=/opt/rustwide/target" "-e" "CARGO_INCREMENTAL=0" "-e" "RUST_BACKTRACE=full" "-e" "RUSTFLAGS=--cap-lints=warn" "-e" "RUSTDOCFLAGS=--cap-lints=warn" "-w" "/opt/rustwide/workdir" "--user" "0:0" "d169934a292e04df3161fdb9c785b4ef94c4302dad7d60f69ef14335f35c5581" "/opt/rustwide/cargo-home/bin/cargo" "+1.99.0-beta.8" "test" "--frozen" "--no-run" "--message-format=json" "--release", kill_on_drop: false }`
[INFO] [stderr]    Compiling getrandom v0.4.3
[INFO] [stderr]    Compiling rustix v1.1.4
[INFO] [stderr]    Compiling once_cell v1.21.4
[INFO] [stderr]    Compiling tempfile v3.27.0
[INFO] [stderr]    Compiling likec4-lint v0.3.0 (/opt/rustwide/workdir)
[INFO] [stderr]     Finished `release` profile [optimized] target(s) in 18.26s
[INFO] running `Command { std: "docker" "inspect" "d169934a292e04df3161fdb9c785b4ef94c4302dad7d60f69ef14335f35c5581", kill_on_drop: false }`
[INFO] running `Command { std: "docker" "exec" "-e" "SOURCE_DIR=/opt/rustwide/workdir" "-e" "CARGO_HOME=/opt/rustwide/cargo-home" "-e" "RUSTUP_HOME=/opt/rustwide/rustup-home" "-e" "CARGO_TARGET_DIR=/opt/rustwide/target" "-e" "CARGO_INCREMENTAL=0" "-e" "RUST_BACKTRACE=full" "-e" "RUSTFLAGS=--cap-lints=warn" "-e" "RUSTDOCFLAGS=--cap-lints=warn" "-w" "/opt/rustwide/workdir" "--user" "0:0" "d169934a292e04df3161fdb9c785b4ef94c4302dad7d60f69ef14335f35c5581" "/opt/rustwide/cargo-home/bin/cargo" "+1.99.0-beta.8" "test" "--frozen" "--release", kill_on_drop: false }`
[INFO] [stderr]     Finished `release` profile [optimized] target(s) in 0.12s
[INFO] [stderr]      Running unittests src/main.rs (/opt/rustwide/target/release/deps/likec4_lint-35f4c9c4d19967b6)
[INFO] [stdout] 
[INFO] [stdout] running 38 tests
[INFO] [stdout] test baseline::tests::content_hash_formats_as_16_lowercase_hex_digits ... ok
[INFO] [stdout] test baseline::tests::apply_entries_leaves_formatter_and_io_diagnostics_alone ... ok
[INFO] [stdout] test baseline::tests::fnv1a64_matches_known_test_vectors ... ok
[INFO] [stdout] test baseline::tests::apply_entries_consumes_one_entry_per_matching_diagnostic ... ok
[INFO] [stdout] test baseline::tests::content_hash_depends_on_the_lines_content_not_its_position ... ok
[INFO] [stdout] test baseline::tests::content_hash_ignores_surrounding_whitespace ... ok
[INFO] [stdout] test baseline::tests::line_at_finds_the_line_around_an_offset_without_its_newline ... ok
[INFO] [stdout] test baseline::tests::read_rejects_an_unsupported_version ... ok
[INFO] [stdout] test baseline::tests::relative_slash_normalizes_backslashes_and_strips_the_base ... ok
[INFO] [stdout] test baseline::tests::resolve_path_prefers_the_cli_flag_over_the_config_value ... ok
[INFO] [stdout] test baseline::tests::read_rejects_invalid_json ... ok
[INFO] [stdout] test baseline::tests::build_entries_are_sorted_by_file_rule_message_hash_line ... ok
[INFO] [stdout] test baseline::tests::write_then_apply_round_trips_through_a_real_file ... ok
[INFO] [stdout] test baseline::tests::apply_entries_counts_unmatched_entries_as_stale ... ok
[INFO] [stdout] test baseline::tests::read_reports_a_readable_error_for_a_missing_file ... ok
[INFO] [stdout] test commands::fix::tests::a_blocked_file_is_planned_for_no_longer ... ok
[INFO] [stdout] test commands::format::tests::classify_maps_every_formatter_result ... ok
[INFO] [stdout] test commands::format::tests::indent_width_must_be_in_range ... ok
[INFO] [stdout] test commands::format::tests::unstable_output_becomes_a_format_error_diagnostic_at_the_start_of_the_file ... ok
[INFO] [stdout] test commands::format::tests::use_tabs_comes_from_the_config_unless_the_flag_forces_it ... ok
[INFO] [stdout] test commands::fix::tests::a_diagnostic_without_a_fix_makes_no_plan ... ok
[INFO] [stdout] test commands::fix::tests::the_fix_error_names_the_file_and_is_an_error ... ok
[INFO] [stdout] test commands::fix::tests::an_overlapping_fix_is_not_counted_as_applied ... ok
[INFO] [stdout] test commands::fix::tests::plans_group_by_file_and_count_the_diagnostics_they_fix ... ok
[INFO] [stdout] test config::tests::baseline_is_read_from_the_lint_section ... ok
[INFO] [stdout] test config::tests::unknown_keys_are_rejected_with_the_key_name ... ok
[INFO] [stdout] test baseline::tests::build_entries_skips_fileless_and_formatter_io_diagnostics ... ok
[INFO] [stdout] test commands::format::tests::write_atomically_writes_through_a_symlink_and_keeps_permissions ... ok
[INFO] [stdout] test commands::format::tests::write_atomically_replaces_the_contents_and_leaves_no_temporary_file ... ok
[INFO] [stdout] test report::tests::excerpt_keeps_two_lines_of_context_and_rebases_the_span ... ok
[INFO] [stdout] test report::tests::github_path_normalizes_backslashes_to_forward_slashes ... ok
[INFO] [stdout] test config::tests::use_tabs_is_read_from_the_format_section ... ok
[INFO] [stdout] test report::tests::excerpt_windows_over_long_lines ... ok
[INFO] [stdout] test report::tests::control_characters_in_paths_are_escaped ... ok
[INFO] [stdout] test report::tests::github_escapes_percent_cr_lf_in_the_message_and_colon_comma_in_properties ... ok
[INFO] [stdout] test report::tests::github_renders_a_fileless_diagnostic_without_location_properties ... ok
[INFO] [stdout] test report::tests::line_index_locates_offsets_with_char_columns ... ok
[INFO] [stdout] test report::tests::relative_path_is_stripped_of_the_working_directory_only ... ok
[INFO] [stdout] 
[INFO] [stdout] test result: ok. 38 passed; 0 failed; 0 ignored; 0 measured; 0 filtered out; finished in 0.01s
[INFO] [stdout] 
[INFO] [stderr]      Running tests/cli.rs (/opt/rustwide/target/release/deps/cli-64a937bb034987a6)
[INFO] [stdout] 
[INFO] [stdout] running 70 tests
[INFO] [stdout] test a_suppressed_diagnostic_is_not_fixed ... ok
[INFO] [stdout] test baseline_and_write_baseline_are_mutually_exclusive ... ok
[INFO] [stdout] test a_symlink_and_its_target_are_linted_once ... ok
[INFO] [stdout] test an_excluded_file_is_not_fixed ... ok
[INFO] [stdout] test a_file_with_syntax_errors_is_left_alone ... ok
[INFO] [stdout] test baseline_matching_does_not_depend_on_the_diagnostics_line_number ... ok
[INFO] [stdout] test baseline_suppresses_the_recorded_diagnostic_and_reports_it_in_the_summary ... ok
[INFO] [stdout] test check_json_reports_needs_formatting_diagnostics ... ok
[INFO] [stdout] test baseline_counts_a_fixed_diagnostic_as_stale ... ok
[INFO] [stdout] test a_directory_argument_delimits_its_own_context_unless_a_config_file_sits_above_it ... ok
[INFO] [stdout] test baseline_reports_only_new_diagnostics_and_still_fails_the_run ... ok
[INFO] [stdout] test check_format_github_reports_needs_formatting_without_status_lines ... ok
[INFO] [stdout] test diff_without_fix_is_a_usage_error ... ok
[INFO] [stdout] test config_diagnostics_point_at_the_config_file_without_a_snippet ... ok
[INFO] [stdout] test baseline_path_can_come_from_the_config_file ... ok
[INFO] [stdout] test config_search_stops_at_a_git_repository_root ... ok
[INFO] [stdout] test diagnostics_on_very_long_lines_show_a_window_around_the_range ... ok
[INFO] [stdout] test excluded_files_are_loaded_as_context_but_not_reported ... ok
[INFO] [stdout] test control_characters_in_file_names_are_escaped_in_pretty_output ... ok
[INFO] [stdout] test check_baseline_never_suppresses_needs_formatting_diagnostics ... ok
[INFO] [stdout] test disable_next_line_comment_suppresses_a_single_warning ... ok
[INFO] [stdout] test format_check_and_write_are_mutually_exclusive ... ok
[INFO] [stdout] test format_stdin_check_diff_names_the_stdin_filepath ... ok
[INFO] [stdout] test format_stdin_check_exits_0_for_formatted_input ... ok
[INFO] [stdout] test format_multiple_files_without_write_or_check_exits_with_code_2 ... FAILED
[INFO] [stdout] test format_check_skips_excluded_files_entirely ... ok
[INFO] [stdout] test format_write_refuses_a_read_only_file ... ok
[INFO] [stdout] test format_stdin_check_exits_1_for_unformatted_input_and_keeps_stdout_empty ... ok
[INFO] [stdout] test format_check_json_reports_needs_formatting_diagnostics ... ok
[INFO] [stdout] test format_write_rewrites_the_target_of_a_symlink_and_keeps_the_link ... ok
[INFO] [stdout] test format_stdin_rejects_write_and_paths ... FAILED
[INFO] [stdout] test format_without_write_or_check_reports_when_no_documents_match ... ok
[INFO] [stdout] test format_write_continues_past_a_file_it_cannot_replace ... FAILED
[INFO] [stdout] test help_shows_top_level_description ... ok
[INFO] [stdout] test github_quiet_suppresses_the_summary_line_but_not_diagnostics ... ok
[INFO] [stdout] test format_check_json_is_printed_even_when_everything_is_formatted ... ok
[INFO] [stdout] test gitignore_is_respected_outside_git_repositories ... ok
[INFO] [stdout] test github_renders_a_config_diagnostic_without_a_file ... ok
[INFO] [stdout] test format_write_never_produces_a_file_that_fails_format_check ... ok
[INFO] [stdout] test indent_width_out_of_range_is_a_usage_error ... ok
[INFO] [stdout] test json_flag_conflicts_with_an_explicit_format ... ok
[INFO] [stdout] test json_report_follows_the_documented_contract ... ok
[INFO] [stdout] test lint_fix_diff_prints_the_diff_and_leaves_the_file_alone ... ok
[INFO] [stdout] test json_reports_fixable_per_diagnostic_and_the_number_fixed ... ok
[INFO] [stdout] test lint_ignores_an_unreadable_directory_met_only_while_collecting_context ... ok
[INFO] [stdout] test lint_reports_an_unreadable_subdirectory_as_io_error_and_keeps_linting_the_rest ... ok
[INFO] [stdout] test lint_format_json_produces_parseable_json ... FAILED
[INFO] [stdout] test lint_file_outside_the_working_directory_uses_its_parent_as_context_origin ... ok
[INFO] [stdout] test lint_rejects_invalid_format_settings_too ... ok
[INFO] [stdout] test lint_single_file_falls_back_to_the_working_directory_as_context_origin ... ok
[INFO] [stdout] test list_rules_marks_the_rules_that_can_be_fixed ... ok
[INFO] [stdout] test list_rules_succeeds ... ok
[INFO] [stdout] test lint_single_file_reports_duplicates_declared_in_project_context ... ok
[INFO] [stdout] test lint_single_file_loads_siblings_from_the_config_directory_as_context ... ok
[INFO] [stdout] test lint_single_file_loads_siblings_from_the_git_root_as_context ... ok
[INFO] [stdout] test lint_fix_rewrites_the_file_and_reports_what_is_left ... ok
[INFO] [stdout] test lint_format_github_matches_json_positions_and_prints_a_summary ... ok
[INFO] [stdout] test stdin_passthrough ... ok
[INFO] [stdout] test init_writes_a_config_file_that_lint_can_load ... ok
[INFO] [stdout] test missing_baseline_file_is_a_configuration_error ... ok
[INFO] [stdout] test nonexistent_path_exits_with_code_2 ... ok
[INFO] [stdout] test unknown_rule_levels_are_rejected_with_a_readable_message ... ok
[INFO] [stdout] test unknown_config_keys_are_rejected ... ok
[INFO] [stdout] test info_diagnostics_are_counted_in_the_summary ... ok
[INFO] [stdout] test the_home_directory_is_never_a_context_origin ... ok
[INFO] [stdout] test quiet_suppresses_status_and_summary_lines_but_not_diagnostics ... ok
[INFO] [stdout] test write_baseline_records_current_diagnostics_and_forces_exit_0 ... ok
[INFO] [stdout] test summary_names_the_config_file_in_use ... ok
[INFO] [stdout] test use_tabs_in_the_config_applies_to_check_and_format ... ok
[INFO] [stdout] test the_fixed_file_is_still_formatted ... ok
[INFO] [stdout] 
[INFO] [stdout] failures:
[INFO] [stdout] 
[INFO] [stdout] ---- format_multiple_files_without_write_or_check_exits_with_code_2 stdout ----
[INFO] [stdout] 
[INFO] [stdout] thread 'format_multiple_files_without_write_or_check_exits_with_code_2' (1419) panicked at tests/cli.rs:68:5:
[INFO] [stdout] unexpected stderr: error: path not found: /opt/rustwide/workdir/../../tests/corpus/examples: No such file or directory (os error 2)
[INFO] [stdout] 
[INFO] [stdout] stack backtrace:
[INFO] [stdout]    0:     0x607a642e8d61 - <<std[70759c8f55707aa4]::sys::backtrace::BacktraceLock>::print::DisplayBacktrace as core[df12db4294e9bfd3]::fmt::Display>::fmt
[INFO] [stdout]    1:     0x607a642fe0da - core[df12db4294e9bfd3]::fmt::write
[INFO] [stdout]    2:     0x607a642ed4cc - <alloc[2182bb758b4b3781]::vec::Vec<u8> as core[df12db4294e9bfd3]::io::write::Write>::write_fmt
[INFO] [stdout]    3:     0x607a642c2a86 - std[70759c8f55707aa4]::panicking::default_hook::{closure#0}
[INFO] [stdout]    4:     0x607a642e00a9 - std[70759c8f55707aa4]::panicking::default_hook
[INFO] [stdout]    5:     0x607a6427a7f0 - test[9d35eded1c95d3be]::test_main_inner::<test[9d35eded1c95d3be]::test_main_static::{closure#0}>::{closure#0}
[INFO] [stdout]    6:     0x607a642e0262 - std[70759c8f55707aa4]::panicking::panic_with_hook
[INFO] [stdout]    7:     0x607a642c2b32 - std[70759c8f55707aa4]::panicking::panic_handler::{closure#0}
[INFO] [stdout]    8:     0x607a642bb509 - std[70759c8f55707aa4]::sys::backtrace::__rust_end_short_backtrace::<std[70759c8f55707aa4]::panicking::panic_handler::{closure#0}, !>
[INFO] [stdout]    9:     0x607a642c38dd - __rustc[8fa7c3cbc660c2b3]::rust_begin_unwind
[INFO] [stdout]   10:     0x607a642fe80c - core[df12db4294e9bfd3]::panicking::panic_fmt
[INFO] [stdout]   11:     0x607a64258b5d - <cli[45b07331d26817c3]::format_multiple_files_without_write_or_check_exits_with_code_2::{closure#0} as core[df12db4294e9bfd3]::ops::function::FnOnce<()>>::call_once
[INFO] [stdout]   12:     0x607a6426dadb - test[9d35eded1c95d3be]::__rust_begin_short_backtrace::<core[df12db4294e9bfd3]::result::Result<(), alloc[2182bb758b4b3781]::string::String>, fn() -> core[df12db4294e9bfd3]::result::Result<(), alloc[2182bb758b4b3781]::string::String>>
[INFO] [stdout]   13:     0x607a6427b145 - test[9d35eded1c95d3be]::run_test::{closure#0}
[INFO] [stdout]   14:     0x607a64274a04 - std[70759c8f55707aa4]::sys::backtrace::__rust_begin_short_backtrace::<test[9d35eded1c95d3be]::run_test::{closure#1}, ()>
[INFO] [stdout]   15:     0x607a6427e2a2 - <std[70759c8f55707aa4]::thread::lifecycle::spawn_unchecked<test[9d35eded1c95d3be]::run_test::{closure#1}, ()>::{closure#1} as core[df12db4294e9bfd3]::ops::function::FnOnce<()>>::call_once::{shim:vtable#0}
[INFO] [stdout]   16:     0x607a642e80d9 - <std[70759c8f55707aa4]::sys::thread::unix::Thread>::new::thread_start
[INFO] [stdout]   17:     0x77413677edfa - <unknown>
[INFO] [stdout]   18:     0x7741368123d4 - clone
[INFO] [stdout]   19:                0x0 - <unknown>
[INFO] [stdout] 
[INFO] [stdout] ---- format_stdin_rejects_write_and_paths stdout ----
[INFO] [stdout] 
[INFO] [stdout] thread 'format_stdin_rejects_write_and_paths' (1459) panicked at tests/cli.rs:213:61:
[INFO] [stdout] called `Result::unwrap()` on an `Err` value: Os { code: 32, kind: BrokenPipe, message: "Broken pipe" }
[INFO] [stdout] stack backtrace:
[INFO] [stdout]    0:     0x607a642e8d61 - <<std[70759c8f55707aa4]::sys::backtrace::BacktraceLock>::print::DisplayBacktrace as core[df12db4294e9bfd3]::fmt::Display>::fmt
[INFO] [stdout]    1:     0x607a642fe0da - core[df12db4294e9bfd3]::fmt::write
[INFO] [stdout]    2:     0x607a642ed4cc - <alloc[2182bb758b4b3781]::vec::Vec<u8> as core[df12db4294e9bfd3]::io::write::Write>::write_fmt
[INFO] [stdout]    3:     0x607a642c2a86 - std[70759c8f55707aa4]::panicking::default_hook::{closure#0}
[INFO] [stdout]    4:     0x607a642e00a9 - std[70759c8f55707aa4]::panicking::default_hook
[INFO] [stdout]    5:     0x607a6427a7f0 - test[9d35eded1c95d3be]::test_main_inner::<test[9d35eded1c95d3be]::test_main_static::{closure#0}>::{closure#0}
[INFO] [stdout]    6:     0x607a642e0262 - std[70759c8f55707aa4]::panicking::panic_with_hook
[INFO] [stdout]    7:     0x607a642c2b32 - std[70759c8f55707aa4]::panicking::panic_handler::{closure#0}
[INFO] [stdout]    8:     0x607a642bb509 - std[70759c8f55707aa4]::sys::backtrace::__rust_end_short_backtrace::<std[70759c8f55707aa4]::panicking::panic_handler::{closure#0}, !>
[INFO] [stdout]    9:     0x607a642c38dd - __rustc[8fa7c3cbc660c2b3]::rust_begin_unwind
[INFO] [stdout]   10:     0x607a642fe80c - core[df12db4294e9bfd3]::panicking::panic_fmt
[INFO] [stdout]   11:     0x607a642fe5e2 - core[df12db4294e9bfd3]::result::unwrap_failed
[INFO] [stdout]   12:     0x607a64240e3a - cli[45b07331d26817c3]::run_with_stdin
[INFO] [stdout]   13:     0x607a642445b4 - <cli[45b07331d26817c3]::format_stdin_rejects_write_and_paths::{closure#0} as core[df12db4294e9bfd3]::ops::function::FnOnce<()>>::call_once
[INFO] [stdout]   14:     0x607a6426dadb - test[9d35eded1c95d3be]::__rust_begin_short_backtrace::<core[df12db4294e9bfd3]::result::Result<(), alloc[2182bb758b4b3781]::string::String>, fn() -> core[df12db4294e9bfd3]::result::Result<(), alloc[2182bb758b4b3781]::string::String>>
[INFO] [stdout]   15:     0x607a6427b145 - test[9d35eded1c95d3be]::run_test::{closure#0}
[INFO] [stdout]   16:     0x607a64274a04 - std[70759c8f55707aa4]::sys::backtrace::__rust_begin_short_backtrace::<test[9d35eded1c95d3be]::run_test::{closure#1}, ()>
[INFO] [stdout]   17:     0x607a6427e2a2 - <std[70759c8f55707aa4]::thread::lifecycle::spawn_unchecked<test[9d35eded1c95d3be]::run_test::{closure#1}, ()>::{closure#1} as core[df12db4294e9bfd3]::ops::function::FnOnce<()>>::call_once::{shim:vtable#0}
[INFO] [stdout]   18:     0x607a642e80d9 - <std[70759c8f55707aa4]::sys::thread::unix::Thread>::new::thread_start
[INFO] [stdout]   19:     0x77413677edfa - <unknown>
[INFO] [stdout]   20:     0x7741368123d4 - clone
[INFO] [stdout]   21:                0x0 - <unknown>
[INFO] [stdout] 
[INFO] [stdout] ---- format_write_continues_past_a_file_it_cannot_replace stdout ----
[INFO] [stdout] 
[INFO] [stdout] thread 'format_write_continues_past_a_file_it_cannot_replace' (1463) panicked at tests/cli.rs:445:5:
[INFO] [stdout] assertion `left == right` failed
[INFO] [stdout]   left: Some(0)
[INFO] [stdout]  right: Some(1)
[INFO] [stdout] stack backtrace:
[INFO] [stdout]    0:     0x607a642e8d61 - <<std[70759c8f55707aa4]::sys::backtrace::BacktraceLock>::print::DisplayBacktrace as core[df12db4294e9bfd3]::fmt::Display>::fmt
[INFO] [stdout]    1:     0x607a642fe0da - core[df12db4294e9bfd3]::fmt::write
[INFO] [stdout]    2:     0x607a642ed4cc - <alloc[2182bb758b4b3781]::vec::Vec<u8> as core[df12db4294e9bfd3]::io::write::Write>::write_fmt
[INFO] [stdout]    3:     0x607a642c2a86 - std[70759c8f55707aa4]::panicking::default_hook::{closure#0}
[INFO] [stdout]    4:     0x607a642e00a9 - std[70759c8f55707aa4]::panicking::default_hook
[INFO] [stdout]    5:     0x607a6427a7f0 - test[9d35eded1c95d3be]::test_main_inner::<test[9d35eded1c95d3be]::test_main_static::{closure#0}>::{closure#0}
[INFO] [stdout]    6:     0x607a642e0262 - std[70759c8f55707aa4]::panicking::panic_with_hook
[INFO] [stdout]    7:     0x607a642c2b32 - std[70759c8f55707aa4]::panicking::panic_handler::{closure#0}
[INFO] [stdout]    8:     0x607a642bb509 - std[70759c8f55707aa4]::sys::backtrace::__rust_end_short_backtrace::<std[70759c8f55707aa4]::panicking::panic_handler::{closure#0}, !>
[INFO] [stdout]    9:     0x607a642c38dd - __rustc[8fa7c3cbc660c2b3]::rust_begin_unwind
[INFO] [stdout]   10:     0x607a642fe80c - core[df12db4294e9bfd3]::panicking::panic_fmt
[INFO] [stdout]   11:     0x607a642fe723 - core[df12db4294e9bfd3]::panicking::assert_failed_inner
[INFO] [stdout]   12:     0x607a6426103c - core[df12db4294e9bfd3]::panicking::assert_failed::<core[df12db4294e9bfd3]::option::Option<i32>, core[df12db4294e9bfd3]::option::Option<i32>>
[INFO] [stdout]   13:     0x607a64250bde - <cli[45b07331d26817c3]::format_write_continues_past_a_file_it_cannot_replace::{closure#0} as core[df12db4294e9bfd3]::ops::function::FnOnce<()>>::call_once
[INFO] [stdout]   14:     0x607a6426dadb - test[9d35eded1c95d3be]::__rust_begin_short_backtrace::<core[df12db4294e9bfd3]::result::Result<(), alloc[2182bb758b4b3781]::string::String>, fn() -> core[df12db4294e9bfd3]::result::Result<(), alloc[2182bb758b4b3781]::string::String>>
[INFO] [stdout]   15:     0x607a6427b145 - test[9d35eded1c95d3be]::run_test::{closure#0}
[INFO] [stdout]   16:     0x607a64274a04 - std[70759c8f55707aa4]::sys::backtrace::__rust_begin_short_backtrace::<test[9d35eded1c95d3be]::run_test::{closure#1}, ()>
[INFO] [stdout]   17:     0x607a6427e2a2 - <std[70759c8f55707aa4]::thread::lifecycle::spawn_unchecked<test[9d35eded1c95d3be]::run_test::{closure#1}, ()>::{closure#1} as core[df12db4294e9bfd3]::ops::function::FnOnce<()>>::call_once::{shim:vtable#0}
[INFO] [stdout]   18:     0x607a642e80d9 - <std[70759c8f55707aa4]::sys::thread::unix::Thread>::new::thread_start
[INFO] [stdout]   19:     0x77413677edfa - <unknown>
[INFO] [stdout]   20:     0x7741368123d4 - clone
[INFO] [stdout]   21:                0x0 - <unknown>
[INFO] [stdout] 
[INFO] [stdout] ---- lint_format_json_produces_parseable_json stdout ----
[INFO] [stdout] 
[INFO] [stdout] thread 'lint_format_json_produces_parseable_json' (1645) panicked at tests/cli.rs:80:9:
[INFO] [stdout] stdout was not valid JSON (EOF while parsing a value at line 1 column 0):
[INFO] [stdout] 
[INFO] [stdout] stack backtrace:
[INFO] [stdout]    0:     0x607a642e8d61 - <<std[70759c8f55707aa4]::sys::backtrace::BacktraceLock>::print::DisplayBacktrace as core[df12db4294e9bfd3]::fmt::Display>::fmt
[INFO] [stdout]    1:     0x607a642fe0da - core[df12db4294e9bfd3]::fmt::write
[INFO] [stdout]    2:     0x607a642ed4cc - <alloc[2182bb758b4b3781]::vec::Vec<u8> as core[df12db4294e9bfd3]::io::write::Write>::write_fmt
[INFO] [stdout]    3:     0x607a642c2a86 - std[70759c8f55707aa4]::panicking::default_hook::{closure#0}
[INFO] [stdout]    4:     0x607a642e00a9 - std[70759c8f55707aa4]::panicking::default_hook
[INFO] [stdout]    5:     0x607a6427a7f0 - test[9d35eded1c95d3be]::test_main_inner::<test[9d35eded1c95d3be]::test_main_static::{closure#0}>::{closure#0}
[INFO] [stdout]    6:     0x607a642e0262 - std[70759c8f55707aa4]::panicking::panic_with_hook
[INFO] [stdout]    7:     0x607a642c2b32 - std[70759c8f55707aa4]::panicking::panic_handler::{closure#0}
[INFO] [stdout]    8:     0x607a642bb509 - std[70759c8f55707aa4]::sys::backtrace::__rust_end_short_backtrace::<std[70759c8f55707aa4]::panicking::panic_handler::{closure#0}, !>
[INFO] [stdout]    9:     0x607a642c38dd - __rustc[8fa7c3cbc660c2b3]::rust_begin_unwind
[INFO] [stdout]   10:     0x607a642fe80c - core[df12db4294e9bfd3]::panicking::panic_fmt
[INFO] [stdout]   11:     0x607a64240ada - cli[45b07331d26817c3]::lint_format_json_produces_parseable_json::{closure#0}
[INFO] [stdout]   12:     0x607a642463cd - <cli[45b07331d26817c3]::lint_format_json_produces_parseable_json::{closure#0} as core[df12db4294e9bfd3]::ops::function::FnOnce<()>>::call_once
[INFO] [stdout]   13:     0x607a6426dadb - test[9d35eded1c95d3be]::__rust_begin_short_backtrace::<core[df12db4294e9bfd3]::result::Result<(), alloc[2182bb758b4b3781]::string::String>, fn() -> core[df12db4294e9bfd3]::result::Result<(), alloc[2182bb758b4b3781]::string::String>>
[INFO] [stdout]   14:     0x607a6427b145 - test[9d35eded1c95d3be]::run_test::{closure#0}
[INFO] [stdout]   15:     0x607a64274a04 - std[70759c8f55707aa4]::sys::backtrace::__rust_begin_short_backtrace::<test[9d35eded1c95d3be]::run_test::{closure#1}, ()>
[INFO] [stdout]   16:     0x607a6427e2a2 - <std[70759c8f55707aa4]::thread::lifecycle::spawn_unchecked<test[9d35eded1c95d3be]::run_test::{closure#1}, ()>::{closure#1} as core[df12db4294e9bfd3]::ops::function::FnOnce<()>>::call_once::{shim:vtable#0}
[INFO] [stdout]   17:     0x607a642e80d9 - <std[70759c8f55707aa4]::sys::thread::unix::Thread>::new::thread_start
[INFO] [stdout]   18:     0x77413677edfa - <unknown>
[INFO] [stdout]   19:     0x7741368123d4 - clone
[INFO] [stdout]   20:                0x0 - <unknown>
[INFO] [stdout] 
[INFO] [stdout] 
[INFO] [stdout] failures:
[INFO] [stdout]     format_multiple_files_without_write_or_check_exits_with_code_2
[INFO] [stdout]     format_stdin_rejects_write_and_paths
[INFO] [stdout]     format_write_continues_past_a_file_it_cannot_replace
[INFO] [stdout]     lint_format_json_produces_parseable_json
[INFO] [stdout] 
[INFO] [stdout] test result: FAILED. 66 passed; 4 failed; 0 ignored; 0 measured; 0 filtered out; finished in 0.19s
[INFO] [stdout] 
[INFO] [stderr] error: test failed, to rerun pass `--test cli`
[INFO] running `Command { std: "docker" "inspect" "d169934a292e04df3161fdb9c785b4ef94c4302dad7d60f69ef14335f35c5581", kill_on_drop: false }`
[INFO] running `Command { std: "docker" "rm" "-f" "d169934a292e04df3161fdb9c785b4ef94c4302dad7d60f69ef14335f35c5581", kill_on_drop: false }`
[INFO] [stdout] d169934a292e04df3161fdb9c785b4ef94c4302dad7d60f69ef14335f35c5581
