[INFO] fetching crate likec4-fmt 0.3.0...
[INFO] testing likec4-fmt-0.3.0 against 1.100.0-beta.1+cargoflags=--release for beta-release-1.100-2
[INFO] extracting crate likec4-fmt 0.3.0 into /workspace/builds/worker-3-tc2/source
[INFO] started tweaking crates.io crate likec4-fmt 0.3.0
[INFO] removed 0 missing tests
[INFO] finished tweaking crates.io crate likec4-fmt 0.3.0
[INFO] tweaked toml for crates.io crate likec4-fmt 0.3.0 written to /workspace/builds/worker-3-tc2/source/Cargo.toml
[INFO] validating manifest of crates.io crate likec4-fmt 0.3.0 on toolchain 1.100.0-beta.1
[INFO] running `Command { std: CARGO_HOME="/workspace/cargo-home" RUSTUP_HOME="/workspace/rustup-home" "/workspace/cargo-home/bin/cargo" "+1.100.0-beta.1" "metadata" "--manifest-path" "Cargo.toml" "--no-deps", kill_on_drop: false }`
[INFO] crate crates.io crate likec4-fmt 0.3.0 already has a lockfile, it will not be regenerated
[INFO] running `Command { std: CARGO_HOME="/workspace/cargo-home" RUSTUP_HOME="/workspace/rustup-home" "/workspace/cargo-home/bin/cargo" "+1.100.0-beta.1" "fetch" "--manifest-path" "Cargo.toml", kill_on_drop: false }`
[INFO] running `Command { std: "docker" "create" "-v" "/var/lib/crater-agent-workspace/builds/worker-3-tc2/source:/opt/rustwide/workdir:ro,Z" "-v" "/var/lib/crater-agent-workspace/builds/worker-3-tc2/target:/opt/rustwide/target:rw,Z" "-v" "/var/lib/crater-agent-workspace/cargo-home:/opt/rustwide/cargo-home:ro,Z" "-v" "/var/lib/crater-agent-workspace/rustup-home:/opt/rustwide/rustup-home:ro,Z" "-m" "1610612736" "--network" "none" "ghcr.io/rust-lang/crates-build-env/linux@sha256:77db811e55d90add9212f6832c23229e3de5f1c1f9905e8cb07319ea15df73ac" "sleep" "infinity", kill_on_drop: false }`
[INFO] [stdout] f2170af76ca967e221d3149a32ff89a2e78a4fae9d423eca7980e09d5e45c4e0
[INFO] running `Command { std: "docker" "start" "f2170af76ca967e221d3149a32ff89a2e78a4fae9d423eca7980e09d5e45c4e0", kill_on_drop: false }`
[INFO] running `Command { std: "docker" "inspect" "f2170af76ca967e221d3149a32ff89a2e78a4fae9d423eca7980e09d5e45c4e0", kill_on_drop: false }`
[INFO] running `Command { std: "docker" "exec" "-e" "SOURCE_DIR=/opt/rustwide/workdir" "-e" "CARGO_HOME=/opt/rustwide/cargo-home" "-e" "RUSTUP_HOME=/opt/rustwide/rustup-home" "-e" "CARGO_TARGET_DIR=/opt/rustwide/target" "-w" "/opt/rustwide/workdir" "--user" "0:0" "f2170af76ca967e221d3149a32ff89a2e78a4fae9d423eca7980e09d5e45c4e0" "/opt/rustwide/cargo-home/bin/cargo" "+1.100.0-beta.1" "metadata" "--no-deps" "--format-version=1", kill_on_drop: false }`
[INFO] running `Command { std: "docker" "inspect" "f2170af76ca967e221d3149a32ff89a2e78a4fae9d423eca7980e09d5e45c4e0", kill_on_drop: false }`
[INFO] running `Command { std: "docker" "exec" "-e" "SOURCE_DIR=/opt/rustwide/workdir" "-e" "CARGO_HOME=/opt/rustwide/cargo-home" "-e" "RUSTUP_HOME=/opt/rustwide/rustup-home" "-e" "CARGO_TARGET_DIR=/opt/rustwide/target" "-e" "CARGO_INCREMENTAL=0" "-e" "RUST_BACKTRACE=full" "-e" "RUSTFLAGS=--cap-lints=warn" "-e" "RUSTDOCFLAGS=--cap-lints=warn" "-w" "/opt/rustwide/workdir" "--user" "0:0" "f2170af76ca967e221d3149a32ff89a2e78a4fae9d423eca7980e09d5e45c4e0" "/opt/rustwide/cargo-home/bin/cargo" "+1.100.0-beta.1" "build" "--frozen" "--message-format=json" "--release", kill_on_drop: false }`
[INFO] [stderr]    Compiling memoffset v0.9.1
[INFO] [stderr]    Compiling hashbrown v0.14.5
[INFO] [stderr]    Compiling countme v3.0.1
[INFO] [stderr]    Compiling rustc-hash v1.1.0
[INFO] [stderr]    Compiling text-size v1.1.1
[INFO] [stderr]    Compiling rowan v0.17.0
[INFO] [stderr]    Compiling likec4-syntax v0.3.0
[INFO] [stderr]    Compiling likec4-fmt v0.3.0 (/opt/rustwide/workdir)
[INFO] [stderr]     Finished `release` profile [optimized] target(s) in 5.58s
[INFO] running `Command { std: "docker" "inspect" "f2170af76ca967e221d3149a32ff89a2e78a4fae9d423eca7980e09d5e45c4e0", kill_on_drop: false }`
[INFO] running `Command { std: "docker" "exec" "-e" "SOURCE_DIR=/opt/rustwide/workdir" "-e" "CARGO_HOME=/opt/rustwide/cargo-home" "-e" "RUSTUP_HOME=/opt/rustwide/rustup-home" "-e" "CARGO_TARGET_DIR=/opt/rustwide/target" "-e" "CARGO_INCREMENTAL=0" "-e" "RUST_BACKTRACE=full" "-e" "RUSTFLAGS=--cap-lints=warn" "-e" "RUSTDOCFLAGS=--cap-lints=warn" "-w" "/opt/rustwide/workdir" "--user" "0:0" "f2170af76ca967e221d3149a32ff89a2e78a4fae9d423eca7980e09d5e45c4e0" "/opt/rustwide/cargo-home/bin/cargo" "+1.100.0-beta.1" "test" "--frozen" "--no-run" "--message-format=json" "--release", kill_on_drop: false }`
[INFO] [stderr]    Compiling similar v3.2.0
[INFO] [stderr]    Compiling likec4-fmt v0.3.0 (/opt/rustwide/workdir)
[INFO] [stderr]     Finished `release` profile [optimized] target(s) in 23.61s
[INFO] running `Command { std: "docker" "inspect" "f2170af76ca967e221d3149a32ff89a2e78a4fae9d423eca7980e09d5e45c4e0", kill_on_drop: false }`
[INFO] running `Command { std: "docker" "exec" "-e" "SOURCE_DIR=/opt/rustwide/workdir" "-e" "CARGO_HOME=/opt/rustwide/cargo-home" "-e" "RUSTUP_HOME=/opt/rustwide/rustup-home" "-e" "CARGO_TARGET_DIR=/opt/rustwide/target" "-e" "CARGO_INCREMENTAL=0" "-e" "RUST_BACKTRACE=full" "-e" "RUSTFLAGS=--cap-lints=warn" "-e" "RUSTDOCFLAGS=--cap-lints=warn" "-w" "/opt/rustwide/workdir" "--user" "0:0" "f2170af76ca967e221d3149a32ff89a2e78a4fae9d423eca7980e09d5e45c4e0" "/opt/rustwide/cargo-home/bin/cargo" "+1.100.0-beta.1" "test" "--frozen" "--release", kill_on_drop: false }`
[INFO] [stderr]     Finished `release` profile [optimized] target(s) in 0.03s
[INFO] [stderr]      Running unittests src/lib.rs (/opt/rustwide/target/release/build/likec4-fmt/1da438bd5db829ae/out/likec4_fmt-1da438bd5db829ae)
[INFO] [stdout] 
[INFO] [stdout] running 9 tests
[INFO] [stdout] test quotes::tests::escapes_unescaped_quotes_only ... ok
[INFO] [stdout] test tests::unstable_display_counts_errors_and_hides_the_output ... ok
[INFO] [stdout] test engine::tests::line_index_treats_cr_crlf_and_lf_as_line_breaks ... ok
[INFO] [stdout] test tests::format_reports_syntax_errors_without_formatting ... ok
[INFO] [stdout] test quotes::tests::markdown_string_starting_with_the_new_quote_is_normalized ... ok
[INFO] [stdout] test engine::tests::comment_reindentation_with_tabs_is_idempotent ... ok
[INFO] [stdout] test quotes::tests::markdown_string_with_inner_quotes_is_normalized ... ok
[INFO] [stdout] test quotes::tests::markdown_string_ending_with_the_new_quote_is_left_alone ... ok
[INFO] [stdout] test tests::format_returns_the_formatted_text_for_valid_input ... ok
[INFO] [stdout] 
[INFO] [stdout] test result: ok. 9 passed; 0 failed; 0 ignored; 0 measured; 0 filtered out; finished in 0.01s
[INFO] [stdout] 
[INFO] [stderr]      Running tests/fixtures.rs (/opt/rustwide/target/release/build/likec4-fmt/e44b4e0c1681bbc6/out/fixtures-e44b4e0c1681bbc6)
[INFO] [stdout] 
[INFO] [stdout] running 5 tests
[INFO] [stdout] test quirk_fixtures_auto_quotes ... FAILED
[INFO] [stdout] test spec_fixtures_single_quotes ... FAILED
[INFO] [stdout] test official_examples_match_official_output ... FAILED
[INFO] [stdout] test all_fixtures_are_idempotent_with_tabs ... FAILED
[INFO] [stdout] test cli_fixtures_auto_quotes ... ok
[INFO] [stdout] 
[INFO] [stdout] failures:
[INFO] [stdout] 
[INFO] [stdout] ---- quirk_fixtures_auto_quotes stdout ----
[INFO] [stdout] 
[INFO] [stdout] thread 'quirk_fixtures_auto_quotes' (407) panicked at tests/fixtures.rs:71:5:
[INFO] [stdout] no fixtures found
[INFO] [stdout] stack backtrace:
[INFO] [stdout]    0:     0x5794d64bd7e1 - <<std[617be2ca0a6fd877]::sys::backtrace::BacktraceLock>::print::DisplayBacktrace as core[a373ad73a504971]::fmt::Display>::fmt
[INFO] [stdout]    1:     0x5794d64d278a - core[a373ad73a504971]::fmt::write
[INFO] [stdout]    2:     0x5794d64c1cec - <alloc[2e1b2a31b91974c5]::vec::Vec<u8> as core[a373ad73a504971]::io::write::Write>::write_fmt
[INFO] [stdout]    3:     0x5794d6498e66 - std[617be2ca0a6fd877]::panicking::default_hook::{closure#0}
[INFO] [stdout]    4:     0x5794d64b5869 - std[617be2ca0a6fd877]::panicking::default_hook
[INFO] [stdout]    5:     0x5794d6425a10 - test[aada8e7e76ba119b]::test_main_inner::{closure#0}
[INFO] [stdout]    6:     0x5794d64b5a22 - std[617be2ca0a6fd877]::panicking::panic_with_hook
[INFO] [stdout]    7:     0x5794d6498f44 - std[617be2ca0a6fd877]::panicking::panic_handler::{closure#0}
[INFO] [stdout]    8:     0x5794d64919f9 - std[617be2ca0a6fd877]::sys::backtrace::__rust_end_short_backtrace::<std[617be2ca0a6fd877]::panicking::panic_handler::{closure#0}, !>
[INFO] [stdout]    9:     0x5794d6499b1d - __rustc[ea4f61d10b84890b]::rust_begin_unwind
[INFO] [stdout]   10:     0x5794d64d2ebc - core[a373ad73a504971]::panicking::panic_fmt
[INFO] [stdout]   11:     0x5794d640ab0f - fixtures[392cf70d36646529]::run
[INFO] [stdout]   12:     0x5794d640c836 - <fixtures[392cf70d36646529]::quirk_fixtures_auto_quotes::{closure#0} as core[a373ad73a504971]::ops::function::FnOnce<()>>::call_once
[INFO] [stdout]   13:     0x5794d6418e5b - test[aada8e7e76ba119b]::__rust_begin_short_backtrace::<core[a373ad73a504971]::result::Result<(), alloc[2e1b2a31b91974c5]::string::String>, fn() -> core[a373ad73a504971]::result::Result<(), alloc[2e1b2a31b91974c5]::string::String>>
[INFO] [stdout]   14:     0x5794d6426035 - test[aada8e7e76ba119b]::run_test::{closure#0}
[INFO] [stdout]   15:     0x5794d641f924 - std[617be2ca0a6fd877]::sys::backtrace::__rust_begin_short_backtrace::<test[aada8e7e76ba119b]::run_test::{closure#1}, ()>
[INFO] [stdout]   16:     0x5794d64290c2 - <std[617be2ca0a6fd877]::thread::lifecycle::spawn_unchecked<test[aada8e7e76ba119b]::run_test::{closure#1}, ()>::{closure#1} as core[a373ad73a504971]::ops::function::FnOnce<()>>::call_once::{shim:vtable#0}
[INFO] [stdout]   17:     0x5794d64bccdf - <std[617be2ca0a6fd877]::sys::thread::unix::Thread>::new::thread_start
[INFO] [stdout]   18:     0x78aa30a06dfa - <unknown>
[INFO] [stdout]   19:     0x78aa30a9a3d4 - clone
[INFO] [stdout]   20:                0x0 - <unknown>
[INFO] [stdout] 
[INFO] [stdout] ---- spec_fixtures_single_quotes stdout ----
[INFO] [stdout] 
[INFO] [stdout] thread 'spec_fixtures_single_quotes' (408) panicked at tests/fixtures.rs:71:5:
[INFO] [stdout] no fixtures found
[INFO] [stdout] stack backtrace:
[INFO] [stdout]    0:     0x5794d64bd7e1 - <<std[617be2ca0a6fd877]::sys::backtrace::BacktraceLock>::print::DisplayBacktrace as core[a373ad73a504971]::fmt::Display>::fmt
[INFO] [stdout]    1:     0x5794d64d278a - core[a373ad73a504971]::fmt::write
[INFO] [stdout]    2:     0x5794d64c1cec - <alloc[2e1b2a31b91974c5]::vec::Vec<u8> as core[a373ad73a504971]::io::write::Write>::write_fmt
[INFO] [stdout]    3:     0x5794d6498e66 - std[617be2ca0a6fd877]::panicking::default_hook::{closure#0}
[INFO] [stdout]    4:     0x5794d64b5869 - std[617be2ca0a6fd877]::panicking::default_hook
[INFO] [stdout]    5:     0x5794d6425a10 - test[aada8e7e76ba119b]::test_main_inner::{closure#0}
[INFO] [stdout]    6:     0x5794d64b5a22 - std[617be2ca0a6fd877]::panicking::panic_with_hook
[INFO] [stdout]    7:     0x5794d6498f44 - std[617be2ca0a6fd877]::panicking::panic_handler::{closure#0}
[INFO] [stdout]    8:     0x5794d64919f9 - std[617be2ca0a6fd877]::sys::backtrace::__rust_end_short_backtrace::<std[617be2ca0a6fd877]::panicking::panic_handler::{closure#0}, !>
[INFO] [stdout]    9:     0x5794d6499b1d - __rustc[ea4f61d10b84890b]::rust_begin_unwind
[INFO] [stdout]   10:     0x5794d64d2ebc - core[a373ad73a504971]::panicking::panic_fmt
[INFO] [stdout]   11:     0x5794d640ab0f - fixtures[392cf70d36646529]::run
[INFO] [stdout]   12:     0x5794d640c9c6 - <fixtures[392cf70d36646529]::spec_fixtures_single_quotes::{closure#0} as core[a373ad73a504971]::ops::function::FnOnce<()>>::call_once
[INFO] [stdout]   13:     0x5794d6418e5b - test[aada8e7e76ba119b]::__rust_begin_short_backtrace::<core[a373ad73a504971]::result::Result<(), alloc[2e1b2a31b91974c5]::string::String>, fn() -> core[a373ad73a504971]::result::Result<(), alloc[2e1b2a31b91974c5]::string::String>>
[INFO] [stdout]   14:     0x5794d6426035 - test[aada8e7e76ba119b]::run_test::{closure#0}
[INFO] [stdout]   15:     0x5794d641f924 - std[617be2ca0a6fd877]::sys::backtrace::__rust_begin_short_backtrace::<test[aada8e7e76ba119b]::run_test::{closure#1}, ()>
[INFO] [stdout]   16:     0x5794d64290c2 - <std[617be2ca0a6fd877]::thread::lifecycle::spawn_unchecked<test[aada8e7e76ba119b]::run_test::{closure#1}, ()>::{closure#1} as core[a373ad73a504971]::ops::function::FnOnce<()>>::call_once::{shim:vtable#0}
[INFO] [stdout]   17:     0x5794d64bccdf - <std[617be2ca0a6fd877]::sys::thread::unix::Thread>::new::thread_start
[INFO] [stdout]   18:     0x78aa30a06dfa - <unknown>
[INFO] [stdout]   19:     0x78aa30a9a3d4 - clone
[INFO] [stdout]   20:                0x0 - <unknown>
[INFO] [stdout] 
[INFO] [stdout] ---- official_examples_match_official_output stdout ----
[INFO] [stdout] 
[INFO] [stdout] thread 'official_examples_match_official_output' (406) panicked at tests/fixtures.rs:132:36:
[INFO] [stdout] called `Result::unwrap()` on an `Err` value: Os { code: 2, kind: NotFound, message: "No such file or directory" }
[INFO] [stdout] stack backtrace:
[INFO] [stdout]    0:     0x5794d64bd7e1 - <<std[617be2ca0a6fd877]::sys::backtrace::BacktraceLock>::print::DisplayBacktrace as core[a373ad73a504971]::fmt::Display>::fmt
[INFO] [stdout]    1:     0x5794d64d278a - core[a373ad73a504971]::fmt::write
[INFO] [stdout]    2:     0x5794d64c1cec - <alloc[2e1b2a31b91974c5]::vec::Vec<u8> as core[a373ad73a504971]::io::write::Write>::write_fmt
[INFO] [stdout]    3:     0x5794d6498e66 - std[617be2ca0a6fd877]::panicking::default_hook::{closure#0}
[INFO] [stdout]    4:     0x5794d64b5869 - std[617be2ca0a6fd877]::panicking::default_hook
[INFO] [stdout]    5:     0x5794d6425a10 - test[aada8e7e76ba119b]::test_main_inner::{closure#0}
[INFO] [stdout]    6:     0x5794d64b5a22 - std[617be2ca0a6fd877]::panicking::panic_with_hook
[INFO] [stdout]    7:     0x5794d6498f12 - std[617be2ca0a6fd877]::panicking::panic_handler::{closure#0}
[INFO] [stdout]    8:     0x5794d64919f9 - std[617be2ca0a6fd877]::sys::backtrace::__rust_end_short_backtrace::<std[617be2ca0a6fd877]::panicking::panic_handler::{closure#0}, !>
[INFO] [stdout]    9:     0x5794d6499b1d - __rustc[ea4f61d10b84890b]::rust_begin_unwind
[INFO] [stdout]   10:     0x5794d64d2ebc - core[a373ad73a504971]::panicking::panic_fmt
[INFO] [stdout]   11:     0x5794d64d2c92 - core[a373ad73a504971]::result::unwrap_failed
[INFO] [stdout]   12:     0x5794d640b1ec - fixtures[392cf70d36646529]::walk
[INFO] [stdout]   13:     0x5794d640a309 - fixtures[392cf70d36646529]::corpus_cases
[INFO] [stdout]   14:     0x5794d640d3ba - <fixtures[392cf70d36646529]::official_examples_match_official_output::{closure#0} as core[a373ad73a504971]::ops::function::FnOnce<()>>::call_once
[INFO] [stdout]   15:     0x5794d6418e5b - test[aada8e7e76ba119b]::__rust_begin_short_backtrace::<core[a373ad73a504971]::result::Result<(), alloc[2e1b2a31b91974c5]::string::String>, fn() -> core[a373ad73a504971]::result::Result<(), alloc[2e1b2a31b91974c5]::string::String>>
[INFO] [stdout]   16:     0x5794d6426035 - test[aada8e7e76ba119b]::run_test::{closure#0}
[INFO] [stdout]   17:     0x5794d641f924 - std[617be2ca0a6fd877]::sys::backtrace::__rust_begin_short_backtrace::<test[aada8e7e76ba119b]::run_test::{closure#1}, ()>
[INFO] [stdout]   18:     0x5794d64290c2 - <std[617be2ca0a6fd877]::thread::lifecycle::spawn_unchecked<test[aada8e7e76ba119b]::run_test::{closure#1}, ()>::{closure#1} as core[a373ad73a504971]::ops::function::FnOnce<()>>::call_once::{shim:vtable#0}
[INFO] [stdout]   19:     0x5794d64bccdf - <std[617be2ca0a6fd877]::sys::thread::unix::Thread>::new::thread_start
[INFO] [stdout]   20:     0x78aa30a06dfa - <unknown>
[INFO] [stdout]   21:     0x78aa30a9a3d4 - clone
[INFO] [stdout]   22:                0x0 - <unknown>
[INFO] [stdout] 
[INFO] [stdout] ---- all_fixtures_are_idempotent_with_tabs stdout ----
[INFO] [stdout] 
[INFO] [stdout] thread 'all_fixtures_are_idempotent_with_tabs' (404) panicked at tests/fixtures.rs:132:36:
[INFO] [stdout] called `Result::unwrap()` on an `Err` value: Os { code: 2, kind: NotFound, message: "No such file or directory" }
[INFO] [stdout] stack backtrace:
[INFO] [stdout]    0:     0x5794d64bd7e1 - <<std[617be2ca0a6fd877]::sys::backtrace::BacktraceLock>::print::DisplayBacktrace as core[a373ad73a504971]::fmt::Display>::fmt
[INFO] [stdout]    1:     0x5794d64d278a - core[a373ad73a504971]::fmt::write
[INFO] [stdout]    2:     0x5794d64c1cec - <alloc[2e1b2a31b91974c5]::vec::Vec<u8> as core[a373ad73a504971]::io::write::Write>::write_fmt
[INFO] [stdout]    3:     0x5794d6498e66 - std[617be2ca0a6fd877]::panicking::default_hook::{closure#0}
[INFO] [stdout]    4:     0x5794d64b5869 - std[617be2ca0a6fd877]::panicking::default_hook
[INFO] [stdout]    5:     0x5794d6425a10 - test[aada8e7e76ba119b]::test_main_inner::{closure#0}
[INFO] [stdout]    6:     0x5794d64b5a22 - std[617be2ca0a6fd877]::panicking::panic_with_hook
[INFO] [stdout]    7:     0x5794d6498f12 - std[617be2ca0a6fd877]::panicking::panic_handler::{closure#0}
[INFO] [stdout]    8:     0x5794d64919f9 - std[617be2ca0a6fd877]::sys::backtrace::__rust_end_short_backtrace::<std[617be2ca0a6fd877]::panicking::panic_handler::{closure#0}, !>
[INFO] [stdout]    9:     0x5794d6499b1d - __rustc[ea4f61d10b84890b]::rust_begin_unwind
[INFO] [stdout]   10:     0x5794d64d2ebc - core[a373ad73a504971]::panicking::panic_fmt
[INFO] [stdout]   11:     0x5794d64d2c92 - core[a373ad73a504971]::result::unwrap_failed
[INFO] [stdout]   12:     0x5794d640b1ec - fixtures[392cf70d36646529]::walk
[INFO] [stdout]   13:     0x5794d640a309 - fixtures[392cf70d36646529]::corpus_cases
[INFO] [stdout]   14:     0x5794d640cd9b - <fixtures[392cf70d36646529]::all_fixtures_are_idempotent_with_tabs::{closure#0} as core[a373ad73a504971]::ops::function::FnOnce<()>>::call_once
[INFO] [stdout]   15:     0x5794d6418e5b - test[aada8e7e76ba119b]::__rust_begin_short_backtrace::<core[a373ad73a504971]::result::Result<(), alloc[2e1b2a31b91974c5]::string::String>, fn() -> core[a373ad73a504971]::result::Result<(), alloc[2e1b2a31b91974c5]::string::String>>
[INFO] [stdout]   16:     0x5794d6426035 - test[aada8e7e76ba119b]::run_test::{closure#0}
[INFO] [stdout]   17:     0x5794d641f924 - std[617be2ca0a6fd877]::sys::backtrace::__rust_begin_short_backtrace::<test[aada8e7e76ba119b]::run_test::{closure#1}, ()>
[INFO] [stdout]   18:     0x5794d64290c2 - <std[617be2ca0a6fd877]::thread::lifecycle::spawn_unchecked<test[aada8e7e76ba119b]::run_test::{closure#1}, ()>::{closure#1} as core[a373ad73a504971]::ops::function::FnOnce<()>>::call_once::{shim:vtable#0}
[INFO] [stdout]   19:     0x5794d64bccdf - <std[617be2ca0a6fd877]::sys::thread::unix::Thread>::new::thread_start
[INFO] [stdout]   20:     0x78aa30a06dfa - <unknown>
[INFO] [stdout]   21:     0x78aa30a9a3d4 - clone
[INFO] [stdout]   22:                0x0 - <unknown>
[INFO] [stdout] 
[INFO] [stdout] 
[INFO] [stdout] failures:
[INFO] [stdout]     all_fixtures_are_idempotent_with_tabs
[INFO] [stdout]     official_examples_match_official_output
[INFO] [stdout]     quirk_fixtures_auto_quotes
[INFO] [stdout]     spec_fixtures_single_quotes
[INFO] [stdout] 
[INFO] [stdout] test result: FAILED. 1 passed; 4 failed; 0 ignored; 0 measured; 0 filtered out; finished in 0.00s
[INFO] [stdout] 
[INFO] [stderr] error: test failed, to rerun pass `--test fixtures`
[INFO] running `Command { std: "docker" "inspect" "f2170af76ca967e221d3149a32ff89a2e78a4fae9d423eca7980e09d5e45c4e0", kill_on_drop: false }`
[INFO] running `Command { std: "docker" "rm" "-f" "f2170af76ca967e221d3149a32ff89a2e78a4fae9d423eca7980e09d5e45c4e0", kill_on_drop: false }`
[INFO] [stdout] f2170af76ca967e221d3149a32ff89a2e78a4fae9d423eca7980e09d5e45c4e0
