[INFO] fetching crate lignin 0.1.0...
[INFO] testing lignin-0.1.0 against 1.100.0-beta.1+cargoflags=--release for beta-release-1.100-2
[INFO] extracting crate lignin 0.1.0 into /workspace/builds/worker-4-tc2/source
[INFO] started tweaking crates.io crate lignin 0.1.0
[INFO] finished tweaking crates.io crate lignin 0.1.0
[INFO] tweaked toml for crates.io crate lignin 0.1.0 written to /workspace/builds/worker-4-tc2/source/Cargo.toml
[INFO] validating manifest of crates.io crate lignin 0.1.0 on toolchain 1.100.0-beta.1
[INFO] running `Command { std: CARGO_HOME="/workspace/cargo-home" RUSTUP_HOME="/workspace/rustup-home" "/workspace/cargo-home/bin/cargo" "+1.100.0-beta.1" "metadata" "--manifest-path" "Cargo.toml" "--no-deps", kill_on_drop: false }`
[INFO] running `Command { std: CARGO_HOME="/workspace/cargo-home" RUSTUP_HOME="/workspace/rustup-home" "/workspace/cargo-home/bin/cargo" "+1.100.0-beta.1" "generate-lockfile" "--manifest-path" "Cargo.toml", kill_on_drop: false }`
[INFO] [stderr]     Updating crates.io index
[INFO] [stderr]      Locking 100 packages to highest compatible versions
[INFO] [stderr]       Adding minicov v0.3.8 (available: v0.3.9)
[INFO] running `Command { std: CARGO_HOME="/workspace/cargo-home" RUSTUP_HOME="/workspace/rustup-home" "/workspace/cargo-home/bin/cargo" "+1.100.0-beta.1" "fetch" "--manifest-path" "Cargo.toml", kill_on_drop: false }`
[INFO] running `Command { std: "docker" "create" "-v" "/var/lib/crater-agent-workspace/builds/worker-4-tc2/source:/opt/rustwide/workdir:ro,Z" "-v" "/var/lib/crater-agent-workspace/builds/worker-4-tc2/target:/opt/rustwide/target:rw,Z" "-v" "/var/lib/crater-agent-workspace/cargo-home:/opt/rustwide/cargo-home:ro,Z" "-v" "/var/lib/crater-agent-workspace/rustup-home:/opt/rustwide/rustup-home:ro,Z" "-m" "1610612736" "--network" "none" "ghcr.io/rust-lang/crates-build-env/linux@sha256:77db811e55d90add9212f6832c23229e3de5f1c1f9905e8cb07319ea15df73ac" "sleep" "infinity", kill_on_drop: false }`
[INFO] [stdout] 36ad80d56f28b37fca95b6436e44efbfffdb595bbdff364eb21243b469617788
[INFO] running `Command { std: "docker" "start" "36ad80d56f28b37fca95b6436e44efbfffdb595bbdff364eb21243b469617788", kill_on_drop: false }`
[INFO] running `Command { std: "docker" "inspect" "36ad80d56f28b37fca95b6436e44efbfffdb595bbdff364eb21243b469617788", kill_on_drop: false }`
[INFO] running `Command { std: "docker" "exec" "-e" "SOURCE_DIR=/opt/rustwide/workdir" "-e" "CARGO_HOME=/opt/rustwide/cargo-home" "-e" "RUSTUP_HOME=/opt/rustwide/rustup-home" "-e" "CARGO_TARGET_DIR=/opt/rustwide/target" "-w" "/opt/rustwide/workdir" "--user" "0:0" "36ad80d56f28b37fca95b6436e44efbfffdb595bbdff364eb21243b469617788" "/opt/rustwide/cargo-home/bin/cargo" "+1.100.0-beta.1" "metadata" "--no-deps" "--format-version=1", kill_on_drop: false }`
[INFO] running `Command { std: "docker" "inspect" "36ad80d56f28b37fca95b6436e44efbfffdb595bbdff364eb21243b469617788", kill_on_drop: false }`
[INFO] running `Command { std: "docker" "exec" "-e" "SOURCE_DIR=/opt/rustwide/workdir" "-e" "CARGO_HOME=/opt/rustwide/cargo-home" "-e" "RUSTUP_HOME=/opt/rustwide/rustup-home" "-e" "CARGO_TARGET_DIR=/opt/rustwide/target" "-e" "CARGO_INCREMENTAL=0" "-e" "RUST_BACKTRACE=full" "-e" "RUSTFLAGS=--cap-lints=warn" "-e" "RUSTDOCFLAGS=--cap-lints=warn" "-w" "/opt/rustwide/workdir" "--user" "0:0" "36ad80d56f28b37fca95b6436e44efbfffdb595bbdff364eb21243b469617788" "/opt/rustwide/cargo-home/bin/cargo" "+1.100.0-beta.1" "build" "--frozen" "--message-format=json" "--release", kill_on_drop: false }`
[INFO] [stderr]    Compiling lignin v0.1.0 (/opt/rustwide/workdir)
[INFO] [stdout] warning: unexpected `cfg` condition value: `callback`
[INFO] [stdout]   --> src/callback_registry.rs:17:32
[INFO] [stdout]    |
[INFO] [stdout] 17 | pub const ENABLED: bool = cfg!(feature = "callback");
[INFO] [stdout]    |                                ^^^^^^^^^^----------
[INFO] [stdout]    |                                          |
[INFO] [stdout]    |                                          help: there is a expected value with a similar name: `"callbacks"`
[INFO] [stdout]    |
[INFO] [stdout]    = note: expected values for `feature` are: `callbacks`, `lazy_static`, `wasm-bindgen`, and `web-sys`
[INFO] [stdout]    = help: consider adding `callback` as a feature in `Cargo.toml`
[INFO] [stdout]    = note: see <https://doc.rust-lang.org/nightly/rustc/check-cfg/cargo-specifics.html> for more information about checking conditional configuration
[INFO] [stdout]    = note: `#[warn(unexpected_cfgs)]` on by default
[INFO] [stdout] 
[INFO] [stdout] 
[INFO] [stdout] warning: field `pinned` is never read
[INFO] [stdout]    --> src/callback_registry.rs:444:2
[INFO] [stdout]     |
[INFO] [stdout] 437 | pub struct CallbackRegistration<R, C>
[INFO] [stdout]     |            -------------------- field in this struct
[INFO] [stdout] ...
[INFO] [stdout] 444 |     pinned: PhantomPinned,
[INFO] [stdout]     |     ^^^^^^
[INFO] [stdout]     |
[INFO] [stdout]     = note: `CallbackRegistration` has a derived impl for the trait `Debug`, but this is intentionally ignored during dead code analysis
[INFO] [stdout]     = note: `#[warn(dead_code)]` (part of `#[warn(unused)]`) on by default
[INFO] [stdout] 
[INFO] [stdout] 
[INFO] [stderr]     Finished `release` profile [optimized] target(s) in 0.44s
[INFO] running `Command { std: "docker" "inspect" "36ad80d56f28b37fca95b6436e44efbfffdb595bbdff364eb21243b469617788", kill_on_drop: false }`
[INFO] running `Command { std: "docker" "exec" "-e" "SOURCE_DIR=/opt/rustwide/workdir" "-e" "CARGO_HOME=/opt/rustwide/cargo-home" "-e" "RUSTUP_HOME=/opt/rustwide/rustup-home" "-e" "CARGO_TARGET_DIR=/opt/rustwide/target" "-e" "CARGO_INCREMENTAL=0" "-e" "RUST_BACKTRACE=full" "-e" "RUSTFLAGS=--cap-lints=warn" "-e" "RUSTDOCFLAGS=--cap-lints=warn" "-w" "/opt/rustwide/workdir" "--user" "0:0" "36ad80d56f28b37fca95b6436e44efbfffdb595bbdff364eb21243b469617788" "/opt/rustwide/cargo-home/bin/cargo" "+1.100.0-beta.1" "test" "--frozen" "--no-run" "--message-format=json" "--release", kill_on_drop: false }`
[INFO] [stderr]    Compiling proc-macro2 v1.0.107
[INFO] [stderr]    Compiling wasm-bindgen-shared v0.2.129
[INFO] [stderr]    Compiling unicode-ident v1.0.27
[INFO] [stderr]    Compiling bumpalo v3.20.3
[INFO] [stderr]    Compiling once_cell v1.21.4
[INFO] [stderr]    Compiling libm v0.2.16
[INFO] [stderr]    Compiling futures-core v0.3.34
[INFO] [stderr]    Compiling wasm-bindgen v0.2.129
[INFO] [stderr]    Compiling num-traits v0.2.19
[INFO] [stderr]    Compiling quote v1.0.47
[INFO] [stderr]    Compiling percent-encoding v2.3.2
[INFO] [stderr]    Compiling serde_json v1.0.154
[INFO] [stderr]    Compiling pulldown-cmark v0.9.6
[INFO] [stderr]    Compiling regex-syntax v0.8.11
[INFO] [stderr]    Compiling unicase v2.10.0
[INFO] [stderr]    Compiling doc-comment v0.3.4
[INFO] [stderr]    Compiling cargo-husky v1.5.0
[INFO] [stderr]    Compiling form_urlencoded v1.2.2
[INFO] [stderr]    Compiling futures-util v0.3.34
[INFO] [stderr]    Compiling wasm-bindgen-test-shared v0.2.129
[INFO] [stderr]    Compiling oorandom v11.1.5
[INFO] [stderr]    Compiling nu-ansi-term v0.50.3
[INFO] [stderr]    Compiling cast v0.3.0
[INFO] [stderr]    Compiling semver v1.0.28
[INFO] [stderr]    Compiling crc32fast v1.5.2
[INFO] [stderr]    Compiling intaglio v1.15.1
[INFO] [stderr]    Compiling git_info v0.1.3
[INFO] [stdout] warning: unexpected `cfg` condition value: `callback`
[INFO] [stdout]   --> src/callback_registry.rs:17:32
[INFO] [stdout]    |
[INFO] [stdout] 17 | pub const ENABLED: bool = cfg!(feature = "callback");
[INFO] [stdout]    |                                ^^^^^^^^^^----------
[INFO] [stdout]    |                                          |
[INFO] [stdout]    |                                          help: there is a expected value with a similar name: `"callbacks"`
[INFO] [stdout]    |
[INFO] [stdout]    = note: expected values for `feature` are: `callbacks`, `lazy_static`, `wasm-bindgen`, and `web-sys`
[INFO] [stdout]    = help: consider adding `callback` as a feature in `Cargo.toml`
[INFO] [stdout]    = note: see <https://doc.rust-lang.org/nightly/rustc/check-cfg/cargo-specifics.html> for more information about checking conditional configuration
[INFO] [stdout]    = note: `#[warn(unexpected_cfgs)]` on by default
[INFO] [stdout] 
[INFO] [stdout] 
[INFO] [stdout] warning: field `pinned` is never read
[INFO] [stdout]    --> src/callback_registry.rs:444:2
[INFO] [stdout]     |
[INFO] [stdout] 437 | pub struct CallbackRegistration<R, C>
[INFO] [stdout]     |            -------------------- field in this struct
[INFO] [stdout] ...
[INFO] [stdout] 444 |     pinned: PhantomPinned,
[INFO] [stdout]     |     ^^^^^^
[INFO] [stdout]     |
[INFO] [stdout]     = note: `CallbackRegistration` has a derived impl for the trait `Debug`, but this is intentionally ignored during dead code analysis
[INFO] [stdout]     = note: `#[warn(dead_code)]` (part of `#[warn(unused)]`) on by default
[INFO] [stdout] 
[INFO] [stdout] 
[INFO] [stderr]    Compiling syn v3.0.9
[INFO] [stderr]    Compiling syn v2.0.119
[INFO] [stderr]    Compiling regex-automata v0.4.18
[INFO] [stderr]    Compiling synstructure v0.14.0
[INFO] [stderr]    Compiling wasm-bindgen-macro-support v0.2.129
[INFO] [stderr]    Compiling zerofrom-derive v0.1.8
[INFO] [stderr]    Compiling yoke-derive v0.8.4
[INFO] [stderr]    Compiling zerovec-derive v0.11.6
[INFO] [stderr]    Compiling displaydoc v0.2.7
[INFO] [stderr]    Compiling serde_derive v1.0.229
[INFO] [stderr]    Compiling async-trait v0.1.92
[INFO] [stderr]    Compiling wasm-bindgen-test-macro v0.3.79
[INFO] [stderr]    Compiling zerofrom v0.1.8
[INFO] [stderr]    Compiling yoke v0.8.3
[INFO] [stderr]    Compiling zerovec v0.11.8
[INFO] [stderr]    Compiling zerotrie v0.2.5
[INFO] [stderr]    Compiling regex v1.13.1
[INFO] [stderr]    Compiling tinystr v0.8.4
[INFO] [stderr]    Compiling potential_utf v0.1.6
[INFO] [stderr]    Compiling icu_collections v2.3.0
[INFO] [stderr]    Compiling icu_locale_core v2.3.0
[INFO] [stderr]    Compiling wasm-bindgen-macro v0.2.129
[INFO] [stderr]    Compiling serde v1.0.229
[INFO] [stderr]    Compiling icu_provider v2.3.1
[INFO] [stderr]    Compiling serde_spanned v0.6.9
[INFO] [stderr]    Compiling toml_datetime v0.6.11
[INFO] [stderr]    Compiling toml_edit v0.19.15
[INFO] [stderr]    Compiling icu_properties v2.3.0
[INFO] [stderr]    Compiling icu_normalizer v2.3.0
[INFO] [stderr]    Compiling js-sys v0.3.106
[INFO] [stderr]    Compiling idna_adapter v1.2.2
[INFO] [stderr]    Compiling idna v1.1.0
[INFO] [stderr]    Compiling url v2.5.8
[INFO] [stderr]    Compiling toml v0.7.8
[INFO] [stderr]    Compiling version-sync v0.9.5
[INFO] [stderr]    Compiling wasm-bindgen-futures v0.4.79
[INFO] [stderr]    Compiling wasm-bindgen-test v0.3.79
[INFO] [stderr]    Compiling lignin v0.1.0 (/opt/rustwide/workdir)
[INFO] [stdout] warning: unexpected `cfg` condition value: `callback`
[INFO] [stdout]   --> src/callback_registry.rs:17:32
[INFO] [stdout]    |
[INFO] [stdout] 17 | pub const ENABLED: bool = cfg!(feature = "callback");
[INFO] [stdout]    |                                ^^^^^^^^^^----------
[INFO] [stdout]    |                                          |
[INFO] [stdout]    |                                          help: there is a expected value with a similar name: `"callbacks"`
[INFO] [stdout]    |
[INFO] [stdout]    = note: expected values for `feature` are: `callbacks`, `lazy_static`, `wasm-bindgen`, and `web-sys`
[INFO] [stdout]    = help: consider adding `callback` as a feature in `Cargo.toml`
[INFO] [stdout]    = note: see <https://doc.rust-lang.org/nightly/rustc/check-cfg/cargo-specifics.html> for more information about checking conditional configuration
[INFO] [stdout]    = note: `#[warn(unexpected_cfgs)]` on by default
[INFO] [stdout] 
[INFO] [stdout] 
[INFO] [stdout] warning: field `pinned` is never read
[INFO] [stdout]    --> src/callback_registry.rs:444:2
[INFO] [stdout]     |
[INFO] [stdout] 437 | pub struct CallbackRegistration<R, C>
[INFO] [stdout]     |            -------------------- field in this struct
[INFO] [stdout] ...
[INFO] [stdout] 444 |     pinned: PhantomPinned,
[INFO] [stdout]     |     ^^^^^^
[INFO] [stdout]     |
[INFO] [stdout]     = note: `CallbackRegistration` has a derived impl for the trait `Debug`, but this is intentionally ignored during dead code analysis
[INFO] [stdout]     = note: `#[warn(dead_code)]` (part of `#[warn(unused)]`) on by default
[INFO] [stdout] 
[INFO] [stdout] 
[INFO] [stderr]     Finished `release` profile [optimized] target(s) in 1m 06s
[INFO] running `Command { std: "docker" "inspect" "36ad80d56f28b37fca95b6436e44efbfffdb595bbdff364eb21243b469617788", kill_on_drop: false }`
[INFO] running `Command { std: "docker" "exec" "-e" "SOURCE_DIR=/opt/rustwide/workdir" "-e" "CARGO_HOME=/opt/rustwide/cargo-home" "-e" "RUSTUP_HOME=/opt/rustwide/rustup-home" "-e" "CARGO_TARGET_DIR=/opt/rustwide/target" "-e" "CARGO_INCREMENTAL=0" "-e" "RUST_BACKTRACE=full" "-e" "RUSTFLAGS=--cap-lints=warn" "-e" "RUSTDOCFLAGS=--cap-lints=warn" "-w" "/opt/rustwide/workdir" "--user" "0:0" "36ad80d56f28b37fca95b6436e44efbfffdb595bbdff364eb21243b469617788" "/opt/rustwide/cargo-home/bin/cargo" "+1.100.0-beta.1" "test" "--frozen" "--release", kill_on_drop: false }`
[INFO] [stderr] warning: unexpected `cfg` condition value: `callback`
[INFO] [stderr]   --> src/callback_registry.rs:17:32
[INFO] [stderr]    |
[INFO] [stderr] 17 | pub const ENABLED: bool = cfg!(feature = "callback");
[INFO] [stderr]    |                                ^^^^^^^^^^----------
[INFO] [stderr]    |                                          |
[INFO] [stderr]    |                                          help: there is a expected value with a similar name: `"callbacks"`
[INFO] [stderr]    |
[INFO] [stderr]    = note: expected values for `feature` are: `callbacks`, `lazy_static`, `wasm-bindgen`, and `web-sys`
[INFO] [stderr]    = help: consider adding `callback` as a feature in `Cargo.toml`
[INFO] [stderr]    = note: see <https://doc.rust-lang.org/nightly/rustc/check-cfg/cargo-specifics.html> for more information about checking conditional configuration
[INFO] [stderr]    = note: `#[warn(unexpected_cfgs)]` on by default
[INFO] [stderr] 
[INFO] [stderr] warning: field `pinned` is never read
[INFO] [stderr]    --> src/callback_registry.rs:444:2
[INFO] [stderr]     |
[INFO] [stderr] 437 | pub struct CallbackRegistration<R, C>
[INFO] [stderr]     |            -------------------- field in this struct
[INFO] [stderr] ...
[INFO] [stderr] 444 |     pinned: PhantomPinned,
[INFO] [stderr]     |     ^^^^^^
[INFO] [stderr]     |
[INFO] [stderr]     = note: `CallbackRegistration` has a derived impl for the trait `Debug`, but this is intentionally ignored during dead code analysis
[INFO] [stderr]     = note: `#[warn(dead_code)]` (part of `#[warn(unused)]`) on by default
[INFO] [stderr] 
[INFO] [stderr] warning: `lignin` (lib) generated 2 warnings
[INFO] [stderr] warning: `lignin` (lib test) generated 2 warnings (2 duplicates)
[INFO] [stderr]     Finished `release` profile [optimized] target(s) in 0.14s
[INFO] [stderr]      Running unittests src/lib.rs (/opt/rustwide/target/release/build/lignin/fa733d4dd78248a9/out/lignin-fa733d4dd78248a9)
[INFO] [stdout] 
[INFO] [stdout] running 1 test
[INFO] [stderr]      Running tests/auto_traits.rs (/opt/rustwide/target/release/build/lignin/35bb64f8e735200a/out/auto_traits-35bb64f8e735200a)
[INFO] [stdout] test callback_registry::assert_no_quantization ... ok
[INFO] [stdout] 
[INFO] [stdout] test result: ok. 1 passed; 0 failed; 0 ignored; 0 measured; 0 filtered out; finished in 0.00s
[INFO] [stdout] 
[INFO] [stderr]      Running tests/callback_identity.rs (/opt/rustwide/target/release/build/lignin/ad76562acb3729aa/out/callback_identity-ad76562acb3729aa)
[INFO] [stdout] 
[INFO] [stdout] running 0 tests
[INFO] [stdout] 
[INFO] [stdout] test result: ok. 0 passed; 0 failed; 0 ignored; 0 measured; 0 filtered out; finished in 0.00s
[INFO] [stdout] 
[INFO] [stdout] 
[INFO] [stdout] running 2 tests
[INFO] [stdout] test distinct ... ignored, only with callbacks
[INFO] [stderr]      Running tests/callback_ref_roundtrip.rs (/opt/rustwide/target/release/build/lignin/8e1620f9624b6178/out/callback_ref_roundtrip-8e1620f9624b6178)
[INFO] [stdout] test identical ... ok
[INFO] [stdout] 
[INFO] [stdout] test result: ok. 1 passed; 0 failed; 1 ignored; 0 measured; 0 filtered out; finished in 0.00s
[INFO] [stdout] 
[INFO] [stdout] 
[INFO] [stdout] running 0 tests
[INFO] [stdout] 
[INFO] [stdout] test result: ok. 0 passed; 0 failed; 0 ignored; 0 measured; 0 filtered out; finished in 0.00s
[INFO] [stdout] 
[INFO] [stderr]      Running tests/layout.rs (/opt/rustwide/target/release/build/lignin/1b77969311ef80a3/out/layout-1b77969311ef80a3)
[INFO] [stdout] 
[INFO] [stderr]      Running tests/meta_badges.rs (/opt/rustwide/target/release/build/lignin/e6c6545283902d5e/out/meta_badges-e6c6545283902d5e)
[INFO] [stdout] running 0 tests
[INFO] [stdout] 
[INFO] [stdout] test result: ok. 0 passed; 0 failed; 0 ignored; 0 measured; 0 filtered out; finished in 0.00s
[INFO] [stdout] 
[INFO] [stdout] 
[INFO] [stdout] running 11 tests
[INFO] [stdout] test build_status ... ok
[INFO] [stdout] test rust_version ... ok
[INFO] [stdout] test issues ... ok
[INFO] [stdout] test lib ... ok
[INFO] [stdout] test git_hub ... ok
[INFO] [stdout] test pulls ... ok
[INFO] [stdout] test docs ... ok
[INFO] [stdout] test crates ... ok
[INFO] [stdout] test crev ... ok
[INFO] [stdout] test license ... ok
[INFO] [stdout] test weak_assert_branch ... ok
[INFO] [stdout] 
[INFO] [stderr]      Running tests/meta_cargo_badges.rs (/opt/rustwide/target/release/build/lignin/2a93db65f2e50d17/out/meta_cargo_badges-2a93db65f2e50d17)
[INFO] [stdout] test result: ok. 11 passed; 0 failed; 0 ignored; 0 measured; 0 filtered out; finished in 0.07s
[INFO] [stdout] 
[INFO] [stdout] 
[INFO] [stdout] running 3 tests
[INFO] [stdout] test is_it_maintained_open_issues ... FAILED
[INFO] [stdout] test maintenance ... FAILED
[INFO] [stdout] test is_it_maintained_issue_resolution ... FAILED
[INFO] [stdout] 
[INFO] [stdout] failures:
[INFO] [stdout] 
[INFO] [stdout] ---- is_it_maintained_open_issues stdout ----
[INFO] [stdout] Searching for "^is-it-maintained-open-issues = \{ repository = "Tamschi/lignin" \}$" in Cargo.toml...
[INFO] [stdout] 
[INFO] [stdout] thread 'is_it_maintained_open_issues' (1894) panicked at tests/meta_cargo_badges.rs:20:5:
[INFO] [stdout] could not find "^is-it-maintained-open-issues = \{ repository = "Tamschi/lignin" \}$" in Cargo.toml
[INFO] [stdout] stack backtrace:
[INFO] [stdout]    0:     0x57182d839f71 - <<std[617be2ca0a6fd877]::sys::backtrace::BacktraceLock>::print::DisplayBacktrace as core[a373ad73a504971]::fmt::Display>::fmt
[INFO] [stdout]    1:     0x57182d84e69a - core[a373ad73a504971]::fmt::write
[INFO] [stdout]    2:     0x57182d83e1ac - <alloc[2e1b2a31b91974c5]::vec::Vec<u8> as core[a373ad73a504971]::io::write::Write>::write_fmt
[INFO] [stdout]    3:     0x57182d8163d6 - std[617be2ca0a6fd877]::panicking::default_hook::{closure#0}
[INFO] [stdout]    4:     0x57182d832609 - std[617be2ca0a6fd877]::panicking::default_hook
[INFO] [stdout]    5:     0x57182d7cecb0 - test[aada8e7e76ba119b]::test_main_inner::{closure#0}
[INFO] [stdout]    6:     0x57182d8327c2 - std[617be2ca0a6fd877]::panicking::panic_with_hook
[INFO] [stdout]    7:     0x57182d816482 - std[617be2ca0a6fd877]::panicking::panic_handler::{closure#0}
[INFO] [stdout]    8:     0x57182d80f199 - std[617be2ca0a6fd877]::sys::backtrace::__rust_end_short_backtrace::<std[617be2ca0a6fd877]::panicking::panic_handler::{closure#0}, !>
[INFO] [stdout]    9:     0x57182d81708d - __rustc[ea4f61d10b84890b]::rust_begin_unwind
[INFO] [stdout]   10:     0x57182d84ee7c - core[a373ad73a504971]::panicking::panic_fmt
[INFO] [stdout]   11:     0x57182d7635b2 - <meta_cargo_badges[c8df7f924d117732]::is_it_maintained_open_issues::{closure#0} as core[a373ad73a504971]::ops::function::FnOnce<()>>::call_once
[INFO] [stdout]   12:     0x57182d7c20fb - test[aada8e7e76ba119b]::__rust_begin_short_backtrace::<core[a373ad73a504971]::result::Result<(), alloc[2e1b2a31b91974c5]::string::String>, fn() -> core[a373ad73a504971]::result::Result<(), alloc[2e1b2a31b91974c5]::string::String>>
[INFO] [stdout]   13:     0x57182d7cf2d5 - test[aada8e7e76ba119b]::run_test::{closure#0}
[INFO] [stdout]   14:     0x57182d7c8bc4 - std[617be2ca0a6fd877]::sys::backtrace::__rust_begin_short_backtrace::<test[aada8e7e76ba119b]::run_test::{closure#1}, ()>
[INFO] [stdout]   15:     0x57182d7d2362 - <std[617be2ca0a6fd877]::thread::lifecycle::spawn_unchecked<test[aada8e7e76ba119b]::run_test::{closure#1}, ()>::{closure#1} as core[a373ad73a504971]::ops::function::FnOnce<()>>::call_once::{shim:vtable#0}
[INFO] [stdout]   16:     0x57182d8397cf - <std[617be2ca0a6fd877]::sys::thread::unix::Thread>::new::thread_start
[INFO] [stdout]   17:     0x7eb0e3dcbdfa - <unknown>
[INFO] [stdout]   18:     0x7eb0e3e5f3d4 - clone
[INFO] [stdout]   19:                0x0 - <unknown>
[INFO] [stdout] 
[INFO] [stdout] ---- maintenance stdout ----
[INFO] [stdout] Searching for "^maintenance = \{ status = "(actively-developed|passively-maintained)" \}$" in Cargo.toml...
[INFO] [stdout] 
[INFO] [stdout] thread 'maintenance' (1895) panicked at tests/meta_cargo_badges.rs:31:5:
[INFO] [stdout] could not find "^maintenance = \{ status = "(actively-developed|passively-maintained)" \}$" in Cargo.toml
[INFO] [stdout] stack backtrace:
[INFO] [stdout]    0:     0x57182d839f71 - <<std[617be2ca0a6fd877]::sys::backtrace::BacktraceLock>::print::DisplayBacktrace as core[a373ad73a504971]::fmt::Display>::fmt
[INFO] [stdout]    1:     0x57182d84e69a - core[a373ad73a504971]::fmt::write
[INFO] [stdout]    2:     0x57182d83e1ac - <alloc[2e1b2a31b91974c5]::vec::Vec<u8> as core[a373ad73a504971]::io::write::Write>::write_fmt
[INFO] [stdout]    3:     0x57182d8163d6 - std[617be2ca0a6fd877]::panicking::default_hook::{closure#0}
[INFO] [stdout]    4:     0x57182d832609 - std[617be2ca0a6fd877]::panicking::default_hook
[INFO] [stdout]    5:     0x57182d7cecb0 - test[aada8e7e76ba119b]::test_main_inner::{closure#0}
[INFO] [stdout]    6:     0x57182d8327c2 - std[617be2ca0a6fd877]::panicking::panic_with_hook
[INFO] [stdout]    7:     0x57182d816482 - std[617be2ca0a6fd877]::panicking::panic_handler::{closure#0}
[INFO] [stdout]    8:     0x57182d80f199 - std[617be2ca0a6fd877]::sys::backtrace::__rust_end_short_backtrace::<std[617be2ca0a6fd877]::panicking::panic_handler::{closure#0}, !>
[INFO] [stdout]    9:     0x57182d81708d - __rustc[ea4f61d10b84890b]::rust_begin_unwind
[INFO] [stdout]   10:     0x57182d84ee7c - core[a373ad73a504971]::panicking::panic_fmt
[INFO] [stdout]   11:     0x57182d76348f - <meta_cargo_badges[c8df7f924d117732]::maintenance::{closure#0} as core[a373ad73a504971]::ops::function::FnOnce<()>>::call_once
[INFO] [stdout]   12:     0x57182d7c20fb - test[aada8e7e76ba119b]::__rust_begin_short_backtrace::<core[a373ad73a504971]::result::Result<(), alloc[2e1b2a31b91974c5]::string::String>, fn() -> core[a373ad73a504971]::result::Result<(), alloc[2e1b2a31b91974c5]::string::String>>
[INFO] [stdout]   13:     0x57182d7cf2d5 - test[aada8e7e76ba119b]::run_test::{closure#0}
[INFO] [stdout]   14:     0x57182d7c8bc4 - std[617be2ca0a6fd877]::sys::backtrace::__rust_begin_short_backtrace::<test[aada8e7e76ba119b]::run_test::{closure#1}, ()>
[INFO] [stdout]   15:     0x57182d7d2362 - <std[617be2ca0a6fd877]::thread::lifecycle::spawn_unchecked<test[aada8e7e76ba119b]::run_test::{closure#1}, ()>::{closure#1} as core[a373ad73a504971]::ops::function::FnOnce<()>>::call_once::{shim:vtable#0}
[INFO] [stdout]   16:     0x57182d8397cf - <std[617be2ca0a6fd877]::sys::thread::unix::Thread>::new::thread_start
[INFO] [stdout]   17:     0x7eb0e3dcbdfa - <unknown>
[INFO] [stdout]   18:     0x7eb0e3e5f3d4 - clone
[INFO] [stdout]   19:                0x0 - <unknown>
[INFO] [stdout] 
[INFO] [stdout] ---- is_it_maintained_issue_resolution stdout ----
[INFO] [stdout] Searching for "^is-it-maintained-issue-resolution = \{ repository = "Tamschi/lignin" \}$" in Cargo.toml...
[INFO] [stdout] 
[INFO] [stdout] thread 'is_it_maintained_issue_resolution' (1893) panicked at tests/meta_cargo_badges.rs:9:5:
[INFO] [stdout] could not find "^is-it-maintained-issue-resolution = \{ repository = "Tamschi/lignin" \}$" in Cargo.toml
[INFO] [stdout] stack backtrace:
[INFO] [stdout]    0:     0x57182d839f71 - <<std[617be2ca0a6fd877]::sys::backtrace::BacktraceLock>::print::DisplayBacktrace as core[a373ad73a504971]::fmt::Display>::fmt
[INFO] [stdout]    1:     0x57182d84e69a - core[a373ad73a504971]::fmt::write
[INFO] [stdout]    2:     0x57182d83e1ac - <alloc[2e1b2a31b91974c5]::vec::Vec<u8> as core[a373ad73a504971]::io::write::Write>::write_fmt
[INFO] [stdout]    3:     0x57182d8163d6 - std[617be2ca0a6fd877]::panicking::default_hook::{closure#0}
[INFO] [stdout]    4:     0x57182d832609 - std[617be2ca0a6fd877]::panicking::default_hook
[INFO] [stdout]    5:     0x57182d7cecb0 - test[aada8e7e76ba119b]::test_main_inner::{closure#0}
[INFO] [stdout]    6:     0x57182d8327c2 - std[617be2ca0a6fd877]::panicking::panic_with_hook
[INFO] [stdout]    7:     0x57182d816482 - std[617be2ca0a6fd877]::panicking::panic_handler::{closure#0}
[INFO] [stdout]    8:     0x57182d80f199 - std[617be2ca0a6fd877]::sys::backtrace::__rust_end_short_backtrace::<std[617be2ca0a6fd877]::panicking::panic_handler::{closure#0}, !>
[INFO] [stdout]    9:     0x57182d81708d - __rustc[ea4f61d10b84890b]::rust_begin_unwind
[INFO] [stdout]   10:     0x57182d84ee7c - core[a373ad73a504971]::panicking::panic_fmt
[INFO] [stdout]   11:     0x57182d7636f2 - <meta_cargo_badges[c8df7f924d117732]::is_it_maintained_issue_resolution::{closure#0} as core[a373ad73a504971]::ops::function::FnOnce<()>>::call_once
[INFO] [stdout]   12:     0x57182d7c20fb - test[aada8e7e76ba119b]::__rust_begin_short_backtrace::<core[a373ad73a504971]::result::Result<(), alloc[2e1b2a31b91974c5]::string::String>, fn() -> core[a373ad73a504971]::result::Result<(), alloc[2e1b2a31b91974c5]::string::String>>
[INFO] [stdout]   13:     0x57182d7cf2d5 - test[aada8e7e76ba119b]::run_test::{closure#0}
[INFO] [stdout]   14:     0x57182d7c8bc4 - std[617be2ca0a6fd877]::sys::backtrace::__rust_begin_short_backtrace::<test[aada8e7e76ba119b]::run_test::{closure#1}, ()>
[INFO] [stdout]   15:     0x57182d7d2362 - <std[617be2ca0a6fd877]::thread::lifecycle::spawn_unchecked<test[aada8e7e76ba119b]::run_test::{closure#1}, ()>::{closure#1} as core[a373ad73a504971]::ops::function::FnOnce<()>>::call_once::{shim:vtable#0}
[INFO] [stdout]   16:     0x57182d8397cf - <std[617be2ca0a6fd877]::sys::thread::unix::Thread>::new::thread_start
[INFO] [stdout]   17:     0x7eb0e3dcbdfa - <unknown>
[INFO] [stdout]   18:     0x7eb0e3e5f3d4 - clone
[INFO] [stdout]   19:                0x0 - <unknown>
[INFO] [stdout] 
[INFO] [stdout] 
[INFO] [stdout] failures:
[INFO] [stdout]     is_it_maintained_issue_resolution
[INFO] [stdout]     is_it_maintained_open_issues
[INFO] [stdout]     maintenance
[INFO] [stdout] 
[INFO] [stdout] test result: FAILED. 0 passed; 3 failed; 0 ignored; 0 measured; 0 filtered out; finished in 0.01s
[INFO] [stdout] 
[INFO] [stderr] error: test failed, to rerun pass `--test meta_cargo_badges`
[INFO] running `Command { std: "docker" "inspect" "36ad80d56f28b37fca95b6436e44efbfffdb595bbdff364eb21243b469617788", kill_on_drop: false }`
[INFO] running `Command { std: "docker" "rm" "-f" "36ad80d56f28b37fca95b6436e44efbfffdb595bbdff364eb21243b469617788", kill_on_drop: false }`
[INFO] [stdout] 36ad80d56f28b37fca95b6436e44efbfffdb595bbdff364eb21243b469617788
