[INFO] fetching crate lighty-launch 26.9.3...
[INFO] testing lighty-launch-26.9.3 against 1.99.0-beta.8+cargoflags=--release for beta-release-1.100-2
[INFO] extracting crate lighty-launch 26.9.3 into /workspace/builds/worker-7-tc1/source
[INFO] started tweaking crates.io crate lighty-launch 26.9.3
[INFO] finished tweaking crates.io crate lighty-launch 26.9.3
[INFO] tweaked toml for crates.io crate lighty-launch 26.9.3 written to /workspace/builds/worker-7-tc1/source/Cargo.toml
[INFO] validating manifest of crates.io crate lighty-launch 26.9.3 on toolchain 1.99.0-beta.8
[INFO] running `Command { std: CARGO_HOME="/workspace/cargo-home" RUSTUP_HOME="/workspace/rustup-home" "/workspace/cargo-home/bin/cargo" "+1.99.0-beta.8" "metadata" "--manifest-path" "Cargo.toml" "--no-deps", kill_on_drop: false }`
[INFO] crate crates.io crate lighty-launch 26.9.3 already has a lockfile, it will not be regenerated
[INFO] running `Command { std: CARGO_HOME="/workspace/cargo-home" RUSTUP_HOME="/workspace/rustup-home" "/workspace/cargo-home/bin/cargo" "+1.99.0-beta.8" "fetch" "--manifest-path" "Cargo.toml", kill_on_drop: false }`
[INFO] [stderr]     Updating crates.io index
[INFO] [stderr]  Downloading crates ...
[INFO] [stderr]   Downloaded ppmd-rust v1.4.1
[INFO] [stderr]   Downloaded compression-codecs v0.4.39
[INFO] [stderr]   Downloaded async-compression v0.4.44
[INFO] [stderr]   Downloaded tokio-tar v0.3.1
[INFO] [stderr]   Downloaded lighty-version v26.9.3
[INFO] [stderr]   Downloaded lighty-modsloader v26.9.3
[INFO] [stderr]   Downloaded lighty-core v26.9.3
[INFO] [stderr]   Downloaded path-dedot v4.0.1
[INFO] [stderr]   Downloaded lighty-loaders v26.9.3
[INFO] [stderr]   Downloaded path-absolutize v4.0.1
[INFO] [stderr]   Downloaded lighty-event v26.9.3
[INFO] [stderr]   Downloaded async_zip v0.0.19
[INFO] [stderr]   Downloaded keyring v4.2.0
[INFO] [stderr]   Downloaded lighty-java v26.9.3
[INFO] [stderr]   Downloaded zbus-secret-service-keyring-store v1.0.1
[INFO] [stderr]   Downloaded lighty-auth v26.9.3
[INFO] [stderr]   Downloaded secret-service v5.2.0
[INFO] [stderr]   Downloaded windows-native-keyring-store v1.1.0
[INFO] [stderr]   Downloaded dbus-secret-service-keyring-store v1.0.1
[INFO] [stderr]   Downloaded dbus v0.9.12
[INFO] [stderr]   Downloaded apple-native-keyring-store v1.0.2
[INFO] running `Command { std: "docker" "create" "-v" "/var/lib/crater-agent-workspace/builds/worker-7-tc1/source:/opt/rustwide/workdir:ro,Z" "-v" "/var/lib/crater-agent-workspace/builds/worker-7-tc1/target:/opt/rustwide/target:rw,Z" "-v" "/var/lib/crater-agent-workspace/cargo-home:/opt/rustwide/cargo-home:ro,Z" "-v" "/var/lib/crater-agent-workspace/rustup-home:/opt/rustwide/rustup-home:ro,Z" "-m" "1610612736" "--network" "none" "ghcr.io/rust-lang/crates-build-env/linux@sha256:77db811e55d90add9212f6832c23229e3de5f1c1f9905e8cb07319ea15df73ac" "sleep" "infinity", kill_on_drop: false }`
[INFO] [stdout] 759e9f6d8c680cd0248428d8f6918e8efa86b2026cc91c04db3a9adc6c4fede6
[INFO] running `Command { std: "docker" "start" "759e9f6d8c680cd0248428d8f6918e8efa86b2026cc91c04db3a9adc6c4fede6", kill_on_drop: false }`
[INFO] running `Command { std: "docker" "inspect" "759e9f6d8c680cd0248428d8f6918e8efa86b2026cc91c04db3a9adc6c4fede6", kill_on_drop: false }`
[INFO] running `Command { std: "docker" "exec" "-e" "SOURCE_DIR=/opt/rustwide/workdir" "-e" "CARGO_HOME=/opt/rustwide/cargo-home" "-e" "RUSTUP_HOME=/opt/rustwide/rustup-home" "-e" "CARGO_TARGET_DIR=/opt/rustwide/target" "-w" "/opt/rustwide/workdir" "--user" "0:0" "759e9f6d8c680cd0248428d8f6918e8efa86b2026cc91c04db3a9adc6c4fede6" "/opt/rustwide/cargo-home/bin/cargo" "+1.99.0-beta.8" "metadata" "--no-deps" "--format-version=1", kill_on_drop: false }`
[INFO] running `Command { std: "docker" "inspect" "759e9f6d8c680cd0248428d8f6918e8efa86b2026cc91c04db3a9adc6c4fede6", kill_on_drop: false }`
[INFO] running `Command { std: "docker" "exec" "-e" "SOURCE_DIR=/opt/rustwide/workdir" "-e" "CARGO_HOME=/opt/rustwide/cargo-home" "-e" "RUSTUP_HOME=/opt/rustwide/rustup-home" "-e" "CARGO_TARGET_DIR=/opt/rustwide/target" "-e" "CARGO_INCREMENTAL=0" "-e" "RUST_BACKTRACE=full" "-e" "RUSTFLAGS=--cap-lints=warn" "-e" "RUSTDOCFLAGS=--cap-lints=warn" "-w" "/opt/rustwide/workdir" "--user" "0:0" "759e9f6d8c680cd0248428d8f6918e8efa86b2026cc91c04db3a9adc6c4fede6" "/opt/rustwide/cargo-home/bin/cargo" "+1.99.0-beta.8" "build" "--frozen" "--message-format=json" "--release", kill_on_drop: false }`
[INFO] [stderr]    Compiling proc-macro2 v1.0.107
[INFO] [stderr]    Compiling libc v0.2.189
[INFO] [stderr]    Compiling crc32fast v1.5.1
[INFO] [stderr]    Compiling aws-lc-rs v1.18.1
[INFO] [stderr]    Compiling smallvec v1.16.0
[INFO] [stderr]    Compiling zstd-safe v7.3.0
[INFO] [stderr]    Compiling simd-adler32 v0.3.10
[INFO] [stderr]    Compiling alloc-no-stdlib v2.0.4
[INFO] [stderr]    Compiling block-buffer v0.12.1
[INFO] [stderr]    Compiling zlib-rs v0.6.7
[INFO] [stderr]    Compiling indexmap v2.14.2
[INFO] [stderr]    Compiling rustls v0.23.43
[INFO] [stderr]    Compiling compression-core v0.4.33
[INFO] [stderr]    Compiling binrw_derive v0.15.2
[INFO] [stderr]    Compiling nix v0.31.3
[INFO] [stderr]    Compiling inout v0.2.2
[INFO] [stderr]    Compiling regex-syntax v0.8.11
[INFO] [stderr]    Compiling alloc-stdlib v0.2.4
[INFO] [stderr]    Compiling getrandom v0.4.3
[INFO] [stderr]    Compiling owo-colors v4.4.0
[INFO] [stderr]    Compiling binrw v0.15.2
[INFO] [stderr]    Compiling brotli-decompressor v5.0.3
[INFO] [stderr]    Compiling miniz_oxide v0.9.1
[INFO] [stderr]    Compiling digest v0.11.3
[INFO] [stderr]    Compiling rustls-native-certs v0.8.4
[INFO] [stderr]    Compiling sha2 v0.11.0
[INFO] [stderr]    Compiling hmac v0.13.0
[INFO] [stderr]    Compiling cipher v0.5.2
[INFO] [stderr]    Compiling libbz2-rs-sys v0.2.5
[INFO] [stderr]    Compiling bytemuck v1.25.2
[INFO] [stderr]    Compiling deranged v0.5.8
[INFO] [stderr]    Compiling futures-lite v2.6.1
[INFO] [stderr]    Compiling bzip2 v0.6.1
[INFO] [stderr]    Compiling aes v0.9.3
[INFO] [stderr]    Compiling quote v1.0.47
[INFO] [stderr]    Compiling syn v3.0.5
[INFO] [stderr]    Compiling syn v2.0.119
[INFO] [stderr]    Compiling pbkdf2 v0.13.0
[INFO] [stderr]    Compiling dirs-sys v0.5.0
[INFO] [stderr]    Compiling jobserver v0.1.35
[INFO] [stderr]    Compiling brotli v8.0.4
[INFO] [stderr]    Compiling zopfli v0.8.3
[INFO] [stderr]    Compiling serde_json v1.0.151
[INFO] [stderr]    Compiling cc v1.4.5
[INFO] [stderr]    Compiling time v0.3.55
[INFO] [stderr]    Compiling lzma-rust2 v0.16.5
[INFO] [stderr]    Compiling sha1 v0.11.0
[INFO] [stderr]    Compiling xattr v1.6.1
[INFO] [stderr]    Compiling regex-automata v0.4.18
[INFO] [stderr]    Compiling cmake v0.1.58
[INFO] [stderr]    Compiling filetime v0.2.29
[INFO] [stderr]    Compiling ppmd-rust v1.4.1
[INFO] [stderr]    Compiling aws-lc-sys v0.45.0
[INFO] [stderr]    Compiling zstd-sys v2.1.0+zstd.1.5.7
[INFO] [stderr]    Compiling flate2 v1.1.10
[INFO] [stderr]    Compiling constant_time_eq v0.4.2
[INFO] [stderr]    Compiling path-dedot v4.0.1
[INFO] [stderr]    Compiling typed-path v0.12.3
[INFO] [stderr]    Compiling deflate64 v0.1.12
[INFO] [stderr]    Compiling path-absolutize v4.0.1
[INFO] [stderr]    Compiling dirs v7.0.0
[INFO] [stderr]    Compiling memmap2 v0.9.11
[INFO] [stderr]    Compiling version-compare v0.2.1
[INFO] [stderr]    Compiling secrecy v0.10.3
[INFO] [stderr]    Compiling regex v1.13.1
[INFO] [stderr]    Compiling sanitize-filename v0.6.0
[INFO] [stderr]    Compiling synstructure v0.13.2
[INFO] [stderr]    Compiling tokio-macros v2.7.2
[INFO] [stderr]    Compiling zerovec-derive v0.11.6
[INFO] [stderr]    Compiling displaydoc v0.2.7
[INFO] [stderr]    Compiling futures-macro v0.3.34
[INFO] [stderr]    Compiling serde_derive v1.0.229
[INFO] [stderr]    Compiling thiserror-impl v2.0.20
[INFO] [stderr]    Compiling async-trait v0.1.92
[INFO] [stderr]    Compiling zerofrom-derive v0.1.7
[INFO] [stderr]    Compiling yoke-derive v0.8.2
[INFO] [stderr]    Compiling tokio v1.53.1
[INFO] [stderr]    Compiling pin-project-internal v1.1.13
[INFO] [stderr]    Compiling futures-util v0.3.34
[INFO] [stderr]    Compiling thiserror v2.0.20
[INFO] [stderr]    Compiling zerofrom v0.1.8
[INFO] [stderr]    Compiling yoke v0.8.3
[INFO] [stderr]    Compiling zerovec v0.11.8
[INFO] [stderr]    Compiling zerotrie v0.2.5
[INFO] [stderr]    Compiling pin-project v1.1.13
[INFO] [stderr]    Compiling tinystr v0.8.4
[INFO] [stderr]    Compiling icu_locale_core v2.3.0
[INFO] [stderr]    Compiling potential_utf v0.1.6
[INFO] [stderr]    Compiling icu_collections v2.3.0
[INFO] [stderr]    Compiling icu_provider v2.3.1
[INFO] [stderr]    Compiling serde v1.0.229
[INFO] [stderr]    Compiling icu_normalizer v2.3.0
[INFO] [stderr]    Compiling icu_properties v2.3.0
[INFO] [stderr]    Compiling serde_urlencoded v0.7.1
[INFO] [stderr]    Compiling os_info v3.15.0
[INFO] [stderr]    Compiling futures-executor v0.3.34
[INFO] [stderr]    Compiling futures v0.3.34
[INFO] [stderr]    Compiling idna_adapter v1.2.2
[INFO] [stderr]    Compiling idna v1.1.0
[INFO] [stderr]    Compiling url v2.5.8
[INFO] [stderr]    Compiling tokio-util v0.7.19
[INFO] [stderr]    Compiling tower v0.5.3
[INFO] [stderr]    Compiling tokio-stream v0.1.19
[INFO] [stderr]    Compiling h2 v0.4.19
[INFO] [stderr]    Compiling tokio-tar v0.3.1
[INFO] [stderr]    Compiling hyper v1.11.1
[INFO] [stderr]    Compiling hyper-util v0.1.20
[INFO] [stderr]    Compiling zstd v0.13.3
[INFO] [stderr]    Compiling compression-codecs v0.4.39
[INFO] [stderr]    Compiling zip v8.6.0
[INFO] [stderr]    Compiling async-compression v0.4.44
[INFO] [stderr]    Compiling tower-http v0.6.11
[INFO] [stderr]    Compiling async_zip v0.0.19
[INFO] [stderr]    Compiling rustls-webpki v0.103.15
[INFO] [stderr]    Compiling tokio-rustls v0.26.5
[INFO] [stderr]    Compiling rustls-platform-verifier v0.7.0
[INFO] [stderr]    Compiling hyper-rustls v0.27.9
[INFO] [stderr]    Compiling reqwest v0.13.4
[INFO] [stderr]    Compiling lighty-core v26.9.3
[INFO] [stderr]    Compiling lighty-loaders v26.9.3
[INFO] [stderr]    Compiling lighty-auth v26.9.3
[INFO] [stderr]    Compiling lighty-java v26.9.3
[INFO] [stderr]    Compiling lighty-modsloader v26.9.3
[INFO] [stderr]    Compiling lighty-version v26.9.3
[INFO] [stderr]    Compiling lighty-launch v26.9.3 (/opt/rustwide/workdir)
[INFO] [stdout] warning: unused variable: `current`
[INFO] [stdout]    --> src/launch/runner.rs:362:18
[INFO] [stdout]     |
[INFO] [stdout] 362 |                 |current, total| {
[INFO] [stdout]     |                  ^^^^^^^ help: if this is intentional, prefix it with an underscore: `_current`
[INFO] [stdout]     |
[INFO] [stdout]     = note: `#[warn(unused_variables)]` (part of `#[warn(unused)]`) on by default
[INFO] [stdout] 
[INFO] [stdout] 
[INFO] [stdout] warning: unused variable: `total`
[INFO] [stdout]    --> src/launch/runner.rs:362:27
[INFO] [stdout]     |
[INFO] [stdout] 362 |                 |current, total| {
[INFO] [stdout]     |                           ^^^^^ help: if this is intentional, prefix it with an underscore: `_total`
[INFO] [stdout] 
[INFO] [stdout] 
[INFO] [stdout] warning: unused variable: `e`
[INFO] [stdout]    --> src/launch/runner.rs:430:24
[INFO] [stdout]     |
[INFO] [stdout] 430 |             if let Err(e) = INSTANCE_MANAGER.register_instance(instance).await {
[INFO] [stdout]     |                        ^ help: if this is intentional, prefix it with an underscore: `_e`
[INFO] [stdout] 
[INFO] [stdout] 
[INFO] [stdout] warning: unused variable: `total_bytes`
[INFO] [stdout]    --> src/installer/installer.rs:116:13
[INFO] [stdout]     |
[INFO] [stdout] 116 |         let total_bytes: u64 = library_tasks
[INFO] [stdout]     |             ^^^^^^^^^^^ help: if this is intentional, prefix it with an underscore: `_total_bytes`
[INFO] [stdout] 
[INFO] [stdout] 
[INFO] [stdout] warning: unused variable: `name`
[INFO] [stdout]   --> src/installer/verifier.rs:32:68
[INFO] [stdout]    |
[INFO] [stdout] 32 | pub async fn needs_download(path: &PathBuf, sha1: Option<&String>, name: &str) -> bool {
[INFO] [stdout]    |                                                                    ^^^^ help: if this is intentional, prefix it with an underscore: `_name`
[INFO] [stdout] 
[INFO] [stdout] 
[INFO] [stdout] warning: unused variable: `label_owned`
[INFO] [stdout]   --> src/installer/ressources/asset_partition.rs:93:9
[INFO] [stdout]    |
[INFO] [stdout] 93 |     let label_owned = format!("{} download", label);
[INFO] [stdout]    |         ^^^^^^^^^^^ help: if this is intentional, prefix it with an underscore: `_label_owned`
[INFO] [stdout] 
[INFO] [stdout] 
[INFO] [stdout] warning: unused variable: `count`
[INFO] [stdout]   --> src/installer/ressources/resourcepacks.rs:27:9
[INFO] [stdout]    |
[INFO] [stdout] 27 |     let count = tasks.len();
[INFO] [stdout]    |         ^^^^^ help: if this is intentional, prefix it with an underscore: `_count`
[INFO] [stdout] 
[INFO] [stdout] 
[INFO] [stdout] warning: unused variable: `count`
[INFO] [stdout]   --> src/installer/ressources/shaderpacks.rs:27:9
[INFO] [stdout]    |
[INFO] [stdout] 27 |     let count = tasks.len();
[INFO] [stdout]    |         ^^^^^ help: if this is intentional, prefix it with an underscore: `_count`
[INFO] [stdout] 
[INFO] [stdout] 
[INFO] [stdout] warning: unused variable: `count`
[INFO] [stdout]   --> src/installer/ressources/datapacks.rs:30:9
[INFO] [stdout]    |
[INFO] [stdout] 30 |     let count = tasks.len();
[INFO] [stdout]    |         ^^^^^ help: if this is intentional, prefix it with an underscore: `_count`
[INFO] [stdout] 
[INFO] [stdout] 
[INFO] [stdout] warning: unused variable: `instance_name`
[INFO] [stdout]   --> src/instance/console.rs:19:5
[INFO] [stdout]    |
[INFO] [stdout] 19 |     instance_name: String,
[INFO] [stdout]    |     ^^^^^^^^^^^^^ help: if this is intentional, prefix it with an underscore: `_instance_name`
[INFO] [stdout] 
[INFO] [stdout] 
[INFO] [stdout] warning: unused variable: `status`
[INFO] [stdout]   --> src/instance/console.rs:75:12
[INFO] [stdout]    |
[INFO] [stdout] 75 |         Ok(status) => {
[INFO] [stdout]    |            ^^^^^^ help: if this is intentional, prefix it with an underscore: `_status`
[INFO] [stdout] 
[INFO] [stdout] 
[INFO] [stdout] warning: unused variable: `e`
[INFO] [stdout]   --> src/instance/console.rs:93:13
[INFO] [stdout]    |
[INFO] [stdout] 93 |         Err(e) => {
[INFO] [stdout]    |             ^ help: if this is intentional, prefix it with an underscore: `_e`
[INFO] [stdout] 
[INFO] [stdout] 
[INFO] [stdout] warning: method `is_alive` is never used
[INFO] [stdout]   --> src/instance/manager.rs:67:12
[INFO] [stdout]    |
[INFO] [stdout] 31 | impl InstanceManager {
[INFO] [stdout]    | -------------------- method in this implementation
[INFO] [stdout] ...
[INFO] [stdout] 67 |     pub fn is_alive(&self, pid: u32) -> bool {
[INFO] [stdout]    |            ^^^^^^^^
[INFO] [stdout]    |
[INFO] [stdout]    = note: `#[warn(dead_code)]` (part of `#[warn(unused)]`) on by default
[INFO] [stdout] 
[INFO] [stdout] 
[INFO] [stdout] warning: function `process_is_running` is never used
[INFO] [stdout]    --> src/instance/manager.rs:165:15
[INFO] [stdout]     |
[INFO] [stdout] 165 | pub(crate) fn process_is_running(pid: u32) -> bool {
[INFO] [stdout]     |               ^^^^^^^^^^^^^^^^^^
[INFO] [stdout] 
[INFO] [stdout] 
[INFO] [stderr]     Finished `release` profile [optimized] target(s) in 2m 46s
[INFO] running `Command { std: "docker" "inspect" "759e9f6d8c680cd0248428d8f6918e8efa86b2026cc91c04db3a9adc6c4fede6", kill_on_drop: false }`
[INFO] running `Command { std: "docker" "exec" "-e" "SOURCE_DIR=/opt/rustwide/workdir" "-e" "CARGO_HOME=/opt/rustwide/cargo-home" "-e" "RUSTUP_HOME=/opt/rustwide/rustup-home" "-e" "CARGO_TARGET_DIR=/opt/rustwide/target" "-e" "CARGO_INCREMENTAL=0" "-e" "RUST_BACKTRACE=full" "-e" "RUSTFLAGS=--cap-lints=warn" "-e" "RUSTDOCFLAGS=--cap-lints=warn" "-w" "/opt/rustwide/workdir" "--user" "0:0" "759e9f6d8c680cd0248428d8f6918e8efa86b2026cc91c04db3a9adc6c4fede6" "/opt/rustwide/cargo-home/bin/cargo" "+1.99.0-beta.8" "test" "--frozen" "--no-run" "--message-format=json" "--release", kill_on_drop: false }`
[INFO] [stdout] warning: unused variable: `current`
[INFO] [stdout]    --> src/launch/runner.rs:362:18
[INFO] [stdout]     |
[INFO] [stdout] 362 |                 |current, total| {
[INFO] [stdout]     |                  ^^^^^^^ help: if this is intentional, prefix it with an underscore: `_current`
[INFO] [stdout]     |
[INFO] [stdout]     = note: `#[warn(unused_variables)]` (part of `#[warn(unused)]`) on by default
[INFO] [stdout] 
[INFO] [stdout] 
[INFO] [stdout] warning: unused variable: `total`
[INFO] [stdout]    --> src/launch/runner.rs:362:27
[INFO] [stdout]     |
[INFO] [stdout] 362 |                 |current, total| {
[INFO] [stdout]     |                           ^^^^^ help: if this is intentional, prefix it with an underscore: `_total`
[INFO] [stdout] 
[INFO] [stdout] 
[INFO] [stdout] warning: unused variable: `e`
[INFO] [stdout]    --> src/launch/runner.rs:430:24
[INFO] [stdout]     |
[INFO] [stdout] 430 |             if let Err(e) = INSTANCE_MANAGER.register_instance(instance).await {
[INFO] [stdout]     |                        ^ help: if this is intentional, prefix it with an underscore: `_e`
[INFO] [stdout] 
[INFO] [stdout] 
[INFO] [stdout] warning: unused variable: `total_bytes`
[INFO] [stdout]    --> src/installer/installer.rs:116:13
[INFO] [stdout]     |
[INFO] [stdout] 116 |         let total_bytes: u64 = library_tasks
[INFO] [stdout]     |             ^^^^^^^^^^^ help: if this is intentional, prefix it with an underscore: `_total_bytes`
[INFO] [stdout] 
[INFO] [stdout] 
[INFO] [stdout] warning: unused variable: `name`
[INFO] [stdout]   --> src/installer/verifier.rs:32:68
[INFO] [stdout]    |
[INFO] [stdout] 32 | pub async fn needs_download(path: &PathBuf, sha1: Option<&String>, name: &str) -> bool {
[INFO] [stdout]    |                                                                    ^^^^ help: if this is intentional, prefix it with an underscore: `_name`
[INFO] [stdout] 
[INFO] [stdout] 
[INFO] [stdout] warning: unused variable: `label_owned`
[INFO] [stdout]   --> src/installer/ressources/asset_partition.rs:93:9
[INFO] [stdout]    |
[INFO] [stdout] 93 |     let label_owned = format!("{} download", label);
[INFO] [stdout]    |         ^^^^^^^^^^^ help: if this is intentional, prefix it with an underscore: `_label_owned`
[INFO] [stdout] 
[INFO] [stdout] 
[INFO] [stdout] warning: unused variable: `count`
[INFO] [stdout]   --> src/installer/ressources/resourcepacks.rs:27:9
[INFO] [stdout]    |
[INFO] [stdout] 27 |     let count = tasks.len();
[INFO] [stdout]    |         ^^^^^ help: if this is intentional, prefix it with an underscore: `_count`
[INFO] [stdout] 
[INFO] [stdout] 
[INFO] [stdout] warning: unused variable: `count`
[INFO] [stdout]   --> src/installer/ressources/shaderpacks.rs:27:9
[INFO] [stdout]    |
[INFO] [stdout] 27 |     let count = tasks.len();
[INFO] [stdout]    |         ^^^^^ help: if this is intentional, prefix it with an underscore: `_count`
[INFO] [stdout] 
[INFO] [stdout] 
[INFO] [stdout] warning: unused variable: `count`
[INFO] [stdout]   --> src/installer/ressources/datapacks.rs:30:9
[INFO] [stdout]    |
[INFO] [stdout] 30 |     let count = tasks.len();
[INFO] [stdout]    |         ^^^^^ help: if this is intentional, prefix it with an underscore: `_count`
[INFO] [stdout] 
[INFO] [stdout] 
[INFO] [stdout] warning: unused variable: `instance_name`
[INFO] [stdout]   --> src/instance/console.rs:19:5
[INFO] [stdout]    |
[INFO] [stdout] 19 |     instance_name: String,
[INFO] [stdout]    |     ^^^^^^^^^^^^^ help: if this is intentional, prefix it with an underscore: `_instance_name`
[INFO] [stdout] 
[INFO] [stdout] 
[INFO] [stderr]    Compiling lighty-launch v26.9.3 (/opt/rustwide/workdir)
[INFO] [stdout] warning: unused variable: `status`
[INFO] [stdout]   --> src/instance/console.rs:75:12
[INFO] [stdout]    |
[INFO] [stdout] 75 |         Ok(status) => {
[INFO] [stdout]    |            ^^^^^^ help: if this is intentional, prefix it with an underscore: `_status`
[INFO] [stdout] 
[INFO] [stdout] 
[INFO] [stdout] warning: unused variable: `e`
[INFO] [stdout]   --> src/instance/console.rs:93:13
[INFO] [stdout]    |
[INFO] [stdout] 93 |         Err(e) => {
[INFO] [stdout]    |             ^ help: if this is intentional, prefix it with an underscore: `_e`
[INFO] [stdout] 
[INFO] [stdout] 
[INFO] [stdout] warning: method `is_alive` is never used
[INFO] [stdout]   --> src/instance/manager.rs:67:12
[INFO] [stdout]    |
[INFO] [stdout] 31 | impl InstanceManager {
[INFO] [stdout]    | -------------------- method in this implementation
[INFO] [stdout] ...
[INFO] [stdout] 67 |     pub fn is_alive(&self, pid: u32) -> bool {
[INFO] [stdout]    |            ^^^^^^^^
[INFO] [stdout]    |
[INFO] [stdout]    = note: `#[warn(dead_code)]` (part of `#[warn(unused)]`) on by default
[INFO] [stdout] 
[INFO] [stdout] 
[INFO] [stdout] warning: function `process_is_running` is never used
[INFO] [stdout]    --> src/instance/manager.rs:165:15
[INFO] [stdout]     |
[INFO] [stdout] 165 | pub(crate) fn process_is_running(pid: u32) -> bool {
[INFO] [stdout]     |               ^^^^^^^^^^^^^^^^^^
[INFO] [stdout] 
[INFO] [stdout] 
[INFO] [stdout] warning: unused variable: `current`
[INFO] [stdout]    --> src/launch/runner.rs:362:18
[INFO] [stdout]     |
[INFO] [stdout] 362 |                 |current, total| {
[INFO] [stdout]     |                  ^^^^^^^ help: if this is intentional, prefix it with an underscore: `_current`
[INFO] [stdout]     |
[INFO] [stdout]     = note: `#[warn(unused_variables)]` (part of `#[warn(unused)]`) on by default
[INFO] [stdout] 
[INFO] [stdout] 
[INFO] [stdout] warning: unused variable: `total`
[INFO] [stdout]    --> src/launch/runner.rs:362:27
[INFO] [stdout]     |
[INFO] [stdout] 362 |                 |current, total| {
[INFO] [stdout]     |                           ^^^^^ help: if this is intentional, prefix it with an underscore: `_total`
[INFO] [stdout] 
[INFO] [stdout] 
[INFO] [stdout] warning: unused variable: `e`
[INFO] [stdout]    --> src/launch/runner.rs:430:24
[INFO] [stdout]     |
[INFO] [stdout] 430 |             if let Err(e) = INSTANCE_MANAGER.register_instance(instance).await {
[INFO] [stdout]     |                        ^ help: if this is intentional, prefix it with an underscore: `_e`
[INFO] [stdout] 
[INFO] [stdout] 
[INFO] [stdout] warning: unused variable: `total_bytes`
[INFO] [stdout]    --> src/installer/installer.rs:116:13
[INFO] [stdout]     |
[INFO] [stdout] 116 |         let total_bytes: u64 = library_tasks
[INFO] [stdout]     |             ^^^^^^^^^^^ help: if this is intentional, prefix it with an underscore: `_total_bytes`
[INFO] [stdout] 
[INFO] [stdout] 
[INFO] [stdout] warning: unused variable: `name`
[INFO] [stdout]   --> src/installer/verifier.rs:32:68
[INFO] [stdout]    |
[INFO] [stdout] 32 | pub async fn needs_download(path: &PathBuf, sha1: Option<&String>, name: &str) -> bool {
[INFO] [stdout]    |                                                                    ^^^^ help: if this is intentional, prefix it with an underscore: `_name`
[INFO] [stdout] 
[INFO] [stdout] 
[INFO] [stdout] warning: unused variable: `label_owned`
[INFO] [stdout]   --> src/installer/ressources/asset_partition.rs:93:9
[INFO] [stdout]    |
[INFO] [stdout] 93 |     let label_owned = format!("{} download", label);
[INFO] [stdout]    |         ^^^^^^^^^^^ help: if this is intentional, prefix it with an underscore: `_label_owned`
[INFO] [stdout] 
[INFO] [stdout] 
[INFO] [stdout] warning: unused variable: `count`
[INFO] [stdout]   --> src/installer/ressources/resourcepacks.rs:27:9
[INFO] [stdout]    |
[INFO] [stdout] 27 |     let count = tasks.len();
[INFO] [stdout]    |         ^^^^^ help: if this is intentional, prefix it with an underscore: `_count`
[INFO] [stdout] 
[INFO] [stdout] 
[INFO] [stdout] warning: unused variable: `count`
[INFO] [stdout]   --> src/installer/ressources/shaderpacks.rs:27:9
[INFO] [stdout]    |
[INFO] [stdout] 27 |     let count = tasks.len();
[INFO] [stdout]    |         ^^^^^ help: if this is intentional, prefix it with an underscore: `_count`
[INFO] [stdout] 
[INFO] [stdout] 
[INFO] [stdout] warning: unused variable: `count`
[INFO] [stdout]   --> src/installer/ressources/datapacks.rs:30:9
[INFO] [stdout]    |
[INFO] [stdout] 30 |     let count = tasks.len();
[INFO] [stdout]    |         ^^^^^ help: if this is intentional, prefix it with an underscore: `_count`
[INFO] [stdout] 
[INFO] [stdout] 
[INFO] [stdout] warning: unused variable: `instance_name`
[INFO] [stdout]   --> src/instance/console.rs:19:5
[INFO] [stdout]    |
[INFO] [stdout] 19 |     instance_name: String,
[INFO] [stdout]    |     ^^^^^^^^^^^^^ help: if this is intentional, prefix it with an underscore: `_instance_name`
[INFO] [stdout] 
[INFO] [stdout] 
[INFO] [stdout] warning: unused variable: `status`
[INFO] [stdout]   --> src/instance/console.rs:75:12
[INFO] [stdout]    |
[INFO] [stdout] 75 |         Ok(status) => {
[INFO] [stdout]    |            ^^^^^^ help: if this is intentional, prefix it with an underscore: `_status`
[INFO] [stdout] 
[INFO] [stdout] 
[INFO] [stdout] warning: unused variable: `e`
[INFO] [stdout]   --> src/instance/console.rs:93:13
[INFO] [stdout]    |
[INFO] [stdout] 93 |         Err(e) => {
[INFO] [stdout]    |             ^ help: if this is intentional, prefix it with an underscore: `_e`
[INFO] [stdout] 
[INFO] [stdout] 
[INFO] [stdout] warning: method `is_alive` is never used
[INFO] [stdout]   --> src/instance/manager.rs:67:12
[INFO] [stdout]    |
[INFO] [stdout] 31 | impl InstanceManager {
[INFO] [stdout]    | -------------------- method in this implementation
[INFO] [stdout] ...
[INFO] [stdout] 67 |     pub fn is_alive(&self, pid: u32) -> bool {
[INFO] [stdout]    |            ^^^^^^^^
[INFO] [stdout]    |
[INFO] [stdout]    = note: `#[warn(dead_code)]` (part of `#[warn(unused)]`) on by default
[INFO] [stdout] 
[INFO] [stdout] 
[INFO] [stdout] warning: function `process_is_running` is never used
[INFO] [stdout]    --> src/instance/manager.rs:165:15
[INFO] [stdout]     |
[INFO] [stdout] 165 | pub(crate) fn process_is_running(pid: u32) -> bool {
[INFO] [stdout]     |               ^^^^^^^^^^^^^^^^^^
[INFO] [stdout] 
[INFO] [stdout] 
[INFO] [stderr]     Finished `release` profile [optimized] target(s) in 3.54s
[INFO] running `Command { std: "docker" "inspect" "759e9f6d8c680cd0248428d8f6918e8efa86b2026cc91c04db3a9adc6c4fede6", kill_on_drop: false }`
[INFO] running `Command { std: "docker" "exec" "-e" "SOURCE_DIR=/opt/rustwide/workdir" "-e" "CARGO_HOME=/opt/rustwide/cargo-home" "-e" "RUSTUP_HOME=/opt/rustwide/rustup-home" "-e" "CARGO_TARGET_DIR=/opt/rustwide/target" "-e" "CARGO_INCREMENTAL=0" "-e" "RUST_BACKTRACE=full" "-e" "RUSTFLAGS=--cap-lints=warn" "-e" "RUSTDOCFLAGS=--cap-lints=warn" "-w" "/opt/rustwide/workdir" "--user" "0:0" "759e9f6d8c680cd0248428d8f6918e8efa86b2026cc91c04db3a9adc6c4fede6" "/opt/rustwide/cargo-home/bin/cargo" "+1.99.0-beta.8" "test" "--frozen" "--release", kill_on_drop: false }`
[INFO] [stderr] warning: unused variable: `current`
[INFO] [stderr]    --> src/launch/runner.rs:362:18
[INFO] [stderr]     |
[INFO] [stderr] 362 |                 |current, total| {
[INFO] [stderr]     |                  ^^^^^^^ help: if this is intentional, prefix it with an underscore: `_current`
[INFO] [stderr]     |
[INFO] [stderr]     = note: `#[warn(unused_variables)]` (part of `#[warn(unused)]`) on by default
[INFO] [stderr] 
[INFO] [stderr] warning: unused variable: `total`
[INFO] [stderr]    --> src/launch/runner.rs:362:27
[INFO] [stderr]     |
[INFO] [stderr] 362 |                 |current, total| {
[INFO] [stderr]     |                           ^^^^^ help: if this is intentional, prefix it with an underscore: `_total`
[INFO] [stderr] 
[INFO] [stderr] warning: unused variable: `e`
[INFO] [stderr]    --> src/launch/runner.rs:430:24
[INFO] [stderr]     |
[INFO] [stderr] 430 |             if let Err(e) = INSTANCE_MANAGER.register_instance(instance).await {
[INFO] [stderr]     |                        ^ help: if this is intentional, prefix it with an underscore: `_e`
[INFO] [stderr] 
[INFO] [stderr] warning: unused variable: `total_bytes`
[INFO] [stderr]    --> src/installer/installer.rs:116:13
[INFO] [stderr]     |
[INFO] [stderr] 116 |         let total_bytes: u64 = library_tasks
[INFO] [stderr]     |             ^^^^^^^^^^^ help: if this is intentional, prefix it with an underscore: `_total_bytes`
[INFO] [stderr] 
[INFO] [stderr] warning: unused variable: `name`
[INFO] [stderr]   --> src/installer/verifier.rs:32:68
[INFO] [stderr]    |
[INFO] [stderr] 32 | pub async fn needs_download(path: &PathBuf, sha1: Option<&String>, name: &str) -> bool {
[INFO] [stderr]    |                                                                    ^^^^ help: if this is intentional, prefix it with an underscore: `_name`
[INFO] [stderr] 
[INFO] [stderr] warning: unused variable: `label_owned`
[INFO] [stderr]   --> src/installer/ressources/asset_partition.rs:93:9
[INFO] [stderr]    |
[INFO] [stderr] 93 |     let label_owned = format!("{} download", label);
[INFO] [stderr]    |         ^^^^^^^^^^^ help: if this is intentional, prefix it with an underscore: `_label_owned`
[INFO] [stderr] 
[INFO] [stderr] warning: unused variable: `count`
[INFO] [stderr]   --> src/installer/ressources/resourcepacks.rs:27:9
[INFO] [stderr]    |
[INFO] [stderr] 27 |     let count = tasks.len();
[INFO] [stderr]    |         ^^^^^ help: if this is intentional, prefix it with an underscore: `_count`
[INFO] [stderr] 
[INFO] [stderr] warning: unused variable: `count`
[INFO] [stderr]   --> src/installer/ressources/shaderpacks.rs:27:9
[INFO] [stderr]    |
[INFO] [stderr] 27 |     let count = tasks.len();
[INFO] [stderr]    |         ^^^^^ help: if this is intentional, prefix it with an underscore: `_count`
[INFO] [stderr] 
[INFO] [stderr] warning: unused variable: `count`
[INFO] [stderr]   --> src/installer/ressources/datapacks.rs:30:9
[INFO] [stderr]    |
[INFO] [stderr] 30 |     let count = tasks.len();
[INFO] [stderr]    |         ^^^^^ help: if this is intentional, prefix it with an underscore: `_count`
[INFO] [stderr] 
[INFO] [stderr] warning: unused variable: `instance_name`
[INFO] [stderr]   --> src/instance/console.rs:19:5
[INFO] [stderr]    |
[INFO] [stderr] 19 |     instance_name: String,
[INFO] [stderr]    |     ^^^^^^^^^^^^^ help: if this is intentional, prefix it with an underscore: `_instance_name`
[INFO] [stderr] 
[INFO] [stderr] warning: unused variable: `status`
[INFO] [stderr]   --> src/instance/console.rs:75:12
[INFO] [stderr]    |
[INFO] [stderr] 75 |         Ok(status) => {
[INFO] [stderr]    |            ^^^^^^ help: if this is intentional, prefix it with an underscore: `_status`
[INFO] [stderr] 
[INFO] [stderr] warning: unused variable: `e`
[INFO] [stderr]   --> src/instance/console.rs:93:13
[INFO] [stderr]    |
[INFO] [stderr] 93 |         Err(e) => {
[INFO] [stderr]    |             ^ help: if this is intentional, prefix it with an underscore: `_e`
[INFO] [stderr] 
[INFO] [stderr] warning: method `is_alive` is never used
[INFO] [stderr]   --> src/instance/manager.rs:67:12
[INFO] [stderr]    |
[INFO] [stderr] 31 | impl InstanceManager {
[INFO] [stderr]    | -------------------- method in this implementation
[INFO] [stderr] ...
[INFO] [stderr] 67 |     pub fn is_alive(&self, pid: u32) -> bool {
[INFO] [stderr]    |            ^^^^^^^^
[INFO] [stderr]    |
[INFO] [stderr]    = note: `#[warn(dead_code)]` (part of `#[warn(unused)]`) on by default
[INFO] [stderr] 
[INFO] [stderr] warning: function `process_is_running` is never used
[INFO] [stderr]    --> src/instance/manager.rs:165:15
[INFO] [stderr]     |
[INFO] [stderr] 165 | pub(crate) fn process_is_running(pid: u32) -> bool {
[INFO] [stderr]     |               ^^^^^^^^^^^^^^^^^^
[INFO] [stderr] 
[INFO] [stderr] warning: `lighty-launch` (lib) generated 14 warnings (run `cargo fix --lib -p lighty-launch` to apply 12 suggestions)
[INFO] [stderr] warning: `lighty-launch` (lib test) generated 14 warnings (14 duplicates)
[INFO] [stderr]     Finished `release` profile [optimized] target(s) in 0.30s
[INFO] [stderr]      Running unittests src/lib.rs (/opt/rustwide/target/release/deps/lighty_launch-f72db7bb74ec18a1)
[INFO] [stdout] 
[INFO] [stdout] running 0 tests
[INFO] [stdout] 
[INFO] [stdout] test result: ok. 0 passed; 0 failed; 0 ignored; 0 measured; 0 filtered out; finished in 0.00s
[INFO] [stdout] 
[INFO] [stderr]    Doc-tests lighty_launch
[INFO] [stdout] 
[INFO] [stdout] running 9 tests
[INFO] [stdout] test src/launch/builder.rs - launch::builder::LaunchBuilder<'a,T>::with_jvm_options (line 91) - compile ... ok
[INFO] [stdout] test src/launch/builder.rs - launch::builder::LaunchBuilder<'a,T>::run (line 157) - compile ... ok
[INFO] [stdout] test src/installer/config.rs - installer::config::init_downloader_config (line 33) - compile ... ok
[INFO] [stdout] test src/launch/builder.rs - launch::builder::ArgumentsBuilder<'a,T>::set (line 306) - compile ... ok
[INFO] [stdout] test src/launch/builder.rs - launch::builder::LaunchBuilder<'a,T>::with_arguments (line 124) - compile ... ok
[INFO] [stdout] test src/launch/builder.rs - launch::builder::JvmOptionsBuilder<'a,T>::set (line 214) - compile ... ok
[INFO] [stdout] test src/launch/builder.rs - launch::builder::JvmOptionsBuilder<'a,T>::remove (line 247) - compile ... ok
[INFO] [stdout] test src/launch/builder.rs - launch::builder::ArgumentsBuilder<'a,T>::remove (line 372) - compile ... ok
[INFO] [stdout] test src/launch/runner.rs - launch::runner::Launch::launch (line 56) - compile ... FAILED
[INFO] [stdout] 
[INFO] [stdout] failures:
[INFO] [stdout] 
[INFO] [stdout] ---- src/launch/runner.rs - launch::runner::Launch::launch (line 56) stdout ----
[INFO] [stdout] error[E0425]: cannot find value `version` in this scope
[INFO] [stdout]   --> src/launch/runner.rs:58:1
[INFO] [stdout]    |
[INFO] [stdout] 58 | version.launch(&profile, JavaDistribution::Zulu).await?;
[INFO] [stdout]    | ^^^^^^^ not found in this scope
[INFO] [stdout] 
[INFO] [stdout] error[E0425]: cannot find value `profile` in this scope
[INFO] [stdout]   --> src/launch/runner.rs:58:17
[INFO] [stdout]    |
[INFO] [stdout] 58 | version.launch(&profile, JavaDistribution::Zulu).await?;
[INFO] [stdout]    |                 ^^^^^^^ not found in this scope
[INFO] [stdout] 
[INFO] [stdout] error[E0425]: cannot find value `version` in this scope
[INFO] [stdout]   --> src/launch/runner.rs:61:1
[INFO] [stdout]    |
[INFO] [stdout] 61 | version.launch(&profile, JavaDistribution::Zulu)
[INFO] [stdout]    | ^^^^^^^ not found in this scope
[INFO] [stdout] 
[INFO] [stdout] error[E0425]: cannot find value `profile` in this scope
[INFO] [stdout]   --> src/launch/runner.rs:61:17
[INFO] [stdout]    |
[INFO] [stdout] 61 | version.launch(&profile, JavaDistribution::Zulu)
[INFO] [stdout]    |                 ^^^^^^^ not found in this scope
[INFO] [stdout] 
[INFO] [stdout] error[E0425]: cannot find value `KEY_WIDTH` in this scope
[INFO] [stdout]   --> src/launch/runner.rs:66:14
[INFO] [stdout]    |
[INFO] [stdout] 66 |         .set(KEY_WIDTH, "1920")
[INFO] [stdout]    |              ^^^^^^^^^ not found in this scope
[INFO] [stdout] 
[INFO] [stdout] error[E0728]: `await` is only allowed inside `async` functions and blocks
[INFO] [stdout]   --> src/launch/runner.rs:58:50
[INFO] [stdout]    |
[INFO] [stdout] 56 | fn main() { #[allow(non_snake_case)] fn _doctest_main_src_launch_runner_rs_56_0() {
[INFO] [stdout]    |                                      -------------------------------------------- this is not `async`
[INFO] [stdout] 57 | // Simple launch
[INFO] [stdout] 58 | version.launch(&profile, JavaDistribution::Zulu).await?;
[INFO] [stdout]    |                                                  ^^^^^ only allowed inside `async` functions and blocks
[INFO] [stdout] 
[INFO] [stdout] error[E0728]: `await` is only allowed inside `async` functions and blocks
[INFO] [stdout]   --> src/launch/runner.rs:68:6
[INFO] [stdout]    |
[INFO] [stdout] 56 | fn main() { #[allow(non_snake_case)] fn _doctest_main_src_launch_runner_rs_56_0() {
[INFO] [stdout]    |                                      -------------------------------------------- this is not `async`
[INFO] [stdout] ...
[INFO] [stdout] 68 |     .await?;
[INFO] [stdout]    |      ^^^^^ only allowed inside `async` functions and blocks
[INFO] [stdout] 
[INFO] [stdout] error[E0433]: cannot find type `JavaDistribution` in this scope
[INFO] [stdout]   --> src/launch/runner.rs:58:26
[INFO] [stdout]    |
[INFO] [stdout] 58 | version.launch(&profile, JavaDistribution::Zulu).await?;
[INFO] [stdout]    |                          ^^^^^^^^^^^^^^^^ use of undeclared type `JavaDistribution`
[INFO] [stdout] 
[INFO] [stdout] error[E0433]: cannot find type `JavaDistribution` in this scope
[INFO] [stdout]   --> src/launch/runner.rs:61:26
[INFO] [stdout]    |
[INFO] [stdout] 61 | version.launch(&profile, JavaDistribution::Zulu)
[INFO] [stdout]    |                          ^^^^^^^^^^^^^^^^ use of undeclared type `JavaDistribution`
[INFO] [stdout] 
[INFO] [stdout] error: aborting due to 9 previous errors
[INFO] [stdout] 
[INFO] [stdout] Some errors have detailed explanations: E0425, E0433, E0728.
[INFO] [stdout] For more information about an error, try `rustc --explain E0425`.
[INFO] [stdout] Couldn't compile the test.
[INFO] [stdout] 
[INFO] [stdout] failures:
[INFO] [stdout]     src/launch/runner.rs - launch::runner::Launch::launch (line 56)
[INFO] [stdout] 
[INFO] [stdout] test result: FAILED. 8 passed; 1 failed; 0 ignored; 0 measured; 0 filtered out; finished in 0.48s
[INFO] [stdout] 
[INFO] [stdout] all doctests ran in 0.74s; merged doctests compilation took 0.25s
[INFO] [stderr] error: doctest failed, to rerun pass `--doc`
[INFO] running `Command { std: "docker" "inspect" "759e9f6d8c680cd0248428d8f6918e8efa86b2026cc91c04db3a9adc6c4fede6", kill_on_drop: false }`
[INFO] running `Command { std: "docker" "rm" "-f" "759e9f6d8c680cd0248428d8f6918e8efa86b2026cc91c04db3a9adc6c4fede6", kill_on_drop: false }`
[INFO] [stdout] 759e9f6d8c680cd0248428d8f6918e8efa86b2026cc91c04db3a9adc6c4fede6
