[INFO] fetching crate lightweight-pdf-fonts 0.3.0...
[INFO] testing lightweight-pdf-fonts-0.3.0 against 1.100.0-beta.1+cargoflags=--release for beta-release-1.100-2
[INFO] extracting crate lightweight-pdf-fonts 0.3.0 into /workspace/builds/worker-1-tc2/source
[INFO] started tweaking crates.io crate lightweight-pdf-fonts 0.3.0
[INFO] finished tweaking crates.io crate lightweight-pdf-fonts 0.3.0
[INFO] tweaked toml for crates.io crate lightweight-pdf-fonts 0.3.0 written to /workspace/builds/worker-1-tc2/source/Cargo.toml
[INFO] validating manifest of crates.io crate lightweight-pdf-fonts 0.3.0 on toolchain 1.100.0-beta.1
[INFO] running `Command { std: CARGO_HOME="/workspace/cargo-home" RUSTUP_HOME="/workspace/rustup-home" "/workspace/cargo-home/bin/cargo" "+1.100.0-beta.1" "metadata" "--manifest-path" "Cargo.toml" "--no-deps", kill_on_drop: false }`
[INFO] crate crates.io crate lightweight-pdf-fonts 0.3.0 already has a lockfile, it will not be regenerated
[INFO] running `Command { std: CARGO_HOME="/workspace/cargo-home" RUSTUP_HOME="/workspace/rustup-home" "/workspace/cargo-home/bin/cargo" "+1.100.0-beta.1" "fetch" "--manifest-path" "Cargo.toml", kill_on_drop: false }`
[INFO] running `Command { std: "docker" "create" "-v" "/var/lib/crater-agent-workspace/builds/worker-1-tc2/source:/opt/rustwide/workdir:ro,Z" "-v" "/var/lib/crater-agent-workspace/builds/worker-1-tc2/target:/opt/rustwide/target:rw,Z" "-v" "/var/lib/crater-agent-workspace/cargo-home:/opt/rustwide/cargo-home:ro,Z" "-v" "/var/lib/crater-agent-workspace/rustup-home:/opt/rustwide/rustup-home:ro,Z" "-m" "1610612736" "--network" "none" "ghcr.io/rust-lang/crates-build-env/linux@sha256:77db811e55d90add9212f6832c23229e3de5f1c1f9905e8cb07319ea15df73ac" "sleep" "infinity", kill_on_drop: false }`
[INFO] [stdout] 8953aa4f739f650c751a983568599613e0cac7bed1acbd88d223d16c2e9db23b
[INFO] running `Command { std: "docker" "start" "8953aa4f739f650c751a983568599613e0cac7bed1acbd88d223d16c2e9db23b", kill_on_drop: false }`
[INFO] running `Command { std: "docker" "inspect" "8953aa4f739f650c751a983568599613e0cac7bed1acbd88d223d16c2e9db23b", kill_on_drop: false }`
[INFO] running `Command { std: "docker" "exec" "-e" "SOURCE_DIR=/opt/rustwide/workdir" "-e" "CARGO_HOME=/opt/rustwide/cargo-home" "-e" "RUSTUP_HOME=/opt/rustwide/rustup-home" "-e" "CARGO_TARGET_DIR=/opt/rustwide/target" "-w" "/opt/rustwide/workdir" "--user" "0:0" "8953aa4f739f650c751a983568599613e0cac7bed1acbd88d223d16c2e9db23b" "/opt/rustwide/cargo-home/bin/cargo" "+1.100.0-beta.1" "metadata" "--no-deps" "--format-version=1", kill_on_drop: false }`
[INFO] running `Command { std: "docker" "inspect" "8953aa4f739f650c751a983568599613e0cac7bed1acbd88d223d16c2e9db23b", kill_on_drop: false }`
[INFO] running `Command { std: "docker" "exec" "-e" "SOURCE_DIR=/opt/rustwide/workdir" "-e" "CARGO_HOME=/opt/rustwide/cargo-home" "-e" "RUSTUP_HOME=/opt/rustwide/rustup-home" "-e" "CARGO_TARGET_DIR=/opt/rustwide/target" "-e" "CARGO_INCREMENTAL=0" "-e" "RUST_BACKTRACE=full" "-e" "RUSTFLAGS=--cap-lints=warn" "-e" "RUSTDOCFLAGS=--cap-lints=warn" "-w" "/opt/rustwide/workdir" "--user" "0:0" "8953aa4f739f650c751a983568599613e0cac7bed1acbd88d223d16c2e9db23b" "/opt/rustwide/cargo-home/bin/cargo" "+1.100.0-beta.1" "build" "--frozen" "--message-format=json" "--release", kill_on_drop: false }`
[INFO] [stderr]    Compiling proc-macro2 v1.0.107
[INFO] [stderr]    Compiling quote v1.0.47
[INFO] [stderr]    Compiling unicode-ident v1.0.24
[INFO] [stderr]    Compiling once_cell v1.21.4
[INFO] [stderr]    Compiling syn v3.0.3
[INFO] [stderr]    Compiling bytemuck_derive v1.12.0
[INFO] [stderr]    Compiling bytemuck v1.25.2
[INFO] [stderr]    Compiling font-types v0.12.3
[INFO] [stderr]    Compiling read-fonts v0.43.1
[INFO] [stderr]    Compiling skrifa v0.46.1
[INFO] [stderr]    Compiling lightweight-pdf-fonts v0.3.0 (/opt/rustwide/workdir)
[INFO] [stderr]     Finished `release` profile [optimized] target(s) in 36.19s
[INFO] running `Command { std: "docker" "inspect" "8953aa4f739f650c751a983568599613e0cac7bed1acbd88d223d16c2e9db23b", kill_on_drop: false }`
[INFO] running `Command { std: "docker" "exec" "-e" "SOURCE_DIR=/opt/rustwide/workdir" "-e" "CARGO_HOME=/opt/rustwide/cargo-home" "-e" "RUSTUP_HOME=/opt/rustwide/rustup-home" "-e" "CARGO_TARGET_DIR=/opt/rustwide/target" "-e" "CARGO_INCREMENTAL=0" "-e" "RUST_BACKTRACE=full" "-e" "RUSTFLAGS=--cap-lints=warn" "-e" "RUSTDOCFLAGS=--cap-lints=warn" "-w" "/opt/rustwide/workdir" "--user" "0:0" "8953aa4f739f650c751a983568599613e0cac7bed1acbd88d223d16c2e9db23b" "/opt/rustwide/cargo-home/bin/cargo" "+1.100.0-beta.1" "test" "--frozen" "--no-run" "--message-format=json" "--release", kill_on_drop: false }`
[INFO] [stderr]    Compiling lightweight-pdf-fonts v0.3.0 (/opt/rustwide/workdir)
[INFO] [stderr]     Finished `release` profile [optimized] target(s) in 1.83s
[INFO] running `Command { std: "docker" "inspect" "8953aa4f739f650c751a983568599613e0cac7bed1acbd88d223d16c2e9db23b", kill_on_drop: false }`
[INFO] running `Command { std: "docker" "exec" "-e" "SOURCE_DIR=/opt/rustwide/workdir" "-e" "CARGO_HOME=/opt/rustwide/cargo-home" "-e" "RUSTUP_HOME=/opt/rustwide/rustup-home" "-e" "CARGO_TARGET_DIR=/opt/rustwide/target" "-e" "CARGO_INCREMENTAL=0" "-e" "RUST_BACKTRACE=full" "-e" "RUSTFLAGS=--cap-lints=warn" "-e" "RUSTDOCFLAGS=--cap-lints=warn" "-w" "/opt/rustwide/workdir" "--user" "0:0" "8953aa4f739f650c751a983568599613e0cac7bed1acbd88d223d16c2e9db23b" "/opt/rustwide/cargo-home/bin/cargo" "+1.100.0-beta.1" "test" "--frozen" "--release", kill_on_drop: false }`
[INFO] [stderr]     Finished `release` profile [optimized] target(s) in 0.03s
[INFO] [stderr]      Running unittests src/lib.rs (/opt/rustwide/target/release/build/lightweight-pdf-fonts/38c832ef898f6081/out/lightweight_pdf_fonts-38c832ef898f6081)
[INFO] [stdout] 
[INFO] [stdout] running 14 tests
[INFO] [stdout] test font::tests::rejects_garbage_bytes ... ok
[INFO] [stdout] test font::tests::advance_lookup_is_cached_and_repeatable ... FAILED
[INFO] [stdout] test subset::tests::subset_preserves_advance_widths_for_used_glyphs ... FAILED
[INFO] [stdout] test font::tests::computes_plausible_metrics_for_regular_and_bold ... FAILED
[INFO] [stdout] test subset::tests::empty_char_set_still_produces_a_loadable_notdef_only_font ... FAILED
[INFO] [stdout] test subset::tests::subset_is_much_smaller_than_the_original ... FAILED
[INFO] [stdout] test font::tests::loads_static_glyf_font ... FAILED
[INFO] [stdout] test subset::tests::unrepresentable_characters_are_omitted_not_an_error ... FAILED
[INFO] [stdout] test font::tests::unrepresentable_glyph_is_none_not_a_panic ... FAILED
[INFO] [stdout] test subset::tests::subset_round_trips_through_skrifa_and_is_internally_consistent ... FAILED
[INFO] [stdout] test subset::tests::works_on_a_non_default_font ... ok
[INFO] [stdout] test subset::tests::composite_glyph_closure_pulls_in_component_glyphs ... FAILED
[INFO] [stdout] test subset::tests::subset_cmap_lookup_matches_char_to_gid_mapping ... FAILED
[INFO] [stdout] test subset::tests::subset_checksum_adjustment_makes_the_whole_file_checksum_correct ... FAILED
[INFO] [stdout] 
[INFO] [stdout] failures:
[INFO] [stdout] 
[INFO] [stdout] ---- font::tests::advance_lookup_is_cached_and_repeatable stdout ----
[INFO] [stdout] 
[INFO] [stdout] thread 'font::tests::advance_lookup_is_cached_and_repeatable' (425) panicked at src/font.rs:211:107:
[INFO] [stdout] test font asset present: Os { code: 2, kind: NotFound, message: "No such file or directory" }
[INFO] [stdout] stack backtrace:
[INFO] [stdout]    0:     0x5c4e9b29da91 - <<std[617be2ca0a6fd877]::sys::backtrace::BacktraceLock>::print::DisplayBacktrace as core[a373ad73a504971]::fmt::Display>::fmt
[INFO] [stdout]    1:     0x5c4e9b2b246a - core[a373ad73a504971]::fmt::write
[INFO] [stdout]    2:     0x5c4e9b2a1cac - <alloc[2e1b2a31b91974c5]::vec::Vec<u8> as core[a373ad73a504971]::io::write::Write>::write_fmt
[INFO] [stdout]    3:     0x5c4e9b279be6 - std[617be2ca0a6fd877]::panicking::default_hook::{closure#0}
[INFO] [stdout]    4:     0x5c4e9b295e19 - std[617be2ca0a6fd877]::panicking::default_hook
[INFO] [stdout]    5:     0x5c4e9b2307c0 - test[aada8e7e76ba119b]::test_main_inner::{closure#0}
[INFO] [stdout]    6:     0x5c4e9b295fd2 - std[617be2ca0a6fd877]::panicking::panic_with_hook
[INFO] [stdout]    7:     0x5c4e9b279c92 - std[617be2ca0a6fd877]::panicking::panic_handler::{closure#0}
[INFO] [stdout]    8:     0x5c4e9b272819 - std[617be2ca0a6fd877]::sys::backtrace::__rust_end_short_backtrace::<std[617be2ca0a6fd877]::panicking::panic_handler::{closure#0}, !>
[INFO] [stdout]    9:     0x5c4e9b27a89d - __rustc[ea4f61d10b84890b]::rust_begin_unwind
[INFO] [stdout]   10:     0x5c4e9b2b2bcc - core[a373ad73a504971]::panicking::panic_fmt
[INFO] [stdout]   11:     0x5c4e9b2b29a2 - core[a373ad73a504971]::result::unwrap_failed
[INFO] [stdout]   12:     0x5c4e9b21e41e - <lightweight_pdf_fonts[5b244f9977a77c6d]::font::tests::advance_lookup_is_cached_and_repeatable::{closure#0} as core[a373ad73a504971]::ops::function::FnOnce<()>>::call_once
[INFO] [stdout]   13:     0x5c4e9b223c0b - test[aada8e7e76ba119b]::__rust_begin_short_backtrace::<core[a373ad73a504971]::result::Result<(), alloc[2e1b2a31b91974c5]::string::String>, fn() -> core[a373ad73a504971]::result::Result<(), alloc[2e1b2a31b91974c5]::string::String>>
[INFO] [stdout]   14:     0x5c4e9b230de5 - test[aada8e7e76ba119b]::run_test::{closure#0}
[INFO] [stdout]   15:     0x5c4e9b22a6d4 - std[617be2ca0a6fd877]::sys::backtrace::__rust_begin_short_backtrace::<test[aada8e7e76ba119b]::run_test::{closure#1}, ()>
[INFO] [stdout]   16:     0x5c4e9b233e72 - <std[617be2ca0a6fd877]::thread::lifecycle::spawn_unchecked<test[aada8e7e76ba119b]::run_test::{closure#1}, ()>::{closure#1} as core[a373ad73a504971]::ops::function::FnOnce<()>>::call_once::{shim:vtable#0}
[INFO] [stdout]   17:     0x5c4e9b29cfdf - <std[617be2ca0a6fd877]::sys::thread::unix::Thread>::new::thread_start
[INFO] [stdout]   18:     0x724d8c97adfa - <unknown>
[INFO] [stdout]   19:     0x724d8ca0e3d4 - clone
[INFO] [stdout]   20:                0x0 - <unknown>
[INFO] [stdout] 
[INFO] [stdout] ---- subset::tests::subset_preserves_advance_widths_for_used_glyphs stdout ----
[INFO] [stdout] 
[INFO] [stdout] thread 'subset::tests::subset_preserves_advance_widths_for_used_glyphs' (435) panicked at src/subset/tests.rs:9:115:
[INFO] [stdout] called `Result::unwrap()` on an `Err` value: Os { code: 2, kind: NotFound, message: "No such file or directory" }
[INFO] [stdout] stack backtrace:
[INFO] [stdout]    0:     0x5c4e9b29da91 - <<std[617be2ca0a6fd877]::sys::backtrace::BacktraceLock>::print::DisplayBacktrace as core[a373ad73a504971]::fmt::Display>::fmt
[INFO] [stdout]    1:     0x5c4e9b2b246a - core[a373ad73a504971]::fmt::write
[INFO] [stdout]    2:     0x5c4e9b2a1cac - <alloc[2e1b2a31b91974c5]::vec::Vec<u8> as core[a373ad73a504971]::io::write::Write>::write_fmt
[INFO] [stdout]    3:     0x5c4e9b279be6 - std[617be2ca0a6fd877]::panicking::default_hook::{closure#0}
[INFO] [stdout]    4:     0x5c4e9b295e19 - std[617be2ca0a6fd877]::panicking::default_hook
[INFO] [stdout]    5:     0x5c4e9b2307c0 - test[aada8e7e76ba119b]::test_main_inner::{closure#0}
[INFO] [stdout]    6:     0x5c4e9b295fd2 - std[617be2ca0a6fd877]::panicking::panic_with_hook
[INFO] [stdout]    7:     0x5c4e9b279c92 - std[617be2ca0a6fd877]::panicking::panic_handler::{closure#0}
[INFO] [stdout]    8:     0x5c4e9b272819 - std[617be2ca0a6fd877]::sys::backtrace::__rust_end_short_backtrace::<std[617be2ca0a6fd877]::panicking::panic_handler::{closure#0}, !>
[INFO] [stdout]    9:     0x5c4e9b27a89d - __rustc[ea4f61d10b84890b]::rust_begin_unwind
[INFO] [stdout]   10:     0x5c4e9b2b2bcc - core[a373ad73a504971]::panicking::panic_fmt
[INFO] [stdout]   11:     0x5c4e9b2b29a2 - core[a373ad73a504971]::result::unwrap_failed
[INFO] [stdout]   12:     0x5c4e9b21df1b - lightweight_pdf_fonts[5b244f9977a77c6d]::subset::tests::regular
[INFO] [stdout]   13:     0x5c4e9b220039 - <lightweight_pdf_fonts[5b244f9977a77c6d]::subset::tests::subset_preserves_advance_widths_for_used_glyphs::{closure#0} as core[a373ad73a504971]::ops::function::FnOnce<()>>::call_once
[INFO] [stdout]   14:     0x5c4e9b223c0b - test[aada8e7e76ba119b]::__rust_begin_short_backtrace::<core[a373ad73a504971]::result::Result<(), alloc[2e1b2a31b91974c5]::string::String>, fn() -> core[a373ad73a504971]::result::Result<(), alloc[2e1b2a31b91974c5]::string::String>>
[INFO] [stdout]   15:     0x5c4e9b230de5 - test[aada8e7e76ba119b]::run_test::{closure#0}
[INFO] [stdout]   16:     0x5c4e9b22a6d4 - std[617be2ca0a6fd877]::sys::backtrace::__rust_begin_short_backtrace::<test[aada8e7e76ba119b]::run_test::{closure#1}, ()>
[INFO] [stdout]   17:     0x5c4e9b233e72 - <std[617be2ca0a6fd877]::thread::lifecycle::spawn_unchecked<test[aada8e7e76ba119b]::run_test::{closure#1}, ()>::{closure#1} as core[a373ad73a504971]::ops::function::FnOnce<()>>::call_once::{shim:vtable#0}
[INFO] [stdout]   18:     0x5c4e9b29cfdf - <std[617be2ca0a6fd877]::sys::thread::unix::Thread>::new::thread_start
[INFO] [stdout]   19:     0x724d8c97adfa - <unknown>
[INFO] [stdout]   20:     0x724d8ca0e3d4 - clone
[INFO] [stdout]   21:                0x0 - <unknown>
[INFO] [stdout] 
[INFO] [stdout] ---- font::tests::computes_plausible_metrics_for_regular_and_bold stdout ----
[INFO] [stdout] 
[INFO] [stdout] thread 'font::tests::computes_plausible_metrics_for_regular_and_bold' (426) panicked at src/font.rs:211:107:
[INFO] [stdout] test font asset present: Os { code: 2, kind: NotFound, message: "No such file or directory" }
[INFO] [stdout] stack backtrace:
[INFO] [stdout]    0:     0x5c4e9b29da91 - <<std[617be2ca0a6fd877]::sys::backtrace::BacktraceLock>::print::DisplayBacktrace as core[a373ad73a504971]::fmt::Display>::fmt
[INFO] [stdout]    1:     0x5c4e9b2b246a - core[a373ad73a504971]::fmt::write
[INFO] [stdout]    2:     0x5c4e9b2a1cac - <alloc[2e1b2a31b91974c5]::vec::Vec<u8> as core[a373ad73a504971]::io::write::Write>::write_fmt
[INFO] [stdout]    3:     0x5c4e9b279be6 - std[617be2ca0a6fd877]::panicking::default_hook::{closure#0}
[INFO] [stdout]    4:     0x5c4e9b295e19 - std[617be2ca0a6fd877]::panicking::default_hook
[INFO] [stdout]    5:     0x5c4e9b2307c0 - test[aada8e7e76ba119b]::test_main_inner::{closure#0}
[INFO] [stdout]    6:     0x5c4e9b295fd2 - std[617be2ca0a6fd877]::panicking::panic_with_hook
[INFO] [stdout]    7:     0x5c4e9b279c92 - std[617be2ca0a6fd877]::panicking::panic_handler::{closure#0}
[INFO] [stdout]    8:     0x5c4e9b272819 - std[617be2ca0a6fd877]::sys::backtrace::__rust_end_short_backtrace::<std[617be2ca0a6fd877]::panicking::panic_handler::{closure#0}, !>
[INFO] [stdout]    9:     0x5c4e9b27a89d - __rustc[ea4f61d10b84890b]::rust_begin_unwind
[INFO] [stdout]   10:     0x5c4e9b2b2bcc - core[a373ad73a504971]::panicking::panic_fmt
[INFO] [stdout]   11:     0x5c4e9b2b29a2 - core[a373ad73a504971]::result::unwrap_failed
[INFO] [stdout]   12:     0x5c4e9b21f441 - <lightweight_pdf_fonts[5b244f9977a77c6d]::font::tests::computes_plausible_metrics_for_regular_and_bold::{closure#0} as core[a373ad73a504971]::ops::function::FnOnce<()>>::call_once
[INFO] [stdout]   13:     0x5c4e9b223c0b - test[aada8e7e76ba119b]::__rust_begin_short_backtrace::<core[a373ad73a504971]::result::Result<(), alloc[2e1b2a31b91974c5]::string::String>, fn() -> core[a373ad73a504971]::result::Result<(), alloc[2e1b2a31b91974c5]::string::String>>
[INFO] [stdout]   14:     0x5c4e9b230de5 - test[aada8e7e76ba119b]::run_test::{closure#0}
[INFO] [stdout]   15:     0x5c4e9b22a6d4 - std[617be2ca0a6fd877]::sys::backtrace::__rust_begin_short_backtrace::<test[aada8e7e76ba119b]::run_test::{closure#1}, ()>
[INFO] [stdout]   16:     0x5c4e9b233e72 - <std[617be2ca0a6fd877]::thread::lifecycle::spawn_unchecked<test[aada8e7e76ba119b]::run_test::{closure#1}, ()>::{closure#1} as core[a373ad73a504971]::ops::function::FnOnce<()>>::call_once::{shim:vtable#0}
[INFO] [stdout]   17:     0x5c4e9b29cfdf - <std[617be2ca0a6fd877]::sys::thread::unix::Thread>::new::thread_start
[INFO] [stdout]   18:     0x724d8c97adfa - <unknown>
[INFO] [stdout]   19:     0x724d8ca0e3d4 - clone
[INFO] [stdout]   20:                0x0 - <unknown>
[INFO] [stdout] 
[INFO] [stdout] ---- subset::tests::empty_char_set_still_produces_a_loadable_notdef_only_font stdout ----
[INFO] [stdout] 
[INFO] [stdout] thread 'subset::tests::empty_char_set_still_produces_a_loadable_notdef_only_font' (431) panicked at src/subset/tests.rs:9:115:
[INFO] [stdout] called `Result::unwrap()` on an `Err` value: Os { code: 2, kind: NotFound, message: "No such file or directory" }
[INFO] [stdout] stack backtrace:
[INFO] [stdout]    0:     0x5c4e9b29da91 - <<std[617be2ca0a6fd877]::sys::backtrace::BacktraceLock>::print::DisplayBacktrace as core[a373ad73a504971]::fmt::Display>::fmt
[INFO] [stdout]    1:     0x5c4e9b2b246a - core[a373ad73a504971]::fmt::write
[INFO] [stdout]    2:     0x5c4e9b2a1cac - <alloc[2e1b2a31b91974c5]::vec::Vec<u8> as core[a373ad73a504971]::io::write::Write>::write_fmt
[INFO] [stdout]    3:     0x5c4e9b279be6 - std[617be2ca0a6fd877]::panicking::default_hook::{closure#0}
[INFO] [stdout]    4:     0x5c4e9b295e19 - std[617be2ca0a6fd877]::panicking::default_hook
[INFO] [stdout]    5:     0x5c4e9b2307c0 - test[aada8e7e76ba119b]::test_main_inner::{closure#0}
[INFO] [stdout]    6:     0x5c4e9b295fd2 - std[617be2ca0a6fd877]::panicking::panic_with_hook
[INFO] [stdout]    7:     0x5c4e9b279c92 - std[617be2ca0a6fd877]::panicking::panic_handler::{closure#0}
[INFO] [stdout]    8:     0x5c4e9b272819 - std[617be2ca0a6fd877]::sys::backtrace::__rust_end_short_backtrace::<std[617be2ca0a6fd877]::panicking::panic_handler::{closure#0}, !>
[INFO] [stdout]    9:     0x5c4e9b27a89d - __rustc[ea4f61d10b84890b]::rust_begin_unwind
[INFO] [stdout]   10:     0x5c4e9b2b2bcc - core[a373ad73a504971]::panicking::panic_fmt
[INFO] [stdout]   11:     0x5c4e9b2b29a2 - core[a373ad73a504971]::result::unwrap_failed
[INFO] [stdout]   12:     0x5c4e9b21df1b - lightweight_pdf_fonts[5b244f9977a77c6d]::subset::tests::regular
[INFO] [stdout]   13:     0x5c4e9b2210d2 - <lightweight_pdf_fonts[5b244f9977a77c6d]::subset::tests::empty_char_set_still_produces_a_loadable_notdef_only_font::{closure#0} as core[a373ad73a504971]::ops::function::FnOnce<()>>::call_once
[INFO] [stdout]   14:     0x5c4e9b223c0b - test[aada8e7e76ba119b]::__rust_begin_short_backtrace::<core[a373ad73a504971]::result::Result<(), alloc[2e1b2a31b91974c5]::string::String>, fn() -> core[a373ad73a504971]::result::Result<(), alloc[2e1b2a31b91974c5]::string::String>>
[INFO] [stdout]   15:     0x5c4e9b230de5 - test[aada8e7e76ba119b]::run_test::{closure#0}
[INFO] [stdout]   16:     0x5c4e9b22a6d4 - std[617be2ca0a6fd877]::sys::backtrace::__rust_begin_short_backtrace::<test[aada8e7e76ba119b]::run_test::{closure#1}, ()>
[INFO] [stdout]   17:     0x5c4e9b233e72 - <std[617be2ca0a6fd877]::thread::lifecycle::spawn_unchecked<test[aada8e7e76ba119b]::run_test::{closure#1}, ()>::{closure#1} as core[a373ad73a504971]::ops::function::FnOnce<()>>::call_once::{shim:vtable#0}
[INFO] [stdout]   18:     0x5c4e9b29cfdf - <std[617be2ca0a6fd877]::sys::thread::unix::Thread>::new::thread_start
[INFO] [stdout]   19:     0x724d8c97adfa - <unknown>
[INFO] [stdout]   20:     0x724d8ca0e3d4 - clone
[INFO] [stdout]   21:                0x0 - <unknown>
[INFO] [stdout] 
[INFO] [stdout] ---- subset::tests::subset_is_much_smaller_than_the_original stdout ----
[INFO] [stdout] 
[INFO] [stdout] thread 'subset::tests::subset_is_much_smaller_than_the_original' (434) panicked at src/subset/tests.rs:9:115:
[INFO] [stdout] called `Result::unwrap()` on an `Err` value: Os { code: 2, kind: NotFound, message: "No such file or directory" }
[INFO] [stdout] stack backtrace:
[INFO] [stdout]    0:     0x5c4e9b29da91 - <<std[617be2ca0a6fd877]::sys::backtrace::BacktraceLock>::print::DisplayBacktrace as core[a373ad73a504971]::fmt::Display>::fmt
[INFO] [stdout]    1:     0x5c4e9b2b246a - core[a373ad73a504971]::fmt::write
[INFO] [stdout]    2:     0x5c4e9b2a1cac - <alloc[2e1b2a31b91974c5]::vec::Vec<u8> as core[a373ad73a504971]::io::write::Write>::write_fmt
[INFO] [stdout]    3:     0x5c4e9b279be6 - std[617be2ca0a6fd877]::panicking::default_hook::{closure#0}
[INFO] [stdout]    4:     0x5c4e9b295e19 - std[617be2ca0a6fd877]::panicking::default_hook
[INFO] [stdout]    5:     0x5c4e9b2307c0 - test[aada8e7e76ba119b]::test_main_inner::{closure#0}
[INFO] [stdout]    6:     0x5c4e9b295fd2 - std[617be2ca0a6fd877]::panicking::panic_with_hook
[INFO] [stdout]    7:     0x5c4e9b279c92 - std[617be2ca0a6fd877]::panicking::panic_handler::{closure#0}
[INFO] [stdout]    8:     0x5c4e9b272819 - std[617be2ca0a6fd877]::sys::backtrace::__rust_end_short_backtrace::<std[617be2ca0a6fd877]::panicking::panic_handler::{closure#0}, !>
[INFO] [stdout]    9:     0x5c4e9b27a89d - __rustc[ea4f61d10b84890b]::rust_begin_unwind
[INFO] [stdout]   10:     0x5c4e9b2b2bcc - core[a373ad73a504971]::panicking::panic_fmt
[INFO] [stdout]   11:     0x5c4e9b2b29a2 - core[a373ad73a504971]::result::unwrap_failed
[INFO] [stdout]   12:     0x5c4e9b21df1b - lightweight_pdf_fonts[5b244f9977a77c6d]::subset::tests::regular
[INFO] [stdout]   13:     0x5c4e9b21fa64 - <lightweight_pdf_fonts[5b244f9977a77c6d]::subset::tests::subset_is_much_smaller_than_the_original::{closure#0} as core[a373ad73a504971]::ops::function::FnOnce<()>>::call_once
[INFO] [stdout]   14:     0x5c4e9b223c0b - test[aada8e7e76ba119b]::__rust_begin_short_backtrace::<core[a373ad73a504971]::result::Result<(), alloc[2e1b2a31b91974c5]::string::String>, fn() -> core[a373ad73a504971]::result::Result<(), alloc[2e1b2a31b91974c5]::string::String>>
[INFO] [stdout]   15:     0x5c4e9b230de5 - test[aada8e7e76ba119b]::run_test::{closure#0}
[INFO] [stdout]   16:     0x5c4e9b22a6d4 - std[617be2ca0a6fd877]::sys::backtrace::__rust_begin_short_backtrace::<test[aada8e7e76ba119b]::run_test::{closure#1}, ()>
[INFO] [stdout]   17:     0x5c4e9b233e72 - <std[617be2ca0a6fd877]::thread::lifecycle::spawn_unchecked<test[aada8e7e76ba119b]::run_test::{closure#1}, ()>::{closure#1} as core[a373ad73a504971]::ops::function::FnOnce<()>>::call_once::{shim:vtable#0}
[INFO] [stdout]   18:     0x5c4e9b29cfdf - <std[617be2ca0a6fd877]::sys::thread::unix::Thread>::new::thread_start
[INFO] [stdout]   19:     0x724d8c97adfa - <unknown>
[INFO] [stdout]   20:     0x724d8ca0e3d4 - clone
[INFO] [stdout]   21:                0x0 - <unknown>
[INFO] [stdout] 
[INFO] [stdout] ---- font::tests::loads_static_glyf_font stdout ----
[INFO] [stdout] 
[INFO] [stdout] thread 'font::tests::loads_static_glyf_font' (427) panicked at src/font.rs:211:107:
[INFO] [stdout] test font asset present: Os { code: 2, kind: NotFound, message: "No such file or directory" }
[INFO] [stdout] stack backtrace:
[INFO] [stdout]    0:     0x5c4e9b29da91 - <<std[617be2ca0a6fd877]::sys::backtrace::BacktraceLock>::print::DisplayBacktrace as core[a373ad73a504971]::fmt::Display>::fmt
[INFO] [stdout]    1:     0x5c4e9b2b246a - core[a373ad73a504971]::fmt::write
[INFO] [stdout]    2:     0x5c4e9b2a1cac - <alloc[2e1b2a31b91974c5]::vec::Vec<u8> as core[a373ad73a504971]::io::write::Write>::write_fmt
[INFO] [stdout]    3:     0x5c4e9b279be6 - std[617be2ca0a6fd877]::panicking::default_hook::{closure#0}
[INFO] [stdout]    4:     0x5c4e9b295e19 - std[617be2ca0a6fd877]::panicking::default_hook
[INFO] [stdout]    5:     0x5c4e9b2307c0 - test[aada8e7e76ba119b]::test_main_inner::{closure#0}
[INFO] [stdout]    6:     0x5c4e9b295fd2 - std[617be2ca0a6fd877]::panicking::panic_with_hook
[INFO] [stdout]    7:     0x5c4e9b279c92 - std[617be2ca0a6fd877]::panicking::panic_handler::{closure#0}
[INFO] [stdout]    8:     0x5c4e9b272819 - std[617be2ca0a6fd877]::sys::backtrace::__rust_end_short_backtrace::<std[617be2ca0a6fd877]::panicking::panic_handler::{closure#0}, !>
[INFO] [stdout]    9:     0x5c4e9b27a89d - __rustc[ea4f61d10b84890b]::rust_begin_unwind
[INFO] [stdout]   10:     0x5c4e9b2b2bcc - core[a373ad73a504971]::panicking::panic_fmt
[INFO] [stdout]   11:     0x5c4e9b2b29a2 - core[a373ad73a504971]::result::unwrap_failed
[INFO] [stdout]   12:     0x5c4e9b21e1a2 - <lightweight_pdf_fonts[5b244f9977a77c6d]::font::tests::loads_static_glyf_font::{closure#0} as core[a373ad73a504971]::ops::function::FnOnce<()>>::call_once
[INFO] [stdout]   13:     0x5c4e9b223c0b - test[aada8e7e76ba119b]::__rust_begin_short_backtrace::<core[a373ad73a504971]::result::Result<(), alloc[2e1b2a31b91974c5]::string::String>, fn() -> core[a373ad73a504971]::result::Result<(), alloc[2e1b2a31b91974c5]::string::String>>
[INFO] [stdout]   14:     0x5c4e9b230de5 - test[aada8e7e76ba119b]::run_test::{closure#0}
[INFO] [stdout]   15:     0x5c4e9b22a6d4 - std[617be2ca0a6fd877]::sys::backtrace::__rust_begin_short_backtrace::<test[aada8e7e76ba119b]::run_test::{closure#1}, ()>
[INFO] [stdout]   16:     0x5c4e9b233e72 - <std[617be2ca0a6fd877]::thread::lifecycle::spawn_unchecked<test[aada8e7e76ba119b]::run_test::{closure#1}, ()>::{closure#1} as core[a373ad73a504971]::ops::function::FnOnce<()>>::call_once::{shim:vtable#0}
[INFO] [stdout]   17:     0x5c4e9b29cfdf - <std[617be2ca0a6fd877]::sys::thread::unix::Thread>::new::thread_start
[INFO] [stdout]   18:     0x724d8c97adfa - <unknown>
[INFO] [stdout]   19:     0x724d8ca0e3d4 - clone
[INFO] [stdout]   20:                0x0 - <unknown>
[INFO] [stdout] 
[INFO] [stdout] ---- subset::tests::unrepresentable_characters_are_omitted_not_an_error stdout ----
[INFO] [stdout] 
[INFO] [stdout] thread 'subset::tests::unrepresentable_characters_are_omitted_not_an_error' (437) panicked at src/subset/tests.rs:9:115:
[INFO] [stdout] called `Result::unwrap()` on an `Err` value: Os { code: 2, kind: NotFound, message: "No such file or directory" }
[INFO] [stdout] stack backtrace:
[INFO] [stdout]    0:     0x5c4e9b29da91 - <<std[617be2ca0a6fd877]::sys::backtrace::BacktraceLock>::print::DisplayBacktrace as core[a373ad73a504971]::fmt::Display>::fmt
[INFO] [stdout]    1:     0x5c4e9b2b246a - core[a373ad73a504971]::fmt::write
[INFO] [stdout]    2:     0x5c4e9b2a1cac - <alloc[2e1b2a31b91974c5]::vec::Vec<u8> as core[a373ad73a504971]::io::write::Write>::write_fmt
[INFO] [stdout]    3:     0x5c4e9b279be6 - std[617be2ca0a6fd877]::panicking::default_hook::{closure#0}
[INFO] [stdout]    4:     0x5c4e9b295e19 - std[617be2ca0a6fd877]::panicking::default_hook
[INFO] [stdout]    5:     0x5c4e9b2307c0 - test[aada8e7e76ba119b]::test_main_inner::{closure#0}
[INFO] [stdout]    6:     0x5c4e9b295fd2 - std[617be2ca0a6fd877]::panicking::panic_with_hook
[INFO] [stdout]    7:     0x5c4e9b279c92 - std[617be2ca0a6fd877]::panicking::panic_handler::{closure#0}
[INFO] [stdout]    8:     0x5c4e9b272819 - std[617be2ca0a6fd877]::sys::backtrace::__rust_end_short_backtrace::<std[617be2ca0a6fd877]::panicking::panic_handler::{closure#0}, !>
[INFO] [stdout]    9:     0x5c4e9b27a89d - __rustc[ea4f61d10b84890b]::rust_begin_unwind
[INFO] [stdout]   10:     0x5c4e9b2b2bcc - core[a373ad73a504971]::panicking::panic_fmt
[INFO] [stdout]   11:     0x5c4e9b2b29a2 - core[a373ad73a504971]::result::unwrap_failed
[INFO] [stdout]   12:     0x5c4e9b21df1b - lightweight_pdf_fonts[5b244f9977a77c6d]::subset::tests::regular
[INFO] [stdout]   13:     0x5c4e9b220d89 - <lightweight_pdf_fonts[5b244f9977a77c6d]::subset::tests::unrepresentable_characters_are_omitted_not_an_error::{closure#0} as core[a373ad73a504971]::ops::function::FnOnce<()>>::call_once
[INFO] [stdout]   14:     0x5c4e9b223c0b - test[aada8e7e76ba119b]::__rust_begin_short_backtrace::<core[a373ad73a504971]::result::Result<(), alloc[2e1b2a31b91974c5]::string::String>, fn() -> core[a373ad73a504971]::result::Result<(), alloc[2e1b2a31b91974c5]::string::String>>
[INFO] [stdout]   15:     0x5c4e9b230de5 - test[aada8e7e76ba119b]::run_test::{closure#0}
[INFO] [stdout]   16:     0x5c4e9b22a6d4 - std[617be2ca0a6fd877]::sys::backtrace::__rust_begin_short_backtrace::<test[aada8e7e76ba119b]::run_test::{closure#1}, ()>
[INFO] [stdout]   17:     0x5c4e9b233e72 - <std[617be2ca0a6fd877]::thread::lifecycle::spawn_unchecked<test[aada8e7e76ba119b]::run_test::{closure#1}, ()>::{closure#1} as core[a373ad73a504971]::ops::function::FnOnce<()>>::call_once::{shim:vtable#0}
[INFO] [stdout]   18:     0x5c4e9b29cfdf - <std[617be2ca0a6fd877]::sys::thread::unix::Thread>::new::thread_start
[INFO] [stdout]   19:     0x724d8c97adfa - <unknown>
[INFO] [stdout]   20:     0x724d8ca0e3d4 - clone
[INFO] [stdout]   21:                0x0 - <unknown>
[INFO] [stdout] 
[INFO] [stdout] ---- font::tests::unrepresentable_glyph_is_none_not_a_panic stdout ----
[INFO] [stdout] 
[INFO] [stdout] thread 'font::tests::unrepresentable_glyph_is_none_not_a_panic' (429) panicked at src/font.rs:211:107:
[INFO] [stdout] test font asset present: Os { code: 2, kind: NotFound, message: "No such file or directory" }
[INFO] [stdout] stack backtrace:
[INFO] [stderr] error: test failed, to rerun pass `--lib`
[INFO] [stdout]    0:     0x5c4e9b29da91 - <<std[617be2ca0a6fd877]::sys::backtrace::BacktraceLock>::print::DisplayBacktrace as core[a373ad73a504971]::fmt::Display>::fmt
[INFO] [stdout]    1:     0x5c4e9b2b246a - core[a373ad73a504971]::fmt::write
[INFO] [stdout]    2:     0x5c4e9b2a1cac - <alloc[2e1b2a31b91974c5]::vec::Vec<u8> as core[a373ad73a504971]::io::write::Write>::write_fmt
[INFO] [stdout]    3:     0x5c4e9b279be6 - std[617be2ca0a6fd877]::panicking::default_hook::{closure#0}
[INFO] [stdout]    4:     0x5c4e9b295e19 - std[617be2ca0a6fd877]::panicking::default_hook
[INFO] [stdout]    5:     0x5c4e9b2307c0 - test[aada8e7e76ba119b]::test_main_inner::{closure#0}
[INFO] [stdout]    6:     0x5c4e9b295fd2 - std[617be2ca0a6fd877]::panicking::panic_with_hook
[INFO] [stdout]    7:     0x5c4e9b279c92 - std[617be2ca0a6fd877]::panicking::panic_handler::{closure#0}
[INFO] [stdout]    8:     0x5c4e9b272819 - std[617be2ca0a6fd877]::sys::backtrace::__rust_end_short_backtrace::<std[617be2ca0a6fd877]::panicking::panic_handler::{closure#0}, !>
[INFO] [stdout]    9:     0x5c4e9b27a89d - __rustc[ea4f61d10b84890b]::rust_begin_unwind
[INFO] [stdout]   10:     0x5c4e9b2b2bcc - core[a373ad73a504971]::panicking::panic_fmt
[INFO] [stdout]   11:     0x5c4e9b2b29a2 - core[a373ad73a504971]::result::unwrap_failed
[INFO] [stdout]   12:     0x5c4e9b21e7a6 - <lightweight_pdf_fonts[5b244f9977a77c6d]::font::tests::unrepresentable_glyph_is_none_not_a_panic::{closure#0} as core[a373ad73a504971]::ops::function::FnOnce<()>>::call_once
[INFO] [stdout]   13:     0x5c4e9b223c0b - test[aada8e7e76ba119b]::__rust_begin_short_backtrace::<core[a373ad73a504971]::result::Result<(), alloc[2e1b2a31b91974c5]::string::String>, fn() -> core[a373ad73a504971]::result::Result<(), alloc[2e1b2a31b91974c5]::string::String>>
[INFO] [stdout]   14:     0x5c4e9b230de5 - test[aada8e7e76ba119b]::run_test::{closure#0}
[INFO] [stdout]   15:     0x5c4e9b22a6d4 - std[617be2ca0a6fd877]::sys::backtrace::__rust_begin_short_backtrace::<test[aada8e7e76ba119b]::run_test::{closure#1}, ()>
[INFO] [stdout]   16:     0x5c4e9b233e72 - <std[617be2ca0a6fd877]::thread::lifecycle::spawn_unchecked<test[aada8e7e76ba119b]::run_test::{closure#1}, ()>::{closure#1} as core[a373ad73a504971]::ops::function::FnOnce<()>>::call_once::{shim:vtable#0}
[INFO] [stdout]   17:     0x5c4e9b29cfdf - <std[617be2ca0a6fd877]::sys::thread::unix::Thread>::new::thread_start
[INFO] [stdout]   18:     0x724d8c97adfa - <unknown>
[INFO] [stdout]   19:     0x724d8ca0e3d4 - clone
[INFO] [stdout]   20:                0x0 - <unknown>
[INFO] [stdout] 
[INFO] [stdout] ---- subset::tests::subset_round_trips_through_skrifa_and_is_internally_consistent stdout ----
[INFO] [stdout] 
[INFO] [stdout] thread 'subset::tests::subset_round_trips_through_skrifa_and_is_internally_consistent' (436) panicked at src/subset/tests.rs:9:115:
[INFO] [stdout] called `Result::unwrap()` on an `Err` value: Os { code: 2, kind: NotFound, message: "No such file or directory" }
[INFO] [stdout] stack backtrace:
[INFO] [stdout]    0:     0x5c4e9b29da91 - <<std[617be2ca0a6fd877]::sys::backtrace::BacktraceLock>::print::DisplayBacktrace as core[a373ad73a504971]::fmt::Display>::fmt
[INFO] [stdout]    1:     0x5c4e9b2b246a - core[a373ad73a504971]::fmt::write
[INFO] [stdout]    2:     0x5c4e9b2a1cac - <alloc[2e1b2a31b91974c5]::vec::Vec<u8> as core[a373ad73a504971]::io::write::Write>::write_fmt
[INFO] [stdout]    3:     0x5c4e9b279be6 - std[617be2ca0a6fd877]::panicking::default_hook::{closure#0}
[INFO] [stdout]    4:     0x5c4e9b295e19 - std[617be2ca0a6fd877]::panicking::default_hook
[INFO] [stdout]    5:     0x5c4e9b2307c0 - test[aada8e7e76ba119b]::test_main_inner::{closure#0}
[INFO] [stdout]    6:     0x5c4e9b295fd2 - std[617be2ca0a6fd877]::panicking::panic_with_hook
[INFO] [stdout]    7:     0x5c4e9b279c92 - std[617be2ca0a6fd877]::panicking::panic_handler::{closure#0}
[INFO] [stdout]    8:     0x5c4e9b272819 - std[617be2ca0a6fd877]::sys::backtrace::__rust_end_short_backtrace::<std[617be2ca0a6fd877]::panicking::panic_handler::{closure#0}, !>
[INFO] [stdout]    9:     0x5c4e9b27a89d - __rustc[ea4f61d10b84890b]::rust_begin_unwind
[INFO] [stdout]   10:     0x5c4e9b2b2bcc - core[a373ad73a504971]::panicking::panic_fmt
[INFO] [stdout]   11:     0x5c4e9b2b29a2 - core[a373ad73a504971]::result::unwrap_failed
[INFO] [stdout]   12:     0x5c4e9b21df1b - lightweight_pdf_fonts[5b244f9977a77c6d]::subset::tests::regular
[INFO] [stdout]   13:     0x5c4e9b221398 - <lightweight_pdf_fonts[5b244f9977a77c6d]::subset::tests::subset_round_trips_through_skrifa_and_is_internally_consistent::{closure#0} as core[a373ad73a504971]::ops::function::FnOnce<()>>::call_once
[INFO] [stdout]   14:     0x5c4e9b223c0b - test[aada8e7e76ba119b]::__rust_begin_short_backtrace::<core[a373ad73a504971]::result::Result<(), alloc[2e1b2a31b91974c5]::string::String>, fn() -> core[a373ad73a504971]::result::Result<(), alloc[2e1b2a31b91974c5]::string::String>>
[INFO] [stdout]   15:     0x5c4e9b230de5 - test[aada8e7e76ba119b]::run_test::{closure#0}
[INFO] [stdout]   16:     0x5c4e9b22a6d4 - std[617be2ca0a6fd877]::sys::backtrace::__rust_begin_short_backtrace::<test[aada8e7e76ba119b]::run_test::{closure#1}, ()>
[INFO] [stdout]   17:     0x5c4e9b233e72 - <std[617be2ca0a6fd877]::thread::lifecycle::spawn_unchecked<test[aada8e7e76ba119b]::run_test::{closure#1}, ()>::{closure#1} as core[a373ad73a504971]::ops::function::FnOnce<()>>::call_once::{shim:vtable#0}
[INFO] [stdout]   18:     0x5c4e9b29cfdf - <std[617be2ca0a6fd877]::sys::thread::unix::Thread>::new::thread_start
[INFO] [stdout]   19:     0x724d8c97adfa - <unknown>
[INFO] [stdout]   20:     0x724d8ca0e3d4 - clone
[INFO] [stdout]   21:                0x0 - <unknown>
[INFO] [stdout] 
[INFO] [stdout] ---- subset::tests::composite_glyph_closure_pulls_in_component_glyphs stdout ----
[INFO] [stdout] 
[INFO] [stdout] thread 'subset::tests::composite_glyph_closure_pulls_in_component_glyphs' (430) panicked at src/subset/tests.rs:9:115:
[INFO] [stdout] called `Result::unwrap()` on an `Err` value: Os { code: 2, kind: NotFound, message: "No such file or directory" }
[INFO] [stdout] stack backtrace:
[INFO] [stdout]    0:     0x5c4e9b29da91 - <<std[617be2ca0a6fd877]::sys::backtrace::BacktraceLock>::print::DisplayBacktrace as core[a373ad73a504971]::fmt::Display>::fmt
[INFO] [stdout]    1:     0x5c4e9b2b246a - core[a373ad73a504971]::fmt::write
[INFO] [stdout]    2:     0x5c4e9b2a1cac - <alloc[2e1b2a31b91974c5]::vec::Vec<u8> as core[a373ad73a504971]::io::write::Write>::write_fmt
[INFO] [stdout]    3:     0x5c4e9b279be6 - std[617be2ca0a6fd877]::panicking::default_hook::{closure#0}
[INFO] [stdout]    4:     0x5c4e9b295e19 - std[617be2ca0a6fd877]::panicking::default_hook
[INFO] [stdout]    5:     0x5c4e9b2307c0 - test[aada8e7e76ba119b]::test_main_inner::{closure#0}
[INFO] [stdout]    6:     0x5c4e9b295fd2 - std[617be2ca0a6fd877]::panicking::panic_with_hook
[INFO] [stdout]    7:     0x5c4e9b279c92 - std[617be2ca0a6fd877]::panicking::panic_handler::{closure#0}
[INFO] [stdout]    8:     0x5c4e9b272819 - std[617be2ca0a6fd877]::sys::backtrace::__rust_end_short_backtrace::<std[617be2ca0a6fd877]::panicking::panic_handler::{closure#0}, !>
[INFO] [stdout]    9:     0x5c4e9b27a89d - __rustc[ea4f61d10b84890b]::rust_begin_unwind
[INFO] [stdout]   10:     0x5c4e9b2b2bcc - core[a373ad73a504971]::panicking::panic_fmt
[INFO] [stdout]   11:     0x5c4e9b2b29a2 - core[a373ad73a504971]::result::unwrap_failed
[INFO] [stdout]   12:     0x5c4e9b21df1b - lightweight_pdf_fonts[5b244f9977a77c6d]::subset::tests::regular
[INFO] [stdout]   13:     0x5c4e9b220aa0 - <lightweight_pdf_fonts[5b244f9977a77c6d]::subset::tests::composite_glyph_closure_pulls_in_component_glyphs::{closure#0} as core[a373ad73a504971]::ops::function::FnOnce<()>>::call_once
[INFO] [stdout]   14:     0x5c4e9b223c0b - test[aada8e7e76ba119b]::__rust_begin_short_backtrace::<core[a373ad73a504971]::result::Result<(), alloc[2e1b2a31b91974c5]::string::String>, fn() -> core[a373ad73a504971]::result::Result<(), alloc[2e1b2a31b91974c5]::string::String>>
[INFO] [stdout]   15:     0x5c4e9b230de5 - test[aada8e7e76ba119b]::run_test::{closure#0}
[INFO] [stdout]   16:     0x5c4e9b22a6d4 - std[617be2ca0a6fd877]::sys::backtrace::__rust_begin_short_backtrace::<test[aada8e7e76ba119b]::run_test::{closure#1}, ()>
[INFO] [stdout]   17:     0x5c4e9b233e72 - <std[617be2ca0a6fd877]::thread::lifecycle::spawn_unchecked<test[aada8e7e76ba119b]::run_test::{closure#1}, ()>::{closure#1} as core[a373ad73a504971]::ops::function::FnOnce<()>>::call_once::{shim:vtable#0}
[INFO] [stdout]   18:     0x5c4e9b29cfdf - <std[617be2ca0a6fd877]::sys::thread::unix::Thread>::new::thread_start
[INFO] [stdout]   19:     0x724d8c97adfa - <unknown>
[INFO] [stdout]   20:     0x724d8ca0e3d4 - clone
[INFO] [stdout]   21:                0x0 - <unknown>
[INFO] [stdout] 
[INFO] [stdout] ---- subset::tests::subset_cmap_lookup_matches_char_to_gid_mapping stdout ----
[INFO] [stdout] 
[INFO] [stdout] thread 'subset::tests::subset_cmap_lookup_matches_char_to_gid_mapping' (433) panicked at src/subset/tests.rs:9:115:
[INFO] [stdout] called `Result::unwrap()` on an `Err` value: Os { code: 2, kind: NotFound, message: "No such file or directory" }
[INFO] [stdout] stack backtrace:
[INFO] [stdout]    0:     0x5c4e9b29da91 - <<std[617be2ca0a6fd877]::sys::backtrace::BacktraceLock>::print::DisplayBacktrace as core[a373ad73a504971]::fmt::Display>::fmt
[INFO] [stdout]    1:     0x5c4e9b2b246a - core[a373ad73a504971]::fmt::write
[INFO] [stdout]    2:     0x5c4e9b2a1cac - <alloc[2e1b2a31b91974c5]::vec::Vec<u8> as core[a373ad73a504971]::io::write::Write>::write_fmt
[INFO] [stdout]    3:     0x5c4e9b279be6 - std[617be2ca0a6fd877]::panicking::default_hook::{closure#0}
[INFO] [stdout]    4:     0x5c4e9b295e19 - std[617be2ca0a6fd877]::panicking::default_hook
[INFO] [stdout]    5:     0x5c4e9b2307c0 - test[aada8e7e76ba119b]::test_main_inner::{closure#0}
[INFO] [stdout]    6:     0x5c4e9b295fd2 - std[617be2ca0a6fd877]::panicking::panic_with_hook
[INFO] [stdout]    7:     0x5c4e9b279c92 - std[617be2ca0a6fd877]::panicking::panic_handler::{closure#0}
[INFO] [stdout]    8:     0x5c4e9b272819 - std[617be2ca0a6fd877]::sys::backtrace::__rust_end_short_backtrace::<std[617be2ca0a6fd877]::panicking::panic_handler::{closure#0}, !>
[INFO] [stdout]    9:     0x5c4e9b27a89d - __rustc[ea4f61d10b84890b]::rust_begin_unwind
[INFO] [stdout]   10:     0x5c4e9b2b2bcc - core[a373ad73a504971]::panicking::panic_fmt
[INFO] [stdout]   11:     0x5c4e9b2b29a2 - core[a373ad73a504971]::result::unwrap_failed
[INFO] [stdout]   12:     0x5c4e9b21df1b - lightweight_pdf_fonts[5b244f9977a77c6d]::subset::tests::regular
[INFO] [stdout]   13:     0x5c4e9b21fcd8 - <lightweight_pdf_fonts[5b244f9977a77c6d]::subset::tests::subset_cmap_lookup_matches_char_to_gid_mapping::{closure#0} as core[a373ad73a504971]::ops::function::FnOnce<()>>::call_once
[INFO] [stdout]   14:     0x5c4e9b223c0b - test[aada8e7e76ba119b]::__rust_begin_short_backtrace::<core[a373ad73a504971]::result::Result<(), alloc[2e1b2a31b91974c5]::string::String>, fn() -> core[a373ad73a504971]::result::Result<(), alloc[2e1b2a31b91974c5]::string::String>>
[INFO] [stdout]   15:     0x5c4e9b230de5 - test[aada8e7e76ba119b]::run_test::{closure#0}
[INFO] [stdout]   16:     0x5c4e9b22a6d4 - std[617be2ca0a6fd877]::sys::backtrace::__rust_begin_short_backtrace::<test[aada8e7e76ba119b]::run_test::{closure#1}, ()>
[INFO] [stdout]   17:     0x5c4e9b233e72 - <std[617be2ca0a6fd877]::thread::lifecycle::spawn_unchecked<test[aada8e7e76ba119b]::run_test::{closure#1}, ()>::{closure#1} as core[a373ad73a504971]::ops::function::FnOnce<()>>::call_once::{shim:vtable#0}
[INFO] [stdout]   18:     0x5c4e9b29cfdf - <std[617be2ca0a6fd877]::sys::thread::unix::Thread>::new::thread_start
[INFO] [stdout]   19:     0x724d8c97adfa - <unknown>
[INFO] [stdout]   20:     0x724d8ca0e3d4 - clone
[INFO] [stdout]   21:                0x0 - <unknown>
[INFO] [stdout] 
[INFO] [stdout] ---- subset::tests::subset_checksum_adjustment_makes_the_whole_file_checksum_correct stdout ----
[INFO] [stdout] 
[INFO] [stdout] thread 'subset::tests::subset_checksum_adjustment_makes_the_whole_file_checksum_correct' (432) panicked at src/subset/tests.rs:9:115:
[INFO] [stdout] called `Result::unwrap()` on an `Err` value: Os { code: 2, kind: NotFound, message: "No such file or directory" }
[INFO] [stdout] stack backtrace:
[INFO] [stdout]    0:     0x5c4e9b29da91 - <<std[617be2ca0a6fd877]::sys::backtrace::BacktraceLock>::print::DisplayBacktrace as core[a373ad73a504971]::fmt::Display>::fmt
[INFO] [stdout]    1:     0x5c4e9b2b246a - core[a373ad73a504971]::fmt::write
[INFO] [stdout]    2:     0x5c4e9b2a1cac - <alloc[2e1b2a31b91974c5]::vec::Vec<u8> as core[a373ad73a504971]::io::write::Write>::write_fmt
[INFO] [stdout]    3:     0x5c4e9b279be6 - std[617be2ca0a6fd877]::panicking::default_hook::{closure#0}
[INFO] [stdout]    4:     0x5c4e9b295e19 - std[617be2ca0a6fd877]::panicking::default_hook
[INFO] [stdout]    5:     0x5c4e9b2307c0 - test[aada8e7e76ba119b]::test_main_inner::{closure#0}
[INFO] [stdout]    6:     0x5c4e9b295fd2 - std[617be2ca0a6fd877]::panicking::panic_with_hook
[INFO] [stdout]    7:     0x5c4e9b279c92 - std[617be2ca0a6fd877]::panicking::panic_handler::{closure#0}
[INFO] [stdout]    8:     0x5c4e9b272819 - std[617be2ca0a6fd877]::sys::backtrace::__rust_end_short_backtrace::<std[617be2ca0a6fd877]::panicking::panic_handler::{closure#0}, !>
[INFO] [stdout]    9:     0x5c4e9b27a89d - __rustc[ea4f61d10b84890b]::rust_begin_unwind
[INFO] [stdout]   10:     0x5c4e9b2b2bcc - core[a373ad73a504971]::panicking::panic_fmt
[INFO] [stdout]   11:     0x5c4e9b2b29a2 - core[a373ad73a504971]::result::unwrap_failed
[INFO] [stdout]   12:     0x5c4e9b21df1b - lightweight_pdf_fonts[5b244f9977a77c6d]::subset::tests::regular
[INFO] [stdout]   13:     0x5c4e9b221719 - <lightweight_pdf_fonts[5b244f9977a77c6d]::subset::tests::subset_checksum_adjustment_makes_the_whole_file_checksum_correct::{closure#0} as core[a373ad73a504971]::ops::function::FnOnce<()>>::call_once
[INFO] [stdout]   14:     0x5c4e9b223c0b - test[aada8e7e76ba119b]::__rust_begin_short_backtrace::<core[a373ad73a504971]::result::Result<(), alloc[2e1b2a31b91974c5]::string::String>, fn() -> core[a373ad73a504971]::result::Result<(), alloc[2e1b2a31b91974c5]::string::String>>
[INFO] [stdout]   15:     0x5c4e9b230de5 - test[aada8e7e76ba119b]::run_test::{closure#0}
[INFO] [stdout]   16:     0x5c4e9b22a6d4 - std[617be2ca0a6fd877]::sys::backtrace::__rust_begin_short_backtrace::<test[aada8e7e76ba119b]::run_test::{closure#1}, ()>
[INFO] [stdout]   17:     0x5c4e9b233e72 - <std[617be2ca0a6fd877]::thread::lifecycle::spawn_unchecked<test[aada8e7e76ba119b]::run_test::{closure#1}, ()>::{closure#1} as core[a373ad73a504971]::ops::function::FnOnce<()>>::call_once::{shim:vtable#0}
[INFO] [stdout]   18:     0x5c4e9b29cfdf - <std[617be2ca0a6fd877]::sys::thread::unix::Thread>::new::thread_start
[INFO] [stdout]   19:     0x724d8c97adfa - <unknown>
[INFO] [stdout]   20:     0x724d8ca0e3d4 - clone
[INFO] [stdout]   21:                0x0 - <unknown>
[INFO] [stdout] 
[INFO] [stdout] 
[INFO] [stdout] failures:
[INFO] [stdout]     font::tests::advance_lookup_is_cached_and_repeatable
[INFO] [stdout]     font::tests::computes_plausible_metrics_for_regular_and_bold
[INFO] [stdout]     font::tests::loads_static_glyf_font
[INFO] [stdout]     font::tests::unrepresentable_glyph_is_none_not_a_panic
[INFO] [stdout]     subset::tests::composite_glyph_closure_pulls_in_component_glyphs
[INFO] [stdout]     subset::tests::empty_char_set_still_produces_a_loadable_notdef_only_font
[INFO] [stdout]     subset::tests::subset_checksum_adjustment_makes_the_whole_file_checksum_correct
[INFO] [stdout]     subset::tests::subset_cmap_lookup_matches_char_to_gid_mapping
[INFO] [stdout]     subset::tests::subset_is_much_smaller_than_the_original
[INFO] [stdout]     subset::tests::subset_preserves_advance_widths_for_used_glyphs
[INFO] [stdout]     subset::tests::subset_round_trips_through_skrifa_and_is_internally_consistent
[INFO] [stdout]     subset::tests::unrepresentable_characters_are_omitted_not_an_error
[INFO] [stdout] 
[INFO] [stdout] test result: FAILED. 2 passed; 12 failed; 0 ignored; 0 measured; 0 filtered out; finished in 0.01s
[INFO] [stdout] 
[INFO] running `Command { std: "docker" "inspect" "8953aa4f739f650c751a983568599613e0cac7bed1acbd88d223d16c2e9db23b", kill_on_drop: false }`
[INFO] running `Command { std: "docker" "rm" "-f" "8953aa4f739f650c751a983568599613e0cac7bed1acbd88d223d16c2e9db23b", kill_on_drop: false }`
[INFO] [stdout] 8953aa4f739f650c751a983568599613e0cac7bed1acbd88d223d16c2e9db23b
