[INFO] fetching crate lightweight-pdf-cli 0.3.0...
[INFO] testing lightweight-pdf-cli-0.3.0 against 1.100.0-beta.1+cargoflags=--release for beta-release-1.100-2
[INFO] extracting crate lightweight-pdf-cli 0.3.0 into /workspace/builds/worker-0-tc2/source
[INFO] started tweaking crates.io crate lightweight-pdf-cli 0.3.0
[INFO] removed 0 missing tests
[INFO] finished tweaking crates.io crate lightweight-pdf-cli 0.3.0
[INFO] tweaked toml for crates.io crate lightweight-pdf-cli 0.3.0 written to /workspace/builds/worker-0-tc2/source/Cargo.toml
[INFO] validating manifest of crates.io crate lightweight-pdf-cli 0.3.0 on toolchain 1.100.0-beta.1
[INFO] running `Command { std: CARGO_HOME="/workspace/cargo-home" RUSTUP_HOME="/workspace/rustup-home" "/workspace/cargo-home/bin/cargo" "+1.100.0-beta.1" "metadata" "--manifest-path" "Cargo.toml" "--no-deps", kill_on_drop: false }`
[INFO] crate crates.io crate lightweight-pdf-cli 0.3.0 already has a lockfile, it will not be regenerated
[INFO] running `Command { std: CARGO_HOME="/workspace/cargo-home" RUSTUP_HOME="/workspace/rustup-home" "/workspace/cargo-home/bin/cargo" "+1.100.0-beta.1" "fetch" "--manifest-path" "Cargo.toml", kill_on_drop: false }`
[INFO] running `Command { std: "docker" "create" "-v" "/var/lib/crater-agent-workspace/builds/worker-0-tc2/source:/opt/rustwide/workdir:ro,Z" "-v" "/var/lib/crater-agent-workspace/builds/worker-0-tc2/target:/opt/rustwide/target:rw,Z" "-v" "/var/lib/crater-agent-workspace/cargo-home:/opt/rustwide/cargo-home:ro,Z" "-v" "/var/lib/crater-agent-workspace/rustup-home:/opt/rustwide/rustup-home:ro,Z" "-m" "1610612736" "--network" "none" "ghcr.io/rust-lang/crates-build-env/linux@sha256:77db811e55d90add9212f6832c23229e3de5f1c1f9905e8cb07319ea15df73ac" "sleep" "infinity", kill_on_drop: false }`
[INFO] [stdout] a5d27a68e4dcd61abce95fbe261a10074c7620d6d9aed92d863dcf9be5685882
[INFO] running `Command { std: "docker" "start" "a5d27a68e4dcd61abce95fbe261a10074c7620d6d9aed92d863dcf9be5685882", kill_on_drop: false }`
[INFO] running `Command { std: "docker" "inspect" "a5d27a68e4dcd61abce95fbe261a10074c7620d6d9aed92d863dcf9be5685882", kill_on_drop: false }`
[INFO] running `Command { std: "docker" "exec" "-e" "SOURCE_DIR=/opt/rustwide/workdir" "-e" "CARGO_HOME=/opt/rustwide/cargo-home" "-e" "RUSTUP_HOME=/opt/rustwide/rustup-home" "-e" "CARGO_TARGET_DIR=/opt/rustwide/target" "-w" "/opt/rustwide/workdir" "--user" "0:0" "a5d27a68e4dcd61abce95fbe261a10074c7620d6d9aed92d863dcf9be5685882" "/opt/rustwide/cargo-home/bin/cargo" "+1.100.0-beta.1" "metadata" "--no-deps" "--format-version=1", kill_on_drop: false }`
[INFO] running `Command { std: "docker" "inspect" "a5d27a68e4dcd61abce95fbe261a10074c7620d6d9aed92d863dcf9be5685882", kill_on_drop: false }`
[INFO] running `Command { std: "docker" "exec" "-e" "SOURCE_DIR=/opt/rustwide/workdir" "-e" "CARGO_HOME=/opt/rustwide/cargo-home" "-e" "RUSTUP_HOME=/opt/rustwide/rustup-home" "-e" "CARGO_TARGET_DIR=/opt/rustwide/target" "-e" "CARGO_INCREMENTAL=0" "-e" "RUST_BACKTRACE=full" "-e" "RUSTFLAGS=--cap-lints=warn" "-e" "RUSTDOCFLAGS=--cap-lints=warn" "-w" "/opt/rustwide/workdir" "--user" "0:0" "a5d27a68e4dcd61abce95fbe261a10074c7620d6d9aed92d863dcf9be5685882" "/opt/rustwide/cargo-home/bin/cargo" "+1.100.0-beta.1" "build" "--frozen" "--message-format=json" "--release", kill_on_drop: false }`
[INFO] [stderr]    Compiling miniz_oxide v0.8.9
[INFO] [stderr]    Compiling syn v3.0.3
[INFO] [stderr]    Compiling serde_json v1.0.151
[INFO] [stderr]    Compiling clap_builder v4.6.6
[INFO] [stderr]    Compiling lightweight-pdf-writer v0.3.0
[INFO] [stderr]    Compiling serde_derive_internals v0.30.0
[INFO] [stderr]    Compiling bytemuck_derive v1.12.0
[INFO] [stderr]    Compiling ref-cast-impl v1.0.27
[INFO] [stderr]    Compiling serde_derive v1.0.229
[INFO] [stderr]    Compiling clap_derive v4.6.4
[INFO] [stderr]    Compiling ref-cast v1.0.27
[INFO] [stderr]    Compiling schemars_derive v1.2.2
[INFO] [stderr]    Compiling bytemuck v1.25.2
[INFO] [stderr]    Compiling font-types v0.12.3
[INFO] [stderr]    Compiling read-fonts v0.43.1
[INFO] [stderr]    Compiling clap v4.6.6
[INFO] [stderr]    Compiling serde v1.0.229
[INFO] [stderr]    Compiling schemars v1.2.2
[INFO] [stderr]    Compiling lightweight-pdf-core v0.3.0
[INFO] [stderr]    Compiling lightweight-pdf-layout v0.3.0
[INFO] [stderr]    Compiling skrifa v0.46.1
[INFO] [stderr]    Compiling lightweight-pdf-fonts v0.3.0
[INFO] [stderr]    Compiling lightweight-pdf v0.3.0
[INFO] [stderr]    Compiling lightweight-pdf-cli v0.3.0 (/opt/rustwide/workdir)
[INFO] [stderr]     Finished `release` profile [optimized] target(s) in 56.35s
[INFO] running `Command { std: "docker" "inspect" "a5d27a68e4dcd61abce95fbe261a10074c7620d6d9aed92d863dcf9be5685882", kill_on_drop: false }`
[INFO] running `Command { std: "docker" "exec" "-e" "SOURCE_DIR=/opt/rustwide/workdir" "-e" "CARGO_HOME=/opt/rustwide/cargo-home" "-e" "RUSTUP_HOME=/opt/rustwide/rustup-home" "-e" "CARGO_TARGET_DIR=/opt/rustwide/target" "-e" "CARGO_INCREMENTAL=0" "-e" "RUST_BACKTRACE=full" "-e" "RUSTFLAGS=--cap-lints=warn" "-e" "RUSTDOCFLAGS=--cap-lints=warn" "-w" "/opt/rustwide/workdir" "--user" "0:0" "a5d27a68e4dcd61abce95fbe261a10074c7620d6d9aed92d863dcf9be5685882" "/opt/rustwide/cargo-home/bin/cargo" "+1.100.0-beta.1" "test" "--frozen" "--no-run" "--message-format=json" "--release", kill_on_drop: false }`
[INFO] [stderr]    Compiling lightweight-pdf-cli v0.3.0 (/opt/rustwide/workdir)
[INFO] [stderr]     Finished `release` profile [optimized] target(s) in 1.05s
[INFO] running `Command { std: "docker" "inspect" "a5d27a68e4dcd61abce95fbe261a10074c7620d6d9aed92d863dcf9be5685882", kill_on_drop: false }`
[INFO] running `Command { std: "docker" "exec" "-e" "SOURCE_DIR=/opt/rustwide/workdir" "-e" "CARGO_HOME=/opt/rustwide/cargo-home" "-e" "RUSTUP_HOME=/opt/rustwide/rustup-home" "-e" "CARGO_TARGET_DIR=/opt/rustwide/target" "-e" "CARGO_INCREMENTAL=0" "-e" "RUST_BACKTRACE=full" "-e" "RUSTFLAGS=--cap-lints=warn" "-e" "RUSTDOCFLAGS=--cap-lints=warn" "-w" "/opt/rustwide/workdir" "--user" "0:0" "a5d27a68e4dcd61abce95fbe261a10074c7620d6d9aed92d863dcf9be5685882" "/opt/rustwide/cargo-home/bin/cargo" "+1.100.0-beta.1" "test" "--frozen" "--release", kill_on_drop: false }`
[INFO] [stderr]     Finished `release` profile [optimized] target(s) in 0.05s
[INFO] [stderr]      Running unittests src/main.rs (/opt/rustwide/target/release/build/lightweight-pdf-cli/969b55416c83ceaa/out/lwpdf-969b55416c83ceaa)
[INFO] [stderr]      Running tests/cli.rs (/opt/rustwide/target/release/build/lightweight-pdf-cli/2c66aec5e5b93fb1/out/cli-2c66aec5e5b93fb1)
[INFO] [stdout] 
[INFO] [stdout] running 0 tests
[INFO] [stdout] 
[INFO] [stdout] test result: ok. 0 passed; 0 failed; 0 ignored; 0 measured; 0 filtered out; finished in 0.00s
[INFO] [stdout] 
[INFO] [stdout] 
[INFO] [stdout] running 7 tests
[INFO] [stdout] test validate_exits_zero_for_a_valid_document ... FAILED
[INFO] [stdout] test missing_input_file_exits_with_code_two ... ok
[INFO] [stdout] test render_from_template_and_data_produces_a_pdf_and_exits_zero ... FAILED
[INFO] [stdout] test help_documents_every_subcommand ... ok
[INFO] [stdout] test render_error_exits_with_code_one ... ok
[INFO] [stdout] test schema_prints_a_valid_json_schema_for_the_document_format ... ok
[INFO] [stdout] test fonts_lists_the_bundled_default_weights ... ok
[INFO] [stdout] 
[INFO] [stdout] failures:
[INFO] [stdout] 
[INFO] [stdout] ---- validate_exits_zero_for_a_valid_document stdout ----
[INFO] [stdout] 
[INFO] [stdout] thread 'validate_exits_zero_for_a_valid_document' (794) panicked at tests/cli.rs:85:5:
[INFO] [stdout] stderr: error: reading examples/document.json: No such file or directory (os error 2)
[INFO] [stdout] 
[INFO] [stdout] stack backtrace:
[INFO] [stdout]    0:     0x614929cfccd1 - <<std[617be2ca0a6fd877]::sys::backtrace::BacktraceLock>::print::DisplayBacktrace as core[a373ad73a504971]::fmt::Display>::fmt
[INFO] [stdout]    1:     0x614929d115fa - core[a373ad73a504971]::fmt::write
[INFO] [stdout]    2:     0x614929d00eec - <alloc[2e1b2a31b91974c5]::vec::Vec<u8> as core[a373ad73a504971]::io::write::Write>::write_fmt
[INFO] [stdout]    3:     0x614929cd86e6 - std[617be2ca0a6fd877]::panicking::default_hook::{closure#0}
[INFO] [stdout]    4:     0x614929cf4d99 - std[617be2ca0a6fd877]::panicking::default_hook
[INFO] [stdout]    5:     0x614929c909c0 - test[aada8e7e76ba119b]::test_main_inner::{closure#0}
[INFO] [stdout]    6:     0x614929cf4f52 - std[617be2ca0a6fd877]::panicking::panic_with_hook
[INFO] [stdout]    7:     0x614929cd8792 - std[617be2ca0a6fd877]::panicking::panic_handler::{closure#0}
[INFO] [stdout]    8:     0x614929cd1269 - std[617be2ca0a6fd877]::sys::backtrace::__rust_end_short_backtrace::<std[617be2ca0a6fd877]::panicking::panic_handler::{closure#0}, !>
[INFO] [stdout]    9:     0x614929cd939d - __rustc[ea4f61d10b84890b]::rust_begin_unwind
[INFO] [stdout]   10:     0x614929d11d2c - core[a373ad73a504971]::panicking::panic_fmt
[INFO] [stdout]   11:     0x614929c7d591 - <cli[3db642219561e0b1]::validate_exits_zero_for_a_valid_document::{closure#0} as core[a373ad73a504971]::ops::function::FnOnce<()>>::call_once
[INFO] [stdout]   12:     0x614929c83e0b - test[aada8e7e76ba119b]::__rust_begin_short_backtrace::<core[a373ad73a504971]::result::Result<(), alloc[2e1b2a31b91974c5]::string::String>, fn() -> core[a373ad73a504971]::result::Result<(), alloc[2e1b2a31b91974c5]::string::String>>
[INFO] [stdout]   13:     0x614929c90fe5 - test[aada8e7e76ba119b]::run_test::{closure#0}
[INFO] [stdout]   14:     0x614929c8a8d4 - std[617be2ca0a6fd877]::sys::backtrace::__rust_begin_short_backtrace::<test[aada8e7e76ba119b]::run_test::{closure#1}, ()>
[INFO] [stdout]   15:     0x614929c94072 - <std[617be2ca0a6fd877]::thread::lifecycle::spawn_unchecked<test[aada8e7e76ba119b]::run_test::{closure#1}, ()>::{closure#1} as core[a373ad73a504971]::ops::function::FnOnce<()>>::call_once::{shim:vtable#0}
[INFO] [stdout]   16:     0x614929cfc03f - <std[617be2ca0a6fd877]::sys::thread::unix::Thread>::new::thread_start
[INFO] [stdout]   17:     0x7b83c5d2edfa - <unknown>
[INFO] [stdout]   18:     0x7b83c5dc23d4 - clone
[INFO] [stdout]   19:                0x0 - <unknown>
[INFO] [stdout] 
[INFO] [stdout] ---- render_from_template_and_data_produces_a_pdf_and_exits_zero stdout ----
[INFO] [stdout] 
[INFO] [stdout] thread 'render_from_template_and_data_produces_a_pdf_and_exits_zero' (792) panicked at tests/cli.rs:69:5:
[INFO] [stdout] stderr: error: reading examples/invoice-template.json: No such file or directory (os error 2)
[INFO] [stdout] 
[INFO] [stdout] stack backtrace:
[INFO] [stdout]    0:     0x614929cfccd1 - <<std[617be2ca0a6fd877]::sys::backtrace::BacktraceLock>::print::DisplayBacktrace as core[a373ad73a504971]::fmt::Display>::fmt
[INFO] [stdout]    1:     0x614929d115fa - core[a373ad73a504971]::fmt::write
[INFO] [stdout]    2:     0x614929d00eec - <alloc[2e1b2a31b91974c5]::vec::Vec<u8> as core[a373ad73a504971]::io::write::Write>::write_fmt
[INFO] [stdout]    3:     0x614929cd86e6 - std[617be2ca0a6fd877]::panicking::default_hook::{closure#0}
[INFO] [stdout]    4:     0x614929cf4d99 - std[617be2ca0a6fd877]::panicking::default_hook
[INFO] [stdout]    5:     0x614929c909c0 - test[aada8e7e76ba119b]::test_main_inner::{closure#0}
[INFO] [stdout]    6:     0x614929cf4f52 - std[617be2ca0a6fd877]::panicking::panic_with_hook
[INFO] [stdout]    7:     0x614929cd8792 - std[617be2ca0a6fd877]::panicking::panic_handler::{closure#0}
[INFO] [stdout]    8:     0x614929cd1269 - std[617be2ca0a6fd877]::sys::backtrace::__rust_end_short_backtrace::<std[617be2ca0a6fd877]::panicking::panic_handler::{closure#0}, !>
[INFO] [stdout]    9:     0x614929cd939d - __rustc[ea4f61d10b84890b]::rust_begin_unwind
[INFO] [stdout]   10:     0x614929d11d2c - core[a373ad73a504971]::panicking::panic_fmt
[INFO] [stdout]   11:     0x614929c7de7f - <cli[3db642219561e0b1]::render_from_template_and_data_produces_a_pdf_and_exits_zero::{closure#0} as core[a373ad73a504971]::ops::function::FnOnce<()>>::call_once
[INFO] [stdout]   12:     0x614929c83e0b - test[aada8e7e76ba119b]::__rust_begin_short_backtrace::<core[a373ad73a504971]::result::Result<(), alloc[2e1b2a31b91974c5]::string::String>, fn() -> core[a373ad73a504971]::result::Result<(), alloc[2e1b2a31b91974c5]::string::String>>
[INFO] [stdout]   13:     0x614929c90fe5 - test[aada8e7e76ba119b]::run_test::{closure#0}
[INFO] [stdout]   14:     0x614929c8a8d4 - std[617be2ca0a6fd877]::sys::backtrace::__rust_begin_short_backtrace::<test[aada8e7e76ba119b]::run_test::{closure#1}, ()>
[INFO] [stdout]   15:     0x614929c94072 - <std[617be2ca0a6fd877]::thread::lifecycle::spawn_unchecked<test[aada8e7e76ba119b]::run_test::{closure#1}, ()>::{closure#1} as core[a373ad73a504971]::ops::function::FnOnce<()>>::call_once::{shim:vtable#0}
[INFO] [stdout]   16:     0x614929cfc03f - <std[617be2ca0a6fd877]::sys::thread::unix::Thread>::new::thread_start
[INFO] [stdout]   17:     0x7b83c5d2edfa - <unknown>
[INFO] [stdout]   18:     0x7b83c5dc23d4 - clone
[INFO] [stdout]   19:                0x0 - <unknown>
[INFO] [stdout] 
[INFO] [stdout] 
[INFO] [stdout] failures:
[INFO] [stdout]     render_from_template_and_data_produces_a_pdf_and_exits_zero
[INFO] [stdout]     validate_exits_zero_for_a_valid_document
[INFO] [stdout] 
[INFO] [stdout] test result: FAILED. 5 passed; 2 failed; 0 ignored; 0 measured; 0 filtered out; finished in 0.02s
[INFO] [stdout] 
[INFO] [stderr] error: test failed, to rerun pass `--test cli`
[INFO] running `Command { std: "docker" "inspect" "a5d27a68e4dcd61abce95fbe261a10074c7620d6d9aed92d863dcf9be5685882", kill_on_drop: false }`
[INFO] running `Command { std: "docker" "rm" "-f" "a5d27a68e4dcd61abce95fbe261a10074c7620d6d9aed92d863dcf9be5685882", kill_on_drop: false }`
[INFO] [stdout] a5d27a68e4dcd61abce95fbe261a10074c7620d6d9aed92d863dcf9be5685882
