[INFO] fetching crate light_bitmap 0.1.0...
[INFO] testing light_bitmap-0.1.0 against 1.99.0-beta.8+cargoflags=--release for beta-release-1.100-2
[INFO] extracting crate light_bitmap 0.1.0 into /workspace/builds/worker-5-tc1/source
[INFO] started tweaking crates.io crate light_bitmap 0.1.0
[INFO] removed 0 missing examples
[INFO] finished tweaking crates.io crate light_bitmap 0.1.0
[INFO] tweaked toml for crates.io crate light_bitmap 0.1.0 written to /workspace/builds/worker-5-tc1/source/Cargo.toml
[INFO] validating manifest of crates.io crate light_bitmap 0.1.0 on toolchain 1.99.0-beta.8
[INFO] running `Command { std: CARGO_HOME="/workspace/cargo-home" RUSTUP_HOME="/workspace/rustup-home" "/workspace/cargo-home/bin/cargo" "+1.99.0-beta.8" "metadata" "--manifest-path" "Cargo.toml" "--no-deps", kill_on_drop: false }`
[INFO] crate crates.io crate light_bitmap 0.1.0 already has a lockfile, it will not be regenerated
[INFO] running `Command { std: CARGO_HOME="/workspace/cargo-home" RUSTUP_HOME="/workspace/rustup-home" "/workspace/cargo-home/bin/cargo" "+1.99.0-beta.8" "fetch" "--manifest-path" "Cargo.toml", kill_on_drop: false }`
[INFO] [stderr]     Updating crates.io index
[INFO] [stderr]  Downloading crates ...
[INFO] [stderr]   Downloaded toml_datetime v0.6.8
[INFO] [stderr]   Downloaded trybuild v1.0.104
[INFO] [stderr]   Downloaded toml v0.8.20
[INFO] [stderr]   Downloaded serde_spanned v0.6.8
[INFO] [stderr]   Downloaded target-triple v0.1.4
[INFO] [stderr]   Downloaded proc-macro2 v1.0.94
[INFO] [stderr]   Downloaded toml_edit v0.22.24
[INFO] [stderr]   Downloaded winnow v0.7.4
[INFO] [stderr]   Downloaded hashbrown v0.15.2
[INFO] [stderr]   Downloaded syn v2.0.100
[INFO] running `Command { std: "docker" "create" "-v" "/var/lib/crater-agent-workspace/builds/worker-5-tc1/source:/opt/rustwide/workdir:ro,Z" "-v" "/var/lib/crater-agent-workspace/builds/worker-5-tc1/target:/opt/rustwide/target:rw,Z" "-v" "/var/lib/crater-agent-workspace/cargo-home:/opt/rustwide/cargo-home:ro,Z" "-v" "/var/lib/crater-agent-workspace/rustup-home:/opt/rustwide/rustup-home:ro,Z" "-m" "1610612736" "--network" "none" "ghcr.io/rust-lang/crates-build-env/linux@sha256:77db811e55d90add9212f6832c23229e3de5f1c1f9905e8cb07319ea15df73ac" "sleep" "infinity", kill_on_drop: false }`
[INFO] [stdout] fb3bbb7691be3cadc1bc78d4fc94d75ee6887849da935a4d861a575f99c7cf6c
[INFO] running `Command { std: "docker" "start" "fb3bbb7691be3cadc1bc78d4fc94d75ee6887849da935a4d861a575f99c7cf6c", kill_on_drop: false }`
[INFO] running `Command { std: "docker" "inspect" "fb3bbb7691be3cadc1bc78d4fc94d75ee6887849da935a4d861a575f99c7cf6c", kill_on_drop: false }`
[INFO] running `Command { std: "docker" "exec" "-e" "SOURCE_DIR=/opt/rustwide/workdir" "-e" "CARGO_HOME=/opt/rustwide/cargo-home" "-e" "RUSTUP_HOME=/opt/rustwide/rustup-home" "-e" "CARGO_TARGET_DIR=/opt/rustwide/target" "-w" "/opt/rustwide/workdir" "--user" "0:0" "fb3bbb7691be3cadc1bc78d4fc94d75ee6887849da935a4d861a575f99c7cf6c" "/opt/rustwide/cargo-home/bin/cargo" "+1.99.0-beta.8" "metadata" "--no-deps" "--format-version=1", kill_on_drop: false }`
[INFO] running `Command { std: "docker" "inspect" "fb3bbb7691be3cadc1bc78d4fc94d75ee6887849da935a4d861a575f99c7cf6c", kill_on_drop: false }`
[INFO] running `Command { std: "docker" "exec" "-e" "SOURCE_DIR=/opt/rustwide/workdir" "-e" "CARGO_HOME=/opt/rustwide/cargo-home" "-e" "RUSTUP_HOME=/opt/rustwide/rustup-home" "-e" "CARGO_TARGET_DIR=/opt/rustwide/target" "-e" "CARGO_INCREMENTAL=0" "-e" "RUST_BACKTRACE=full" "-e" "RUSTFLAGS=--cap-lints=warn" "-e" "RUSTDOCFLAGS=--cap-lints=warn" "-w" "/opt/rustwide/workdir" "--user" "0:0" "fb3bbb7691be3cadc1bc78d4fc94d75ee6887849da935a4d861a575f99c7cf6c" "/opt/rustwide/cargo-home/bin/cargo" "+1.99.0-beta.8" "build" "--frozen" "--message-format=json" "--release", kill_on_drop: false }`
[INFO] [stderr]    Compiling light_bitmap v0.1.0 (/opt/rustwide/workdir)
[INFO] [stdout] warning: hiding a lifetime that's elided elsewhere is confusing
[INFO] [stdout]    --> src/bitmap.rs:432:17
[INFO] [stdout]     |
[INFO] [stdout] 432 |     pub fn iter(&self) -> BitMapIter<BIT_COUNT, BUCKET_COUNT> {
[INFO] [stdout]     |                 ^^^^^     ^^^^^^^^^^^^^^^^^^^^^^^^^^^^^^^^^^^ the same lifetime is hidden here
[INFO] [stdout]     |                 |
[INFO] [stdout]     |                 the lifetime is elided here
[INFO] [stdout]     |
[INFO] [stdout]     = help: the same lifetime is referred to in inconsistent ways, making the signature confusing
[INFO] [stdout]     = note: `#[warn(mismatched_lifetime_syntaxes)]` on by default
[INFO] [stdout] help: use `'_` for type paths
[INFO] [stdout]     |
[INFO] [stdout] 432 |     pub fn iter(&self) -> BitMapIter<'_, BIT_COUNT, BUCKET_COUNT> {
[INFO] [stdout]     |                                      +++
[INFO] [stdout] 
[INFO] [stdout] 
[INFO] [stdout] warning: hiding a lifetime that's elided elsewhere is confusing
[INFO] [stdout]    --> src/bitmap.rs:458:22
[INFO] [stdout]     |
[INFO] [stdout] 458 |     pub fn iter_ones(&self) -> IterOnes<BIT_COUNT, BUCKET_COUNT> {
[INFO] [stdout]     |                      ^^^^^     ^^^^^^^^^^^^^^^^^^^^^^^^^^^^^^^^^ the same lifetime is hidden here
[INFO] [stdout]     |                      |
[INFO] [stdout]     |                      the lifetime is elided here
[INFO] [stdout]     |
[INFO] [stdout]     = help: the same lifetime is referred to in inconsistent ways, making the signature confusing
[INFO] [stdout] help: use `'_` for type paths
[INFO] [stdout]     |
[INFO] [stdout] 458 |     pub fn iter_ones(&self) -> IterOnes<'_, BIT_COUNT, BUCKET_COUNT> {
[INFO] [stdout]     |                                         +++
[INFO] [stdout] 
[INFO] [stdout] 
[INFO] [stdout] warning: hiding a lifetime that's elided elsewhere is confusing
[INFO] [stdout]    --> src/bitmap.rs:485:23
[INFO] [stdout]     |
[INFO] [stdout] 485 |     pub fn iter_zeros(&self) -> IterZeros<BIT_COUNT, BUCKET_COUNT> {
[INFO] [stdout]     |                       ^^^^^     ^^^^^^^^^^^^^^^^^^^^^^^^^^^^^^^^^^ the same lifetime is hidden here
[INFO] [stdout]     |                       |
[INFO] [stdout]     |                       the lifetime is elided here
[INFO] [stdout]     |
[INFO] [stdout]     = help: the same lifetime is referred to in inconsistent ways, making the signature confusing
[INFO] [stdout] help: use `'_` for type paths
[INFO] [stdout]     |
[INFO] [stdout] 485 |     pub fn iter_zeros(&self) -> IterZeros<'_, BIT_COUNT, BUCKET_COUNT> {
[INFO] [stdout]     |                                           +++
[INFO] [stdout] 
[INFO] [stdout] 
[INFO] [stderr]     Finished `release` profile [optimized] target(s) in 0.26s
[INFO] running `Command { std: "docker" "inspect" "fb3bbb7691be3cadc1bc78d4fc94d75ee6887849da935a4d861a575f99c7cf6c", kill_on_drop: false }`
[INFO] running `Command { std: "docker" "exec" "-e" "SOURCE_DIR=/opt/rustwide/workdir" "-e" "CARGO_HOME=/opt/rustwide/cargo-home" "-e" "RUSTUP_HOME=/opt/rustwide/rustup-home" "-e" "CARGO_TARGET_DIR=/opt/rustwide/target" "-e" "CARGO_INCREMENTAL=0" "-e" "RUST_BACKTRACE=full" "-e" "RUSTFLAGS=--cap-lints=warn" "-e" "RUSTDOCFLAGS=--cap-lints=warn" "-w" "/opt/rustwide/workdir" "--user" "0:0" "fb3bbb7691be3cadc1bc78d4fc94d75ee6887849da935a4d861a575f99c7cf6c" "/opt/rustwide/cargo-home/bin/cargo" "+1.99.0-beta.8" "test" "--frozen" "--no-run" "--message-format=json" "--release", kill_on_drop: false }`
[INFO] [stderr]    Compiling serde v1.0.219
[INFO] [stderr]    Compiling proc-macro2 v1.0.94
[INFO] [stderr]    Compiling unicode-ident v1.0.18
[INFO] [stderr]    Compiling hashbrown v0.15.2
[INFO] [stderr]    Compiling winnow v0.7.4
[INFO] [stderr]    Compiling serde_json v1.0.140
[INFO] [stderr]    Compiling target-triple v0.1.4
[INFO] [stderr]    Compiling memchr v2.7.4
[INFO] [stderr]    Compiling glob v0.3.2
[INFO] [stderr]    Compiling termcolor v1.4.1
[INFO] [stdout] warning: hiding a lifetime that's elided elsewhere is confusing
[INFO] [stdout]    --> src/bitmap.rs:432:17
[INFO] [stdout]     |
[INFO] [stdout] 432 |     pub fn iter(&self) -> BitMapIter<BIT_COUNT, BUCKET_COUNT> {
[INFO] [stdout]     |                 ^^^^^     ^^^^^^^^^^^^^^^^^^^^^^^^^^^^^^^^^^^ the same lifetime is hidden here
[INFO] [stdout]     |                 |
[INFO] [stdout]     |                 the lifetime is elided here
[INFO] [stdout]     |
[INFO] [stdout]     = help: the same lifetime is referred to in inconsistent ways, making the signature confusing
[INFO] [stdout]     = note: `#[warn(mismatched_lifetime_syntaxes)]` on by default
[INFO] [stdout] help: use `'_` for type paths
[INFO] [stdout]     |
[INFO] [stdout] 432 |     pub fn iter(&self) -> BitMapIter<'_, BIT_COUNT, BUCKET_COUNT> {
[INFO] [stdout]     |                                      +++
[INFO] [stdout] 
[INFO] [stdout] 
[INFO] [stdout] warning: hiding a lifetime that's elided elsewhere is confusing
[INFO] [stdout]    --> src/bitmap.rs:458:22
[INFO] [stdout]     |
[INFO] [stdout] 458 |     pub fn iter_ones(&self) -> IterOnes<BIT_COUNT, BUCKET_COUNT> {
[INFO] [stdout]     |                      ^^^^^     ^^^^^^^^^^^^^^^^^^^^^^^^^^^^^^^^^ the same lifetime is hidden here
[INFO] [stdout]     |                      |
[INFO] [stdout]     |                      the lifetime is elided here
[INFO] [stdout]     |
[INFO] [stdout]     = help: the same lifetime is referred to in inconsistent ways, making the signature confusing
[INFO] [stdout] help: use `'_` for type paths
[INFO] [stdout]     |
[INFO] [stdout] 458 |     pub fn iter_ones(&self) -> IterOnes<'_, BIT_COUNT, BUCKET_COUNT> {
[INFO] [stdout]     |                                         +++
[INFO] [stdout] 
[INFO] [stdout] 
[INFO] [stdout] warning: hiding a lifetime that's elided elsewhere is confusing
[INFO] [stdout]    --> src/bitmap.rs:485:23
[INFO] [stdout]     |
[INFO] [stdout] 485 |     pub fn iter_zeros(&self) -> IterZeros<BIT_COUNT, BUCKET_COUNT> {
[INFO] [stdout]     |                       ^^^^^     ^^^^^^^^^^^^^^^^^^^^^^^^^^^^^^^^^^ the same lifetime is hidden here
[INFO] [stdout]     |                       |
[INFO] [stdout]     |                       the lifetime is elided here
[INFO] [stdout]     |
[INFO] [stdout]     = help: the same lifetime is referred to in inconsistent ways, making the signature confusing
[INFO] [stdout] help: use `'_` for type paths
[INFO] [stdout]     |
[INFO] [stdout] 485 |     pub fn iter_zeros(&self) -> IterZeros<'_, BIT_COUNT, BUCKET_COUNT> {
[INFO] [stdout]     |                                           +++
[INFO] [stdout] 
[INFO] [stdout] 
[INFO] [stderr]    Compiling quote v1.0.40
[INFO] [stderr]    Compiling indexmap v2.9.0
[INFO] [stderr]    Compiling syn v2.0.100
[INFO] [stderr]    Compiling serde_derive v1.0.219
[INFO] [stderr]    Compiling toml_datetime v0.6.8
[INFO] [stderr]    Compiling serde_spanned v0.6.8
[INFO] [stderr]    Compiling toml_edit v0.22.24
[INFO] [stderr]    Compiling toml v0.8.20
[INFO] [stderr]    Compiling trybuild v1.0.104
[INFO] [stderr]    Compiling light_bitmap v0.1.0 (/opt/rustwide/workdir)
[INFO] [stdout] warning: hiding a lifetime that's elided elsewhere is confusing
[INFO] [stdout]    --> src/bitmap.rs:432:17
[INFO] [stdout]     |
[INFO] [stdout] 432 |     pub fn iter(&self) -> BitMapIter<BIT_COUNT, BUCKET_COUNT> {
[INFO] [stdout]     |                 ^^^^^     ^^^^^^^^^^^^^^^^^^^^^^^^^^^^^^^^^^^ the same lifetime is hidden here
[INFO] [stdout]     |                 |
[INFO] [stdout]     |                 the lifetime is elided here
[INFO] [stdout]     |
[INFO] [stdout]     = help: the same lifetime is referred to in inconsistent ways, making the signature confusing
[INFO] [stdout]     = note: `#[warn(mismatched_lifetime_syntaxes)]` on by default
[INFO] [stdout] help: use `'_` for type paths
[INFO] [stdout]     |
[INFO] [stdout] 432 |     pub fn iter(&self) -> BitMapIter<'_, BIT_COUNT, BUCKET_COUNT> {
[INFO] [stdout]     |                                      +++
[INFO] [stdout] 
[INFO] [stdout] 
[INFO] [stdout] warning: hiding a lifetime that's elided elsewhere is confusing
[INFO] [stdout]    --> src/bitmap.rs:458:22
[INFO] [stdout]     |
[INFO] [stdout] 458 |     pub fn iter_ones(&self) -> IterOnes<BIT_COUNT, BUCKET_COUNT> {
[INFO] [stdout]     |                      ^^^^^     ^^^^^^^^^^^^^^^^^^^^^^^^^^^^^^^^^ the same lifetime is hidden here
[INFO] [stdout]     |                      |
[INFO] [stdout]     |                      the lifetime is elided here
[INFO] [stdout]     |
[INFO] [stdout]     = help: the same lifetime is referred to in inconsistent ways, making the signature confusing
[INFO] [stdout] help: use `'_` for type paths
[INFO] [stdout]     |
[INFO] [stdout] 458 |     pub fn iter_ones(&self) -> IterOnes<'_, BIT_COUNT, BUCKET_COUNT> {
[INFO] [stdout]     |                                         +++
[INFO] [stdout] 
[INFO] [stdout] 
[INFO] [stdout] warning: hiding a lifetime that's elided elsewhere is confusing
[INFO] [stdout]    --> src/bitmap.rs:485:23
[INFO] [stdout]     |
[INFO] [stdout] 485 |     pub fn iter_zeros(&self) -> IterZeros<BIT_COUNT, BUCKET_COUNT> {
[INFO] [stdout]     |                       ^^^^^     ^^^^^^^^^^^^^^^^^^^^^^^^^^^^^^^^^^ the same lifetime is hidden here
[INFO] [stdout]     |                       |
[INFO] [stdout]     |                       the lifetime is elided here
[INFO] [stdout]     |
[INFO] [stdout]     = help: the same lifetime is referred to in inconsistent ways, making the signature confusing
[INFO] [stdout] help: use `'_` for type paths
[INFO] [stdout]     |
[INFO] [stdout] 485 |     pub fn iter_zeros(&self) -> IterZeros<'_, BIT_COUNT, BUCKET_COUNT> {
[INFO] [stdout]     |                                           +++
[INFO] [stdout] 
[INFO] [stdout] 
[INFO] [stderr]     Finished `release` profile [optimized] target(s) in 31.35s
[INFO] running `Command { std: "docker" "inspect" "fb3bbb7691be3cadc1bc78d4fc94d75ee6887849da935a4d861a575f99c7cf6c", kill_on_drop: false }`
[INFO] running `Command { std: "docker" "exec" "-e" "SOURCE_DIR=/opt/rustwide/workdir" "-e" "CARGO_HOME=/opt/rustwide/cargo-home" "-e" "RUSTUP_HOME=/opt/rustwide/rustup-home" "-e" "CARGO_TARGET_DIR=/opt/rustwide/target" "-e" "CARGO_INCREMENTAL=0" "-e" "RUST_BACKTRACE=full" "-e" "RUSTFLAGS=--cap-lints=warn" "-e" "RUSTDOCFLAGS=--cap-lints=warn" "-w" "/opt/rustwide/workdir" "--user" "0:0" "fb3bbb7691be3cadc1bc78d4fc94d75ee6887849da935a4d861a575f99c7cf6c" "/opt/rustwide/cargo-home/bin/cargo" "+1.99.0-beta.8" "test" "--frozen" "--release", kill_on_drop: false }`
[INFO] [stderr] warning: hiding a lifetime that's elided elsewhere is confusing
[INFO] [stderr]    --> src/bitmap.rs:432:17
[INFO] [stderr]     |
[INFO] [stderr] 432 |     pub fn iter(&self) -> BitMapIter<BIT_COUNT, BUCKET_COUNT> {
[INFO] [stderr]     |                 ^^^^^     ^^^^^^^^^^^^^^^^^^^^^^^^^^^^^^^^^^^ the same lifetime is hidden here
[INFO] [stderr]     |                 |
[INFO] [stderr]     |                 the lifetime is elided here
[INFO] [stderr]     |
[INFO] [stderr]     = help: the same lifetime is referred to in inconsistent ways, making the signature confusing
[INFO] [stderr]     = note: `#[warn(mismatched_lifetime_syntaxes)]` on by default
[INFO] [stderr] help: use `'_` for type paths
[INFO] [stderr]     |
[INFO] [stderr] 432 |     pub fn iter(&self) -> BitMapIter<'_, BIT_COUNT, BUCKET_COUNT> {
[INFO] [stderr]     |                                      +++
[INFO] [stderr] 
[INFO] [stderr] warning: hiding a lifetime that's elided elsewhere is confusing
[INFO] [stderr]    --> src/bitmap.rs:458:22
[INFO] [stderr]     |
[INFO] [stderr] 458 |     pub fn iter_ones(&self) -> IterOnes<BIT_COUNT, BUCKET_COUNT> {
[INFO] [stderr]     |                      ^^^^^     ^^^^^^^^^^^^^^^^^^^^^^^^^^^^^^^^^ the same lifetime is hidden here
[INFO] [stderr]     |                      |
[INFO] [stderr]     |                      the lifetime is elided here
[INFO] [stderr]     |
[INFO] [stderr]     = help: the same lifetime is referred to in inconsistent ways, making the signature confusing
[INFO] [stderr] help: use `'_` for type paths
[INFO] [stderr]     |
[INFO] [stderr] 458 |     pub fn iter_ones(&self) -> IterOnes<'_, BIT_COUNT, BUCKET_COUNT> {
[INFO] [stderr]     |                                         +++
[INFO] [stderr] 
[INFO] [stderr] warning: hiding a lifetime that's elided elsewhere is confusing
[INFO] [stderr]    --> src/bitmap.rs:485:23
[INFO] [stderr]     |
[INFO] [stderr] 485 |     pub fn iter_zeros(&self) -> IterZeros<BIT_COUNT, BUCKET_COUNT> {
[INFO] [stderr]     |                       ^^^^^     ^^^^^^^^^^^^^^^^^^^^^^^^^^^^^^^^^^ the same lifetime is hidden here
[INFO] [stderr]     |                       |
[INFO] [stderr]     |                       the lifetime is elided here
[INFO] [stderr]     |
[INFO] [stderr]     = help: the same lifetime is referred to in inconsistent ways, making the signature confusing
[INFO] [stderr] help: use `'_` for type paths
[INFO] [stderr]     |
[INFO] [stderr] 485 |     pub fn iter_zeros(&self) -> IterZeros<'_, BIT_COUNT, BUCKET_COUNT> {
[INFO] [stderr]     |                                           +++
[INFO] [stderr] 
[INFO] [stderr] warning: `light_bitmap` (lib) generated 3 warnings (run `cargo fix --lib -p light_bitmap` to apply 3 suggestions)
[INFO] [stderr] warning: `light_bitmap` (lib test) generated 3 warnings (3 duplicates)
[INFO] [stderr]     Finished `release` profile [optimized] target(s) in 0.07s
[INFO] [stderr]      Running unittests src/lib.rs (/opt/rustwide/target/release/deps/light_bitmap-bac46eff6ba1e0a6)
[INFO] [stdout] 
[INFO] [stdout] running 56 tests
[INFO] [stdout] test tests::debug_format_is_correct ... ok
[INFO] [stdout] test tests::test_bit_or ... ok
[INFO] [stdout] test tests::test_bit_not_inverts_correctly ... ok
[INFO] [stdout] test tests::test_bucket_count_runtime ... ok
[INFO] [stdout] test tests::test_const_empty ... ok
[INFO] [stdout] test tests::test_first_set_bit ... ok
[INFO] [stdout] test tests::test_bit_not_all_unset ... ok
[INFO] [stdout] test tests::test_bit_not_all_set ... ok
[INFO] [stdout] test tests::test_cover_compile_assert ... ok
[INFO] [stdout] test tests::test_bit_and ... ok
[INFO] [stdout] test tests::test_bit_xor ... ok
[INFO] [stdout] test tests::test_from_ones_iter_out_of_bounds - should panic ... ok
[INFO] [stdout] test tests::test_from_slice ... ok
[INFO] [stdout] test tests::test_from_iter_and_fromiterator ... ok
[INFO] [stdout] test tests::test_from_iter_too_few - should panic ... ok
[INFO] [stdout] test tests::test_rotate_left_skips_unused_bits ... ok
[INFO] [stdout] test tests::test_iter ... ok
[INFO] [stdout] test tests::test_in_place_bit_not ... ok
[INFO] [stdout] test tests::test_from_iter_too_many - should panic ... ok
[INFO] [stdout] test tests::test_from_ones_iter ... ok
[INFO] [stdout] test tests::test_fused_iter ... ok
[INFO] [stdout] test tests::test_default ... ok
[INFO] [stdout] test tests::test_set_and_unset ... ok
[INFO] [stdout] test tests::test_popcount ... ok
[INFO] [stdout] test tests::test_set_empty_range ... ok
[INFO] [stdout] test tests::test_rotate_left ... ok
[INFO] [stdout] test tests::test_runtime_assert_zero_bits - should panic ... ok
[INFO] [stdout] test tests::test_set_end_range_out_of_bounds - should panic ... ok
[INFO] [stdout] test tests::test_new ... ok
[INFO] [stdout] test tests::test_ones_mask ... ok
[INFO] [stdout] test tests::test_operator_traits ... ok
[INFO] [stdout] test tests::test_rotate_full_cycle ... ok
[INFO] [stdout] test tests::test_rotate_right ... ok
[INFO] [stdout] test tests::test_rotate_right_skips_unused_bits ... ok
[INFO] [stdout] test tests::test_runtime_assert_bit_bucket_mismatch - should panic ... ok
[INFO] [stdout] test tests::test_set_out_of_bounds - should panic ... ok
[INFO] [stdout] test tests::test_set_range ... ok
[INFO] [stdout] test tests::test_shift_left ... ok
[INFO] [stdout] test tests::test_shift_right_cleans_unused_bits_first ... ok
[INFO] [stdout] test tests::test_shift_left_cleans_unused_bits ... ok
[INFO] [stdout] test tests::test_const_full ... ok
[INFO] [stdout] test tests::test_set_start_range_out_of_bounds - should panic ... ok
[INFO] [stdout] test tests::test_toggle ... ok
[INFO] [stdout] test tests::test_unused_bit_iter ... ok
[INFO] [stdout] test tests::test_shift_right ... ok
[INFO] [stdout] test tests::test_shift_right_zero_bits ... ok
[INFO] [stdout] test tests::test_unset_empty_range ... ok
[INFO] [stdout] test tests::test_from_slice_wrong_length - should panic ... ok
[INFO] [stdout] test tests::test_shift_left_zero_bits ... ok
[INFO] [stdout] test tests::test_unset_start_range_out_of_bounds - should panic ... ok
[INFO] [stdout] test tests::test_toggle_twice_equals_original ... ok
[INFO] [stdout] test tests::test_toggle_out_of_bounds - should panic ... ok
[INFO] [stdout] test tests::test_unset_end_range_out_of_bounds - should panic ... ok
[INFO] [stdout] test tests::test_unset_range ... ok
[INFO] [stdout] test tests::test_with_all_set ... ok
[INFO] [stderr]     Checking light_bitmap v0.1.0 (/opt/rustwide/workdir)
[INFO] [stderr] warning: hiding a lifetime that's elided elsewhere is confusing
[INFO] [stderr]    --> /opt/rustwide/workdir/src/bitmap.rs:432:17
[INFO] [stderr]     |
[INFO] [stderr] 432 |     pub fn iter(&self) -> BitMapIter<BIT_COUNT, BUCKET_COUNT> {
[INFO] [stderr]     |                 ^^^^^     ^^^^^^^^^^^^^^^^^^^^^^^^^^^^^^^^^^^ the same lifetime is hidden here
[INFO] [stderr]     |                 |
[INFO] [stderr]     |                 the lifetime is elided here
[INFO] [stderr]     |
[INFO] [stderr]     = help: the same lifetime is referred to in inconsistent ways, making the signature confusing
[INFO] [stderr]     = note: `#[warn(mismatched_lifetime_syntaxes)]` on by default
[INFO] [stderr] help: use `'_` for type paths
[INFO] [stderr]     |
[INFO] [stderr] 432 |     pub fn iter(&self) -> BitMapIter<'_, BIT_COUNT, BUCKET_COUNT> {
[INFO] [stderr]     |                                      +++
[INFO] [stderr] 
[INFO] [stderr] warning: hiding a lifetime that's elided elsewhere is confusing
[INFO] [stderr]    --> /opt/rustwide/workdir/src/bitmap.rs:458:22
[INFO] [stderr]     |
[INFO] [stderr] 458 |     pub fn iter_ones(&self) -> IterOnes<BIT_COUNT, BUCKET_COUNT> {
[INFO] [stderr]     |                      ^^^^^     ^^^^^^^^^^^^^^^^^^^^^^^^^^^^^^^^^ the same lifetime is hidden here
[INFO] [stderr]     |                      |
[INFO] [stderr]     |                      the lifetime is elided here
[INFO] [stderr]     |
[INFO] [stderr]     = help: the same lifetime is referred to in inconsistent ways, making the signature confusing
[INFO] [stderr] help: use `'_` for type paths
[INFO] [stderr]     |
[INFO] [stderr] 458 |     pub fn iter_ones(&self) -> IterOnes<'_, BIT_COUNT, BUCKET_COUNT> {
[INFO] [stderr]     |                                         +++
[INFO] [stderr] 
[INFO] [stderr] warning: hiding a lifetime that's elided elsewhere is confusing
[INFO] [stderr]    --> /opt/rustwide/workdir/src/bitmap.rs:485:23
[INFO] [stderr]     |
[INFO] [stderr] 485 |     pub fn iter_zeros(&self) -> IterZeros<BIT_COUNT, BUCKET_COUNT> {
[INFO] [stderr]     |                       ^^^^^     ^^^^^^^^^^^^^^^^^^^^^^^^^^^^^^^^^^ the same lifetime is hidden here
[INFO] [stderr]     |                       |
[INFO] [stderr]     |                       the lifetime is elided here
[INFO] [stderr]     |
[INFO] [stderr]     = help: the same lifetime is referred to in inconsistent ways, making the signature confusing
[INFO] [stderr] help: use `'_` for type paths
[INFO] [stderr]     |
[INFO] [stderr] 485 |     pub fn iter_zeros(&self) -> IterZeros<'_, BIT_COUNT, BUCKET_COUNT> {
[INFO] [stderr]     |                                           +++
[INFO] [stderr] 
[INFO] [stderr] warning: `light_bitmap` (lib) generated 3 warnings (run `cargo fix --lib -p light_bitmap` to apply 3 suggestions)
[INFO] [stderr]     Checking light_bitmap-tests v0.0.0 (/opt/rustwide/target/tests/trybuild/light_bitmap)
[INFO] [stderr]     Finished `dev` profile [unoptimized + debuginfo] target(s) in 0.28s
[INFO] [stderr] 
[INFO] [stderr] 
[INFO] [stderr] test tests/ui/zero_length_empty.rs ... mismatch
[INFO] [stdout] test tests::test_ui ... FAILED
[INFO] [stderr] 
[INFO] [stdout] 
[INFO] [stderr] EXPECTED:
[INFO] [stdout] failures:
[INFO] [stderr] ┈┈┈┈┈┈┈┈┈┈┈┈┈┈┈┈┈┈┈┈┈┈┈┈┈┈┈┈┈┈┈┈┈┈┈┈┈┈┈┈┈┈┈┈┈┈┈┈┈┈┈┈┈┈┈┈┈┈┈┈
[INFO] [stdout] 
[INFO] [stderr] error[E0080]: evaluation of constant value failed
[INFO] [stdout] ---- tests::test_ui stdout ----
[INFO] [stderr]  --> src/bitmap.rs
[INFO] [stdout] 
[INFO] [stderr]   |
[INFO] [stdout] thread 'tests::test_ui' (646) panicked at /opt/rustwide/cargo-home/registry/src/index.crates.io-1949cf8c6b5b557f/trybuild-1.0.104/src/run.rs:102:13:
[INFO] [stderr]   |     ["BIT_COUNT must be greater than zero."][(bit_count == 0) as usize];
[INFO] [stdout] 4 of 4 tests failed
[INFO] [stderr]   |     ^^^^^^^^^^^^^^^^^^^^^^^^^^^^^^^^^^^^^^^^^^^^^^^^^^^^^^^^^^^^^^^^^^^ index out of bounds: the length is 1 but the index is 1
[INFO] [stdout] stack backtrace:
[INFO] [stderr]   |
[INFO] [stdout]    0:     0x55b70c0dac91 - <<std[70759c8f55707aa4]::sys::backtrace::BacktraceLock>::print::DisplayBacktrace as core[df12db4294e9bfd3]::fmt::Display>::fmt
[INFO] [stderr] note: inside `light_bitmap::bitmap::compile_assert_const_params`
[INFO] [stdout]    1:     0x55b70c0f10aa - core[df12db4294e9bfd3]::fmt::write
[INFO] [stderr]  --> src/bitmap.rs
[INFO] [stdout]    2:     0x55b70c0df7dc - <alloc[2182bb758b4b3781]::vec::Vec<u8> as core[df12db4294e9bfd3]::io::write::Write>::write_fmt
[INFO] [stderr]   |
[INFO] [stdout]    3:     0x55b70c0b3996 - std[70759c8f55707aa4]::panicking::default_hook::{closure#0}
[INFO] [stderr]   |     ["BIT_COUNT must be greater than zero."][(bit_count == 0) as usize];
[INFO] [stdout]    4:     0x55b70c0d1be9 - std[70759c8f55707aa4]::panicking::default_hook
[INFO] [stderr]   |     ^^^^^^^^^^^^^^^^^^^^^^^^^^^^^^^^^^^^^^^^^^^^^^^^^^^^^^^^^^^^^^^^^^^
[INFO] [stdout]    5:     0x55b70c06af10 - test[9d35eded1c95d3be]::test_main_inner::<test[9d35eded1c95d3be]::test_main_static::{closure#0}>::{closure#0}
[INFO] [stderr] note: inside `BitMap::<0, 0>::const_empty`
[INFO] [stdout]    6:     0x55b70c0d1da2 - std[70759c8f55707aa4]::panicking::panic_with_hook
[INFO] [stderr]  --> src/bitmap.rs
[INFO] [stdout]    7:     0x55b70c0b3a42 - std[70759c8f55707aa4]::panicking::panic_handler::{closure#0}
[INFO] [stderr]   |
[INFO] [stdout]    8:     0x55b70c0ac449 - std[70759c8f55707aa4]::sys::backtrace::__rust_end_short_backtrace::<std[70759c8f55707aa4]::panicking::panic_handler::{closure#0}, !>
[INFO] [stderr]   |         compile_assert_const_params(BIT_COUNT, BUCKET_COUNT);
[INFO] [stdout]    9:     0x55b70c0b463d - __rustc[8fa7c3cbc660c2b3]::rust_begin_unwind
[INFO] [stderr]   |         ^^^^^^^^^^^^^^^^^^^^^^^^^^^^^^^^^^^^^^^^^^^^^^^^^^^^
[INFO] [stdout]   10:     0x55b70c0f17dc - core[df12db4294e9bfd3]::panicking::panic_fmt
[INFO] [stderr] note: inside `BITMAP`
[INFO] [stdout]   11:     0x55b70bfa111a - <trybuild[18f45df1c088ba6d]::Runner>::run
[INFO] [stderr]  --> tests/ui/zero_length_empty.rs:3:48
[INFO] [stdout]   12:     0x55b70bfa4400 - <trybuild[18f45df1c088ba6d]::TestCases as core[df12db4294e9bfd3]::ops::drop::Drop>::drop
[INFO] [stderr]   |
[INFO] [stdout]   13:     0x55b70bf9787b - light_bitmap[94c1bed13823ad9b]::tests::test_ui
[INFO] [stderr] 3 | const BITMAP: BitMap<0, { bucket_count(0) }> = BitMap::const_empty();
[INFO] [stdout]   14:     0x55b70bf9bf89 - <light_bitmap[94c1bed13823ad9b]::tests::test_ui::{closure#0} as core[df12db4294e9bfd3]::ops::function::FnOnce<()>>::call_once
[INFO] [stderr]   |                                                ^^^^^^^^^^^^^^^^^^^^^
[INFO] [stdout]   15:     0x55b70c05e1fb - test[9d35eded1c95d3be]::__rust_begin_short_backtrace::<core[df12db4294e9bfd3]::result::Result<(), alloc[2182bb758b4b3781]::string::String>, fn() -> core[df12db4294e9bfd3]::result::Result<(), alloc[2182bb758b4b3781]::string::String>>
[INFO] [stderr] ┈┈┈┈┈┈┈┈┈┈┈┈┈┈┈┈┈┈┈┈┈┈┈┈┈┈┈┈┈┈┈┈┈┈┈┈┈┈┈┈┈┈┈┈┈┈┈┈┈┈┈┈┈┈┈┈┈┈┈┈
[INFO] [stdout]   16:     0x55b70c06b865 - test[9d35eded1c95d3be]::run_test::{closure#0}
[INFO] [stderr] 
[INFO] [stdout]   17:     0x55b70c065124 - std[70759c8f55707aa4]::sys::backtrace::__rust_begin_short_backtrace::<test[9d35eded1c95d3be]::run_test::{closure#1}, ()>
[INFO] [stderr] ACTUAL OUTPUT:
[INFO] [stdout]   18:     0x55b70c06e9c2 - <std[70759c8f55707aa4]::thread::lifecycle::spawn_unchecked<test[9d35eded1c95d3be]::run_test::{closure#1}, ()>::{closure#1} as core[df12db4294e9bfd3]::ops::function::FnOnce<()>>::call_once::{shim:vtable#0}
[INFO] [stderr] ┈┈┈┈┈┈┈┈┈┈┈┈┈┈┈┈┈┈┈┈┈┈┈┈┈┈┈┈┈┈┈┈┈┈┈┈┈┈┈┈┈┈┈┈┈┈┈┈┈┈┈┈┈┈┈┈┈┈┈┈
[INFO] [stdout]   19:     0x55b70c0d9f49 - <std[70759c8f55707aa4]::sys::thread::unix::Thread>::new::thread_start
[INFO] [stderr] error[E0080]: index out of bounds: the length is 1 but the index is 1
[INFO] [stdout]   20:     0x7039eb1b5dfa - <unknown>
[INFO] [stderr]  --> tests/ui/zero_length_empty.rs:3:48
[INFO] [stdout]   21:     0x7039eb2493d4 - clone
[INFO] [stderr]   |
[INFO] [stdout]   22:                0x0 - <unknown>
[INFO] [stderr]   3 | const BITMAP: BitMap<0, { bucket_count(0) }> = BitMap::const_empty();
[INFO] [stdout] 
[INFO] [stderr]     |                                                ^^^^^^^^^^^^^^^^^^^^^ evaluation of `BITMAP` failed inside this call
[INFO] [stdout] 
[INFO] [stderr]     |
[INFO] [stdout] failures:
[INFO] [stderr] note: inside `BitMap::<0, 0>::const_empty`
[INFO] [stdout]     tests::test_ui
[INFO] [stderr]    --> src/bitmap.rs
[INFO] [stdout] 
[INFO] [stderr]     |
[INFO] [stdout] test result: FAILED. 55 passed; 1 failed; 0 ignored; 0 measured; 0 filtered out; finished in 0.65s
[INFO] [stderr]     |         compile_assert_const_params(BIT_COUNT, BUCKET_COUNT);
[INFO] [stdout] 
[INFO] [stderr]     |         ^^^^^^^^^^^^^^^^^^^^^^^^^^^^^^^^^^^^^^^^^^^^^^^^^^^^
[INFO] [stderr] note: inside `light_bitmap::bitmap::compile_assert_const_params`
[INFO] [stderr]    --> src/bitmap.rs
[INFO] [stderr]     |
[INFO] [stderr]  30 |     ["BIT_COUNT must be greater than zero."][(bit_count == 0) as usize];
[INFO] [stderr]     |     ^^^^^^^^^^^^^^^^^^^^^^^^^^^^^^^^^^^^^^^^^^^^^^^^^^^^^^^^^^^^^^^^^^^ the failure occurred here
[INFO] [stderr] ┈┈┈┈┈┈┈┈┈┈┈┈┈┈┈┈┈┈┈┈┈┈┈┈┈┈┈┈┈┈┈┈┈┈┈┈┈┈┈┈┈┈┈┈┈┈┈┈┈┈┈┈┈┈┈┈┈┈┈┈
[INFO] [stderr] note: If the actual output is the correct output you can bless it by rerunning
[INFO] [stderr]       your test with the environment variable TRYBUILD=overwrite
[INFO] [stderr] 
[INFO] [stderr] test tests/ui/bits_buckets_mismatch_empty.rs ... mismatch
[INFO] [stderr] 
[INFO] [stderr] EXPECTED:
[INFO] [stderr] ┈┈┈┈┈┈┈┈┈┈┈┈┈┈┈┈┈┈┈┈┈┈┈┈┈┈┈┈┈┈┈┈┈┈┈┈┈┈┈┈┈┈┈┈┈┈┈┈┈┈┈┈┈┈┈┈┈┈┈┈
[INFO] [stderr] error[E0080]: evaluation of constant value failed
[INFO] [stderr]  --> src/bitmap.rs
[INFO] [stderr]   |
[INFO] [stderr]   | /     ["BUCKET_COUNT must match bucket_count(BIT_COUNT)."]
[INFO] [stderr]   | |         [(bucket_count(bit_count) != buckets) as usize];
[INFO] [stderr]   | |_______________________________________________________^ index out of bounds: the length is 1 but the index is 1
[INFO] [stderr]   |
[INFO] [stderr] note: inside `light_bitmap::bitmap::compile_assert_const_params`
[INFO] [stderr]  --> src/bitmap.rs
[INFO] [stderr]   |
[INFO] [stderr]   | /     ["BUCKET_COUNT must match bucket_count(BIT_COUNT)."]
[INFO] [stderr]   | |         [(bucket_count(bit_count) != buckets) as usize];
[INFO] [stderr]   | |_______________________________________________________^
[INFO] [stderr] note: inside `BitMap::<9, 1>::const_empty`
[INFO] [stderr]  --> src/bitmap.rs
[INFO] [stderr]   |
[INFO] [stderr]   |         compile_assert_const_params(BIT_COUNT, BUCKET_COUNT);
[INFO] [stderr]   |         ^^^^^^^^^^^^^^^^^^^^^^^^^^^^^^^^^^^^^^^^^^^^^^^^^^^^
[INFO] [stderr] note: inside `BITMAP`
[INFO] [stderr]  --> tests/ui/bits_buckets_mismatch_empty.rs:3:48
[INFO] [stderr]   |
[INFO] [stderr] 3 | const BITMAP: BitMap<9, { bucket_count(8) }> = BitMap::const_empty();
[INFO] [stderr]   |                                                ^^^^^^^^^^^^^^^^^^^^^
[INFO] [stderr] ┈┈┈┈┈┈┈┈┈┈┈┈┈┈┈┈┈┈┈┈┈┈┈┈┈┈┈┈┈┈┈┈┈┈┈┈┈┈┈┈┈┈┈┈┈┈┈┈┈┈┈┈┈┈┈┈┈┈┈┈
[INFO] [stderr] 
[INFO] [stderr] ACTUAL OUTPUT:
[INFO] [stderr] ┈┈┈┈┈┈┈┈┈┈┈┈┈┈┈┈┈┈┈┈┈┈┈┈┈┈┈┈┈┈┈┈┈┈┈┈┈┈┈┈┈┈┈┈┈┈┈┈┈┈┈┈┈┈┈┈┈┈┈┈
[INFO] [stderr] error[E0080]: index out of bounds: the length is 1 but the index is 1
[INFO] [stderr]  --> tests/ui/bits_buckets_mismatch_empty.rs:3:48
[INFO] [stderr]   |
[INFO] [stderr]   3 | const BITMAP: BitMap<9, { bucket_count(8) }> = BitMap::const_empty();
[INFO] [stderr]     |                                                ^^^^^^^^^^^^^^^^^^^^^ evaluation of `BITMAP` failed inside this call
[INFO] [stderr]     |
[INFO] [stderr] note: inside `BitMap::<9, 1>::const_empty`
[INFO] [stderr]    --> src/bitmap.rs
[INFO] [stderr]     |
[INFO] [stderr]     |         compile_assert_const_params(BIT_COUNT, BUCKET_COUNT);
[INFO] [stderr]     |         ^^^^^^^^^^^^^^^^^^^^^^^^^^^^^^^^^^^^^^^^^^^^^^^^^^^^
[INFO] [stderr] note: inside `light_bitmap::bitmap::compile_assert_const_params`
[INFO] [stderr]    --> src/bitmap.rs
[INFO] [stderr]     |
[INFO] [stderr]  32 | /     ["BUCKET_COUNT must match bucket_count(BIT_COUNT)."]
[INFO] [stderr]  33 | |         [(bucket_count(bit_count) != buckets) as usize];
[INFO] [stderr]     | |_______________________________________________________^ the failure occurred here
[INFO] [stderr] ┈┈┈┈┈┈┈┈┈┈┈┈┈┈┈┈┈┈┈┈┈┈┈┈┈┈┈┈┈┈┈┈┈┈┈┈┈┈┈┈┈┈┈┈┈┈┈┈┈┈┈┈┈┈┈┈┈┈┈┈
[INFO] [stderr] note: If the actual output is the correct output you can bless it by rerunning
[INFO] [stderr]       your test with the environment variable TRYBUILD=overwrite
[INFO] [stderr] 
[INFO] [stderr] test tests/ui/zero_length_full.rs ... mismatch
[INFO] [stderr] 
[INFO] [stderr] EXPECTED:
[INFO] [stderr] ┈┈┈┈┈┈┈┈┈┈┈┈┈┈┈┈┈┈┈┈┈┈┈┈┈┈┈┈┈┈┈┈┈┈┈┈┈┈┈┈┈┈┈┈┈┈┈┈┈┈┈┈┈┈┈┈┈┈┈┈
[INFO] [stderr] error[E0080]: evaluation of constant value failed
[INFO] [stderr]  --> src/bitmap.rs
[INFO] [stderr]   |
[INFO] [stderr]   |     ["BIT_COUNT must be greater than zero."][(bit_count == 0) as usize];
[INFO] [stderr]   |     ^^^^^^^^^^^^^^^^^^^^^^^^^^^^^^^^^^^^^^^^^^^^^^^^^^^^^^^^^^^^^^^^^^^ index out of bounds: the length is 1 but the index is 1
[INFO] [stderr]   |
[INFO] [stderr] note: inside `light_bitmap::bitmap::compile_assert_const_params`
[INFO] [stderr]  --> src/bitmap.rs
[INFO] [stderr]   |
[INFO] [stderr]   |     ["BIT_COUNT must be greater than zero."][(bit_count == 0) as usize];
[INFO] [stderr]   |     ^^^^^^^^^^^^^^^^^^^^^^^^^^^^^^^^^^^^^^^^^^^^^^^^^^^^^^^^^^^^^^^^^^^
[INFO] [stderr] note: inside `BitMap::<0, 0>::const_full`
[INFO] [stderr]  --> src/bitmap.rs
[INFO] [stderr]   |
[INFO] [stderr]   |         compile_assert_const_params(BIT_COUNT, BUCKET_COUNT);
[INFO] [stderr]   |         ^^^^^^^^^^^^^^^^^^^^^^^^^^^^^^^^^^^^^^^^^^^^^^^^^^^^
[INFO] [stderr] note: inside `BITMAP`
[INFO] [stderr]  --> tests/ui/zero_length_full.rs:3:48
[INFO] [stderr]   |
[INFO] [stderr] 3 | const BITMAP: BitMap<0, { bucket_count(0) }> = BitMap::const_full();
[INFO] [stderr]   |                                                ^^^^^^^^^^^^^^^^^^^^
[INFO] [stderr] ┈┈┈┈┈┈┈┈┈┈┈┈┈┈┈┈┈┈┈┈┈┈┈┈┈┈┈┈┈┈┈┈┈┈┈┈┈┈┈┈┈┈┈┈┈┈┈┈┈┈┈┈┈┈┈┈┈┈┈┈
[INFO] [stderr] 
[INFO] [stderr] ACTUAL OUTPUT:
[INFO] [stderr] ┈┈┈┈┈┈┈┈┈┈┈┈┈┈┈┈┈┈┈┈┈┈┈┈┈┈┈┈┈┈┈┈┈┈┈┈┈┈┈┈┈┈┈┈┈┈┈┈┈┈┈┈┈┈┈┈┈┈┈┈
[INFO] [stderr] error[E0080]: index out of bounds: the length is 1 but the index is 1
[INFO] [stderr]  --> tests/ui/zero_length_full.rs:3:48
[INFO] [stderr]   |
[INFO] [stderr]   3 | const BITMAP: BitMap<0, { bucket_count(0) }> = BitMap::const_full();
[INFO] [stderr]     |                                                ^^^^^^^^^^^^^^^^^^^^ evaluation of `BITMAP` failed inside this call
[INFO] [stderr]     |
[INFO] [stderr] note: inside `BitMap::<0, 0>::const_full`
[INFO] [stderr]    --> src/bitmap.rs
[INFO] [stderr]     |
[INFO] [stderr]     |         compile_assert_const_params(BIT_COUNT, BUCKET_COUNT);
[INFO] [stderr]     |         ^^^^^^^^^^^^^^^^^^^^^^^^^^^^^^^^^^^^^^^^^^^^^^^^^^^^
[INFO] [stderr] note: inside `light_bitmap::bitmap::compile_assert_const_params`
[INFO] [stderr]    --> src/bitmap.rs
[INFO] [stderr]     |
[INFO] [stderr]  30 |     ["BIT_COUNT must be greater than zero."][(bit_count == 0) as usize];
[INFO] [stderr]     |     ^^^^^^^^^^^^^^^^^^^^^^^^^^^^^^^^^^^^^^^^^^^^^^^^^^^^^^^^^^^^^^^^^^^ the failure occurred here
[INFO] [stderr] ┈┈┈┈┈┈┈┈┈┈┈┈┈┈┈┈┈┈┈┈┈┈┈┈┈┈┈┈┈┈┈┈┈┈┈┈┈┈┈┈┈┈┈┈┈┈┈┈┈┈┈┈┈┈┈┈┈┈┈┈
[INFO] [stderr] note: If the actual output is the correct output you can bless it by rerunning
[INFO] [stderr]       your test with the environment variable TRYBUILD=overwrite
[INFO] [stderr] 
[INFO] [stderr] test tests/ui/bits_buckets_mismatch_full.rs ... mismatch
[INFO] [stderr] 
[INFO] [stderr] EXPECTED:
[INFO] [stderr] ┈┈┈┈┈┈┈┈┈┈┈┈┈┈┈┈┈┈┈┈┈┈┈┈┈┈┈┈┈┈┈┈┈┈┈┈┈┈┈┈┈┈┈┈┈┈┈┈┈┈┈┈┈┈┈┈┈┈┈┈
[INFO] [stderr] error[E0080]: evaluation of constant value failed
[INFO] [stderr]  --> src/bitmap.rs
[INFO] [stderr]   |
[INFO] [stderr]   | /     ["BUCKET_COUNT must match bucket_count(BIT_COUNT)."]
[INFO] [stderr]   | |         [(bucket_count(bit_count) != buckets) as usize];
[INFO] [stderr]   | |_______________________________________________________^ index out of bounds: the length is 1 but the index is 1
[INFO] [stderr]   |
[INFO] [stderr] note: inside `light_bitmap::bitmap::compile_assert_const_params`
[INFO] [stderr]  --> src/bitmap.rs
[INFO] [stderr]   |
[INFO] [stderr]   | /     ["BUCKET_COUNT must match bucket_count(BIT_COUNT)."]
[INFO] [stderr]   | |         [(bucket_count(bit_count) != buckets) as usize];
[INFO] [stderr]   | |_______________________________________________________^
[INFO] [stderr] note: inside `BitMap::<9, 1>::const_full`
[INFO] [stderr]  --> src/bitmap.rs
[INFO] [stderr]   |
[INFO] [stderr]   |         compile_assert_const_params(BIT_COUNT, BUCKET_COUNT);
[INFO] [stderr]   |         ^^^^^^^^^^^^^^^^^^^^^^^^^^^^^^^^^^^^^^^^^^^^^^^^^^^^
[INFO] [stderr] note: inside `BITMAP`
[INFO] [stderr]  --> tests/ui/bits_buckets_mismatch_full.rs:3:48
[INFO] [stderr]   |
[INFO] [stderr] 3 | const BITMAP: BitMap<9, { bucket_count(8) }> = BitMap::const_full();
[INFO] [stderr]   |                                                ^^^^^^^^^^^^^^^^^^^^
[INFO] [stderr] ┈┈┈┈┈┈┈┈┈┈┈┈┈┈┈┈┈┈┈┈┈┈┈┈┈┈┈┈┈┈┈┈┈┈┈┈┈┈┈┈┈┈┈┈┈┈┈┈┈┈┈┈┈┈┈┈┈┈┈┈
[INFO] [stderr] 
[INFO] [stderr] ACTUAL OUTPUT:
[INFO] [stderr] ┈┈┈┈┈┈┈┈┈┈┈┈┈┈┈┈┈┈┈┈┈┈┈┈┈┈┈┈┈┈┈┈┈┈┈┈┈┈┈┈┈┈┈┈┈┈┈┈┈┈┈┈┈┈┈┈┈┈┈┈
[INFO] [stderr] error[E0080]: index out of bounds: the length is 1 but the index is 1
[INFO] [stderr]  --> tests/ui/bits_buckets_mismatch_full.rs:3:48
[INFO] [stderr]   |
[INFO] [stderr]   3 | const BITMAP: BitMap<9, { bucket_count(8) }> = BitMap::const_full();
[INFO] [stderr]     |                                                ^^^^^^^^^^^^^^^^^^^^ evaluation of `BITMAP` failed inside this call
[INFO] [stderr]     |
[INFO] [stderr] note: inside `BitMap::<9, 1>::const_full`
[INFO] [stderr]    --> src/bitmap.rs
[INFO] [stderr]     |
[INFO] [stderr]     |         compile_assert_const_params(BIT_COUNT, BUCKET_COUNT);
[INFO] [stderr]     |         ^^^^^^^^^^^^^^^^^^^^^^^^^^^^^^^^^^^^^^^^^^^^^^^^^^^^
[INFO] [stderr] note: inside `light_bitmap::bitmap::compile_assert_const_params`
[INFO] [stderr]    --> src/bitmap.rs
[INFO] [stderr]     |
[INFO] [stderr]  32 | /     ["BUCKET_COUNT must match bucket_count(BIT_COUNT)."]
[INFO] [stderr]  33 | |         [(bucket_count(bit_count) != buckets) as usize];
[INFO] [stderr]     | |_______________________________________________________^ the failure occurred here
[INFO] [stderr] ┈┈┈┈┈┈┈┈┈┈┈┈┈┈┈┈┈┈┈┈┈┈┈┈┈┈┈┈┈┈┈┈┈┈┈┈┈┈┈┈┈┈┈┈┈┈┈┈┈┈┈┈┈┈┈┈┈┈┈┈
[INFO] [stderr] note: If the actual output is the correct output you can bless it by rerunning
[INFO] [stderr]       your test with the environment variable TRYBUILD=overwrite
[INFO] [stderr] 
[INFO] [stderr] 
[INFO] [stderr] 
[INFO] [stderr] error: test failed, to rerun pass `--lib`
[INFO] running `Command { std: "docker" "inspect" "fb3bbb7691be3cadc1bc78d4fc94d75ee6887849da935a4d861a575f99c7cf6c", kill_on_drop: false }`
[INFO] running `Command { std: "docker" "rm" "-f" "fb3bbb7691be3cadc1bc78d4fc94d75ee6887849da935a4d861a575f99c7cf6c", kill_on_drop: false }`
[INFO] [stdout] fb3bbb7691be3cadc1bc78d4fc94d75ee6887849da935a4d861a575f99c7cf6c
