[INFO] fetching crate licverify 0.1.1...
[INFO] testing licverify-0.1.1 against 1.99.0-beta.8+cargoflags=--release for beta-release-1.100-2
[INFO] extracting crate licverify 0.1.1 into /workspace/builds/worker-2-tc1/source
[INFO] started tweaking crates.io crate licverify 0.1.1
[INFO] removed 0 missing tests
[INFO] finished tweaking crates.io crate licverify 0.1.1
[INFO] tweaked toml for crates.io crate licverify 0.1.1 written to /workspace/builds/worker-2-tc1/source/Cargo.toml
[INFO] validating manifest of crates.io crate licverify 0.1.1 on toolchain 1.99.0-beta.8
[INFO] running `Command { std: CARGO_HOME="/workspace/cargo-home" RUSTUP_HOME="/workspace/rustup-home" "/workspace/cargo-home/bin/cargo" "+1.99.0-beta.8" "metadata" "--manifest-path" "Cargo.toml" "--no-deps", kill_on_drop: false }`
[INFO] crate crates.io crate licverify 0.1.1 already has a lockfile, it will not be regenerated
[INFO] running `Command { std: CARGO_HOME="/workspace/cargo-home" RUSTUP_HOME="/workspace/rustup-home" "/workspace/cargo-home/bin/cargo" "+1.99.0-beta.8" "fetch" "--manifest-path" "Cargo.toml", kill_on_drop: false }`
[INFO] [stderr]  Downloading crates ...
[INFO] [stderr]   Downloaded cc v1.2.47
[INFO] [stderr]   Downloaded nix v0.27.1
[INFO] running `Command { std: "docker" "create" "-v" "/var/lib/crater-agent-workspace/builds/worker-2-tc1/source:/opt/rustwide/workdir:ro,Z" "-v" "/var/lib/crater-agent-workspace/builds/worker-2-tc1/target:/opt/rustwide/target:rw,Z" "-v" "/var/lib/crater-agent-workspace/cargo-home:/opt/rustwide/cargo-home:ro,Z" "-v" "/var/lib/crater-agent-workspace/rustup-home:/opt/rustwide/rustup-home:ro,Z" "-m" "1610612736" "--network" "none" "ghcr.io/rust-lang/crates-build-env/linux@sha256:77db811e55d90add9212f6832c23229e3de5f1c1f9905e8cb07319ea15df73ac" "sleep" "infinity", kill_on_drop: false }`
[INFO] [stdout] 9d6fc4d8244bb081045966cce5e2e87768fcc0c954030bde5e032c81f7a5695f
[INFO] running `Command { std: "docker" "start" "9d6fc4d8244bb081045966cce5e2e87768fcc0c954030bde5e032c81f7a5695f", kill_on_drop: false }`
[INFO] running `Command { std: "docker" "inspect" "9d6fc4d8244bb081045966cce5e2e87768fcc0c954030bde5e032c81f7a5695f", kill_on_drop: false }`
[INFO] running `Command { std: "docker" "exec" "-e" "SOURCE_DIR=/opt/rustwide/workdir" "-e" "CARGO_HOME=/opt/rustwide/cargo-home" "-e" "RUSTUP_HOME=/opt/rustwide/rustup-home" "-e" "CARGO_TARGET_DIR=/opt/rustwide/target" "-w" "/opt/rustwide/workdir" "--user" "0:0" "9d6fc4d8244bb081045966cce5e2e87768fcc0c954030bde5e032c81f7a5695f" "/opt/rustwide/cargo-home/bin/cargo" "+1.99.0-beta.8" "metadata" "--no-deps" "--format-version=1", kill_on_drop: false }`
[INFO] running `Command { std: "docker" "inspect" "9d6fc4d8244bb081045966cce5e2e87768fcc0c954030bde5e032c81f7a5695f", kill_on_drop: false }`
[INFO] running `Command { std: "docker" "exec" "-e" "SOURCE_DIR=/opt/rustwide/workdir" "-e" "CARGO_HOME=/opt/rustwide/cargo-home" "-e" "RUSTUP_HOME=/opt/rustwide/rustup-home" "-e" "CARGO_TARGET_DIR=/opt/rustwide/target" "-e" "CARGO_INCREMENTAL=0" "-e" "RUST_BACKTRACE=full" "-e" "RUSTFLAGS=--cap-lints=warn" "-e" "RUSTDOCFLAGS=--cap-lints=warn" "-w" "/opt/rustwide/workdir" "--user" "0:0" "9d6fc4d8244bb081045966cce5e2e87768fcc0c954030bde5e032c81f7a5695f" "/opt/rustwide/cargo-home/bin/cargo" "+1.99.0-beta.8" "build" "--frozen" "--message-format=json" "--release", kill_on_drop: false }`
[INFO] [stderr]    Compiling libc v0.2.177
[INFO] [stderr]    Compiling base64ct v1.8.0
[INFO] [stderr]    Compiling num-traits v0.2.19
[INFO] [stderr]    Compiling zerocopy v0.8.30
[INFO] [stderr]    Compiling syn v2.0.111
[INFO] [stderr]    Compiling clap_builder v4.5.53
[INFO] [stderr]    Compiling digest v0.10.7
[INFO] [stderr]    Compiling sha2 v0.10.9
[INFO] [stderr]    Compiling pem-rfc7468 v0.7.0
[INFO] [stderr]    Compiling der v0.7.10
[INFO] [stderr]    Compiling num-integer v0.1.46
[INFO] [stderr]    Compiling num-iter v0.1.45
[INFO] [stderr]    Compiling spki v0.7.3
[INFO] [stderr]    Compiling pkcs8 v0.10.2
[INFO] [stderr]    Compiling getrandom v0.2.16
[INFO] [stderr]    Compiling nix v0.27.1
[INFO] [stderr]    Compiling rand_core v0.6.4
[INFO] [stderr]    Compiling pkcs1 v0.7.5
[INFO] [stderr]    Compiling signature v2.2.0
[INFO] [stderr]    Compiling ppv-lite86 v0.2.21
[INFO] [stderr]    Compiling rand_chacha v0.3.1
[INFO] [stderr]    Compiling rand v0.8.5
[INFO] [stderr]    Compiling serde_derive v1.0.228
[INFO] [stderr]    Compiling clap_derive v4.5.49
[INFO] [stderr]    Compiling thiserror-impl v1.0.69
[INFO] [stderr]    Compiling num-bigint-dig v0.8.6
[INFO] [stderr]    Compiling thiserror v1.0.69
[INFO] [stderr]    Compiling rsa v0.9.9
[INFO] [stderr]    Compiling clap v4.5.53
[INFO] [stderr]    Compiling serde v1.0.228
[INFO] [stderr]    Compiling chrono v0.4.42
[INFO] [stderr]    Compiling licverify v0.1.1 (/opt/rustwide/workdir)
[INFO] [stderr]     Finished `release` profile [optimized] target(s) in 28.71s
[INFO] running `Command { std: "docker" "inspect" "9d6fc4d8244bb081045966cce5e2e87768fcc0c954030bde5e032c81f7a5695f", kill_on_drop: false }`
[INFO] running `Command { std: "docker" "exec" "-e" "SOURCE_DIR=/opt/rustwide/workdir" "-e" "CARGO_HOME=/opt/rustwide/cargo-home" "-e" "RUSTUP_HOME=/opt/rustwide/rustup-home" "-e" "CARGO_TARGET_DIR=/opt/rustwide/target" "-e" "CARGO_INCREMENTAL=0" "-e" "RUST_BACKTRACE=full" "-e" "RUSTFLAGS=--cap-lints=warn" "-e" "RUSTDOCFLAGS=--cap-lints=warn" "-w" "/opt/rustwide/workdir" "--user" "0:0" "9d6fc4d8244bb081045966cce5e2e87768fcc0c954030bde5e032c81f7a5695f" "/opt/rustwide/cargo-home/bin/cargo" "+1.99.0-beta.8" "test" "--frozen" "--no-run" "--message-format=json" "--release", kill_on_drop: false }`
[INFO] [stderr]    Compiling licverify v0.1.1 (/opt/rustwide/workdir)
[INFO] [stderr]     Finished `release` profile [optimized] target(s) in 1.47s
[INFO] running `Command { std: "docker" "inspect" "9d6fc4d8244bb081045966cce5e2e87768fcc0c954030bde5e032c81f7a5695f", kill_on_drop: false }`
[INFO] running `Command { std: "docker" "exec" "-e" "SOURCE_DIR=/opt/rustwide/workdir" "-e" "CARGO_HOME=/opt/rustwide/cargo-home" "-e" "RUSTUP_HOME=/opt/rustwide/rustup-home" "-e" "CARGO_TARGET_DIR=/opt/rustwide/target" "-e" "CARGO_INCREMENTAL=0" "-e" "RUST_BACKTRACE=full" "-e" "RUSTFLAGS=--cap-lints=warn" "-e" "RUSTDOCFLAGS=--cap-lints=warn" "-w" "/opt/rustwide/workdir" "--user" "0:0" "9d6fc4d8244bb081045966cce5e2e87768fcc0c954030bde5e032c81f7a5695f" "/opt/rustwide/cargo-home/bin/cargo" "+1.99.0-beta.8" "test" "--frozen" "--release", kill_on_drop: false }`
[INFO] [stderr]     Finished `release` profile [optimized] target(s) in 0.10s
[INFO] [stderr]      Running unittests src/lib.rs (/opt/rustwide/target/release/deps/licverify-17374fef4ad96ac5)
[INFO] [stdout] 
[INFO] [stdout] running 1 test
[INFO] [stdout] test license::tests::test_license_expiry ... FAILED
[INFO] [stdout] 
[INFO] [stdout] failures:
[INFO] [stdout] 
[INFO] [stdout] ---- license::tests::test_license_expiry stdout ----
[INFO] [stdout] 
[INFO] [stdout] thread 'license::tests::test_license_expiry' (813) panicked at src/license.rs:303:9:
[INFO] [stdout] assertion failed: !license.is_expired()
[INFO] [stdout] stack backtrace:
[INFO] [stdout]    0:     0x57d2f9ee2671 - <<std[70759c8f55707aa4]::sys::backtrace::BacktraceLock>::print::DisplayBacktrace as core[df12db4294e9bfd3]::fmt::Display>::fmt
[INFO] [stdout]    1:     0x57d2f9ef684a - core[df12db4294e9bfd3]::fmt::write
[INFO] [stdout]    2:     0x57d2f9ee6b0c - <alloc[2182bb758b4b3781]::vec::Vec<u8> as core[df12db4294e9bfd3]::io::write::Write>::write_fmt
[INFO] [stdout]    3:     0x57d2f9ebec66 - std[70759c8f55707aa4]::panicking::default_hook::{closure#0}
[INFO] [stdout]    4:     0x57d2f9edadd9 - std[70759c8f55707aa4]::panicking::default_hook
[INFO] [stdout]    5:     0x57d2f9e76dc0 - test[9d35eded1c95d3be]::test_main_inner::<test[9d35eded1c95d3be]::test_main_static::{closure#0}>::{closure#0}
[INFO] [stdout]    6:     0x57d2f9edaf92 - std[70759c8f55707aa4]::panicking::panic_with_hook
[INFO] [stdout]    7:     0x57d2f9ebed44 - std[70759c8f55707aa4]::panicking::panic_handler::{closure#0}
[INFO] [stdout]    8:     0x57d2f9eb7a99 - std[70759c8f55707aa4]::sys::backtrace::__rust_end_short_backtrace::<std[70759c8f55707aa4]::panicking::panic_handler::{closure#0}, !>
[INFO] [stdout]    9:     0x57d2f9ebf90d - __rustc[8fa7c3cbc660c2b3]::rust_begin_unwind
[INFO] [stdout]   10:     0x57d2f9ef6f7c - core[df12db4294e9bfd3]::panicking::panic_fmt
[INFO] [stdout]   11:     0x57d2f9ef6f42 - core[df12db4294e9bfd3]::panicking::panic
[INFO] [stdout]   12:     0x57d2f9e69ec9 - <licverify[961348fa2834340d]::license::tests::test_license_expiry::{closure#0} as core[df12db4294e9bfd3]::ops::function::FnOnce<()>>::call_once
[INFO] [stdout]   13:     0x57d2f9e6a0ab - test[9d35eded1c95d3be]::__rust_begin_short_backtrace::<core[df12db4294e9bfd3]::result::Result<(), alloc[2182bb758b4b3781]::string::String>, fn() -> core[df12db4294e9bfd3]::result::Result<(), alloc[2182bb758b4b3781]::string::String>>
[INFO] [stdout]   14:     0x57d2f9e77715 - test[9d35eded1c95d3be]::run_test::{closure#0}
[INFO] [stdout]   15:     0x57d2f9e70fd4 - std[70759c8f55707aa4]::sys::backtrace::__rust_begin_short_backtrace::<test[9d35eded1c95d3be]::run_test::{closure#1}, ()>
[INFO] [stdout]   16:     0x57d2f9e7a872 - <std[70759c8f55707aa4]::thread::lifecycle::spawn_unchecked<test[9d35eded1c95d3be]::run_test::{closure#1}, ()>::{closure#1} as core[df12db4294e9bfd3]::ops::function::FnOnce<()>>::call_once::{shim:vtable#0}
[INFO] [stdout]   17:     0x57d2f9ee1f49 - <std[70759c8f55707aa4]::sys::thread::unix::Thread>::new::thread_start
[INFO] [stdout]   18:     0x70609e205dfa - <unknown>
[INFO] [stdout]   19:     0x70609e2993d4 - clone
[INFO] [stdout]   20:                0x0 - <unknown>
[INFO] [stdout] 
[INFO] [stdout] 
[INFO] [stdout] failures:
[INFO] [stdout]     license::tests::test_license_expiry
[INFO] [stdout] 
[INFO] [stdout] test result: FAILED. 0 passed; 1 failed; 0 ignored; 0 measured; 0 filtered out; finished in 0.00s
[INFO] [stdout] 
[INFO] [stderr] error: test failed, to rerun pass `--lib`
[INFO] running `Command { std: "docker" "inspect" "9d6fc4d8244bb081045966cce5e2e87768fcc0c954030bde5e032c81f7a5695f", kill_on_drop: false }`
[INFO] running `Command { std: "docker" "rm" "-f" "9d6fc4d8244bb081045966cce5e2e87768fcc0c954030bde5e032c81f7a5695f", kill_on_drop: false }`
[INFO] [stdout] 9d6fc4d8244bb081045966cce5e2e87768fcc0c954030bde5e032c81f7a5695f
