[INFO] fetching crate licc 0.2.0...
[INFO] testing licc-0.2.0 against 1.99.0-beta.8+cargoflags=--release for beta-release-1.100-2
[INFO] extracting crate licc 0.2.0 into /workspace/builds/worker-7-tc1/source
[INFO] started tweaking crates.io crate licc 0.2.0
[INFO] removed 0 missing examples
[INFO] finished tweaking crates.io crate licc 0.2.0
[INFO] tweaked toml for crates.io crate licc 0.2.0 written to /workspace/builds/worker-7-tc1/source/Cargo.toml
[INFO] validating manifest of crates.io crate licc 0.2.0 on toolchain 1.99.0-beta.8
[INFO] running `Command { std: CARGO_HOME="/workspace/cargo-home" RUSTUP_HOME="/workspace/rustup-home" "/workspace/cargo-home/bin/cargo" "+1.99.0-beta.8" "metadata" "--manifest-path" "Cargo.toml" "--no-deps", kill_on_drop: false }`
[INFO] crate crates.io crate licc 0.2.0 already has a lockfile, it will not be regenerated
[INFO] running `Command { std: CARGO_HOME="/workspace/cargo-home" RUSTUP_HOME="/workspace/rustup-home" "/workspace/cargo-home/bin/cargo" "+1.99.0-beta.8" "fetch" "--manifest-path" "Cargo.toml", kill_on_drop: false }`
[INFO] [stderr]  Downloading crates ...
[INFO] [stderr]   Downloaded ryu v1.0.16
[INFO] [stderr]   Downloaded serde_json v1.0.112
[INFO] [stderr]   Downloaded wasm-bindgen-shared v0.2.90
[INFO] [stderr]   Downloaded itoa v1.0.10
[INFO] [stderr]   Downloaded wasm-bindgen-macro v0.2.90
[INFO] [stderr]   Downloaded wasm-bindgen-futures v0.4.40
[INFO] [stderr]   Downloaded wasm-bindgen-macro-support v0.2.90
[INFO] [stderr]   Downloaded wasm-bindgen-backend v0.2.90
[INFO] [stderr]   Downloaded tempfile v3.9.0
[INFO] [stderr]   Downloaded bitflags v2.4.2
[INFO] [stderr]   Downloaded js-sys v0.3.67
[INFO] [stderr]   Downloaded openssl-sys v0.9.99
[INFO] [stderr]   Downloaded indexmap v2.2.0
[INFO] [stderr]   Downloaded mio v0.8.10
[INFO] [stderr]   Downloaded http v0.2.11
[INFO] [stderr]   Downloaded reqwest v0.11.23
[INFO] [stderr]   Downloaded wasm-bindgen v0.2.90
[INFO] [stderr]   Downloaded h2 v0.3.24
[INFO] [stderr]   Downloaded openssl v0.10.63
[INFO] [stderr]   Downloaded rustix v0.38.30
[INFO] [stderr]   Downloaded libc v0.2.152
[INFO] [stderr]   Downloaded web-sys v0.3.67
[INFO] [stderr]   Downloaded tokio v1.35.1
[INFO] running `Command { std: "docker" "create" "-v" "/var/lib/crater-agent-workspace/builds/worker-7-tc1/source:/opt/rustwide/workdir:ro,Z" "-v" "/var/lib/crater-agent-workspace/builds/worker-7-tc1/target:/opt/rustwide/target:rw,Z" "-v" "/var/lib/crater-agent-workspace/cargo-home:/opt/rustwide/cargo-home:ro,Z" "-v" "/var/lib/crater-agent-workspace/rustup-home:/opt/rustwide/rustup-home:ro,Z" "-m" "1610612736" "--network" "none" "ghcr.io/rust-lang/crates-build-env/linux@sha256:77db811e55d90add9212f6832c23229e3de5f1c1f9905e8cb07319ea15df73ac" "sleep" "infinity", kill_on_drop: false }`
[INFO] [stdout] 70e6f132026f44c33f0c086f094a51dde395c12c0d7f17e7772a13c7d861f974
[INFO] running `Command { std: "docker" "start" "70e6f132026f44c33f0c086f094a51dde395c12c0d7f17e7772a13c7d861f974", kill_on_drop: false }`
[INFO] running `Command { std: "docker" "inspect" "70e6f132026f44c33f0c086f094a51dde395c12c0d7f17e7772a13c7d861f974", kill_on_drop: false }`
[INFO] running `Command { std: "docker" "exec" "-e" "SOURCE_DIR=/opt/rustwide/workdir" "-e" "CARGO_HOME=/opt/rustwide/cargo-home" "-e" "RUSTUP_HOME=/opt/rustwide/rustup-home" "-e" "CARGO_TARGET_DIR=/opt/rustwide/target" "-w" "/opt/rustwide/workdir" "--user" "0:0" "70e6f132026f44c33f0c086f094a51dde395c12c0d7f17e7772a13c7d861f974" "/opt/rustwide/cargo-home/bin/cargo" "+1.99.0-beta.8" "metadata" "--no-deps" "--format-version=1", kill_on_drop: false }`
[INFO] running `Command { std: "docker" "inspect" "70e6f132026f44c33f0c086f094a51dde395c12c0d7f17e7772a13c7d861f974", kill_on_drop: false }`
[INFO] running `Command { std: "docker" "exec" "-e" "SOURCE_DIR=/opt/rustwide/workdir" "-e" "CARGO_HOME=/opt/rustwide/cargo-home" "-e" "RUSTUP_HOME=/opt/rustwide/rustup-home" "-e" "CARGO_TARGET_DIR=/opt/rustwide/target" "-e" "CARGO_INCREMENTAL=0" "-e" "RUST_BACKTRACE=full" "-e" "RUSTFLAGS=--cap-lints=warn" "-e" "RUSTDOCFLAGS=--cap-lints=warn" "-w" "/opt/rustwide/workdir" "--user" "0:0" "70e6f132026f44c33f0c086f094a51dde395c12c0d7f17e7772a13c7d861f974" "/opt/rustwide/cargo-home/bin/cargo" "+1.99.0-beta.8" "build" "--frozen" "--message-format=json" "--release", kill_on_drop: false }`
[INFO] [stderr]    Compiling libc v0.2.152
[INFO] [stderr]    Compiling proc-macro2 v1.0.78
[INFO] [stderr]    Compiling pin-project-lite v0.2.13
[INFO] [stderr]    Compiling pkg-config v0.3.29
[INFO] [stderr]    Compiling bytes v1.5.0
[INFO] [stderr]    Compiling itoa v1.0.10
[INFO] [stderr]    Compiling openssl v0.10.63
[INFO] [stderr]    Compiling slab v0.4.9
[INFO] [stderr]    Compiling hashbrown v0.14.3
[INFO] [stderr]    Compiling futures-task v0.3.30
[INFO] [stderr]    Compiling bitflags v2.4.2
[INFO] [stderr]    Compiling native-tls v0.2.11
[INFO] [stderr]    Compiling serde v1.0.196
[INFO] [stderr]    Compiling log v0.4.20
[INFO] [stderr]    Compiling unicode-normalization v0.1.22
[INFO] [stderr]    Compiling tracing v0.1.40
[INFO] [stderr]    Compiling futures-util v0.3.30
[INFO] [stderr]    Compiling ryu v1.0.16
[INFO] [stderr]    Compiling serde_json v1.0.112
[INFO] [stderr]    Compiling encoding_rs v0.8.33
[INFO] [stderr]    Compiling http v0.2.11
[INFO] [stderr]    Compiling quote v1.0.35
[INFO] [stderr]    Compiling syn v2.0.48
[INFO] [stderr]    Compiling idna v0.5.0
[INFO] [stderr]    Compiling indexmap v2.2.0
[INFO] [stderr]    Compiling socket2 v0.5.5
[INFO] [stderr]    Compiling mio v0.8.10
[INFO] [stderr]    Compiling cc v1.0.83
[INFO] [stderr]    Compiling url v2.5.0
[INFO] [stderr]    Compiling http-body v0.4.6
[INFO] [stderr]    Compiling tokio v1.35.1
[INFO] [stderr]    Compiling openssl-sys v0.9.99
[INFO] [stderr]    Compiling openssl-macros v0.1.1
[INFO] [stderr]    Compiling serde_derive v1.0.196
[INFO] [stderr]    Compiling tokio-util v0.7.10
[INFO] [stderr]    Compiling h2 v0.3.24
[INFO] [stderr]    Compiling tokio-native-tls v0.3.1
[INFO] [stderr]    Compiling hyper v0.14.28
[INFO] [stderr]    Compiling serde_urlencoded v0.7.1
[INFO] [stderr]    Compiling hyper-tls v0.5.0
[INFO] [stderr]    Compiling reqwest v0.11.23
[INFO] [stderr]    Compiling licc v0.2.0 (/opt/rustwide/workdir)
[INFO] [stderr]     Finished `release` profile [optimized] target(s) in 41.96s
[INFO] running `Command { std: "docker" "inspect" "70e6f132026f44c33f0c086f094a51dde395c12c0d7f17e7772a13c7d861f974", kill_on_drop: false }`
[INFO] running `Command { std: "docker" "exec" "-e" "SOURCE_DIR=/opt/rustwide/workdir" "-e" "CARGO_HOME=/opt/rustwide/cargo-home" "-e" "RUSTUP_HOME=/opt/rustwide/rustup-home" "-e" "CARGO_TARGET_DIR=/opt/rustwide/target" "-e" "CARGO_INCREMENTAL=0" "-e" "RUST_BACKTRACE=full" "-e" "RUSTFLAGS=--cap-lints=warn" "-e" "RUSTDOCFLAGS=--cap-lints=warn" "-w" "/opt/rustwide/workdir" "--user" "0:0" "70e6f132026f44c33f0c086f094a51dde395c12c0d7f17e7772a13c7d861f974" "/opt/rustwide/cargo-home/bin/cargo" "+1.99.0-beta.8" "test" "--frozen" "--no-run" "--message-format=json" "--release", kill_on_drop: false }`
[INFO] [stderr]    Compiling tokio-macros v2.2.0
[INFO] [stderr]    Compiling tokio v1.35.1
[INFO] [stderr]    Compiling tokio-util v0.7.10
[INFO] [stderr]    Compiling tokio-native-tls v0.3.1
[INFO] [stderr]    Compiling h2 v0.3.24
[INFO] [stderr]    Compiling hyper v0.14.28
[INFO] [stderr]    Compiling hyper-tls v0.5.0
[INFO] [stderr]    Compiling reqwest v0.11.23
[INFO] [stderr]    Compiling licc v0.2.0 (/opt/rustwide/workdir)
[INFO] [stderr]     Finished `release` profile [optimized] target(s) in 32.66s
[INFO] running `Command { std: "docker" "inspect" "70e6f132026f44c33f0c086f094a51dde395c12c0d7f17e7772a13c7d861f974", kill_on_drop: false }`
[INFO] running `Command { std: "docker" "exec" "-e" "SOURCE_DIR=/opt/rustwide/workdir" "-e" "CARGO_HOME=/opt/rustwide/cargo-home" "-e" "RUSTUP_HOME=/opt/rustwide/rustup-home" "-e" "CARGO_TARGET_DIR=/opt/rustwide/target" "-e" "CARGO_INCREMENTAL=0" "-e" "RUST_BACKTRACE=full" "-e" "RUSTFLAGS=--cap-lints=warn" "-e" "RUSTDOCFLAGS=--cap-lints=warn" "-w" "/opt/rustwide/workdir" "--user" "0:0" "70e6f132026f44c33f0c086f094a51dde395c12c0d7f17e7772a13c7d861f974" "/opt/rustwide/cargo-home/bin/cargo" "+1.99.0-beta.8" "test" "--frozen" "--release", kill_on_drop: false }`
[INFO] [stderr]     Finished `release` profile [optimized] target(s) in 0.12s
[INFO] [stderr]      Running unittests src/lib.rs (/opt/rustwide/target/release/deps/licc-882dab045ad494e5)
[INFO] [stdout] 
[INFO] [stdout] running 11 tests
[INFO] [stdout] test client::test::test_can_deserialize_remote_error ... ok
[INFO] [stdout] test api_key::test::test_api_key ... ok
[INFO] [stdout] test client::test::test_can_deserialize_rocket_error ... ok
[INFO] [stdout] test client::test::test_mapping_full ... ok
[INFO] [stdout] test client::test::test_mapping_slim ... ok
[INFO] [stdout] test api_key::test::test_from_env_ok ... ok
[INFO] [stdout] test api_key::test::test_from_env_err ... ok
[INFO] [stdout] test client::test::test_construct_client_with_api_key ... ok
[INFO] [stdout] test client::test::test_client_url ... ok
[INFO] [stdout] test client::test::test_construct_client_with_base_url ... ok
[INFO] [stdout] test client::test::test_construct_client_default ... ok
[INFO] [stdout] 
[INFO] [stdout] test result: ok. 11 passed; 0 failed; 0 ignored; 0 measured; 0 filtered out; finished in 0.06s
[INFO] [stdout] 
[INFO] [stderr]      Running tests/integration_remote_api.rs (/opt/rustwide/target/release/deps/integration_remote_api-24374190e621729a)
[INFO] [stdout] 
[INFO] [stdout] running 2 tests
[INFO] [stdout] test test_404 ... FAILED
[INFO] [stdout] test test_get_codes ... FAILED
[INFO] [stdout] 
[INFO] [stdout] failures:
[INFO] [stdout] 
[INFO] [stdout] ---- test_404 stdout ----
[INFO] [stdout] 
[INFO] [stdout] thread 'test_404' (1456) panicked at tests/integration_remote_api.rs:32:9:
[INFO] [stdout] internal error: entered unreachable code: Expected ServerError, got Reqwest(reqwest::Error { kind: Request, url: Url { scheme: "https", cannot_be_a_base: false, username: "", password: None, host: Some(Domain("codes.idlechampions.liefland.net")), port: None, path: "/v1/inttests_client/some_nonexistent", query: None, fragment: None }, source: hyper::Error(Connect, ConnectError("dns error", Custom { kind: Uncategorized, error: "failed to lookup address information: Temporary failure in name resolution" })) })
[INFO] [stdout] stack backtrace:
[INFO] [stdout]    0:     0x60a51a6f4d71 - <<std[70759c8f55707aa4]::sys::backtrace::BacktraceLock>::print::DisplayBacktrace as core[df12db4294e9bfd3]::fmt::Display>::fmt
[INFO] [stdout]    1:     0x60a51a70ac5a - core[df12db4294e9bfd3]::fmt::write
[INFO] [stdout]    2:     0x60a51a6f981c - <alloc[2182bb758b4b3781]::vec::Vec<u8> as core[df12db4294e9bfd3]::io::write::Write>::write_fmt
[INFO] [stdout]    3:     0x60a51a6cfec6 - std[70759c8f55707aa4]::panicking::default_hook::{closure#0}
[INFO] [stdout]    4:     0x60a51a6ecca9 - std[70759c8f55707aa4]::panicking::default_hook
[INFO] [stdout]    5:     0x60a51a553220 - test[9d35eded1c95d3be]::test_main_inner::<test[9d35eded1c95d3be]::test_main_static::{closure#0}>::{closure#0}
[INFO] [stdout]    6:     0x60a51a6ecfd2 - std[70759c8f55707aa4]::panicking::panic_with_hook
[INFO] [stdout]    7:     0x60a51a6cff72 - std[70759c8f55707aa4]::panicking::panic_handler::{closure#0}
[INFO] [stdout]    8:     0x60a51a6c89d9 - std[70759c8f55707aa4]::sys::backtrace::__rust_end_short_backtrace::<std[70759c8f55707aa4]::panicking::panic_handler::{closure#0}, !>
[INFO] [stdout]    9:     0x60a51a6d0dfd - __rustc[8fa7c3cbc660c2b3]::rust_begin_unwind
[INFO] [stdout]   10:     0x60a51a70b3bc - core[df12db4294e9bfd3]::panicking::panic_fmt
[INFO] [stdout]   11:     0x60a51a541021 - integration_remote_api[23b259050c818b57]::test_404::{closure#0}
[INFO] [stdout]   12:     0x60a51a5429a8 - <tokio[6541ad45797a9f7b]::runtime::context::scoped::Scoped<tokio[6541ad45797a9f7b]::runtime::scheduler::Context>>::set::<<tokio[6541ad45797a9f7b]::runtime::scheduler::current_thread::CoreGuard>::enter<<tokio[6541ad45797a9f7b]::runtime::scheduler::current_thread::CoreGuard>::block_on<core[df12db4294e9bfd3]::pin::Pin<&mut core[df12db4294e9bfd3]::pin::Pin<&mut dyn core[df12db4294e9bfd3]::future::future::Future<Output = ()>>>>::{closure#0}, core[df12db4294e9bfd3]::option::Option<()>>::{closure#0}, (alloc[2182bb758b4b3781]::boxed::Box<tokio[6541ad45797a9f7b]::runtime::scheduler::current_thread::Core>, core[df12db4294e9bfd3]::option::Option<()>)>
[INFO] [stdout]   13:     0x60a51a54328b - <tokio[6541ad45797a9f7b]::runtime::scheduler::current_thread::CoreGuard>::block_on::<core[df12db4294e9bfd3]::pin::Pin<&mut core[df12db4294e9bfd3]::pin::Pin<&mut dyn core[df12db4294e9bfd3]::future::future::Future<Output = ()>>>>
[INFO] [stdout]   14:     0x60a51a5448cf - tokio[6541ad45797a9f7b]::runtime::context::runtime::enter_runtime::<<tokio[6541ad45797a9f7b]::runtime::scheduler::current_thread::CurrentThread>::block_on<core[df12db4294e9bfd3]::pin::Pin<&mut dyn core[df12db4294e9bfd3]::future::future::Future<Output = ()>>>::{closure#0}, ()>
[INFO] [stdout]   15:     0x60a51a543f9b - <tokio[6541ad45797a9f7b]::runtime::runtime::Runtime>::block_on::<core[df12db4294e9bfd3]::pin::Pin<&mut dyn core[df12db4294e9bfd3]::future::future::Future<Output = ()>>>
[INFO] [stdout]   16:     0x60a51a5427bb - <integration_remote_api[23b259050c818b57]::test_404::{closure#0} as core[df12db4294e9bfd3]::ops::function::FnOnce<()>>::call_once
[INFO] [stdout]   17:     0x60a51a54650b - test[9d35eded1c95d3be]::__rust_begin_short_backtrace::<core[df12db4294e9bfd3]::result::Result<(), alloc[2182bb758b4b3781]::string::String>, fn() -> core[df12db4294e9bfd3]::result::Result<(), alloc[2182bb758b4b3781]::string::String>>
[INFO] [stdout]   18:     0x60a51a553b75 - test[9d35eded1c95d3be]::run_test::{closure#0}
[INFO] [stdout]   19:     0x60a51a54d434 - std[70759c8f55707aa4]::sys::backtrace::__rust_begin_short_backtrace::<test[9d35eded1c95d3be]::run_test::{closure#1}, ()>
[INFO] [stdout]   20:     0x60a51a556cd2 - <std[70759c8f55707aa4]::thread::lifecycle::spawn_unchecked<test[9d35eded1c95d3be]::run_test::{closure#1}, ()>::{closure#1} as core[df12db4294e9bfd3]::ops::function::FnOnce<()>>::call_once::{shim:vtable#0}
[INFO] [stdout]   21:     0x60a51a6f4299 - <std[70759c8f55707aa4]::sys::thread::unix::Thread>::new::thread_start
[INFO] [stdout]   22:     0x6fff7566adfa - <unknown>
[INFO] [stdout]   23:     0x6fff756fe3d4 - clone
[INFO] [stdout]   24:                0x0 - <unknown>
[INFO] [stdout] 
[INFO] [stdout] ---- test_get_codes stdout ----
[INFO] [stdout] 
[INFO] [stdout] thread 'test_get_codes' (1457) panicked at tests/integration_remote_api.rs:10:56:
[INFO] [stdout] called `Result::unwrap()` on an `Err` value: Reqwest(reqwest::Error { kind: Request, url: Url { scheme: "https", cannot_be_a_base: false, username: "", password: None, host: Some(Domain("codes.idlechampions.liefland.net")), port: None, path: "/v1/codes", query: None, fragment: None }, source: hyper::Error(Connect, ConnectError("dns error", Custom { kind: Uncategorized, error: "failed to lookup address information: Temporary failure in name resolution" })) })
[INFO] [stdout] stack backtrace:
[INFO] [stdout]    0:     0x60a51a6f4d71 - <<std[70759c8f55707aa4]::sys::backtrace::BacktraceLock>::print::DisplayBacktrace as core[df12db4294e9bfd3]::fmt::Display>::fmt
[INFO] [stdout]    1:     0x60a51a70ac5a - core[df12db4294e9bfd3]::fmt::write
[INFO] [stdout]    2:     0x60a51a6f981c - <alloc[2182bb758b4b3781]::vec::Vec<u8> as core[df12db4294e9bfd3]::io::write::Write>::write_fmt
[INFO] [stdout]    3:     0x60a51a6cfec6 - std[70759c8f55707aa4]::panicking::default_hook::{closure#0}
[INFO] [stdout]    4:     0x60a51a6ecca9 - std[70759c8f55707aa4]::panicking::default_hook
[INFO] [stdout]    5:     0x60a51a553220 - test[9d35eded1c95d3be]::test_main_inner::<test[9d35eded1c95d3be]::test_main_static::{closure#0}>::{closure#0}
[INFO] [stdout]    6:     0x60a51a6ecfd2 - std[70759c8f55707aa4]::panicking::panic_with_hook
[INFO] [stdout]    7:     0x60a51a6cff72 - std[70759c8f55707aa4]::panicking::panic_handler::{closure#0}
[INFO] [stdout]    8:     0x60a51a6c89d9 - std[70759c8f55707aa4]::sys::backtrace::__rust_end_short_backtrace::<std[70759c8f55707aa4]::panicking::panic_handler::{closure#0}, !>
[INFO] [stdout]    9:     0x60a51a6d0dfd - __rustc[8fa7c3cbc660c2b3]::rust_begin_unwind
[INFO] [stdout]   10:     0x60a51a70b3bc - core[df12db4294e9bfd3]::panicking::panic_fmt
[INFO] [stdout]   11:     0x60a51a70b192 - core[df12db4294e9bfd3]::result::unwrap_failed
[INFO] [stdout]   12:     0x60a51a540c11 - integration_remote_api[23b259050c818b57]::test_get_codes::{closure#0}
[INFO] [stdout]   13:     0x60a51a5429a8 - <tokio[6541ad45797a9f7b]::runtime::context::scoped::Scoped<tokio[6541ad45797a9f7b]::runtime::scheduler::Context>>::set::<<tokio[6541ad45797a9f7b]::runtime::scheduler::current_thread::CoreGuard>::enter<<tokio[6541ad45797a9f7b]::runtime::scheduler::current_thread::CoreGuard>::block_on<core[df12db4294e9bfd3]::pin::Pin<&mut core[df12db4294e9bfd3]::pin::Pin<&mut dyn core[df12db4294e9bfd3]::future::future::Future<Output = ()>>>>::{closure#0}, core[df12db4294e9bfd3]::option::Option<()>>::{closure#0}, (alloc[2182bb758b4b3781]::boxed::Box<tokio[6541ad45797a9f7b]::runtime::scheduler::current_thread::Core>, core[df12db4294e9bfd3]::option::Option<()>)>
[INFO] [stdout]   14:     0x60a51a54328b - <tokio[6541ad45797a9f7b]::runtime::scheduler::current_thread::CoreGuard>::block_on::<core[df12db4294e9bfd3]::pin::Pin<&mut core[df12db4294e9bfd3]::pin::Pin<&mut dyn core[df12db4294e9bfd3]::future::future::Future<Output = ()>>>>
[INFO] [stdout]   15:     0x60a51a5448cf - tokio[6541ad45797a9f7b]::runtime::context::runtime::enter_runtime::<<tokio[6541ad45797a9f7b]::runtime::scheduler::current_thread::CurrentThread>::block_on<core[df12db4294e9bfd3]::pin::Pin<&mut dyn core[df12db4294e9bfd3]::future::future::Future<Output = ()>>>::{closure#0}, ()>
[INFO] [stdout]   16:     0x60a51a543f9b - <tokio[6541ad45797a9f7b]::runtime::runtime::Runtime>::block_on::<core[df12db4294e9bfd3]::pin::Pin<&mut dyn core[df12db4294e9bfd3]::future::future::Future<Output = ()>>>
[INFO] [stdout]   17:     0x60a51a54267b - <integration_remote_api[23b259050c818b57]::test_get_codes::{closure#0} as core[df12db4294e9bfd3]::ops::function::FnOnce<()>>::call_once
[INFO] [stdout]   18:     0x60a51a54650b - test[9d35eded1c95d3be]::__rust_begin_short_backtrace::<core[df12db4294e9bfd3]::result::Result<(), alloc[2182bb758b4b3781]::string::String>, fn() -> core[df12db4294e9bfd3]::result::Result<(), alloc[2182bb758b4b3781]::string::String>>
[INFO] [stdout]   19:     0x60a51a553b75 - test[9d35eded1c95d3be]::run_test::{closure#0}
[INFO] [stdout]   20:     0x60a51a54d434 - std[70759c8f55707aa4]::sys::backtrace::__rust_begin_short_backtrace::<test[9d35eded1c95d3be]::run_test::{closure#1}, ()>
[INFO] [stdout]   21:     0x60a51a556cd2 - <std[70759c8f55707aa4]::thread::lifecycle::spawn_unchecked<test[9d35eded1c95d3be]::run_test::{closure#1}, ()>::{closure#1} as core[df12db4294e9bfd3]::ops::function::FnOnce<()>>::call_once::{shim:vtable#0}
[INFO] [stdout]   22:     0x60a51a6f4299 - <std[70759c8f55707aa4]::sys::thread::unix::Thread>::new::thread_start
[INFO] [stdout]   23:     0x6fff7566adfa - <unknown>
[INFO] [stdout]   24:     0x6fff756fe3d4 - clone
[INFO] [stdout]   25:                0x0 - <unknown>
[INFO] [stdout] 
[INFO] [stdout] 
[INFO] [stdout] failures:
[INFO] [stdout]     test_404
[INFO] [stdout]     test_get_codes
[INFO] [stdout] 
[INFO] [stdout] test result: FAILED. 0 passed; 2 failed; 0 ignored; 0 measured; 0 filtered out; finished in 0.05s
[INFO] [stdout] 
[INFO] [stderr] error: test failed, to rerun pass `--test integration_remote_api`
[INFO] running `Command { std: "docker" "inspect" "70e6f132026f44c33f0c086f094a51dde395c12c0d7f17e7772a13c7d861f974", kill_on_drop: false }`
[INFO] running `Command { std: "docker" "rm" "-f" "70e6f132026f44c33f0c086f094a51dde395c12c0d7f17e7772a13c7d861f974", kill_on_drop: false }`
[INFO] [stdout] 70e6f132026f44c33f0c086f094a51dde395c12c0d7f17e7772a13c7d861f974
