[INFO] fetching crate libzotero 0.1.0...
[INFO] testing libzotero-0.1.0 against 1.99.0-beta.8+cargoflags=--release for beta-release-1.100-2
[INFO] extracting crate libzotero 0.1.0 into /workspace/builds/worker-2-tc1/source
[INFO] started tweaking crates.io crate libzotero 0.1.0
[INFO] finished tweaking crates.io crate libzotero 0.1.0
[INFO] tweaked toml for crates.io crate libzotero 0.1.0 written to /workspace/builds/worker-2-tc1/source/Cargo.toml
[INFO] validating manifest of crates.io crate libzotero 0.1.0 on toolchain 1.99.0-beta.8
[INFO] running `Command { std: CARGO_HOME="/workspace/cargo-home" RUSTUP_HOME="/workspace/rustup-home" "/workspace/cargo-home/bin/cargo" "+1.99.0-beta.8" "metadata" "--manifest-path" "Cargo.toml" "--no-deps", kill_on_drop: false }`
[INFO] crate crates.io crate libzotero 0.1.0 already has a lockfile, it will not be regenerated
[INFO] running `Command { std: CARGO_HOME="/workspace/cargo-home" RUSTUP_HOME="/workspace/rustup-home" "/workspace/cargo-home/bin/cargo" "+1.99.0-beta.8" "fetch" "--manifest-path" "Cargo.toml", kill_on_drop: false }`
[INFO] [stderr]     Updating crates.io index
[INFO] [stderr]  Downloading crates ...
[INFO] [stderr]   Downloaded mockito v1.7.2
[INFO] running `Command { std: "docker" "create" "-v" "/var/lib/crater-agent-workspace/builds/worker-2-tc1/source:/opt/rustwide/workdir:ro,Z" "-v" "/var/lib/crater-agent-workspace/builds/worker-2-tc1/target:/opt/rustwide/target:rw,Z" "-v" "/var/lib/crater-agent-workspace/cargo-home:/opt/rustwide/cargo-home:ro,Z" "-v" "/var/lib/crater-agent-workspace/rustup-home:/opt/rustwide/rustup-home:ro,Z" "-m" "1610612736" "--network" "none" "ghcr.io/rust-lang/crates-build-env/linux@sha256:77db811e55d90add9212f6832c23229e3de5f1c1f9905e8cb07319ea15df73ac" "sleep" "infinity", kill_on_drop: false }`
[INFO] [stdout] 5863388be3a5eb6938bcc92328ab83c27b2a1f4970535de84793e460fbdf39c5
[INFO] running `Command { std: "docker" "start" "5863388be3a5eb6938bcc92328ab83c27b2a1f4970535de84793e460fbdf39c5", kill_on_drop: false }`
[INFO] running `Command { std: "docker" "inspect" "5863388be3a5eb6938bcc92328ab83c27b2a1f4970535de84793e460fbdf39c5", kill_on_drop: false }`
[INFO] running `Command { std: "docker" "exec" "-e" "SOURCE_DIR=/opt/rustwide/workdir" "-e" "CARGO_HOME=/opt/rustwide/cargo-home" "-e" "RUSTUP_HOME=/opt/rustwide/rustup-home" "-e" "CARGO_TARGET_DIR=/opt/rustwide/target" "-w" "/opt/rustwide/workdir" "--user" "0:0" "5863388be3a5eb6938bcc92328ab83c27b2a1f4970535de84793e460fbdf39c5" "/opt/rustwide/cargo-home/bin/cargo" "+1.99.0-beta.8" "metadata" "--no-deps" "--format-version=1", kill_on_drop: false }`
[INFO] running `Command { std: "docker" "inspect" "5863388be3a5eb6938bcc92328ab83c27b2a1f4970535de84793e460fbdf39c5", kill_on_drop: false }`
[INFO] running `Command { std: "docker" "exec" "-e" "SOURCE_DIR=/opt/rustwide/workdir" "-e" "CARGO_HOME=/opt/rustwide/cargo-home" "-e" "RUSTUP_HOME=/opt/rustwide/rustup-home" "-e" "CARGO_TARGET_DIR=/opt/rustwide/target" "-e" "CARGO_INCREMENTAL=0" "-e" "RUST_BACKTRACE=full" "-e" "RUSTFLAGS=--cap-lints=warn" "-e" "RUSTDOCFLAGS=--cap-lints=warn" "-w" "/opt/rustwide/workdir" "--user" "0:0" "5863388be3a5eb6938bcc92328ab83c27b2a1f4970535de84793e460fbdf39c5" "/opt/rustwide/cargo-home/bin/cargo" "+1.99.0-beta.8" "build" "--frozen" "--message-format=json" "--release", kill_on_drop: false }`
[INFO] [stderr]    Compiling futures-core v0.3.33
[INFO] [stderr]    Compiling futures-sink v0.3.33
[INFO] [stderr]    Compiling syn v2.0.119
[INFO] [stderr]    Compiling tokio v1.53.1
[INFO] [stderr]    Compiling aws-lc-rs v1.18.0
[INFO] [stderr]    Compiling aws-lc-sys v0.44.0
[INFO] [stderr]    Compiling futures-io v0.3.33
[INFO] [stderr]    Compiling rustls v0.23.43
[INFO] [stderr]    Compiling futures-task v0.3.33
[INFO] [stderr]    Compiling futures-channel v0.3.33
[INFO] [stderr]    Compiling sync_wrapper v1.0.2
[INFO] [stderr]    Compiling serde_urlencoded v0.7.1
[INFO] [stderr]    Compiling futures-util v0.3.33
[INFO] [stderr]    Compiling http-body-util v0.1.4
[INFO] [stderr]    Compiling synstructure v0.13.2
[INFO] [stderr]    Compiling zerofrom-derive v0.1.7
[INFO] [stderr]    Compiling yoke-derive v0.8.2
[INFO] [stderr]    Compiling zerovec-derive v0.11.3
[INFO] [stderr]    Compiling derive_more-impl v2.1.1
[INFO] [stderr]    Compiling zerofrom v0.1.8
[INFO] [stderr]    Compiling yoke v0.8.3
[INFO] [stderr]    Compiling zerotrie v0.2.4
[INFO] [stderr]    Compiling derive_more v2.1.1
[INFO] [stderr]    Compiling zerovec v0.11.6
[INFO] [stderr]    Compiling tokio-util v0.7.19
[INFO] [stderr]    Compiling tower v0.5.3
[INFO] [stderr]    Compiling tinystr v0.8.3
[INFO] [stderr]    Compiling icu_locale_core v2.2.0
[INFO] [stderr]    Compiling potential_utf v0.1.5
[INFO] [stderr]    Compiling icu_collections v2.2.0
[INFO] [stderr]    Compiling h2 v0.4.15
[INFO] [stderr]    Compiling icu_provider v2.2.0
[INFO] [stderr]    Compiling icu_normalizer v2.2.0
[INFO] [stderr]    Compiling icu_properties v2.2.0
[INFO] [stderr]    Compiling idna_adapter v1.2.2
[INFO] [stderr]    Compiling idna v1.1.0
[INFO] [stderr]    Compiling url v2.5.8
[INFO] [stderr]    Compiling hyper v1.11.0
[INFO] [stderr]    Compiling tower-http v0.6.11
[INFO] [stderr]    Compiling hyper-util v0.1.20
[INFO] [stderr]    Compiling rustls-webpki v0.103.13
[INFO] [stderr]    Compiling tokio-rustls v0.26.4
[INFO] [stderr]    Compiling rustls-platform-verifier v0.7.0
[INFO] [stderr]    Compiling hyper-rustls v0.27.9
[INFO] [stderr]    Compiling reqwest v0.13.4
[INFO] [stderr]    Compiling libzotero v0.1.0 (/opt/rustwide/workdir)
[INFO] [stderr]     Finished `release` profile [optimized] target(s) in 3m 11s
[INFO] running `Command { std: "docker" "inspect" "5863388be3a5eb6938bcc92328ab83c27b2a1f4970535de84793e460fbdf39c5", kill_on_drop: false }`
[INFO] running `Command { std: "docker" "exec" "-e" "SOURCE_DIR=/opt/rustwide/workdir" "-e" "CARGO_HOME=/opt/rustwide/cargo-home" "-e" "RUSTUP_HOME=/opt/rustwide/rustup-home" "-e" "CARGO_TARGET_DIR=/opt/rustwide/target" "-e" "CARGO_INCREMENTAL=0" "-e" "RUST_BACKTRACE=full" "-e" "RUSTFLAGS=--cap-lints=warn" "-e" "RUSTDOCFLAGS=--cap-lints=warn" "-w" "/opt/rustwide/workdir" "--user" "0:0" "5863388be3a5eb6938bcc92328ab83c27b2a1f4970535de84793e460fbdf39c5" "/opt/rustwide/cargo-home/bin/cargo" "+1.99.0-beta.8" "test" "--frozen" "--no-run" "--message-format=json" "--release", kill_on_drop: false }`
[INFO] [stderr]    Compiling tokio-macros v2.7.1
[INFO] [stderr]    Compiling icu_normalizer v2.2.0
[INFO] [stderr]    Compiling rand_chacha v0.9.0
[INFO] [stderr]    Compiling derive_more-impl v2.1.1
[INFO] [stderr]    Compiling assert-json-diff v2.0.2
[INFO] [stderr]    Compiling similar v2.7.0
[INFO] [stderr]    Compiling rand v0.9.5
[INFO] [stderr]    Compiling idna_adapter v1.2.2
[INFO] [stderr]    Compiling tokio v1.53.1
[INFO] [stderr]    Compiling idna v1.1.0
[INFO] [stderr]    Compiling derive_more v2.1.1
[INFO] [stderr]    Compiling url v2.5.8
[INFO] [stderr]    Compiling tokio-util v0.7.19
[INFO] [stderr]    Compiling tokio-rustls v0.26.4
[INFO] [stderr]    Compiling tower v0.5.3
[INFO] [stderr]    Compiling h2 v0.4.15
[INFO] [stderr]    Compiling tower-http v0.6.11
[INFO] [stderr]    Compiling hyper v1.11.0
[INFO] [stderr]    Compiling hyper-util v0.1.20
[INFO] [stderr]    Compiling hyper-rustls v0.27.9
[INFO] [stderr]    Compiling mockito v1.7.2
[INFO] [stderr]    Compiling reqwest v0.13.4
[INFO] [stderr]    Compiling libzotero v0.1.0 (/opt/rustwide/workdir)
[INFO] [stderr]     Finished `release` profile [optimized] target(s) in 1m 31s
[INFO] running `Command { std: "docker" "inspect" "5863388be3a5eb6938bcc92328ab83c27b2a1f4970535de84793e460fbdf39c5", kill_on_drop: false }`
[INFO] running `Command { std: "docker" "exec" "-e" "SOURCE_DIR=/opt/rustwide/workdir" "-e" "CARGO_HOME=/opt/rustwide/cargo-home" "-e" "RUSTUP_HOME=/opt/rustwide/rustup-home" "-e" "CARGO_TARGET_DIR=/opt/rustwide/target" "-e" "CARGO_INCREMENTAL=0" "-e" "RUST_BACKTRACE=full" "-e" "RUSTFLAGS=--cap-lints=warn" "-e" "RUSTDOCFLAGS=--cap-lints=warn" "-w" "/opt/rustwide/workdir" "--user" "0:0" "5863388be3a5eb6938bcc92328ab83c27b2a1f4970535de84793e460fbdf39c5" "/opt/rustwide/cargo-home/bin/cargo" "+1.99.0-beta.8" "test" "--frozen" "--release", kill_on_drop: false }`
[INFO] [stderr]     Finished `release` profile [optimized] target(s) in 0.21s
[INFO] [stderr]      Running unittests src/lib.rs (/opt/rustwide/target/release/deps/libzotero-d2be8c456bdd11c1)
[INFO] [stdout] 
[INFO] [stdout] running 49 tests
[INFO] [stdout] test local::tests::get_server_id ... ignored, Requires a running Zotero instance
[INFO] [stdout] test local::tests::item_export_formats_have_documented_wire_values ... ok
[INFO] [stdout] test local::tests::item_request_serializes_group_collection_filters_and_sorting ... ok
[INFO] [stdout] test local::tests::collection_request_versions_serializes_since ... ok
[INFO] [stdout] test local::tests::mock_collection_request_json_preserves_zotero_default_sort_direction ... ok
[INFO] [stdout] test local::tests::collection_request_keys_serializes_pagination_and_sorting ... ok
[INFO] [stdout] test local::tests::mock_denied_write_auth_preserves_cached_key ... ok
[INFO] [stdout] test local::tests::item_request_supports_keys_versions_bibliography_and_export ... ok
[INFO] [stdout] test local::tests::mock_get_group_collections ... ok
[INFO] [stdout] test local::tests::item_request_reports_server_change ... ok
[INFO] [stdout] test local::tests::mock_disabled_local_api_on_get_user_collection ... ok
[INFO] [stdout] test local::tests::mock_get_and_cache_server_id ... ok
[INFO] [stdout] test local::tests::mock_disabled_local_api_when_getting_groups ... ok
[INFO] [stdout] test local::tests::mock_disabled_local_api ... ok
[INFO] [stdout] test local::tests::mock_get_group_subcollections ... ok
[INFO] [stdout] test local::tests::mock_disabled_local_api_on_get_user_collections ... ok
[INFO] [stdout] test local::tests::mock_get_group_collection ... ok
[INFO] [stdout] test local::tests::mock_get_user_collection ... ok
[INFO] [stdout] test local::tests::mock_get_groups ... ok
[INFO] [stdout] test local::tests::mock_get_groups_with_no_groups ... ok
[INFO] [stdout] test local::tests::mock_get_group_top_collections ... ok
[INFO] [stdout] test local::tests::mock_get_single_group_item_preserves_meta_and_data ... ok
[INFO] [stdout] test local::tests::mock_get_user_collections ... ok
[INFO] [stdout] test local::tests::mock_get_user_top_collections ... ok
[INFO] [stdout] test local::tests::mock_get_user_collections_discovers_server_id_from_header ... ok
[INFO] [stdout] test local::tests::mock_malformed_write_auth_does_not_cache_key ... ok
[INFO] [stdout] test local::tests::mock_malformed_groups_response ... ok
[INFO] [stdout] test local::tests::mock_get_user_subcollections ... ok
[INFO] [stdout] test local::tests::mock_malformed_user_collections_response ... ok
[INFO] [stdout] test local::tests::mock_malformed_user_collection_response ... ok
[INFO] [stdout] test local::tests::mock_missing_user_collection ... ok
[INFO] [stdout] test local::tests::mock_rate_limited_write_auth_without_retry_after ... ok
[INFO] [stdout] test local::tests::mock_no_user_collections ... ok
[INFO] [stdout] test local::tests::mock_rate_limited_write_auth_reads_retry_after ... ok
[INFO] [stdout] test local::tests::mock_server_change_on_collection_request ... ok
[INFO] [stdout] test local::tests::mock_server_change_when_getting_collection ... ok
[INFO] [stdout] test local::tests::mock_server_change_when_getting_groups ... ok
[INFO] [stdout] test local::tests::mock_reject_missing_server_id ... ok
[INFO] [stdout] test local::tests::mock_unexpected_write_auth_status ... ok
[INFO] [stdout] test local::tests::mock_stores_remembered_write_auth ... ok
[INFO] [stdout] test local::tests::mock_stores_one_time_write_auth ... ok
[INFO] [stdout] test local::tests::mock_unexpected_groups_status ... ok
[INFO] [stdout] test local::tests::mock_unexpected_user_collections_status ... ok
[INFO] [stdout] test web::tests::group_items_use_scope_and_query ... ok
[INFO] [stdout] test local::tests::mock_user_collections_rejects_true_parent_collection ... ok
[INFO] [stdout] test web::tests::user_requests_send_version_and_key ... ok
[INFO] [stdout] test web::tests::rate_limits_are_web_errors ... ok
[INFO] [stdout] test web::tests::groups_are_available_for_user_scope ... ok
[INFO] [stdout] test local::tests::mock_unexpected_status ... ok
[INFO] [stdout] 
[INFO] [stdout] test result: ok. 48 passed; 0 failed; 1 ignored; 0 measured; 0 filtered out; finished in 0.71s
[INFO] [stdout] 
[INFO] [stderr]    Doc-tests libzotero
[INFO] [stdout] 
[INFO] [stdout] running 5 tests
[INFO] [stdout] test src/../README.md - (line 65) ... FAILED
[INFO] [stdout] test src/../README.md - (line 41) ... FAILED
[INFO] [stdout] test src/../README.md - (line 18) ... FAILED
[INFO] [stdout] test src/local.rs - local (line 45) ... ok
[INFO] [stdout] test src/local.rs - local (line 19) ... ok
[INFO] [stderr] error: doctest failed, to rerun pass `--doc`
[INFO] [stdout] 
[INFO] [stdout] failures:
[INFO] [stdout] 
[INFO] [stdout] ---- src/../README.md - (line 65) stdout ----
[INFO] [stdout] error[E0425]: cannot find value `user_id` in this scope
[INFO] [stdout]   --> src/../README.md:74:11
[INFO] [stdout]    |
[INFO] [stdout] 74 |     .user(user_id)
[INFO] [stdout]    |           ^^^^^^^ not found in this scope
[INFO] [stdout] 
[INFO] [stdout] error[E0425]: cannot find value `collection_key` in this scope
[INFO] [stdout]   --> src/../README.md:75:23
[INFO] [stdout]    |
[INFO] [stdout] 75 |     .collection_items(collection_key)
[INFO] [stdout]    |                       ^^^^^^^^^^^^^^ not found in this scope
[INFO] [stdout] 
[INFO] [stdout] error[E0425]: cannot find value `group_id` in this scope
[INFO] [stdout]   --> src/../README.md:82:38
[INFO] [stdout]    |
[INFO] [stdout] 82 | let group_collections = client.group(group_id).collections().json().await?;
[INFO] [stdout]    |                                      ^^^^^^^^ not found in this scope
[INFO] [stdout] 
[INFO] [stdout] error[E0603]: enum `ItemSort` is private
[INFO] [stdout]   --> src/../README.md:67:30
[INFO] [stdout]    |
[INFO] [stdout] 67 | use libzotero::web::{Client, ItemSort};
[INFO] [stdout]    |                              ^^^^^^^^ private enum
[INFO] [stdout]    |
[INFO] [stdout] note: the enum `ItemSort` is defined here
[INFO] [stdout]   --> src/web.rs:14:87
[INFO] [stdout]    |
[INFO] [stdout] 14 |         Item, ItemExportFormat, ItemFormat, ItemInclude, ItemQueryMode, ItemResponse, ItemSort,
[INFO] [stdout]    |                                                                                       ^^^^^^^^
[INFO] [stdout] 
[INFO] [stdout] error[E0728]: `await` is only allowed inside `async` functions and blocks
[INFO] [stdout]   --> src/../README.md:80:6
[INFO] [stdout]    |
[INFO] [stdout] 66 | fn main() { #[allow(non_snake_case)] fn _doctest_main_src____README_md_65_0() {
[INFO] [stdout]    |                                      ---------------------------------------- this is not `async`
[INFO] [stdout] ...
[INFO] [stdout] 80 |     .await?;
[INFO] [stdout]    |      ^^^^^ only allowed inside `async` functions and blocks
[INFO] [stdout] 
[INFO] [stdout] error[E0728]: `await` is only allowed inside `async` functions and blocks
[INFO] [stdout]   --> src/../README.md:82:69
[INFO] [stdout]    |
[INFO] [stdout] 66 | fn main() { #[allow(non_snake_case)] fn _doctest_main_src____README_md_65_0() {
[INFO] [stdout]    |                                      ---------------------------------------- this is not `async`
[INFO] [stdout] ...
[INFO] [stdout] 82 | let group_collections = client.group(group_id).collections().json().await?;
[INFO] [stdout]    |                                                                     ^^^^^ only allowed inside `async` functions and blocks
[INFO] [stdout] 
[INFO] [stdout] error: aborting due to 6 previous errors
[INFO] [stdout] 
[INFO] [stdout] Some errors have detailed explanations: E0425, E0603, E0728.
[INFO] [stdout] For more information about an error, try `rustc --explain E0425`.
[INFO] [stdout] Couldn't compile the test.
[INFO] [stdout] ---- src/../README.md - (line 41) stdout ----
[INFO] [stdout] error[E0425]: cannot find value `collection_key` in this scope
[INFO] [stdout]   --> src/../README.md:48:23
[INFO] [stdout]    |
[INFO] [stdout] 48 |     .collection_items(collection_key)
[INFO] [stdout]    |                       ^^^^^^^^^^^^^^ not found in this scope
[INFO] [stdout] 
[INFO] [stdout] error[E0425]: cannot find value `group_id` in this scope
[INFO] [stdout]   --> src/../README.md:49:12
[INFO] [stdout]    |
[INFO] [stdout] 49 |     .group(group_id)
[INFO] [stdout]    |            ^^^^^^^^ not found in this scope
[INFO] [stdout] 
[INFO] [stdout] error[E0603]: enum `ItemSort` is private
[INFO] [stdout]   --> src/../README.md:43:32
[INFO] [stdout]    |
[INFO] [stdout] 43 | use libzotero::local::{Client, ItemSort};
[INFO] [stdout]    |                                ^^^^^^^^ private enum
[INFO] [stdout]    |
[INFO] [stdout] note: the enum `ItemSort` is defined here
[INFO] [stdout]   --> src/local.rs:62:77
[INFO] [stdout]    |
[INFO] [stdout] 62 |     ItemExportFormat, ItemFormat, ItemInclude, ItemQueryMode, ItemResponse, ItemSort,
[INFO] [stdout]    |                                                                             ^^^^^^^^
[INFO] [stdout] 
[INFO] [stdout] error[E0728]: `await` is only allowed inside `async` functions and blocks
[INFO] [stdout]   --> src/../README.md:53:6
[INFO] [stdout]    |
[INFO] [stdout] 42 | fn main() { #[allow(non_snake_case)] fn _doctest_main_src____README_md_41_0() {
[INFO] [stdout]    |                                      ---------------------------------------- this is not `async`
[INFO] [stdout] ...
[INFO] [stdout] 53 |     .await?;
[INFO] [stdout]    |      ^^^^^ only allowed inside `async` functions and blocks
[INFO] [stdout] 
[INFO] [stdout] error: aborting due to 4 previous errors
[INFO] [stdout] 
[INFO] [stdout] Some errors have detailed explanations: E0425, E0603, E0728.
[INFO] [stdout] For more information about an error, try `rustc --explain E0425`.
[INFO] [stdout] Couldn't compile the test.
[INFO] [stdout] ---- src/../README.md - (line 18) stdout ----
[INFO] [stdout] error[E0425]: cannot find value `group_id` in this scope
[INFO] [stdout]   --> src/../README.md:32:12
[INFO] [stdout]    |
[INFO] [stdout] 32 |     .group(group_id)
[INFO] [stdout]    |            ^^^^^^^^ not found in this scope
[INFO] [stdout] 
[INFO] [stdout] error[E0603]: enum `CollectionSort` is private
[INFO] [stdout]   --> src/../README.md:20:32
[INFO] [stdout]    |
[INFO] [stdout] 20 | use libzotero::local::{Client, CollectionSort};
[INFO] [stdout]    |                                ^^^^^^^^^^^^^^ private enum
[INFO] [stdout]    |
[INFO] [stdout] note: the enum `CollectionSort` is defined here
[INFO] [stdout]   --> src/local.rs:61:55
[INFO] [stdout]    |
[INFO] [stdout] 61 |     Collection, CollectionFormat, CollectionResponse, CollectionSort, Group, GroupResponse, Item,
[INFO] [stdout]    |                                                       ^^^^^^^^^^^^^^
[INFO] [stdout] 
[INFO] [stdout] error[E0728]: `await` is only allowed inside `async` functions and blocks
[INFO] [stdout]   --> src/../README.md:28:6
[INFO] [stdout]    |
[INFO] [stdout] 19 | fn main() { #[allow(non_snake_case)] fn _doctest_main_src____README_md_18_0() {
[INFO] [stdout]    |                                      ---------------------------------------- this is not `async`
[INFO] [stdout] ...
[INFO] [stdout] 28 |     .await?;
[INFO] [stdout]    |      ^^^^^ only allowed inside `async` functions and blocks
[INFO] [stdout] 
[INFO] [stdout] error[E0728]: `await` is only allowed inside `async` functions and blocks
[INFO] [stdout]   --> src/../README.md:35:6
[INFO] [stdout]    |
[INFO] [stdout] 19 | fn main() { #[allow(non_snake_case)] fn _doctest_main_src____README_md_18_0() {
[INFO] [stdout]    |                                      ---------------------------------------- this is not `async`
[INFO] [stdout] ...
[INFO] [stdout] 35 |     .await?;
[INFO] [stdout]    |      ^^^^^ only allowed inside `async` functions and blocks
[INFO] [stdout] 
[INFO] [stdout] error: aborting due to 4 previous errors
[INFO] [stdout] 
[INFO] [stdout] Some errors have detailed explanations: E0425, E0603, E0728.
[INFO] [stdout] For more information about an error, try `rustc --explain E0425`.
[INFO] [stdout] Couldn't compile the test.
[INFO] [stdout] 
[INFO] [stdout] failures:
[INFO] [stdout]     src/../README.md - (line 18)
[INFO] [stdout]     src/../README.md - (line 41)
[INFO] [stdout]     src/../README.md - (line 65)
[INFO] [stdout] 
[INFO] [stdout] test result: FAILED. 2 passed; 3 failed; 0 ignored; 0 measured; 0 filtered out; finished in 0.58s
[INFO] [stdout] 
[INFO] [stdout] all doctests ran in 0.78s; merged doctests compilation took 0.20s
[INFO] running `Command { std: "docker" "inspect" "5863388be3a5eb6938bcc92328ab83c27b2a1f4970535de84793e460fbdf39c5", kill_on_drop: false }`
[INFO] running `Command { std: "docker" "rm" "-f" "5863388be3a5eb6938bcc92328ab83c27b2a1f4970535de84793e460fbdf39c5", kill_on_drop: false }`
[INFO] [stdout] 5863388be3a5eb6938bcc92328ab83c27b2a1f4970535de84793e460fbdf39c5
