[INFO] fetching crate libzettels 0.4.1...
[INFO] testing libzettels-0.4.1 against 1.100.0-beta.1+cargoflags=--release for beta-release-1.100-2
[INFO] extracting crate libzettels 0.4.1 into /workspace/builds/worker-7-tc2/source
[INFO] started tweaking crates.io crate libzettels 0.4.1
[INFO] finished tweaking crates.io crate libzettels 0.4.1
[INFO] tweaked toml for crates.io crate libzettels 0.4.1 written to /workspace/builds/worker-7-tc2/source/Cargo.toml
[INFO] validating manifest of crates.io crate libzettels 0.4.1 on toolchain 1.100.0-beta.1
[INFO] running `Command { std: CARGO_HOME="/workspace/cargo-home" RUSTUP_HOME="/workspace/rustup-home" "/workspace/cargo-home/bin/cargo" "+1.100.0-beta.1" "metadata" "--manifest-path" "Cargo.toml" "--no-deps", kill_on_drop: false }`
[INFO] running `Command { std: CARGO_HOME="/workspace/cargo-home" RUSTUP_HOME="/workspace/rustup-home" "/workspace/cargo-home/bin/cargo" "+1.100.0-beta.1" "generate-lockfile" "--manifest-path" "Cargo.toml", kill_on_drop: false }`
[INFO] [stderr]     Updating crates.io index
[INFO] [stderr]      Locking 63 packages to highest compatible versions
[INFO] [stderr]       Adding image v0.21.3 (available: v0.25.10)
[INFO] [stderr]       Adding serde_yaml v0.8.26 (available: v0.9.34+deprecated)
[INFO] running `Command { std: CARGO_HOME="/workspace/cargo-home" RUSTUP_HOME="/workspace/rustup-home" "/workspace/cargo-home/bin/cargo" "+1.100.0-beta.1" "fetch" "--manifest-path" "Cargo.toml", kill_on_drop: false }`
[INFO] [stderr] warning: Cargo.toml: `package.edition` is unspecified, defaulting to `2015` while the latest is `2024`
[INFO] [stderr] warning: `libzettels` (manifest) generated 1 warning
[INFO] running `Command { std: "docker" "create" "-v" "/var/lib/crater-agent-workspace/builds/worker-7-tc2/source:/opt/rustwide/workdir:ro,Z" "-v" "/var/lib/crater-agent-workspace/builds/worker-7-tc2/target:/opt/rustwide/target:rw,Z" "-v" "/var/lib/crater-agent-workspace/cargo-home:/opt/rustwide/cargo-home:ro,Z" "-v" "/var/lib/crater-agent-workspace/rustup-home:/opt/rustwide/rustup-home:ro,Z" "-m" "1610612736" "--network" "none" "ghcr.io/rust-lang/crates-build-env/linux@sha256:77db811e55d90add9212f6832c23229e3de5f1c1f9905e8cb07319ea15df73ac" "sleep" "infinity", kill_on_drop: false }`
[INFO] [stdout] 7cee6057f983c1ba69a7dff78138957925cb29db7a769b5f07a96fd0d0627b8f
[INFO] running `Command { std: "docker" "start" "7cee6057f983c1ba69a7dff78138957925cb29db7a769b5f07a96fd0d0627b8f", kill_on_drop: false }`
[INFO] running `Command { std: "docker" "inspect" "7cee6057f983c1ba69a7dff78138957925cb29db7a769b5f07a96fd0d0627b8f", kill_on_drop: false }`
[INFO] running `Command { std: "docker" "exec" "-e" "SOURCE_DIR=/opt/rustwide/workdir" "-e" "CARGO_HOME=/opt/rustwide/cargo-home" "-e" "RUSTUP_HOME=/opt/rustwide/rustup-home" "-e" "CARGO_TARGET_DIR=/opt/rustwide/target" "-w" "/opt/rustwide/workdir" "--user" "0:0" "7cee6057f983c1ba69a7dff78138957925cb29db7a769b5f07a96fd0d0627b8f" "/opt/rustwide/cargo-home/bin/cargo" "+1.100.0-beta.1" "metadata" "--no-deps" "--format-version=1", kill_on_drop: false }`
[INFO] running `Command { std: "docker" "inspect" "7cee6057f983c1ba69a7dff78138957925cb29db7a769b5f07a96fd0d0627b8f", kill_on_drop: false }`
[INFO] running `Command { std: "docker" "exec" "-e" "SOURCE_DIR=/opt/rustwide/workdir" "-e" "CARGO_HOME=/opt/rustwide/cargo-home" "-e" "RUSTUP_HOME=/opt/rustwide/rustup-home" "-e" "CARGO_TARGET_DIR=/opt/rustwide/target" "-e" "CARGO_INCREMENTAL=0" "-e" "RUST_BACKTRACE=full" "-e" "RUSTFLAGS=--cap-lints=warn" "-e" "RUSTDOCFLAGS=--cap-lints=warn" "-w" "/opt/rustwide/workdir" "--user" "0:0" "7cee6057f983c1ba69a7dff78138957925cb29db7a769b5f07a96fd0d0627b8f" "/opt/rustwide/cargo-home/bin/cargo" "+1.100.0-beta.1" "build" "--frozen" "--message-format=json" "--release", kill_on_drop: false }`
[INFO] [stderr] warning: Cargo.toml: `package.edition` is unspecified, defaulting to `2015` while the latest is `2024`
[INFO] [stderr] warning: `libzettels` (manifest) generated 1 warning
[INFO] [stderr]    Compiling indexmap v1.9.3
[INFO] [stderr]    Compiling linked-hash-map v0.5.6
[INFO] [stderr]    Compiling gitignore v1.0.8
[INFO] [stderr]    Compiling yaml-rust v0.4.5
[INFO] [stderr]    Compiling serde_yaml v0.8.26
[INFO] [stderr]    Compiling libzettels v0.4.1 (/opt/rustwide/workdir)
[INFO] [stdout] warning: call to `.clone()` on a reference in this situation does nothing
[INFO] [stdout]    --> src/backstage/indexing/mod.rs:570:50
[INFO] [stdout]     |
[INFO] [stdout] 570 |                     Err(Error::BadLink(zettelfile.clone().to_path_buf(), link, e))
[INFO] [stdout]     |                                                  ^^^^^^^^
[INFO] [stdout]     |
[INFO] [stdout]     = note: the type `std::path::Path` does not implement `Clone`, so calling `clone` on `&std::path::Path` copies the reference, which does not do anything and can be removed
[INFO] [stdout]     = note: `#[warn(noop_method_call)]` on by default
[INFO] [stdout] help: remove this redundant call
[INFO] [stdout]     |
[INFO] [stdout] 570 -                     Err(Error::BadLink(zettelfile.clone().to_path_buf(), link, e))
[INFO] [stdout] 570 +                     Err(Error::BadLink(zettelfile.to_path_buf(), link, e))
[INFO] [stdout]     |
[INFO] [stdout] 
[INFO] [stdout] 
[INFO] [stderr]     Finished `release` profile [optimized] target(s) in 15.02s
[INFO] running `Command { std: "docker" "inspect" "7cee6057f983c1ba69a7dff78138957925cb29db7a769b5f07a96fd0d0627b8f", kill_on_drop: false }`
[INFO] running `Command { std: "docker" "exec" "-e" "SOURCE_DIR=/opt/rustwide/workdir" "-e" "CARGO_HOME=/opt/rustwide/cargo-home" "-e" "RUSTUP_HOME=/opt/rustwide/rustup-home" "-e" "CARGO_TARGET_DIR=/opt/rustwide/target" "-e" "CARGO_INCREMENTAL=0" "-e" "RUST_BACKTRACE=full" "-e" "RUSTFLAGS=--cap-lints=warn" "-e" "RUSTDOCFLAGS=--cap-lints=warn" "-w" "/opt/rustwide/workdir" "--user" "0:0" "7cee6057f983c1ba69a7dff78138957925cb29db7a769b5f07a96fd0d0627b8f" "/opt/rustwide/cargo-home/bin/cargo" "+1.100.0-beta.1" "test" "--frozen" "--no-run" "--message-format=json" "--release", kill_on_drop: false }`
[INFO] [stderr] warning: Cargo.toml: `package.edition` is unspecified, defaulting to `2015` while the latest is `2024`
[INFO] [stderr] warning: `libzettels` (manifest) generated 1 warning
[INFO] [stderr]    Compiling proc-macro2 v0.4.30
[INFO] [stderr]    Compiling syn v0.15.44
[INFO] [stderr]    Compiling num-derive v0.2.5
[INFO] [stderr]    Compiling libc v0.2.191
[INFO] [stderr]    Compiling adler32 v1.2.0
[INFO] [stderr]    Compiling num-rational v0.2.4
[INFO] [stderr]    Compiling lzw v0.10.0
[INFO] [stderr]    Compiling either v1.19.0
[INFO] [stderr]    Compiling inflate v0.4.5
[INFO] [stderr]    Compiling deflate v0.7.20
[INFO] [stderr]    Compiling rayon v1.12.0
[INFO] [stderr]    Compiling num-iter v0.1.46
[INFO] [stderr]    Compiling color_quant v1.1.0
[INFO] [stderr]    Compiling gif v0.10.3
[INFO] [stderr]    Compiling scoped_threadpool v0.1.9
[INFO] [stderr]    Compiling quote v0.6.13
[INFO] [stderr]    Compiling png v0.14.1
[INFO] [stdout] warning: call to `.clone()` on a reference in this situation does nothing
[INFO] [stdout]    --> src/backstage/indexing/mod.rs:570:50
[INFO] [stdout]     |
[INFO] [stdout] 570 |                     Err(Error::BadLink(zettelfile.clone().to_path_buf(), link, e))
[INFO] [stdout]     |                                                  ^^^^^^^^
[INFO] [stdout]     |
[INFO] [stdout]     = note: the type `std::path::Path` does not implement `Clone`, so calling `clone` on `&std::path::Path` copies the reference, which does not do anything and can be removed
[INFO] [stdout]     = note: `#[warn(noop_method_call)]` on by default
[INFO] [stdout] help: remove this redundant call
[INFO] [stdout]     |
[INFO] [stdout] 570 -                     Err(Error::BadLink(zettelfile.clone().to_path_buf(), link, e))
[INFO] [stdout] 570 +                     Err(Error::BadLink(zettelfile.to_path_buf(), link, e))
[INFO] [stdout]     |
[INFO] [stdout] 
[INFO] [stdout] 
[INFO] [stderr]    Compiling getrandom v0.4.3
[INFO] [stderr]    Compiling tempfile v3.27.0
[INFO] [stderr]    Compiling jpeg-decoder v0.1.22
[INFO] [stderr]    Compiling tiff v0.2.2
[INFO] [stderr]    Compiling image v0.21.3
[INFO] [stderr]    Compiling libzettels v0.4.1 (/opt/rustwide/workdir)
[INFO] [stdout] warning: call to `.clone()` on a reference in this situation does nothing
[INFO] [stdout]    --> src/backstage/indexing/mod.rs:570:50
[INFO] [stdout]     |
[INFO] [stdout] 570 |                     Err(Error::BadLink(zettelfile.clone().to_path_buf(), link, e))
[INFO] [stdout]     |                                                  ^^^^^^^^
[INFO] [stdout]     |
[INFO] [stdout]     = note: the type `std::path::Path` does not implement `Clone`, so calling `clone` on `&std::path::Path` copies the reference, which does not do anything and can be removed
[INFO] [stdout]     = note: `#[warn(noop_method_call)]` on by default
[INFO] [stdout] help: remove this redundant call
[INFO] [stdout]     |
[INFO] [stdout] 570 -                     Err(Error::BadLink(zettelfile.clone().to_path_buf(), link, e))
[INFO] [stdout] 570 +                     Err(Error::BadLink(zettelfile.to_path_buf(), link, e))
[INFO] [stdout]     |
[INFO] [stdout] 
[INFO] [stdout] 
[INFO] [stderr]     Finished `release` profile [optimized] target(s) in 1m 03s
[INFO] running `Command { std: "docker" "inspect" "7cee6057f983c1ba69a7dff78138957925cb29db7a769b5f07a96fd0d0627b8f", kill_on_drop: false }`
[INFO] running `Command { std: "docker" "exec" "-e" "SOURCE_DIR=/opt/rustwide/workdir" "-e" "CARGO_HOME=/opt/rustwide/cargo-home" "-e" "RUSTUP_HOME=/opt/rustwide/rustup-home" "-e" "CARGO_TARGET_DIR=/opt/rustwide/target" "-e" "CARGO_INCREMENTAL=0" "-e" "RUST_BACKTRACE=full" "-e" "RUSTFLAGS=--cap-lints=warn" "-e" "RUSTDOCFLAGS=--cap-lints=warn" "-w" "/opt/rustwide/workdir" "--user" "0:0" "7cee6057f983c1ba69a7dff78138957925cb29db7a769b5f07a96fd0d0627b8f" "/opt/rustwide/cargo-home/bin/cargo" "+1.100.0-beta.1" "test" "--frozen" "--release", kill_on_drop: false }`
[INFO] [stderr] warning: Cargo.toml: `package.edition` is unspecified, defaulting to `2015` while the latest is `2024`
[INFO] [stderr] warning: `libzettels` (manifest) generated 1 warning
[INFO] [stderr] warning: call to `.clone()` on a reference in this situation does nothing
[INFO] [stderr]    --> src/backstage/indexing/mod.rs:570:50
[INFO] [stderr]     |
[INFO] [stderr] 570 |                     Err(Error::BadLink(zettelfile.clone().to_path_buf(), link, e))
[INFO] [stderr]     |                                                  ^^^^^^^^
[INFO] [stderr]     |
[INFO] [stderr]     = note: the type `std::path::Path` does not implement `Clone`, so calling `clone` on `&std::path::Path` copies the reference, which does not do anything and can be removed
[INFO] [stderr]     = note: `#[warn(noop_method_call)]` on by default
[INFO] [stderr] help: remove this redundant call
[INFO] [stderr]     |
[INFO] [stderr] 570 -                     Err(Error::BadLink(zettelfile.clone().to_path_buf(), link, e))
[INFO] [stderr] 570 +                     Err(Error::BadLink(zettelfile.to_path_buf(), link, e))
[INFO] [stderr]     |
[INFO] [stderr] 
[INFO] [stderr] warning: `libzettels` (lib) generated 1 warning (run `cargo fix --lib -p libzettels` to apply 1 suggestion)
[INFO] [stderr] warning: `libzettels` (lib test) generated 1 warning (1 duplicate)
[INFO] [stderr]     Finished `release` profile [optimized] target(s) in 0.10s
[INFO] [stderr]      Running unittests src/lib.rs (/opt/rustwide/target/release/build/libzettels/06230caa6d08d102/out/libzettels-06230caa6d08d102)
[INFO] [stdout] 
[INFO] [stdout] running 147 tests
[INFO] [stdout] test backstage::configuration::tests::new_config ... ok
[INFO] [stdout] test backstage::configuration::tests::test_cfg_from_file_unknown_variant ... ok
[INFO] [stdout] test backstage::configuration::tests::test_cfg_from_random_text_file ... ok
[INFO] [stdout] test backstage::configuration::tests::test_cfg_to_file_wrong_path ... ok
[INFO] [stdout] test backstage::configuration::tests::test_cfg_from_non_text_file ... ok
[INFO] [stdout] test backstage::configuration::tests::test_cfg_from_nonexistent_file ... ok
[INFO] [stdout] test backstage::configuration::tests::test_cfg_to_file ... ok
[INFO] [stdout] test backstage::configuration::tests::test_cfg_from_file ... ok
[INFO] [stdout] test backstage::configuration::tests::test_default_ignorefile ... ok
[INFO] [stdout] test backstage::configuration::tests::test_cfg_to_file_read_only ... FAILED
[INFO] [stdout] test backstage::configuration::tests::test_cfg_from_file_minimal ... ok
[INFO] [stdout] test backstage::configuration::tests::test_cfg_from_file_missing_field ... ok
[INFO] [stdout] test backstage::configuration::tests::test_default_indexing_method ... ok
[INFO] [stdout] test backstage::index::tests::test_index_add_zettel ... ok
[INFO] [stdout] test backstage::index::tests::test_index_empty ... ok
[INFO] [stdout] test backstage::index::tests::test_index_from_yaml ... ok
[INFO] [stdout] test backstage::index::tests::test_index_from_yaml_duplicate_field ... ok
[INFO] [stdout] test backstage::index::tests::test_index_from_file ... ok
[INFO] [stdout] test backstage::index::tests::test_index_from_file_non_existing_file ... ok
[INFO] [stdout] test backstage::index::tests::test_index_from_yaml_missing_field ... ok
[INFO] [stdout] test backstage::index::tests::test_index_from_yaml_invalid_type ... ok
[INFO] [stdout] test backstage::index::tests::test_index_from_file_unknown_field ... ok
[INFO] [stdout] test backstage::index::tests::test_index_from_file_invalid_type ... ok
[INFO] [stdout] test backstage::index::tests::test_index_from_file_duplicate_field ... ok
[INFO] [stdout] test backstage::index::tests::test_index_from_yaml_unkown_field ... ok
[INFO] [stdout] test backstage::index::tests::test_index_get_mut_zettel ... ok
[INFO] [stdout] test backstage::index::tests::test_index_get_mut_zettel_none ... ok
[INFO] [stdout] test backstage::index::tests::test_index_get_zettel ... ok
[INFO] [stdout] test backstage::index::tests::test_index_from_file_invalid_value ... ok
[INFO] [stdout] test backstage::index::tests::test_index_from_file_missing_field ... ok
[INFO] [stdout] test backstage::index::tests::test_index_get_zettel_none ... ok
[INFO] [stdout] test backstage::index::tests::test_index_load_missing_field ... ok
[INFO] [stdout] test backstage::index::tests::test_index_load_invalid_type ... ok
[INFO] [stdout] test backstage::index::tests::test_index_load_duplicate_field ... ok
[INFO] [stdout] test backstage::index::tests::test_index_load_invalid_value ... ok
[INFO] [stdout] test backstage::index::tests::test_index_load_non_existing_file ... ok
[INFO] [stdout] test backstage::index::tests::test_index_load ... ok
[INFO] [stdout] test backstage::index::tests::test_index_remove_zettel ... ok
[INFO] [stdout] test backstage::index::tests::test_index_new_no_rootdir ... ok
[INFO] [stdout] test backstage::index::tests::test_index_remove_zettel_not_contained ... ok
[INFO] [stdout] test backstage::index::tests::test_index_load_unknown_field ... ok
[INFO] [stdout] test backstage::index::tests::test_index_new ... FAILED
[INFO] [stdout] test backstage::index::tests::test_index_to_file ... ok
[INFO] [stdout] test backstage::index::tests::test_index_save_non_existing_file ... ok
[INFO] [stdout] test backstage::index::tests::test_index_update_timestamp ... ok
[INFO] [stdout] test backstage::index::tests::test_index_save ... ok
[INFO] [stdout] test backstage::index::tests::test_index_update_one_file_only_ripgrep ... FAILED
[INFO] [stdout] test backstage::index::tests::test_index_to_file_non_existing_path ... ok
[INFO] [stdout] test backstage::index::tests::test_index_update_bad_yaml ... ok
[INFO] [stdout] test backstage::index::tests::test_inspect_links ... ok
[INFO] [stdout] test backstage::index::tests::test_sequence_tree_whole ... ok
[INFO] [stdout] test backstage::index::tests::test_sequence_tree ... ok
[INFO] [stdout] test backstage::index::tests::test_index_update_one_file_only_native ... ok
[INFO] [stdout] test backstage::index::tests::test_index_update_one_file_only_grep ... ok
[INFO] [stdout] test backstage::indexing::native::tests::test_parse_files ... ok
[INFO] [stdout] test backstage::indexing::native::tests::test_parse_line ... ok
[INFO] [stdout] test backstage::index::tests::test_index_update ... ok
[INFO] [stdout] test backstage::indexing::grep::tests::test_grep_files ... ok
[INFO] [stdout] test backstage::indexing::ripgrep::tests::test_process_ripgrep_output ... ok
[INFO] [stdout] test backstage::indexing::tests::invalid::test_create_index_native_non_existing_rootdir ... ok
[INFO] [stdout] test backstage::indexing::ripgrep::tests::test_process_ripgrep_output_bad_link ... ok
[INFO] [stdout] test backstage::indexing::grep::tests::test_process_grep_output ... ok
[INFO] [stdout] test backstage::indexing::tests::invalid::test_get_list_of_files_no_ignore_non_existing_rootdir ... ok
[INFO] [stdout] test backstage::indexing::tests::invalid::test_create_index_grep_non_existing_rootdir ... ok
[INFO] [stdout] test backstage::indexing::tests::invalid::test_get_changed_zettels_non_existing_rootdir ... ok
[INFO] [stdout] test backstage::indexing::tests::invalid::test_get_list_of_files_non_existing_ignorefile ... ok
[INFO] [stdout] test backstage::indexing::tests::invalid::test_get_list_of_files_non_existing_rootdir ... ok
[INFO] [stdout] test backstage::indexing::grep::tests::test_process_grep_output_bad_link ... ok
[INFO] [stdout] test backstage::indexing::tests::invalid::test_create_index_ripgrep_non_existing_rootdir ... ok
[INFO] [stdout] test backstage::indexing::tests::invalid::test_normalize_link_wrong_link ... ok
[INFO] [stdout] test backstage::indexing::tests::invalid::test_normalize_path_non_existing_file ... ok
[INFO] [stdout] test backstage::indexing::tests::invalid::test_normalize_path_incompatible_paths ... ok
[INFO] [stdout] test backstage::indexing::tests::invalid::test_normalize_link_incompatible_paths ... ok
[INFO] [stdout] test backstage::indexing::tests::test_regex ... ok
[INFO] [stdout] test backstage::indexing::tests::valid::test_add_textfiles_only ... ok
[INFO] [stdout] test backstage::indexing::tests::invalid::test_update_index_native_non_existing_rootdir ... ok
[INFO] [stdout] test backstage::indexing::tests::invalid::test_parse_and_apply_markdown_links_non_existing_rootdir ... ok
[INFO] [stdout] test backstage::indexing::ripgrep::tests::test_ripgrep_files ... FAILED
[INFO] [stdout] test backstage::indexing::tests::valid::test_create_index_native ... ok
[INFO] [stdout] test backstage::indexing::tests::invalid::test_parse_and_apply_markdown_links_missing_zettel ... ok
[INFO] [stdout] test backstage::indexing::tests::valid::test_get_list_of_files_no_ignore ... ok
[INFO] [stdout] test backstage::indexing::tests::invalid::test_parse_and_apply_markdown_links_bad_link ... ok
[INFO] [stdout] test backstage::indexing::tests::valid::test_create_index_grep ... ok
[INFO] [stdout] test backstage::indexing::tests::valid::test_get_list_of_files ... ok
[INFO] [stdout] test backstage::indexing::tests::invalid::test_update_index_ripgrep_non_existing_rootdir ... FAILED
[INFO] [stdout] test backstage::indexing::tests::valid::test_normalize_link ... ok
[INFO] [stdout] test backstage::indexing::tests::invalid::test_update_index_grep_non_existing_rootdir ... ok
[INFO] [stdout] test backstage::indexing::tests::valid::test_create_index_ripgrep ... FAILED
[INFO] [stdout] test backstage::indexing::tests::valid::test_normalize_path_symlink ... ok
[INFO] [stdout] test backstage::indexing::tests::valid::test_normalize_link_symlink ... ok
[INFO] [stdout] test backstage::indexing::tests::valid::test_parse_and_apply_markdown_links_grep ... ok
[INFO] [stdout] test backstage::querying::sequences::tests::test_ancestors_and_descendants ... ok
[INFO] [stdout] test backstage::querying::sequences::tests::test_ancestors_of_zettel ... ok
[INFO] [stdout] test backstage::indexing::tests::valid::test_parse_and_apply_markdown_links_native ... ok
[INFO] [stdout] test backstage::indexing::tests::valid::test_parse_and_apply_markdown_links_ripgrep ... FAILED
[INFO] [stdout] test backstage::querying::sequences::tests::test_parents_of_scope ... ok
[INFO] [stdout] test backstage::querying::sequences::tests::test_parents_and_siblings ... ok
[INFO] [stdout] test backstage::querying::sequences::tests::test_sequence_start_fork ... ok
[INFO] [stdout] test backstage::querying::sequences::tests::test_parents_of_zettel ... ok
[INFO] [stdout] test backstage::indexing::tests::valid::test_get_changed_zettels ... ok
[INFO] [stdout] test backstage::querying::sequences::tests::test_sequence_start_keyword ... ok
[INFO] [stdout] test backstage::querying::sequences::tests::test_sequence_start_keyword_and_fork ... ok
[INFO] [stdout] test backstage::querying::sequences::tests::test_sequence_start_keyword_or_fork ... ok
[INFO] [stdout] test backstage::querying::sequences::tests::test_sequence_start_orphan_only ... ok
[INFO] [stdout] test backstage::querying::sequences::tests::test_sequence_tree ... ok
[INFO] [stdout] test backstage::querying::sequences::tests::test_sequence_tree_of_zettel ... ok
[INFO] [stdout] test backstage::indexing::tests::valid::test_update_index_ripgrep ... FAILED
[INFO] [stdout] test backstage::querying::sequences::tests::test_sequence_tree_whole_of_zettel ... ok
[INFO] [stdout] test backstage::querying::sequences::tests::test_sequences_of_zettel_fork ... ok
[INFO] [stdout] test backstage::querying::sequences::tests::test_sequences_of_zettel_keyword ... ok
[INFO] [stdout] test backstage::querying::sequences::tests::test_sequences_of_zettel_keyword_and_fork ... ok
[INFO] [stdout] test backstage::querying::sequences::tests::test_sequences_of_zettel_orphan_only ... ok
[INFO] [stdout] test backstage::querying::sequences::tests::test_zettels_of_sequence ... ok
[INFO] [stdout] test backstage::querying::sequences::tests::test_descendants_of_zettel ... ok
[INFO] [stdout] test backstage::querying::sequences::tests::test_sequence_tree_whole ... ok
[INFO] [stdout] test backstage::querying::sequences::tests::test_sequences_of_zettel_keyword_or_fork ... ok
[INFO] [stdout] test backstage::indexing::tests::valid::test_normalize_path ... ok
[INFO] [stdout] test backstage::indexing::tests::valid::test_update_index_native ... ok
[INFO] [stdout] test backstage::querying::tests::test_inspect_incoming ... ok
[INFO] [stdout] test backstage::querying::tests::test_combi_search ... ok
[INFO] [stdout] test backstage::querying::tests::test_count_keywords ... ok
[INFO] [stdout] test backstage::zettel::tests::test_default_keywords ... ok
[INFO] [stdout] test backstage::querying::tests::test_search_index_for_keywords ... ok
[INFO] [stdout] test backstage::querying::tests::test_search_zettel_for_keywords ... ok
[INFO] [stdout] test backstage::zettel::tests::test_default_title ... ok
[INFO] [stdout] test backstage::zettel::tests::test_default_links ... ok
[INFO] [stdout] test backstage::zettel::tests::test_get_first_yaml_document_image_file ... ok
[INFO] [stdout] test backstage::zettel::tests::test_links_to ... ok
[INFO] [stdout] test backstage::zettel::tests::test_zettel_add_double_followup ... ok
[INFO] [stdout] test backstage::querying::tests::test_get_keywords ... ok
[INFO] [stdout] test backstage::zettel::tests::test_zettel_add_double_keyword ... ok
[INFO] [stdout] test backstage::zettel::tests::test_zettel_add_followup ... ok
[INFO] [stdout] test backstage::zettel::tests::test_zettel_add_keyword ... ok
[INFO] [stdout] test backstage::zettel::tests::test_get_first_yaml_document_empty_file ... ok
[INFO] [stdout] test backstage::querying::tests::test_search_zettel_title ... ok
[INFO] [stdout] test backstage::zettel::tests::test_get_first_yaml_document ... ok
[INFO] [stdout] test backstage::zettel::tests::test_zettel_from_file_non_existing_file ... ok
[INFO] [stdout] test backstage::zettel::tests::test_test_add_double_link ... ok
[INFO] [stdout] test backstage::zettel::tests::test_zettel_from_file ... ok
[INFO] [stdout] test backstage::zettel::tests::test_zettel_from_yaml ... ok
[INFO] [stdout] test backstage::zettel::tests::test_zettel_add_link ... ok
[INFO] [stdout] test backstage::zettel::tests::test_zettel_from_yaml_duplicate_field ... ok
[INFO] [stdout] test backstage::zettel::tests::test_zettel_from_yaml_invalid_followups ... ok
[INFO] [stdout] test backstage::zettel::tests::test_zettel_from_yaml_invalid_type ... ok
[INFO] [stdout] test backstage::zettel::tests::test_zettel_new ... ok
[INFO] [stdout] test backstage::querying::tests::test_search_index_for_title ... ok
[INFO] [stdout] test backstage::indexing::tests::valid::test_update_index_grep ... ok
[INFO] [stdout] 
[INFO] [stdout] failures:
[INFO] [stdout] 
[INFO] [stdout] ---- backstage::configuration::tests::test_cfg_to_file_read_only stdout ----
[INFO] [stdout] 
[INFO] [stdout] thread 'backstage::configuration::tests::test_cfg_to_file_read_only' (909) panicked at src/backstage/configuration.rs:454:9:
[INFO] [stdout] assertion failed: result.is_err()
[INFO] [stdout] stack backtrace:
[INFO] [stdout]    0:     0x5802ae90f531 - <<std[617be2ca0a6fd877]::sys::backtrace::BacktraceLock>::print::DisplayBacktrace as core[a373ad73a504971]::fmt::Display>::fmt
[INFO] [stdout]    1:     0x5802ae925efa - core[a373ad73a504971]::fmt::write
[INFO] [stdout]    2:     0x5802ae913bbc - <alloc[2e1b2a31b91974c5]::vec::Vec<u8> as core[a373ad73a504971]::io::write::Write>::write_fmt
[INFO] [stdout]    3:     0x5802ae8e8ce6 - std[617be2ca0a6fd877]::panicking::default_hook::{closure#0}
[INFO] [stdout]    4:     0x5802ae906719 - std[617be2ca0a6fd877]::panicking::default_hook
[INFO] [stdout]    5:     0x5802ae7b74e0 - test[aada8e7e76ba119b]::test_main_inner::{closure#0}
[INFO] [stdout]    6:     0x5802ae9068d2 - std[617be2ca0a6fd877]::panicking::panic_with_hook
[INFO] [stdout]    7:     0x5802ae8e8dc4 - std[617be2ca0a6fd877]::panicking::panic_handler::{closure#0}
[INFO] [stdout]    8:     0x5802ae8e1669 - std[617be2ca0a6fd877]::sys::backtrace::__rust_end_short_backtrace::<std[617be2ca0a6fd877]::panicking::panic_handler::{closure#0}, !>
[INFO] [stdout]    9:     0x5802ae8e9c3d - __rustc[ea4f61d10b84890b]::rust_begin_unwind
[INFO] [stdout]   10:     0x5802ae9266dc - core[a373ad73a504971]::panicking::panic_fmt
[INFO] [stdout]   11:     0x5802ae9266a2 - core[a373ad73a504971]::panicking::panic
[INFO] [stdout]   12:     0x5802ae756a65 - <libzettels[a02bbd4b89be32c1]::backstage::configuration::tests::test_cfg_to_file_read_only::{closure#0} as core[a373ad73a504971]::ops::function::FnOnce<()>>::call_once
[INFO] [stdout]   13:     0x5802ae7aa92b - test[aada8e7e76ba119b]::__rust_begin_short_backtrace::<core[a373ad73a504971]::result::Result<(), alloc[2e1b2a31b91974c5]::string::String>, fn() -> core[a373ad73a504971]::result::Result<(), alloc[2e1b2a31b91974c5]::string::String>>
[INFO] [stdout]   14:     0x5802ae7b7b05 - test[aada8e7e76ba119b]::run_test::{closure#0}
[INFO] [stdout]   15:     0x5802ae7b13f4 - std[617be2ca0a6fd877]::sys::backtrace::__rust_begin_short_backtrace::<test[aada8e7e76ba119b]::run_test::{closure#1}, ()>
[INFO] [stdout]   16:     0x5802ae7bab92 - <std[617be2ca0a6fd877]::thread::lifecycle::spawn_unchecked<test[aada8e7e76ba119b]::run_test::{closure#1}, ()>::{closure#1} as core[a373ad73a504971]::ops::function::FnOnce<()>>::call_once::{shim:vtable#0}
[INFO] [stdout]   17:     0x5802ae90e84f - <std[617be2ca0a6fd877]::sys::thread::unix::Thread>::new::thread_start
[INFO] [stdout]   18:     0x7360ec5e0dfa - <unknown>
[INFO] [stdout]   19:     0x7360ec6743d4 - clone
[INFO] [stdout]   20:                0x0 - <unknown>
[INFO] [stdout] 
[INFO] [stdout] ---- backstage::index::tests::test_index_new stdout ----
[INFO] [stdout] 
[INFO] [stdout] thread 'backstage::index::tests::test_index_new' (938) panicked at src/backstage/index.rs:916:9:
[INFO] [stdout] assertion failed: index.is_ok()
[INFO] [stdout] stack backtrace:
[INFO] [stdout]    0:     0x5802ae90f531 - <<std[617be2ca0a6fd877]::sys::backtrace::BacktraceLock>::print::DisplayBacktrace as core[a373ad73a504971]::fmt::Display>::fmt
[INFO] [stdout]    1:     0x5802ae925efa - core[a373ad73a504971]::fmt::write
[INFO] [stdout]    2:     0x5802ae913bbc - <alloc[2e1b2a31b91974c5]::vec::Vec<u8> as core[a373ad73a504971]::io::write::Write>::write_fmt
[INFO] [stdout]    3:     0x5802ae8e8ce6 - std[617be2ca0a6fd877]::panicking::default_hook::{closure#0}
[INFO] [stdout]    4:     0x5802ae906719 - std[617be2ca0a6fd877]::panicking::default_hook
[INFO] [stdout]    5:     0x5802ae7b74e0 - test[aada8e7e76ba119b]::test_main_inner::{closure#0}
[INFO] [stdout]    6:     0x5802ae9068d2 - std[617be2ca0a6fd877]::panicking::panic_with_hook
[INFO] [stdout]    7:     0x5802ae8e8dc4 - std[617be2ca0a6fd877]::panicking::panic_handler::{closure#0}
[INFO] [stdout]    8:     0x5802ae8e1669 - std[617be2ca0a6fd877]::sys::backtrace::__rust_end_short_backtrace::<std[617be2ca0a6fd877]::panicking::panic_handler::{closure#0}, !>
[INFO] [stdout]    9:     0x5802ae8e9c3d - __rustc[ea4f61d10b84890b]::rust_begin_unwind
[INFO] [stdout]   10:     0x5802ae9266dc - core[a373ad73a504971]::panicking::panic_fmt
[INFO] [stdout]   11:     0x5802ae9266a2 - core[a373ad73a504971]::panicking::panic
[INFO] [stdout]   12:     0x5802ae72b747 - <libzettels[a02bbd4b89be32c1]::backstage::index::tests::test_index_new::{closure#0} as core[a373ad73a504971]::ops::function::FnOnce<()>>::call_once
[INFO] [stdout]   13:     0x5802ae7aa92b - test[aada8e7e76ba119b]::__rust_begin_short_backtrace::<core[a373ad73a504971]::result::Result<(), alloc[2e1b2a31b91974c5]::string::String>, fn() -> core[a373ad73a504971]::result::Result<(), alloc[2e1b2a31b91974c5]::string::String>>
[INFO] [stdout]   14:     0x5802ae7b7b05 - test[aada8e7e76ba119b]::run_test::{closure#0}
[INFO] [stdout]   15:     0x5802ae7b13f4 - std[617be2ca0a6fd877]::sys::backtrace::__rust_begin_short_backtrace::<test[aada8e7e76ba119b]::run_test::{closure#1}, ()>
[INFO] [stdout]   16:     0x5802ae7bab92 - <std[617be2ca0a6fd877]::thread::lifecycle::spawn_unchecked<test[aada8e7e76ba119b]::run_test::{closure#1}, ()>::{closure#1} as core[a373ad73a504971]::ops::function::FnOnce<()>>::call_once::{shim:vtable#0}
[INFO] [stdout]   17:     0x5802ae90e84f - <std[617be2ca0a6fd877]::sys::thread::unix::Thread>::new::thread_start
[INFO] [stdout]   18:     0x7360ec5e0dfa - <unknown>
[INFO] [stdout]   19:     0x7360ec6743d4 - clone
[INFO] [stdout]   20:                0x0 - <unknown>
[INFO] [stdout] 
[INFO] [stdout] ---- backstage::index::tests::test_index_update_one_file_only_ripgrep stdout ----
[INFO] [stdout] 
[INFO] [stdout] thread 'backstage::index::tests::test_index_update_one_file_only_ripgrep' (951) panicked at src/backstage/index.rs:1456:9:
[INFO] [stdout] assertion failed: r.is_ok()
[INFO] [stdout] stack backtrace:
[INFO] [stdout]    0:     0x5802ae90f531 - <<std[617be2ca0a6fd877]::sys::backtrace::BacktraceLock>::print::DisplayBacktrace as core[a373ad73a504971]::fmt::Display>::fmt
[INFO] [stdout]    1:     0x5802ae925efa - core[a373ad73a504971]::fmt::write
[INFO] [stdout]    2:     0x5802ae913bbc - <alloc[2e1b2a31b91974c5]::vec::Vec<u8> as core[a373ad73a504971]::io::write::Write>::write_fmt
[INFO] [stdout]    3:     0x5802ae8e8ce6 - std[617be2ca0a6fd877]::panicking::default_hook::{closure#0}
[INFO] [stdout]    4:     0x5802ae906719 - std[617be2ca0a6fd877]::panicking::default_hook
[INFO] [stdout]    5:     0x5802ae7b74e0 - test[aada8e7e76ba119b]::test_main_inner::{closure#0}
[INFO] [stdout]    6:     0x5802ae9068d2 - std[617be2ca0a6fd877]::panicking::panic_with_hook
[INFO] [stdout]    7:     0x5802ae8e8dc4 - std[617be2ca0a6fd877]::panicking::panic_handler::{closure#0}
[INFO] [stdout]    8:     0x5802ae8e1669 - std[617be2ca0a6fd877]::sys::backtrace::__rust_end_short_backtrace::<std[617be2ca0a6fd877]::panicking::panic_handler::{closure#0}, !>
[INFO] [stdout]    9:     0x5802ae8e9c3d - __rustc[ea4f61d10b84890b]::rust_begin_unwind
[INFO] [stdout]   10:     0x5802ae9266dc - core[a373ad73a504971]::panicking::panic_fmt
[INFO] [stdout]   11:     0x5802ae9266a2 - core[a373ad73a504971]::panicking::panic
[INFO] [stdout]   12:     0x5802ae73ace1 - <libzettels[a02bbd4b89be32c1]::backstage::index::tests::test_index_update_one_file_only_ripgrep::{closure#0} as core[a373ad73a504971]::ops::function::FnOnce<()>>::call_once
[INFO] [stdout]   13:     0x5802ae7aa92b - test[aada8e7e76ba119b]::__rust_begin_short_backtrace::<core[a373ad73a504971]::result::Result<(), alloc[2e1b2a31b91974c5]::string::String>, fn() -> core[a373ad73a504971]::result::Result<(), alloc[2e1b2a31b91974c5]::string::String>>
[INFO] [stdout]   14:     0x5802ae7b7b05 - test[aada8e7e76ba119b]::run_test::{closure#0}
[INFO] [stdout]   15:     0x5802ae7b13f4 - std[617be2ca0a6fd877]::sys::backtrace::__rust_begin_short_backtrace::<test[aada8e7e76ba119b]::run_test::{closure#1}, ()>
[INFO] [stdout]   16:     0x5802ae7bab92 - <std[617be2ca0a6fd877]::thread::lifecycle::spawn_unchecked<test[aada8e7e76ba119b]::run_test::{closure#1}, ()>::{closure#1} as core[a373ad73a504971]::ops::function::FnOnce<()>>::call_once::{shim:vtable#0}
[INFO] [stdout]   17:     0x5802ae90e84f - <std[617be2ca0a6fd877]::sys::thread::unix::Thread>::new::thread_start
[INFO] [stdout]   18:     0x7360ec5e0dfa - <unknown>
[INFO] [stdout]   19:     0x7360ec6743d4 - clone
[INFO] [stdout]   20:                0x0 - <unknown>
[INFO] [stdout] 
[INFO] [stdout] ---- backstage::indexing::ripgrep::tests::test_ripgrep_files stdout ----
[INFO] [stdout] 
[INFO] [stdout] thread 'backstage::indexing::ripgrep::tests::test_ripgrep_files' (965) panicked at src/backstage/indexing/ripgrep.rs:223:9:
[INFO] [stdout] assertion failed: output.is_ok()
[INFO] [stdout] stack backtrace:
[INFO] [stdout]    0:     0x5802ae90f531 - <<std[617be2ca0a6fd877]::sys::backtrace::BacktraceLock>::print::DisplayBacktrace as core[a373ad73a504971]::fmt::Display>::fmt
[INFO] [stdout]    1:     0x5802ae925efa - core[a373ad73a504971]::fmt::write
[INFO] [stdout]    2:     0x5802ae913bbc - <alloc[2e1b2a31b91974c5]::vec::Vec<u8> as core[a373ad73a504971]::io::write::Write>::write_fmt
[INFO] [stdout]    3:     0x5802ae8e8ce6 - std[617be2ca0a6fd877]::panicking::default_hook::{closure#0}
[INFO] [stdout]    4:     0x5802ae906719 - std[617be2ca0a6fd877]::panicking::default_hook
[INFO] [stdout]    5:     0x5802ae7b74e0 - test[aada8e7e76ba119b]::test_main_inner::{closure#0}
[INFO] [stdout]    6:     0x5802ae9068d2 - std[617be2ca0a6fd877]::panicking::panic_with_hook
[INFO] [stdout]    7:     0x5802ae8e8dc4 - std[617be2ca0a6fd877]::panicking::panic_handler::{closure#0}
[INFO] [stdout]    8:     0x5802ae8e1669 - std[617be2ca0a6fd877]::sys::backtrace::__rust_end_short_backtrace::<std[617be2ca0a6fd877]::panicking::panic_handler::{closure#0}, !>
[INFO] [stdout]    9:     0x5802ae8e9c3d - __rustc[ea4f61d10b84890b]::rust_begin_unwind
[INFO] [stdout]   10:     0x5802ae9266dc - core[a373ad73a504971]::panicking::panic_fmt
[INFO] [stdout]   11:     0x5802ae9266a2 - core[a373ad73a504971]::panicking::panic
[INFO] [stdout]   12:     0x5802ae77ba48 - <libzettels[a02bbd4b89be32c1]::backstage::indexing::ripgrep::tests::test_ripgrep_files::{closure#0} as core[a373ad73a504971]::ops::function::FnOnce<()>>::call_once
[INFO] [stdout]   13:     0x5802ae7aa92b - test[aada8e7e76ba119b]::__rust_begin_short_backtrace::<core[a373ad73a504971]::result::Result<(), alloc[2e1b2a31b91974c5]::string::String>, fn() -> core[a373ad73a504971]::result::Result<(), alloc[2e1b2a31b91974c5]::string::String>>
[INFO] [stdout]   14:     0x5802ae7b7b05 - test[aada8e7e76ba119b]::run_test::{closure#0}
[INFO] [stdout]   15:     0x5802ae7b13f4 - std[617be2ca0a6fd877]::sys::backtrace::__rust_begin_short_backtrace::<test[aada8e7e76ba119b]::run_test::{closure#1}, ()>
[INFO] [stdout]   16:     0x5802ae7bab92 - <std[617be2ca0a6fd877]::thread::lifecycle::spawn_unchecked<test[aada8e7e76ba119b]::run_test::{closure#1}, ()>::{closure#1} as core[a373ad73a504971]::ops::function::FnOnce<()>>::call_once::{shim:vtable#0}
[INFO] [stdout]   17:     0x5802ae90e84f - <std[617be2ca0a6fd877]::sys::thread::unix::Thread>::new::thread_start
[INFO] [stdout]   18:     0x7360ec5e0dfa - <unknown>
[INFO] [stdout]   19:     0x7360ec6743d4 - clone
[INFO] [stdout]   20:                0x0 - <unknown>
[INFO] [stdout] 
[INFO] [stdout] ---- backstage::indexing::tests::invalid::test_update_index_ripgrep_non_existing_rootdir stdout ----
[INFO] [stdout] 
[INFO] [stdout] thread 'backstage::indexing::tests::invalid::test_update_index_ripgrep_non_existing_rootdir' (984) panicked at src/backstage/indexing/tests/invalid.rs:246:5:
[INFO] [stdout] assertion failed: index.is_ok()
[INFO] [stdout] stack backtrace:
[INFO] [stdout]    0:     0x5802ae90f531 - <<std[617be2ca0a6fd877]::sys::backtrace::BacktraceLock>::print::DisplayBacktrace as core[a373ad73a504971]::fmt::Display>::fmt
[INFO] [stdout]    1:     0x5802ae925efa - core[a373ad73a504971]::fmt::write
[INFO] [stdout]    2:     0x5802ae913bbc - <alloc[2e1b2a31b91974c5]::vec::Vec<u8> as core[a373ad73a504971]::io::write::Write>::write_fmt
[INFO] [stdout]    3:     0x5802ae8e8ce6 - std[617be2ca0a6fd877]::panicking::default_hook::{closure#0}
[INFO] [stdout]    4:     0x5802ae906719 - std[617be2ca0a6fd877]::panicking::default_hook
[INFO] [stdout]    5:     0x5802ae7b74e0 - test[aada8e7e76ba119b]::test_main_inner::{closure#0}
[INFO] [stdout]    6:     0x5802ae9068d2 - std[617be2ca0a6fd877]::panicking::panic_with_hook
[INFO] [stdout]    7:     0x5802ae8e8dc4 - std[617be2ca0a6fd877]::panicking::panic_handler::{closure#0}
[INFO] [stdout]    8:     0x5802ae8e1669 - std[617be2ca0a6fd877]::sys::backtrace::__rust_end_short_backtrace::<std[617be2ca0a6fd877]::panicking::panic_handler::{closure#0}, !>
[INFO] [stdout]    9:     0x5802ae8e9c3d - __rustc[ea4f61d10b84890b]::rust_begin_unwind
[INFO] [stdout]   10:     0x5802ae9266dc - core[a373ad73a504971]::panicking::panic_fmt
[INFO] [stdout]   11:     0x5802ae9266a2 - core[a373ad73a504971]::panicking::panic
[INFO] [stdout]   12:     0x5802ae78d011 - <libzettels[a02bbd4b89be32c1]::backstage::indexing::tests::invalid::test_update_index_ripgrep_non_existing_rootdir::{closure#0} as core[a373ad73a504971]::ops::function::FnOnce<()>>::call_once
[INFO] [stdout]   13:     0x5802ae7aa92b - test[aada8e7e76ba119b]::__rust_begin_short_backtrace::<core[a373ad73a504971]::result::Result<(), alloc[2e1b2a31b91974c5]::string::String>, fn() -> core[a373ad73a504971]::result::Result<(), alloc[2e1b2a31b91974c5]::string::String>>
[INFO] [stdout]   14:     0x5802ae7b7b05 - test[aada8e7e76ba119b]::run_test::{closure#0}
[INFO] [stdout]   15:     0x5802ae7b13f4 - std[617be2ca0a6fd877]::sys::backtrace::__rust_begin_short_backtrace::<test[aada8e7e76ba119b]::run_test::{closure#1}, ()>
[INFO] [stdout]   16:     0x5802ae7bab92 - <std[617be2ca0a6fd877]::thread::lifecycle::spawn_unchecked<test[aada8e7e76ba119b]::run_test::{closure#1}, ()>::{closure#1} as core[a373ad73a504971]::ops::function::FnOnce<()>>::call_once::{shim:vtable#0}
[INFO] [stdout]   17:     0x5802ae90e84f - <std[617be2ca0a6fd877]::sys::thread::unix::Thread>::new::thread_start
[INFO] [stdout]   18:     0x7360ec5e0dfa - <unknown>
[INFO] [stdout]   19:     0x7360ec6743d4 - clone
[INFO] [stdout]   20:                0x0 - <unknown>
[INFO] [stdout] 
[INFO] [stdout] ---- backstage::indexing::tests::valid::test_create_index_ripgrep stdout ----
[INFO] [stdout] 
[INFO] [stdout] thread 'backstage::indexing::tests::valid::test_create_index_ripgrep' (993) panicked at src/backstage/indexing/tests/valid.rs:245:5:
[INFO] [stdout] assertion failed: index.is_ok()
[INFO] [stdout] stack backtrace:
[INFO] [stdout]    0:     0x5802ae90f531 - <<std[617be2ca0a6fd877]::sys::backtrace::BacktraceLock>::print::DisplayBacktrace as core[a373ad73a504971]::fmt::Display>::fmt
[INFO] [stdout]    1:     0x5802ae925efa - core[a373ad73a504971]::fmt::write
[INFO] [stdout]    2:     0x5802ae913bbc - <alloc[2e1b2a31b91974c5]::vec::Vec<u8> as core[a373ad73a504971]::io::write::Write>::write_fmt
[INFO] [stdout]    3:     0x5802ae8e8ce6 - std[617be2ca0a6fd877]::panicking::default_hook::{closure#0}
[INFO] [stdout]    4:     0x5802ae906719 - std[617be2ca0a6fd877]::panicking::default_hook
[INFO] [stdout]    5:     0x5802ae7b74e0 - test[aada8e7e76ba119b]::test_main_inner::{closure#0}
[INFO] [stdout]    6:     0x5802ae9068d2 - std[617be2ca0a6fd877]::panicking::panic_with_hook
[INFO] [stdout]    7:     0x5802ae8e8dc4 - std[617be2ca0a6fd877]::panicking::panic_handler::{closure#0}
[INFO] [stdout]    8:     0x5802ae8e1669 - std[617be2ca0a6fd877]::sys::backtrace::__rust_end_short_backtrace::<std[617be2ca0a6fd877]::panicking::panic_handler::{closure#0}, !>
[INFO] [stdout]    9:     0x5802ae8e9c3d - __rustc[ea4f61d10b84890b]::rust_begin_unwind
[INFO] [stdout]   10:     0x5802ae9266dc - core[a373ad73a504971]::panicking::panic_fmt
[INFO] [stdout]   11:     0x5802ae9266a2 - core[a373ad73a504971]::panicking::panic
[INFO] [stdout]   12:     0x5802ae701a15 - <libzettels[a02bbd4b89be32c1]::backstage::indexing::tests::valid::test_create_index_ripgrep::{closure#0} as core[a373ad73a504971]::ops::function::FnOnce<()>>::call_once
[INFO] [stdout]   13:     0x5802ae7aa92b - test[aada8e7e76ba119b]::__rust_begin_short_backtrace::<core[a373ad73a504971]::result::Result<(), alloc[2e1b2a31b91974c5]::string::String>, fn() -> core[a373ad73a504971]::result::Result<(), alloc[2e1b2a31b91974c5]::string::String>>
[INFO] [stdout]   14:     0x5802ae7b7b05 - test[aada8e7e76ba119b]::run_test::{closure#0}
[INFO] [stdout]   15:     0x5802ae7b13f4 - std[617be2ca0a6fd877]::sys::backtrace::__rust_begin_short_backtrace::<test[aada8e7e76ba119b]::run_test::{closure#1}, ()>
[INFO] [stdout]   16:     0x5802ae7bab92 - <std[617be2ca0a6fd877]::thread::lifecycle::spawn_unchecked<test[aada8e7e76ba119b]::run_test::{closure#1}, ()>::{closure#1} as core[a373ad73a504971]::ops::function::FnOnce<()>>::call_once::{shim:vtable#0}
[INFO] [stdout]   17:     0x5802ae90e84f - <std[617be2ca0a6fd877]::sys::thread::unix::Thread>::new::thread_start
[INFO] [stdout]   18:     0x7360ec5e0dfa - <unknown>
[INFO] [stdout]   19:     0x7360ec6743d4 - clone
[INFO] [stdout]   20:                0x0 - <unknown>
[INFO] [stdout] 
[INFO] [stdout] ---- backstage::indexing::tests::valid::test_parse_and_apply_markdown_links_ripgrep stdout ----
[INFO] [stdout] 
[INFO] [stdout] thread 'backstage::indexing::tests::valid::test_parse_and_apply_markdown_links_ripgrep' (1005) panicked at src/backstage/indexing/tests/valid.rs:774:5:
[INFO] [stdout] assertion failed: result.is_ok()
[INFO] [stdout] stack backtrace:
[INFO] [stdout]    0:     0x5802ae90f531 - <<std[617be2ca0a6fd877]::sys::backtrace::BacktraceLock>::print::DisplayBacktrace as core[a373ad73a504971]::fmt::Display>::fmt
[INFO] [stdout]    1:     0x5802ae925efa - core[a373ad73a504971]::fmt::write
[INFO] [stdout]    2:     0x5802ae913bbc - <alloc[2e1b2a31b91974c5]::vec::Vec<u8> as core[a373ad73a504971]::io::write::Write>::write_fmt
[INFO] [stdout]    3:     0x5802ae8e8ce6 - std[617be2ca0a6fd877]::panicking::default_hook::{closure#0}
[INFO] [stdout]    4:     0x5802ae906719 - std[617be2ca0a6fd877]::panicking::default_hook
[INFO] [stdout]    5:     0x5802ae7b74e0 - test[aada8e7e76ba119b]::test_main_inner::{closure#0}
[INFO] [stdout]    6:     0x5802ae9068d2 - std[617be2ca0a6fd877]::panicking::panic_with_hook
[INFO] [stdout]    7:     0x5802ae8e8dc4 - std[617be2ca0a6fd877]::panicking::panic_handler::{closure#0}
[INFO] [stdout]    8:     0x5802ae8e1669 - std[617be2ca0a6fd877]::sys::backtrace::__rust_end_short_backtrace::<std[617be2ca0a6fd877]::panicking::panic_handler::{closure#0}, !>
[INFO] [stdout]    9:     0x5802ae8e9c3d - __rustc[ea4f61d10b84890b]::rust_begin_unwind
[INFO] [stdout]   10:     0x5802ae9266dc - core[a373ad73a504971]::panicking::panic_fmt
[INFO] [stdout]   11:     0x5802ae9266a2 - core[a373ad73a504971]::panicking::panic
[INFO] [stdout]   12:     0x5802ae707df7 - <libzettels[a02bbd4b89be32c1]::backstage::indexing::tests::valid::test_parse_and_apply_markdown_links_ripgrep::{closure#0} as core[a373ad73a504971]::ops::function::FnOnce<()>>::call_once
[INFO] [stdout]   13:     0x5802ae7aa92b - test[aada8e7e76ba119b]::__rust_begin_short_backtrace::<core[a373ad73a504971]::result::Result<(), alloc[2e1b2a31b91974c5]::string::String>, fn() -> core[a373ad73a504971]::result::Result<(), alloc[2e1b2a31b91974c5]::string::String>>
[INFO] [stdout]   14:     0x5802ae7b7b05 - test[aada8e7e76ba119b]::run_test::{closure#0}
[INFO] [stdout]   15:     0x5802ae7b13f4 - std[617be2ca0a6fd877]::sys::backtrace::__rust_begin_short_backtrace::<test[aada8e7e76ba119b]::run_test::{closure#1}, ()>
[INFO] [stdout]   16:     0x5802ae7bab92 - <std[617be2ca0a6fd877]::thread::lifecycle::spawn_unchecked<test[aada8e7e76ba119b]::run_test::{closure#1}, ()>::{closure#1} as core[a373ad73a504971]::ops::function::FnOnce<()>>::call_once::{shim:vtable#0}
[INFO] [stdout]   17:     0x5802ae90e84f - <std[617be2ca0a6fd877]::sys::thread::unix::Thread>::new::thread_start
[INFO] [stdout]   18:     0x7360ec5e0dfa - <unknown>
[INFO] [stdout]   19:     0x7360ec6743d4 - clone
[INFO] [stdout]   20:                0x0 - <unknown>
[INFO] [stdout] 
[INFO] [stdout] ---- backstage::indexing::tests::valid::test_update_index_ripgrep stdout ----
[INFO] [stdout] 
[INFO] [stdout] thread 'backstage::indexing::tests::valid::test_update_index_ripgrep' (1008) panicked at src/backstage/indexing/tests/valid.rs:454:5:
[INFO] [stdout] assertion failed: index.is_ok()
[INFO] [stdout] stack backtrace:
[INFO] [stdout]    0:     0x5802ae90f531 - <<std[617be2ca0a6fd877]::sys::backtrace::BacktraceLock>::print::DisplayBacktrace as core[a373ad73a504971]::fmt::Display>::fmt
[INFO] [stdout]    1:     0x5802ae925efa - core[a373ad73a504971]::fmt::write
[INFO] [stdout]    2:     0x5802ae913bbc - <alloc[2e1b2a31b91974c5]::vec::Vec<u8> as core[a373ad73a504971]::io::write::Write>::write_fmt
[INFO] [stdout]    3:     0x5802ae8e8ce6 - std[617be2ca0a6fd877]::panicking::default_hook::{closure#0}
[INFO] [stdout]    4:     0x5802ae906719 - std[617be2ca0a6fd877]::panicking::default_hook
[INFO] [stdout]    5:     0x5802ae7b74e0 - test[aada8e7e76ba119b]::test_main_inner::{closure#0}
[INFO] [stdout]    6:     0x5802ae9068d2 - std[617be2ca0a6fd877]::panicking::panic_with_hook
[INFO] [stdout]    7:     0x5802ae8e8dc4 - std[617be2ca0a6fd877]::panicking::panic_handler::{closure#0}
[INFO] [stdout]    8:     0x5802ae8e1669 - std[617be2ca0a6fd877]::sys::backtrace::__rust_end_short_backtrace::<std[617be2ca0a6fd877]::panicking::panic_handler::{closure#0}, !>
[INFO] [stdout]    9:     0x5802ae8e9c3d - __rustc[ea4f61d10b84890b]::rust_begin_unwind
[INFO] [stdout]   10:     0x5802ae9266dc - core[a373ad73a504971]::panicking::panic_fmt
[INFO] [stdout]   11:     0x5802ae9266a2 - core[a373ad73a504971]::panicking::panic
[INFO] [stdout]   12:     0x5802ae7035f2 - <libzettels[a02bbd4b89be32c1]::backstage::indexing::tests::valid::test_update_index_ripgrep::{closure#0} as core[a373ad73a504971]::ops::function::FnOnce<()>>::call_once
[INFO] [stdout]   13:     0x5802ae7aa92b - test[aada8e7e76ba119b]::__rust_begin_short_backtrace::<core[a373ad73a504971]::result::Result<(), alloc[2e1b2a31b91974c5]::string::String>, fn() -> core[a373ad73a504971]::result::Result<(), alloc[2e1b2a31b91974c5]::string::String>>
[INFO] [stdout]   14:     0x5802ae7b7b05 - test[aada8e7e76ba119b]::run_test::{closure#0}
[INFO] [stdout]   15:     0x5802ae7b13f4 - std[617be2ca0a6fd877]::sys::backtrace::__rust_begin_short_backtrace::<test[aada8e7e76ba119b]::run_test::{closure#1}, ()>
[INFO] [stdout]   16:     0x5802ae7bab92 - <std[617be2ca0a6fd877]::thread::lifecycle::spawn_unchecked<test[aada8e7e76ba119b]::run_test::{closure#1}, ()>::{closure#1} as core[a373ad73a504971]::ops::function::FnOnce<()>>::call_once::{shim:vtable#0}
[INFO] [stdout]   17:     0x5802ae90e84f - <std[617be2ca0a6fd877]::sys::thread::unix::Thread>::new::thread_start
[INFO] [stdout]   18:     0x7360ec5e0dfa - <unknown>
[INFO] [stdout]   19:     0x7360ec6743d4 - clone
[INFO] [stdout]   20:                0x0 - <unknown>
[INFO] [stdout] 
[INFO] [stdout] 
[INFO] [stdout] failures:
[INFO] [stdout]     backstage::configuration::tests::test_cfg_to_file_read_only
[INFO] [stdout]     backstage::index::tests::test_index_new
[INFO] [stdout]     backstage::index::tests::test_index_update_one_file_only_ripgrep
[INFO] [stdout]     backstage::indexing::ripgrep::tests::test_ripgrep_files
[INFO] [stdout]     backstage::indexing::tests::invalid::test_update_index_ripgrep_non_existing_rootdir
[INFO] [stdout]     backstage::indexing::tests::valid::test_create_index_ripgrep
[INFO] [stdout]     backstage::indexing::tests::valid::test_parse_and_apply_markdown_links_ripgrep
[INFO] [stdout]     backstage::indexing::tests::valid::test_update_index_ripgrep
[INFO] [stdout] 
[INFO] [stdout] test result: FAILED. 139 passed; 8 failed; 0 ignored; 0 measured; 0 filtered out; finished in 0.29s
[INFO] [stdout] 
[INFO] [stderr] error: test failed, to rerun pass `--lib`
[INFO] running `Command { std: "docker" "inspect" "7cee6057f983c1ba69a7dff78138957925cb29db7a769b5f07a96fd0d0627b8f", kill_on_drop: false }`
[INFO] running `Command { std: "docker" "rm" "-f" "7cee6057f983c1ba69a7dff78138957925cb29db7a769b5f07a96fd0d0627b8f", kill_on_drop: false }`
[INFO] [stdout] 7cee6057f983c1ba69a7dff78138957925cb29db7a769b5f07a96fd0d0627b8f
