[INFO] fetching crate libwmctl 0.0.52...
[INFO] testing libwmctl-0.0.52 against 1.99.0-beta.8+cargoflags=--release for beta-release-1.100-2
[INFO] extracting crate libwmctl 0.0.52 into /workspace/builds/worker-4-tc1/source
[INFO] started tweaking crates.io crate libwmctl 0.0.52
[INFO] finished tweaking crates.io crate libwmctl 0.0.52
[INFO] tweaked toml for crates.io crate libwmctl 0.0.52 written to /workspace/builds/worker-4-tc1/source/Cargo.toml
[INFO] validating manifest of crates.io crate libwmctl 0.0.52 on toolchain 1.99.0-beta.8
[INFO] running `Command { std: CARGO_HOME="/workspace/cargo-home" RUSTUP_HOME="/workspace/rustup-home" "/workspace/cargo-home/bin/cargo" "+1.99.0-beta.8" "metadata" "--manifest-path" "Cargo.toml" "--no-deps", kill_on_drop: false }`
[INFO] crate crates.io crate libwmctl 0.0.52 already has a lockfile, it will not be regenerated
[INFO] running `Command { std: CARGO_HOME="/workspace/cargo-home" RUSTUP_HOME="/workspace/rustup-home" "/workspace/cargo-home/bin/cargo" "+1.99.0-beta.8" "fetch" "--manifest-path" "Cargo.toml", kill_on_drop: false }`
[INFO] [stderr]     Updating crates.io index
[INFO] [stderr]  Downloading crates ...
[INFO] [stderr]   Downloaded redox_users v0.4.5
[INFO] [stderr]   Downloaded proc-macro2 v1.0.80
[INFO] [stderr]   Downloaded csv-core v0.1.11
[INFO] [stderr]   Downloaded prettytable v0.10.0
[INFO] [stderr]   Downloaded unicode-width v0.1.12
[INFO] [stderr]   Downloaded x11rb v0.14.0
[INFO] [stderr]   Downloaded syn v2.0.59
[INFO] [stderr]   Downloaded x11rb-protocol v0.14.0
[INFO] [stderr]   Downloaded libc v0.2.188
[INFO] [stderr]   Downloaded csv v1.3.0
[INFO] running `Command { std: "docker" "create" "-v" "/var/lib/crater-agent-workspace/builds/worker-4-tc1/source:/opt/rustwide/workdir:ro,Z" "-v" "/var/lib/crater-agent-workspace/builds/worker-4-tc1/target:/opt/rustwide/target:rw,Z" "-v" "/var/lib/crater-agent-workspace/cargo-home:/opt/rustwide/cargo-home:ro,Z" "-v" "/var/lib/crater-agent-workspace/rustup-home:/opt/rustwide/rustup-home:ro,Z" "-m" "1610612736" "--network" "none" "ghcr.io/rust-lang/crates-build-env/linux@sha256:77db811e55d90add9212f6832c23229e3de5f1c1f9905e8cb07319ea15df73ac" "sleep" "infinity", kill_on_drop: false }`
[INFO] [stdout] 57e6355b3e35ac60cc5d7932e9a823a54a821bb1e237f108b91a6d841d186c32
[INFO] running `Command { std: "docker" "start" "57e6355b3e35ac60cc5d7932e9a823a54a821bb1e237f108b91a6d841d186c32", kill_on_drop: false }`
[INFO] running `Command { std: "docker" "inspect" "57e6355b3e35ac60cc5d7932e9a823a54a821bb1e237f108b91a6d841d186c32", kill_on_drop: false }`
[INFO] running `Command { std: "docker" "exec" "-e" "SOURCE_DIR=/opt/rustwide/workdir" "-e" "CARGO_HOME=/opt/rustwide/cargo-home" "-e" "RUSTUP_HOME=/opt/rustwide/rustup-home" "-e" "CARGO_TARGET_DIR=/opt/rustwide/target" "-w" "/opt/rustwide/workdir" "--user" "0:0" "57e6355b3e35ac60cc5d7932e9a823a54a821bb1e237f108b91a6d841d186c32" "/opt/rustwide/cargo-home/bin/cargo" "+1.99.0-beta.8" "metadata" "--no-deps" "--format-version=1", kill_on_drop: false }`
[INFO] running `Command { std: "docker" "inspect" "57e6355b3e35ac60cc5d7932e9a823a54a821bb1e237f108b91a6d841d186c32", kill_on_drop: false }`
[INFO] running `Command { std: "docker" "exec" "-e" "SOURCE_DIR=/opt/rustwide/workdir" "-e" "CARGO_HOME=/opt/rustwide/cargo-home" "-e" "RUSTUP_HOME=/opt/rustwide/rustup-home" "-e" "CARGO_TARGET_DIR=/opt/rustwide/target" "-e" "CARGO_INCREMENTAL=0" "-e" "RUST_BACKTRACE=full" "-e" "RUSTFLAGS=--cap-lints=warn" "-e" "RUSTDOCFLAGS=--cap-lints=warn" "-w" "/opt/rustwide/workdir" "--user" "0:0" "57e6355b3e35ac60cc5d7932e9a823a54a821bb1e237f108b91a6d841d186c32" "/opt/rustwide/cargo-home/bin/cargo" "+1.99.0-beta.8" "build" "--frozen" "--message-format=json" "--release", kill_on_drop: false }`
[INFO] [stderr]    Compiling proc-macro2 v1.0.80
[INFO] [stderr]    Compiling unicode-ident v1.0.12
[INFO] [stderr]    Compiling rustix v1.1.4
[INFO] [stderr]    Compiling bitflags v2.5.0
[INFO] [stderr]    Compiling linux-raw-sys v0.12.1
[INFO] [stderr]    Compiling once_cell v1.19.0
[INFO] [stderr]    Compiling pin-project-lite v0.2.14
[INFO] [stderr]    Compiling x11rb-protocol v0.14.0
[INFO] [stderr]    Compiling tracing-core v0.1.36
[INFO] [stderr]    Compiling quote v1.0.36
[INFO] [stderr]    Compiling syn v2.0.59
[INFO] [stderr]    Compiling gethostname v1.1.0
[INFO] [stderr]    Compiling tracing-attributes v0.1.31
[INFO] [stderr]    Compiling tracing v0.1.44
[INFO] [stderr]    Compiling x11rb v0.14.0
[INFO] [stderr]    Compiling libwmctl v0.0.52 (/opt/rustwide/workdir)
[INFO] [stderr]     Finished `release` profile [optimized] target(s) in 23.78s
[INFO] running `Command { std: "docker" "inspect" "57e6355b3e35ac60cc5d7932e9a823a54a821bb1e237f108b91a6d841d186c32", kill_on_drop: false }`
[INFO] running `Command { std: "docker" "exec" "-e" "SOURCE_DIR=/opt/rustwide/workdir" "-e" "CARGO_HOME=/opt/rustwide/cargo-home" "-e" "RUSTUP_HOME=/opt/rustwide/rustup-home" "-e" "CARGO_TARGET_DIR=/opt/rustwide/target" "-e" "CARGO_INCREMENTAL=0" "-e" "RUST_BACKTRACE=full" "-e" "RUSTFLAGS=--cap-lints=warn" "-e" "RUSTDOCFLAGS=--cap-lints=warn" "-w" "/opt/rustwide/workdir" "--user" "0:0" "57e6355b3e35ac60cc5d7932e9a823a54a821bb1e237f108b91a6d841d186c32" "/opt/rustwide/cargo-home/bin/cargo" "+1.99.0-beta.8" "test" "--frozen" "--no-run" "--message-format=json" "--release", kill_on_drop: false }`
[INFO] [stderr]    Compiling libc v0.2.188
[INFO] [stderr]    Compiling serde v1.0.202
[INFO] [stderr]    Compiling memchr v2.7.2
[INFO] [stderr]    Compiling itoa v1.0.11
[INFO] [stderr]    Compiling encode_unicode v1.0.0
[INFO] [stderr]    Compiling unicode-width v0.1.12
[INFO] [stderr]    Compiling csv-core v0.1.11
[INFO] [stderr]    Compiling dirs-sys-next v0.1.2
[INFO] [stderr]    Compiling is-terminal v0.4.12
[INFO] [stderr]    Compiling dirs-next v2.0.0
[INFO] [stderr]    Compiling term v0.7.0
[INFO] [stderr]    Compiling csv v1.3.0
[INFO] [stderr]    Compiling prettytable v0.10.0
[INFO] [stderr]    Compiling libwmctl v0.0.52 (/opt/rustwide/workdir)
[INFO] [stderr]     Finished `release` profile [optimized] target(s) in 11.47s
[INFO] running `Command { std: "docker" "inspect" "57e6355b3e35ac60cc5d7932e9a823a54a821bb1e237f108b91a6d841d186c32", kill_on_drop: false }`
[INFO] running `Command { std: "docker" "exec" "-e" "SOURCE_DIR=/opt/rustwide/workdir" "-e" "CARGO_HOME=/opt/rustwide/cargo-home" "-e" "RUSTUP_HOME=/opt/rustwide/rustup-home" "-e" "CARGO_TARGET_DIR=/opt/rustwide/target" "-e" "CARGO_INCREMENTAL=0" "-e" "RUST_BACKTRACE=full" "-e" "RUSTFLAGS=--cap-lints=warn" "-e" "RUSTDOCFLAGS=--cap-lints=warn" "-w" "/opt/rustwide/workdir" "--user" "0:0" "57e6355b3e35ac60cc5d7932e9a823a54a821bb1e237f108b91a6d841d186c32" "/opt/rustwide/cargo-home/bin/cargo" "+1.99.0-beta.8" "test" "--frozen" "--release", kill_on_drop: false }`
[INFO] [stderr]     Finished `release` profile [optimized] target(s) in 0.07s
[INFO] [stderr]      Running unittests src/lib.rs (/opt/rustwide/target/release/deps/libwmctl-6539787f31ca98df)
[INFO] [stdout] 
[INFO] [stdout] running 17 tests
[INFO] [stdout] test window::tests::test_translate_pos_bottomright ... ok
[INFO] [stdout] test tests::it_works ... ok
[INFO] [stdout] test window::tests::test_translate_pos_bottomcenter ... ok
[INFO] [stdout] test window::tests::test_translate_pos_top ... ok
[INFO] [stdout] test window::tests::test_translate_pos_topcenter ... ok
[INFO] [stdout] test window::tests::test_translate_pos_topleft ... ok
[INFO] [stdout] test window::tests::test_translate_pos_topright ... ok
[INFO] [stdout] test window::tests::test_translate_pos_bottom ... ok
[INFO] [stdout] test window::tests::test_translate_shape_halfw ... ok
[INFO] [stdout] test error::tests::test_errors ... ok
[INFO] [stdout] test window::tests::test_translate_pos_bottomleft ... ok
[INFO] [stdout] test window::tests::test_translate_pos_center ... ok
[INFO] [stdout] test window::tests::test_translate_pos_left ... ok
[INFO] [stdout] test window::tests::test_translate_pos_leftcenter ... ok
[INFO] [stdout] test window::tests::test_translate_pos_right ... ok
[INFO] [stdout] test window::tests::test_translate_pos_rightcenter ... ok
[INFO] [stdout] test window::tests::test_translate_pos_static ... ok
[INFO] [stdout] 
[INFO] [stdout] test result: ok. 17 passed; 0 failed; 0 ignored; 0 measured; 0 filtered out; finished in 0.00s
[INFO] [stdout] 
[INFO] [stderr]    Doc-tests libwmctl
[INFO] [stdout] 
[INFO] [stdout] running 59 tests
[INFO] [stdout] test src/lib.rs - active (line 62) ... ignored
[INFO] [stdout] test src/lib.rs - first_by_class (line 109) ... ignored
[INFO] [stdout] test src/lib.rs - info (line 51) ... ignored
[INFO] [stdout] test src/lib.rs - window (line 76) ... ignored
[INFO] [stdout] test src/lib.rs - windows (line 90) ... ignored
[INFO] [stdout] test src/window.rs - window::Window::borders (line 144) ... ignored
[INFO] [stdout] test src/window.rs - window::Window::class (line 57) ... ignored
[INFO] [stdout] test src/window.rs - window::Window::desktop (line 108) ... ignored
[INFO] [stdout] test src/window.rs - window::Window::geometry (line 120) ... ignored
[INFO] [stdout] test src/window.rs - window::Window::gtk_borders (line 168) ... ignored
[INFO] [stdout] test src/window.rs - window::Window::is_gtk (line 156) ... ignored
[INFO] [stdout] test src/window.rs - window::Window::kind (line 72) ... ignored
[INFO] [stdout] test src/window.rs - window::Window::map (line 209) ... ignored
[INFO] [stdout] test src/window.rs - window::Window::mapped (line 181) ... ignored
[INFO] [stdout] test src/window.rs - window::Window::maximize (line 221) ... ignored
[INFO] [stdout] test src/window.rs - window::Window::maximized (line 233) ... ignored
[INFO] [stdout] test src/window.rs - window::Window::name (line 45) ... ignored
[INFO] [stdout] test src/window.rs - window::Window::parent (line 96) ... ignored
[INFO] [stdout] test src/window.rs - window::Window::pid (line 33) ... ignored
[INFO] [stdout] test src/window.rs - window::Window::place (line 289) ... ignored
[INFO] [stdout] test src/window.rs - window::Window::properties (line 193) ... ignored
[INFO] [stdout] test src/window.rs - window::Window::state (line 84) ... ignored
[INFO] [stdout] test src/window.rs - window::Window::unmaximize (line 245) ... ignored
[INFO] [stdout] test src/window.rs - window::Window::visual_geometry (line 132) ... ignored
[INFO] [stdout] test src/winmgr.rs - winmgr::WinMgr::active_window (line 177) ... ignored
[INFO] [stdout] test src/winmgr.rs - winmgr::WinMgr::atom_map (line 130) ... ignored
[INFO] [stdout] test src/winmgr.rs - winmgr::WinMgr::atom_name (line 111) ... ignored
[INFO] [stdout] test src/winmgr.rs - winmgr::WinMgr::compositing (line 294) ... ignored
[INFO] [stdout] test src/winmgr.rs - winmgr::WinMgr::connect (line 59) ... ignored
[INFO] [stdout] test src/winmgr.rs - winmgr::WinMgr::desktops (line 314) ... ignored
[INFO] [stdout] test src/winmgr.rs - winmgr::WinMgr::id (line 237) ... ignored
[INFO] [stdout] test src/winmgr.rs - winmgr::WinMgr::info (line 156) ... ignored
[INFO] [stdout] test src/winmgr.rs - winmgr::WinMgr::is_supported (line 224) ... ignored
[INFO] [stdout] test src/winmgr.rs - winmgr::WinMgr::map_window (line 839) ... ignored
[INFO] [stdout] test src/winmgr.rs - winmgr::WinMgr::maximize_window (line 856) ... ignored
[INFO] [stdout] test src/winmgr.rs - winmgr::WinMgr::move_resize_window (line 919) ... ignored
[INFO] [stdout] test src/winmgr.rs - winmgr::WinMgr::send_event (line 981) ... ignored
[INFO] [stdout] test src/winmgr.rs - winmgr::WinMgr::supported (line 202) ... ignored
[INFO] [stdout] test src/winmgr.rs - winmgr::WinMgr::unmaximize_window (line 884) ... ignored
[INFO] [stdout] test src/winmgr.rs - winmgr::WinMgr::window_attributes (line 817) ... ignored
[INFO] [stdout] test src/winmgr.rs - winmgr::WinMgr::window_borders (line 698) ... ignored
[INFO] [stdout] test src/winmgr.rs - winmgr::WinMgr::window_class (line 454) ... ignored
[INFO] [stdout] test src/winmgr.rs - winmgr::WinMgr::window_desktop (line 557) ... ignored
[INFO] [stdout] test src/winmgr.rs - winmgr::WinMgr::window_geometry (line 646) ... ignored
[INFO] [stdout] test src/winmgr.rs - winmgr::WinMgr::window_gtk_borders (line 746) ... ignored
[INFO] [stdout] test src/winmgr.rs - winmgr::WinMgr::window_is_gtk (line 727) ... ignored
[INFO] [stdout] test src/winmgr.rs - winmgr::WinMgr::window_kind (line 478) ... ignored
[INFO] [stdout] test src/winmgr.rs - winmgr::WinMgr::window_name (line 396) ... ignored
[INFO] [stdout] test src/winmgr.rs - winmgr::WinMgr::window_parent (line 537) ... ignored
[INFO] [stdout] test src/winmgr.rs - winmgr::WinMgr::window_pid (line 370) ... ignored
[INFO] [stdout] test src/winmgr.rs - winmgr::WinMgr::window_properties (line 791) ... ignored
[INFO] [stdout] test src/winmgr.rs - winmgr::WinMgr::window_state (line 507) ... ignored
[INFO] [stdout] test src/winmgr.rs - winmgr::WinMgr::window_visual_geometry (line 605) ... ignored
[INFO] [stdout] test src/winmgr.rs - winmgr::WinMgr::windows (line 343) ... ignored
[INFO] [stdout] test src/winmgr.rs - winmgr::WinMgr::workarea (line 261) ... ignored
[INFO] [stdout] test src/window.rs - window::Window::shape (line 260) ... FAILED
[INFO] [stdout] test src/window.rs - window::Window::pos (line 276) ... FAILED
[INFO] [stdout] test src/lib.rs - prelude (line 30) ... ok
[INFO] [stdout] test src/model/mod.rs - model (line 4) ... ok
[INFO] [stderr] error: doctest failed, to rerun pass `--doc`
[INFO] [stdout] 
[INFO] [stdout] failures:
[INFO] [stdout] 
[INFO] [stdout] ---- src/window.rs - window::Window::shape (line 260) stdout ----
[INFO] [stdout] error[E0433]: cannot find type `WinShape` in this scope
[INFO] [stdout]    --> src/window.rs:263:21
[INFO] [stdout]     |
[INFO] [stdout] 263 | window(12345).shape(WinShape::Large).place().unwrap();
[INFO] [stdout]     |                     ^^^^^^^^ use of undeclared type `WinShape`
[INFO] [stdout] 
[INFO] [stdout] error: aborting due to 1 previous error
[INFO] [stdout] 
[INFO] [stdout] For more information about this error, try `rustc --explain E0433`.
[INFO] [stdout] Couldn't compile the test.
[INFO] [stdout] ---- src/window.rs - window::Window::pos (line 276) stdout ----
[INFO] [stdout] error[E0433]: cannot find type `WinPosition` in this scope
[INFO] [stdout]    --> src/window.rs:279:19
[INFO] [stdout]     |
[INFO] [stdout] 279 | window(12345).pos(WinPosition::Right).place().unwrap();
[INFO] [stdout]     |                   ^^^^^^^^^^^ use of undeclared type `WinPosition`
[INFO] [stdout]     |
[INFO] [stdout] help: an enum with a similar name exists
[INFO] [stdout]     |
[INFO] [stdout] 279 - window(12345).pos(WinPosition::Right).place().unwrap();
[INFO] [stdout] 279 + window(12345).pos(Position::Right).place().unwrap();
[INFO] [stdout]     |
[INFO] [stdout] 
[INFO] [stdout] error: aborting due to 1 previous error
[INFO] [stdout] 
[INFO] [stdout] For more information about this error, try `rustc --explain E0433`.
[INFO] [stdout] Couldn't compile the test.
[INFO] [stdout] 
[INFO] [stdout] failures:
[INFO] [stdout]     src/window.rs - window::Window::pos (line 276)
[INFO] [stdout]     src/window.rs - window::Window::shape (line 260)
[INFO] [stdout] 
[INFO] [stdout] test result: FAILED. 2 passed; 2 failed; 55 ignored; 0 measured; 0 filtered out; finished in 0.45s
[INFO] [stdout] 
[INFO] [stdout] all doctests ran in 0.63s; merged doctests compilation took 0.17s
[INFO] running `Command { std: "docker" "inspect" "57e6355b3e35ac60cc5d7932e9a823a54a821bb1e237f108b91a6d841d186c32", kill_on_drop: false }`
[INFO] running `Command { std: "docker" "rm" "-f" "57e6355b3e35ac60cc5d7932e9a823a54a821bb1e237f108b91a6d841d186c32", kill_on_drop: false }`
[INFO] [stdout] 57e6355b3e35ac60cc5d7932e9a823a54a821bb1e237f108b91a6d841d186c32
