[INFO] fetching crate libtas-movie 0.2.0...
[INFO] testing libtas-movie-0.2.0 against 1.99.0-beta.8+cargoflags=--release for beta-release-1.100-2
[INFO] extracting crate libtas-movie 0.2.0 into /workspace/builds/worker-4-tc1/source
[INFO] started tweaking crates.io crate libtas-movie 0.2.0
[INFO] removed 0 missing tests
[INFO] finished tweaking crates.io crate libtas-movie 0.2.0
[INFO] tweaked toml for crates.io crate libtas-movie 0.2.0 written to /workspace/builds/worker-4-tc1/source/Cargo.toml
[INFO] validating manifest of crates.io crate libtas-movie 0.2.0 on toolchain 1.99.0-beta.8
[INFO] running `Command { std: CARGO_HOME="/workspace/cargo-home" RUSTUP_HOME="/workspace/rustup-home" "/workspace/cargo-home/bin/cargo" "+1.99.0-beta.8" "metadata" "--manifest-path" "Cargo.toml" "--no-deps", kill_on_drop: false }`
[INFO] crate crates.io crate libtas-movie 0.2.0 already has a lockfile, it will not be regenerated
[INFO] running `Command { std: CARGO_HOME="/workspace/cargo-home" RUSTUP_HOME="/workspace/rustup-home" "/workspace/cargo-home/bin/cargo" "+1.99.0-beta.8" "fetch" "--manifest-path" "Cargo.toml", kill_on_drop: false }`
[INFO] [stderr]     Updating crates.io index
[INFO] [stderr]  Downloading crates ...
[INFO] [stderr]   Downloaded xattr v1.6.1
[INFO] [stderr]   Downloaded filetime v0.2.27
[INFO] [stderr]   Downloaded tar v0.4.44
[INFO] [stderr]   Downloaded libredox v0.1.12
[INFO] [stderr]   Downloaded redox_syscall v0.7.0
[INFO] [stderr]   Downloaded flate2 v1.1.8
[INFO] [stderr]   Downloaded rustix v1.1.3
[INFO] [stderr]   Downloaded linux-raw-sys v0.11.0
[INFO] running `Command { std: "docker" "create" "-v" "/var/lib/crater-agent-workspace/builds/worker-4-tc1/source:/opt/rustwide/workdir:ro,Z" "-v" "/var/lib/crater-agent-workspace/builds/worker-4-tc1/target:/opt/rustwide/target:rw,Z" "-v" "/var/lib/crater-agent-workspace/cargo-home:/opt/rustwide/cargo-home:ro,Z" "-v" "/var/lib/crater-agent-workspace/rustup-home:/opt/rustwide/rustup-home:ro,Z" "-m" "1610612736" "--network" "none" "ghcr.io/rust-lang/crates-build-env/linux@sha256:77db811e55d90add9212f6832c23229e3de5f1c1f9905e8cb07319ea15df73ac" "sleep" "infinity", kill_on_drop: false }`
[INFO] [stdout] 564ce98168f0d389543166244bc447515f17086d863b1405f55a093e1b8f1cf4
[INFO] running `Command { std: "docker" "start" "564ce98168f0d389543166244bc447515f17086d863b1405f55a093e1b8f1cf4", kill_on_drop: false }`
[INFO] running `Command { std: "docker" "inspect" "564ce98168f0d389543166244bc447515f17086d863b1405f55a093e1b8f1cf4", kill_on_drop: false }`
[INFO] running `Command { std: "docker" "exec" "-e" "SOURCE_DIR=/opt/rustwide/workdir" "-e" "CARGO_HOME=/opt/rustwide/cargo-home" "-e" "RUSTUP_HOME=/opt/rustwide/rustup-home" "-e" "CARGO_TARGET_DIR=/opt/rustwide/target" "-w" "/opt/rustwide/workdir" "--user" "0:0" "564ce98168f0d389543166244bc447515f17086d863b1405f55a093e1b8f1cf4" "/opt/rustwide/cargo-home/bin/cargo" "+1.99.0-beta.8" "metadata" "--no-deps" "--format-version=1", kill_on_drop: false }`
[INFO] running `Command { std: "docker" "inspect" "564ce98168f0d389543166244bc447515f17086d863b1405f55a093e1b8f1cf4", kill_on_drop: false }`
[INFO] running `Command { std: "docker" "exec" "-e" "SOURCE_DIR=/opt/rustwide/workdir" "-e" "CARGO_HOME=/opt/rustwide/cargo-home" "-e" "RUSTUP_HOME=/opt/rustwide/rustup-home" "-e" "CARGO_TARGET_DIR=/opt/rustwide/target" "-e" "CARGO_INCREMENTAL=0" "-e" "RUST_BACKTRACE=full" "-e" "RUSTFLAGS=--cap-lints=warn" "-e" "RUSTDOCFLAGS=--cap-lints=warn" "-w" "/opt/rustwide/workdir" "--user" "0:0" "564ce98168f0d389543166244bc447515f17086d863b1405f55a093e1b8f1cf4" "/opt/rustwide/cargo-home/bin/cargo" "+1.99.0-beta.8" "build" "--frozen" "--message-format=json" "--release", kill_on_drop: false }`
[INFO] [stderr]    Compiling libc v0.2.180
[INFO] [stderr]    Compiling cfg-if v1.0.4
[INFO] [stderr]    Compiling rustix v1.1.3
[INFO] [stderr]    Compiling crc32fast v1.5.0
[INFO] [stderr]    Compiling bitflags v2.10.0
[INFO] [stderr]    Compiling linux-raw-sys v0.11.0
[INFO] [stderr]    Compiling simd-adler32 v0.3.8
[INFO] [stderr]    Compiling adler2 v2.0.1
[INFO] [stderr]    Compiling miniz_oxide v0.8.9
[INFO] [stderr]    Compiling flate2 v1.1.8
[INFO] [stderr]    Compiling filetime v0.2.27
[INFO] [stderr]    Compiling xattr v1.6.1
[INFO] [stderr]    Compiling tar v0.4.44
[INFO] [stderr]    Compiling libtas-movie v0.2.0 (/opt/rustwide/workdir)
[INFO] [stderr]     Finished `release` profile [optimized] target(s) in 8.91s
[INFO] running `Command { std: "docker" "inspect" "564ce98168f0d389543166244bc447515f17086d863b1405f55a093e1b8f1cf4", kill_on_drop: false }`
[INFO] running `Command { std: "docker" "exec" "-e" "SOURCE_DIR=/opt/rustwide/workdir" "-e" "CARGO_HOME=/opt/rustwide/cargo-home" "-e" "RUSTUP_HOME=/opt/rustwide/rustup-home" "-e" "CARGO_TARGET_DIR=/opt/rustwide/target" "-e" "CARGO_INCREMENTAL=0" "-e" "RUST_BACKTRACE=full" "-e" "RUSTFLAGS=--cap-lints=warn" "-e" "RUSTDOCFLAGS=--cap-lints=warn" "-w" "/opt/rustwide/workdir" "--user" "0:0" "564ce98168f0d389543166244bc447515f17086d863b1405f55a093e1b8f1cf4" "/opt/rustwide/cargo-home/bin/cargo" "+1.99.0-beta.8" "test" "--frozen" "--no-run" "--message-format=json" "--release", kill_on_drop: false }`
[INFO] [stderr]    Compiling libtas-movie v0.2.0 (/opt/rustwide/workdir)
[INFO] [stderr]     Finished `release` profile [optimized] target(s) in 0.89s
[INFO] running `Command { std: "docker" "inspect" "564ce98168f0d389543166244bc447515f17086d863b1405f55a093e1b8f1cf4", kill_on_drop: false }`
[INFO] running `Command { std: "docker" "exec" "-e" "SOURCE_DIR=/opt/rustwide/workdir" "-e" "CARGO_HOME=/opt/rustwide/cargo-home" "-e" "RUSTUP_HOME=/opt/rustwide/rustup-home" "-e" "CARGO_TARGET_DIR=/opt/rustwide/target" "-e" "CARGO_INCREMENTAL=0" "-e" "RUST_BACKTRACE=full" "-e" "RUSTFLAGS=--cap-lints=warn" "-e" "RUSTDOCFLAGS=--cap-lints=warn" "-w" "/opt/rustwide/workdir" "--user" "0:0" "564ce98168f0d389543166244bc447515f17086d863b1405f55a093e1b8f1cf4" "/opt/rustwide/cargo-home/bin/cargo" "+1.99.0-beta.8" "test" "--frozen" "--release", kill_on_drop: false }`
[INFO] [stderr]     Finished `release` profile [optimized] target(s) in 0.03s
[INFO] [stdout] 
[INFO] [stderr]      Running unittests src/lib.rs (/opt/rustwide/target/release/deps/libtas_movie-7602643bd69f6fcb)
[INFO] [stdout] running 0 tests
[INFO] [stderr]      Running tests/io.rs (/opt/rustwide/target/release/deps/io-73475450991a5b12)
[INFO] [stdout] 
[INFO] [stderr] error: test failed, to rerun pass `--test io`
[INFO] [stdout] test result: ok. 0 passed; 0 failed; 0 ignored; 0 measured; 0 filtered out; finished in 0.00s
[INFO] [stdout] 
[INFO] [stdout] 
[INFO] [stdout] running 5 tests
[INFO] [stdout] test test_config ... ok
[INFO] [stdout] test test_inputs ... ok
[INFO] [stdout] test test_load_not_exist ... ok
[INFO] [stdout] test test_load_not_movie ... ok
[INFO] [stdout] test test_compress ... FAILED
[INFO] [stdout] 
[INFO] [stdout] failures:
[INFO] [stdout] 
[INFO] [stdout] ---- test_compress stdout ----
[INFO] [stdout] 
[INFO] [stdout] thread 'test_compress' (432) panicked at tests/io.rs:86:10:
[INFO] [stdout] called `Result::unwrap()` on an `Err` value: Os { code: 30, kind: ReadOnlyFilesystem, message: "Read-only file system" }
[INFO] [stdout] stack backtrace:
[INFO] [stdout]    0:     0x5f13d3f65bd1 - <<std[70759c8f55707aa4]::sys::backtrace::BacktraceLock>::print::DisplayBacktrace as core[df12db4294e9bfd3]::fmt::Display>::fmt
[INFO] [stdout]    1:     0x5f13d3f7a93a - core[df12db4294e9bfd3]::fmt::write
[INFO] [stdout]    2:     0x5f13d3f6a08c - <alloc[2182bb758b4b3781]::vec::Vec<u8> as core[df12db4294e9bfd3]::io::write::Write>::write_fmt
[INFO] [stdout]    3:     0x5f13d3f41bb6 - std[70759c8f55707aa4]::panicking::default_hook::{closure#0}
[INFO] [stdout]    4:     0x5f13d3f5ddd9 - std[70759c8f55707aa4]::panicking::default_hook
[INFO] [stdout]    5:     0x5f13d3edef10 - test[9d35eded1c95d3be]::test_main_inner::<test[9d35eded1c95d3be]::test_main_static::{closure#0}>::{closure#0}
[INFO] [stdout]    6:     0x5f13d3f5df92 - std[70759c8f55707aa4]::panicking::panic_with_hook
[INFO] [stdout]    7:     0x5f13d3f41c62 - std[70759c8f55707aa4]::panicking::panic_handler::{closure#0}
[INFO] [stdout]    8:     0x5f13d3f3a859 - std[70759c8f55707aa4]::sys::backtrace::__rust_end_short_backtrace::<std[70759c8f55707aa4]::panicking::panic_handler::{closure#0}, !>
[INFO] [stdout]    9:     0x5f13d3f4285d - __rustc[8fa7c3cbc660c2b3]::rust_begin_unwind
[INFO] [stdout]   10:     0x5f13d3f7b06c - core[df12db4294e9bfd3]::panicking::panic_fmt
[INFO] [stdout]   11:     0x5f13d3f7ae42 - core[df12db4294e9bfd3]::result::unwrap_failed
[INFO] [stdout]   12:     0x5f13d3ed0fd7 - <io[e973eeb33f0fb135]::test_compress::{closure#0} as core[df12db4294e9bfd3]::ops::function::FnOnce<()>>::call_once
[INFO] [stdout]   13:     0x5f13d3ed21fb - test[9d35eded1c95d3be]::__rust_begin_short_backtrace::<core[df12db4294e9bfd3]::result::Result<(), alloc[2182bb758b4b3781]::string::String>, fn() -> core[df12db4294e9bfd3]::result::Result<(), alloc[2182bb758b4b3781]::string::String>>
[INFO] [stdout]   14:     0x5f13d3edf865 - test[9d35eded1c95d3be]::run_test::{closure#0}
[INFO] [stdout]   15:     0x5f13d3ed9124 - std[70759c8f55707aa4]::sys::backtrace::__rust_begin_short_backtrace::<test[9d35eded1c95d3be]::run_test::{closure#1}, ()>
[INFO] [stdout]   16:     0x5f13d3ee29c2 - <std[70759c8f55707aa4]::thread::lifecycle::spawn_unchecked<test[9d35eded1c95d3be]::run_test::{closure#1}, ()>::{closure#1} as core[df12db4294e9bfd3]::ops::function::FnOnce<()>>::call_once::{shim:vtable#0}
[INFO] [stdout]   17:     0x5f13d3f64f49 - <std[70759c8f55707aa4]::sys::thread::unix::Thread>::new::thread_start
[INFO] [stdout]   18:     0x755634a34dfa - <unknown>
[INFO] [stdout]   19:     0x755634ac83d4 - clone
[INFO] [stdout]   20:                0x0 - <unknown>
[INFO] [stdout] 
[INFO] [stdout] 
[INFO] [stdout] failures:
[INFO] [stdout]     test_compress
[INFO] [stdout] 
[INFO] [stdout] test result: FAILED. 4 passed; 1 failed; 0 ignored; 0 measured; 0 filtered out; finished in 0.00s
[INFO] [stdout] 
[INFO] running `Command { std: "docker" "inspect" "564ce98168f0d389543166244bc447515f17086d863b1405f55a093e1b8f1cf4", kill_on_drop: false }`
[INFO] running `Command { std: "docker" "rm" "-f" "564ce98168f0d389543166244bc447515f17086d863b1405f55a093e1b8f1cf4", kill_on_drop: false }`
[INFO] [stdout] 564ce98168f0d389543166244bc447515f17086d863b1405f55a093e1b8f1cf4
