[INFO] fetching crate libsodium-rs 0.3.0...
[INFO] testing libsodium-rs-0.3.0 against 1.99.0-beta.8+cargoflags=--release for beta-release-1.100-2
[INFO] extracting crate libsodium-rs 0.3.0 into /workspace/builds/worker-2-tc1/source
[INFO] started tweaking crates.io crate libsodium-rs 0.3.0
[INFO] finished tweaking crates.io crate libsodium-rs 0.3.0
[INFO] tweaked toml for crates.io crate libsodium-rs 0.3.0 written to /workspace/builds/worker-2-tc1/source/Cargo.toml
[INFO] validating manifest of crates.io crate libsodium-rs 0.3.0 on toolchain 1.99.0-beta.8
[INFO] running `Command { std: CARGO_HOME="/workspace/cargo-home" RUSTUP_HOME="/workspace/rustup-home" "/workspace/cargo-home/bin/cargo" "+1.99.0-beta.8" "metadata" "--manifest-path" "Cargo.toml" "--no-deps", kill_on_drop: false }`
[INFO] crate crates.io crate libsodium-rs 0.3.0 already has a lockfile, it will not be regenerated
[INFO] running `Command { std: CARGO_HOME="/workspace/cargo-home" RUSTUP_HOME="/workspace/rustup-home" "/workspace/cargo-home/bin/cargo" "+1.99.0-beta.8" "fetch" "--manifest-path" "Cargo.toml", kill_on_drop: false }`
[INFO] [stderr]     Updating crates.io index
[INFO] [stderr]  Downloading crates ...
[INFO] [stderr]   Downloaded zopfli v0.8.4
[INFO] [stderr]   Downloaded minisign-verify v0.2.5
[INFO] [stderr]   Downloaded benchmark-simple v0.2.0
[INFO] [stderr]   Downloaded precision v0.1.21
[INFO] [stderr]   Downloaded ureq-proto v0.6.4
[INFO] [stderr]   Downloaded ureq v3.4.2
[INFO] [stderr]   Downloaded libsodium-sys-stable v1.24.3
[INFO] running `Command { std: "docker" "create" "-v" "/var/lib/crater-agent-workspace/builds/worker-2-tc1/source:/opt/rustwide/workdir:ro,Z" "-v" "/var/lib/crater-agent-workspace/builds/worker-2-tc1/target:/opt/rustwide/target:rw,Z" "-v" "/var/lib/crater-agent-workspace/cargo-home:/opt/rustwide/cargo-home:ro,Z" "-v" "/var/lib/crater-agent-workspace/rustup-home:/opt/rustwide/rustup-home:ro,Z" "-m" "1610612736" "--network" "none" "ghcr.io/rust-lang/crates-build-env/linux@sha256:77db811e55d90add9212f6832c23229e3de5f1c1f9905e8cb07319ea15df73ac" "sleep" "infinity", kill_on_drop: false }`
[INFO] [stdout] ccd069fd302452c4f7f1273469255cb73ab516128eec190210025bd01e9c50c6
[INFO] running `Command { std: "docker" "start" "ccd069fd302452c4f7f1273469255cb73ab516128eec190210025bd01e9c50c6", kill_on_drop: false }`
[INFO] running `Command { std: "docker" "inspect" "ccd069fd302452c4f7f1273469255cb73ab516128eec190210025bd01e9c50c6", kill_on_drop: false }`
[INFO] running `Command { std: "docker" "exec" "-e" "SOURCE_DIR=/opt/rustwide/workdir" "-e" "CARGO_HOME=/opt/rustwide/cargo-home" "-e" "RUSTUP_HOME=/opt/rustwide/rustup-home" "-e" "CARGO_TARGET_DIR=/opt/rustwide/target" "-w" "/opt/rustwide/workdir" "--user" "0:0" "ccd069fd302452c4f7f1273469255cb73ab516128eec190210025bd01e9c50c6" "/opt/rustwide/cargo-home/bin/cargo" "+1.99.0-beta.8" "metadata" "--no-deps" "--format-version=1", kill_on_drop: false }`
[INFO] running `Command { std: "docker" "inspect" "ccd069fd302452c4f7f1273469255cb73ab516128eec190210025bd01e9c50c6", kill_on_drop: false }`
[INFO] running `Command { std: "docker" "exec" "-e" "SOURCE_DIR=/opt/rustwide/workdir" "-e" "CARGO_HOME=/opt/rustwide/cargo-home" "-e" "RUSTUP_HOME=/opt/rustwide/rustup-home" "-e" "CARGO_TARGET_DIR=/opt/rustwide/target" "-e" "CARGO_INCREMENTAL=0" "-e" "RUST_BACKTRACE=full" "-e" "RUSTFLAGS=--cap-lints=warn" "-e" "RUSTDOCFLAGS=--cap-lints=warn" "-w" "/opt/rustwide/workdir" "--user" "0:0" "ccd069fd302452c4f7f1273469255cb73ab516128eec190210025bd01e9c50c6" "/opt/rustwide/cargo-home/bin/cargo" "+1.99.0-beta.8" "build" "--frozen" "--message-format=json" "--release", kill_on_drop: false }`
[INFO] [stderr]    Compiling libc v0.2.190
[INFO] [stderr]    Compiling crc32fast v1.5.2
[INFO] [stderr]    Compiling rustix v1.1.5
[INFO] [stderr]    Compiling httparse v1.10.1
[INFO] [stderr]    Compiling bytes v1.12.1
[INFO] [stderr]    Compiling no_std_io2 v0.9.4
[INFO] [stderr]    Compiling hashbrown v0.16.1
[INFO] [stderr]    Compiling bumpalo v3.20.3
[INFO] [stderr]    Compiling zlib-rs v0.6.8
[INFO] [stderr]    Compiling rle-decode-fast v1.0.3
[INFO] [stderr]    Compiling simd-adler32 v0.3.10
[INFO] [stderr]    Compiling base64 v0.23.1
[INFO] [stderr]    Compiling adler32 v1.2.0
[INFO] [stderr]    Compiling zopfli v0.8.4
[INFO] [stderr]    Compiling utf8-zero v0.8.1
[INFO] [stderr]    Compiling percent-encoding v2.3.2
[INFO] [stderr]    Compiling typed-path v0.12.3
[INFO] [stderr]    Compiling http v1.5.0
[INFO] [stderr]    Compiling dary_heap v0.3.9
[INFO] [stderr]    Compiling libflate_lz77 v2.3.0
[INFO] [stderr]    Compiling minisign-verify v0.2.5
[INFO] [stderr]    Compiling libflate v2.3.2
[INFO] [stderr]    Compiling syn v2.0.119
[INFO] [stderr]    Compiling filetime v0.2.29
[INFO] [stderr]    Compiling syn v3.0.9
[INFO] [stderr]    Compiling ureq-proto v0.6.4
[INFO] [stderr]    Compiling linktime-proc-macro v0.2.3
[INFO] [stderr]    Compiling link-section v0.19.3
[INFO] [stderr]    Compiling ureq v3.4.2
[INFO] [stderr]    Compiling xattr v1.6.1
[INFO] [stderr]    Compiling tar v0.4.46
[INFO] [stderr]    Compiling ctor v1.0.13
[INFO] [stderr]    Compiling flate2 v1.1.10
[INFO] [stderr]    Compiling thiserror-impl v2.0.21
[INFO] [stderr]    Compiling zip v8.6.0
[INFO] [stderr]    Compiling thiserror v2.0.21
[INFO] [stderr]    Compiling libsodium-sys-stable v1.24.3
[INFO] [stderr]    Compiling zeroize_derive v1.5.0
[INFO] [stderr]    Compiling zeroize v1.9.1
[INFO] [stderr]    Compiling libsodium-rs v0.3.0 (/opt/rustwide/workdir)
[INFO] [stderr]     Finished `release` profile [optimized] target(s) in 1m 55s
[INFO] running `Command { std: "docker" "inspect" "ccd069fd302452c4f7f1273469255cb73ab516128eec190210025bd01e9c50c6", kill_on_drop: false }`
[INFO] running `Command { std: "docker" "exec" "-e" "SOURCE_DIR=/opt/rustwide/workdir" "-e" "CARGO_HOME=/opt/rustwide/cargo-home" "-e" "RUSTUP_HOME=/opt/rustwide/rustup-home" "-e" "CARGO_TARGET_DIR=/opt/rustwide/target" "-e" "CARGO_INCREMENTAL=0" "-e" "RUST_BACKTRACE=full" "-e" "RUSTFLAGS=--cap-lints=warn" "-e" "RUSTDOCFLAGS=--cap-lints=warn" "-w" "/opt/rustwide/workdir" "--user" "0:0" "ccd069fd302452c4f7f1273469255cb73ab516128eec190210025bd01e9c50c6" "/opt/rustwide/cargo-home/bin/cargo" "+1.99.0-beta.8" "test" "--frozen" "--no-run" "--message-format=json" "--release", kill_on_drop: false }`
[INFO] [stderr]    Compiling precision v0.1.21
[INFO] [stderr]    Compiling benchmark-simple v0.2.0
[INFO] [stderr]    Compiling libsodium-rs v0.3.0 (/opt/rustwide/workdir)
[INFO] [stderr]     Finished `release` profile [optimized] target(s) in 13.35s
[INFO] running `Command { std: "docker" "inspect" "ccd069fd302452c4f7f1273469255cb73ab516128eec190210025bd01e9c50c6", kill_on_drop: false }`
[INFO] running `Command { std: "docker" "exec" "-e" "SOURCE_DIR=/opt/rustwide/workdir" "-e" "CARGO_HOME=/opt/rustwide/cargo-home" "-e" "RUSTUP_HOME=/opt/rustwide/rustup-home" "-e" "CARGO_TARGET_DIR=/opt/rustwide/target" "-e" "CARGO_INCREMENTAL=0" "-e" "RUST_BACKTRACE=full" "-e" "RUSTFLAGS=--cap-lints=warn" "-e" "RUSTDOCFLAGS=--cap-lints=warn" "-w" "/opt/rustwide/workdir" "--user" "0:0" "ccd069fd302452c4f7f1273469255cb73ab516128eec190210025bd01e9c50c6" "/opt/rustwide/cargo-home/bin/cargo" "+1.99.0-beta.8" "test" "--frozen" "--release", kill_on_drop: false }`
[INFO] [stderr]     Finished `release` profile [optimized] target(s) in 0.13s
[INFO] [stderr]      Running unittests src/lib.rs (/opt/rustwide/target/release/deps/libsodium_rs-82cc8f9712203939)
[INFO] [stdout] 
[INFO] [stdout] running 401 tests
[INFO] [stdout] test crypto_aead::aegis128l::tests::test_encrypt_decrypt ... ok
[INFO] [stdout] test crypto_aead::aegis128l::tests::test_encrypt_decrypt_detached ... ok
[INFO] [stdout] test crypto_aead::aegis128l::tests::test_key_traits ... ok
[INFO] [stdout] test crypto_aead::aegis128l::tests::test_nonce_generation ... ok
[INFO] [stdout] test crypto_aead::aegis128l::tests::test_nonce_traits ... ok
[INFO] [stdout] test crypto_aead::aegis128l::tests::test_nonce_try_from_slice ... ok
[INFO] [stdout] test crypto_aead::aegis256::tests::test_key_traits ... ok
[INFO] [stdout] test crypto_aead::aegis256::tests::test_encrypt_decrypt ... ok
[INFO] [stdout] test crypto_aead::aegis128l::tests::test_decrypt_failure ... ok
[INFO] [stdout] test crypto_aead::aegis128l::tests::test_nonce_from_bytes ... ok
[INFO] [stdout] test crypto_aead::aegis256::tests::test_nonce_traits ... ok
[INFO] [stdout] test crypto_aead::aes256gcm::tests::test_encrypt_decrypt ... ok
[INFO] [stdout] test crypto_aead::aes256gcm::tests::test_key_traits ... ok
[INFO] [stdout] test crypto_aead::aes256gcm::tests::test_nonce_traits ... ok
[INFO] [stdout] test crypto_aead::chacha20poly1305::tests::test_decrypt_failure ... ok
[INFO] [stdout] test crypto_aead::chacha20poly1305::tests::test_encrypt_decrypt ... ok
[INFO] [stdout] test crypto_aead::chacha20poly1305::tests::test_encrypt_decrypt_detached ... ok
[INFO] [stdout] test crypto_aead::chacha20poly1305::tests::test_key_traits ... ok
[INFO] [stdout] test crypto_aead::chacha20poly1305::tests::test_nonce_from_bytes ... ok
[INFO] [stdout] test crypto_aead::chacha20poly1305::tests::test_nonce_generation ... ok
[INFO] [stdout] test crypto_aead::chacha20poly1305::tests::test_nonce_traits ... ok
[INFO] [stdout] test crypto_aead::chacha20poly1305::tests::test_nonce_try_from_slice ... ok
[INFO] [stdout] test crypto_aead::chacha20poly1305_ietf::tests::test_decrypt_failure ... ok
[INFO] [stdout] test crypto_aead::chacha20poly1305_ietf::tests::test_encrypt_decrypt ... ok
[INFO] [stdout] test crypto_aead::chacha20poly1305_ietf::tests::test_encrypt_decrypt_detached ... ok
[INFO] [stdout] test crypto_aead::chacha20poly1305_ietf::tests::test_invalid_ciphertext_and_tag_lengths ... ok
[INFO] [stdout] test crypto_aead::chacha20poly1305_ietf::tests::test_key_traits ... ok
[INFO] [stdout] test crypto_aead::chacha20poly1305_ietf::tests::test_message_length_boundaries ... ok
[INFO] [stdout] test crypto_aead::chacha20poly1305_ietf::tests::test_nonce_from_bytes ... ok
[INFO] [stdout] test crypto_aead::chacha20poly1305_ietf::tests::test_nonce_generation ... ok
[INFO] [stdout] test crypto_aead::chacha20poly1305_ietf::tests::test_nonce_traits ... ok
[INFO] [stdout] test crypto_aead::chacha20poly1305_ietf::tests::test_nonce_try_from_slice ... ok
[INFO] [stdout] test crypto_aead::chacha20poly1305_ietf_state::tests::test_state_matches_direct ... ok
[INFO] [stdout] test crypto_aead::tests::test_aegis128l ... ok
[INFO] [stdout] test crypto_aead::tests::test_aes256gcm ... ok
[INFO] [stdout] test crypto_aead::tests::test_aegis256 ... ok
[INFO] [stdout] test crypto_aead::tests::test_chacha20poly1305_ietf ... ok
[INFO] [stdout] test crypto_aead::tests::test_chacha20poly1305_original ... ok
[INFO] [stdout] test crypto_aead::tests::test_xchacha20poly1305 ... ok
[INFO] [stdout] test crypto_aead::xchacha20poly1305::tests::test_decrypt_failure ... ok
[INFO] [stdout] test crypto_aead::xchacha20poly1305::tests::test_encrypt_decrypt_detached ... ok
[INFO] [stdout] test crypto_aead::xchacha20poly1305::tests::test_key_traits ... ok
[INFO] [stdout] test crypto_aead::xchacha20poly1305::tests::test_encrypt_decrypt ... ok
[INFO] [stdout] test crypto_aead::xchacha20poly1305::tests::test_nonce_from_bytes ... ok
[INFO] [stdout] test crypto_aead::xchacha20poly1305::tests::test_nonce_generation ... ok
[INFO] [stdout] test crypto_aead::xchacha20poly1305::tests::test_nonce_try_from_slice ... ok
[INFO] [stdout] test crypto_auth::hmacsha256::tests::test_auth ... ok
[INFO] [stdout] test crypto_auth::hmacsha256::tests::test_key_asref ... ok
[INFO] [stdout] test crypto_auth::hmacsha256::tests::test_auth_incremental ... ok
[INFO] [stdout] test crypto_auth::hmacsha256::tests::test_key_from_bytes ... ok
[INFO] [stdout] test crypto_aead::xchacha20poly1305::tests::test_nonce_traits ... ok
[INFO] [stdout] test crypto_auth::hmacsha256::tests::test_key_into_bytes ... ok
[INFO] [stdout] test crypto_auth::hmacsha256::tests::test_key_roundtrip ... ok
[INFO] [stdout] test crypto_auth::hmacsha512256::tests::test_key_asref ... ok
[INFO] [stdout] test crypto_auth::hmacsha512256::tests::test_key_from_bytes ... ok
[INFO] [stdout] test crypto_auth::hmacsha512256::tests::test_key_into_bytes ... ok
[INFO] [stdout] test crypto_auth::hmacsha256::tests::test_key_try_from_slice ... ok
[INFO] [stdout] test crypto_auth::hmacsha512256::tests::test_key_roundtrip ... ok
[INFO] [stdout] test crypto_auth::hmacsha256::tests::test_known_vector ... ok
[INFO] [stdout] test crypto_auth::hmacsha512::tests::test_auth ... ok
[INFO] [stdout] test crypto_auth::hmacsha512::tests::test_auth_incremental ... ok
[INFO] [stdout] test crypto_auth::hmacsha512::tests::test_key_as_ref ... ok
[INFO] [stdout] test crypto_auth::hmacsha512256::tests::test_known_vector ... ok
[INFO] [stdout] test crypto_auth::hmacsha512256::tests::test_auth ... ok
[INFO] [stdout] test crypto_auth::hmacsha512256::tests::test_key_try_from_slice ... ok
[INFO] [stdout] test crypto_auth::hmacsha512256::tests::test_auth_incremental ... ok
[INFO] [stdout] test crypto_auth::tests::test_key_as_ref ... ok
[INFO] [stdout] test crypto_auth::tests::test_key_from_bytes ... ok
[INFO] [stdout] test crypto_auth::tests::test_key_from_slice ... ok
[INFO] [stdout] test crypto_auth::hmacsha512::tests::test_known_vector ... ok
[INFO] [stdout] test crypto_auth::hmacsha512::tests::test_key_from_bytes ... ok
[INFO] [stdout] test crypto_auth::tests::test_key_generation ... ok
[INFO] [stdout] test crypto_auth::hmacsha512::tests::test_key_into_bytes ... ok
[INFO] [stdout] test crypto_auth::tests::test_auth_and_verify ... ok
[INFO] [stdout] test crypto_auth::hmacsha512::tests::test_key_roundtrip ... ok
[INFO] [stdout] test crypto_auth::hmacsha512::tests::test_key_try_from_slice ... ok
[INFO] [stdout] test crypto_auth::tests::test_tag_as_ref ... ok
[INFO] [stdout] test crypto_auth::tests::test_tag_into_bytes ... ok
[INFO] [stdout] test crypto_box::curve25519xchacha20poly1305::tests::test_encrypt_decrypt ... ok
[INFO] [stdout] test crypto_box::curve25519xchacha20poly1305::tests::test_keypair_generation ... ok
[INFO] [stdout] test crypto_auth::tests::test_tag_from_bytes ... ok
[INFO] [stdout] test crypto_auth::tests::test_key_tag_roundtrip ... ok
[INFO] [stdout] test crypto_auth::tests::test_key_try_from_slice ... ok
[INFO] [stdout] test crypto_auth::tests::test_tag_from_slice ... ok
[INFO] [stdout] test crypto_auth::tests::test_tag_try_from_slice ... ok
[INFO] [stdout] test crypto_box::curve25519xchacha20poly1305::tests::test_encrypt_decrypt_detached ... ok
[INFO] [stdout] test crypto_box::curve25519xchacha20poly1305::tests::test_nonce_traits ... ok
[INFO] [stdout] test crypto_box::curve25519xchacha20poly1305::tests::test_publickey_traits ... ok
[INFO] [stdout] test crypto_box::curve25519xchacha20poly1305::tests::test_seal_open ... ok
[INFO] [stdout] test crypto_box::curve25519xchacha20poly1305::tests::test_secretkey_traits ... ok
[INFO] [stdout] test crypto_auth::tests::test_key_into_bytes ... ok
[INFO] [stdout] test crypto_box::curve25519xchacha20poly1305::tests::test_seed_keypair ... ok
[INFO] [stdout] test crypto_box::curve25519xsalsa20poly1305::tests::test_nonce_traits ... ok
[INFO] [stdout] test crypto_box::curve25519xsalsa20poly1305::tests::test_encrypt_decrypt ... ok
[INFO] [stdout] test crypto_box::curve25519xsalsa20poly1305::tests::test_beforenm_afternm ... ok
[INFO] [stdout] test crypto_box::curve25519xsalsa20poly1305::tests::test_nacl_compatibility ... ok
[INFO] [stdout] test crypto_box::curve25519xsalsa20poly1305::tests::test_precomputedkey_traits ... ok
[INFO] [stdout] test crypto_box::curve25519xsalsa20poly1305::tests::test_keypair_generation ... ok
[INFO] [stdout] test crypto_box::curve25519xsalsa20poly1305::tests::test_nacl_compatibility_afternm ... ok
[INFO] [stdout] test crypto_box::tests::test_keypair_generation ... ok
[INFO] [stdout] test crypto_box::tests::test_nacl_compatibility_afternm ... ok
[INFO] [stdout] test crypto_box::tests::test_nacl_compatibility ... ok
[INFO] [stdout] test crypto_box::curve25519xsalsa20poly1305::tests::test_seed_keypair ... ok
[INFO] [stdout] test crypto_box::tests::test_publickey_traits ... ok
[INFO] [stdout] test crypto_box::tests::test_seal_detached_open_detached ... ok
[INFO] [stdout] test crypto_box::tests::test_open_detached_mac_lengths ... ok
[INFO] [stdout] test crypto_box::tests::test_seal_box_open_sealed_box ... ok
[INFO] [stdout] test crypto_box::tests::test_precomputedkey_traits ... ok
[INFO] [stdout] test crypto_box::tests::test_beforenm_afternm ... ok
[INFO] [stdout] test crypto_box::tests::test_seal_detached_open_detached_afternm ... ok
[INFO] [stdout] test crypto_box::tests::test_seed_keypair ... ok
[INFO] [stdout] test crypto_core::tests::test_ed25519_constants ... ok
[INFO] [stdout] test crypto_core::tests::test_ed25519_point_operations ... ok
[INFO] [stdout] test crypto_box::tests::test_seal_open ... ok
[INFO] [stdout] test crypto_box::tests::test_secretkey_traits ... ok
[INFO] [stdout] test crypto_core::tests::test_ed25519_scalar_arithmetic_properties ... ok
[INFO] [stdout] test crypto_core::tests::test_ed25519_scalar_operations ... ok
[INFO] [stdout] test crypto_core::tests::test_ed25519_validation ... ok
[INFO] [stdout] test crypto_core::tests::test_keccak1600_clone ... ok
[INFO] [stdout] test crypto_core::tests::test_hchacha20 ... ok
[INFO] [stdout] test crypto_core::tests::test_keccak1600_constants ... ok
[INFO] [stdout] test crypto_box::curve25519xsalsa20poly1305::tests::test_publickey_traits ... ok
[INFO] [stdout] test crypto_core::tests::test_hsalsa20 ... ok
[INFO] [stdout] test crypto_core::tests::test_keccak1600_init ... ok
[INFO] [stdout] test crypto_box::curve25519xsalsa20poly1305::tests::test_secretkey_traits ... ok
[INFO] [stdout] test crypto_core::tests::test_keccak1600_permute_12 ... ok
[INFO] [stdout] test crypto_core::tests::test_keccak1600_extract_offset_wraparound - should panic ... ok
[INFO] [stdout] test crypto_core::tests::test_keccak1600_offset ... ok
[INFO] [stdout] test crypto_core::tests::test_keccak1600_extract_overflow - should panic ... ok
[INFO] [stdout] test crypto_core::tests::test_keccak1600_permute_24_vs_12 ... ok
[INFO] [stdout] test crypto_core::tests::test_keccak1600_reinit ... ok
[INFO] [stdout] test crypto_core::tests::test_keccak1600_xor_offset_wraparound - should panic ... ok
[INFO] [stdout] test crypto_core::tests::test_ristretto255_scalar_arithmetic_properties ... ok
[INFO] [stdout] test crypto_core::tests::test_ristretto255_scalar_inversion ... ok
[INFO] [stdout] test crypto_core::tests::test_ristretto255_scalar_operations ... ok
[INFO] [stdout] test crypto_core::tests::test_keccak1600_permute_24 ... ok
[INFO] [stdout] test crypto_core::tests::test_salsa20 ... ok
[INFO] [stdout] test crypto_core::tests::test_salsa2012 ... ok
[INFO] [stdout] test crypto_core::tests::test_keccak1600_xor_and_extract ... ok
[INFO] [stdout] test crypto_generichash::blake2b::tests::test_accepted_key_lengths ... ok
[INFO] [stdout] test crypto_generichash::blake2b::tests::test_hash_with_key ... ok
[INFO] [stdout] test crypto_core::tests::test_salsa208 ... ok
[INFO] [stdout] test crypto_generichash::blake2b::tests::test_hash_with_salt_and_personal ... ok
[INFO] [stdout] test crypto_generichash::blake2b::tests::test_incremental_hash ... ok
[INFO] [stdout] test crypto_generichash::blake2b::tests::test_invalid_key_length ... ok
[INFO] [stdout] test crypto_generichash::blake2b::tests::test_invalid_output_length_max ... ok
[INFO] [stdout] test crypto_generichash::blake2b::tests::test_hash ... ok
[INFO] [stdout] test crypto_generichash::blake2b::tests::test_invalid_output_length_min ... ok
[INFO] [stdout] test crypto_core::tests::test_keccak1600_xor_overflow - should panic ... ok
[INFO] [stdout] test crypto_core::tests::test_ristretto255_operations ... ok
[INFO] [stdout] test crypto_generichash::blake2b::tests::test_invalid_personal_length - should panic ... ok
[INFO] [stdout] test crypto_generichash::blake2b::tests::test_invalid_salt_length - should panic ... ok
[INFO] [stdout] test crypto_generichash::blake2b::tests::test_output_length_policy ... ok
[INFO] [stdout] test crypto_generichash::tests::test_generichash_incremental ... ok
[INFO] [stdout] test crypto_generichash::tests::test_generichash_with_key ... ok
[INFO] [stdout] test crypto_hash::sha256::tests::test_empty_hash ... ok
[INFO] [stdout] test crypto_generichash::tests::test_invalid_key_length ... ok
[INFO] [stdout] test crypto_hash::sha256::tests::test_constructor_initializes_all_fields ... ok
[INFO] [stdout] test crypto_generichash::tests::test_invalid_output_length ... ok
[INFO] [stdout] test crypto_hash::sha256::tests::test_hash ... ok
[INFO] [stdout] test crypto_hash::sha256::tests::test_bytes ... ok
[INFO] [stdout] test crypto_hash::sha256::tests::test_incremental_hash ... ok
[INFO] [stdout] test crypto_hash::sha256::tests::test_chunked_block_boundaries ... ok
[INFO] [stdout] test crypto_hash::sha256::tests::test_statebytes ... ok
[INFO] [stdout] test crypto_hash::sha3256::tests::test_chunked_block_boundaries ... ok
[INFO] [stdout] test crypto_hash::sha3256::tests::test_bytes ... ok
[INFO] [stdout] test crypto_generichash::tests::test_generichash ... ok
[INFO] [stdout] test crypto_hash::sha3256::tests::test_statebytes ... ok
[INFO] [stdout] test crypto_hash::sha3256::tests::test_constructor_initializes_all_fields ... ok
[INFO] [stdout] test crypto_hash::sha3512::tests::test_bytes ... ok
[INFO] [stdout] test crypto_hash::sha3256::tests::test_empty_hash ... ok
[INFO] [stdout] test crypto_hash::sha3256::tests::test_hash ... ok
[INFO] [stdout] test crypto_hash::sha3256::tests::test_incremental_hash ... ok
[INFO] [stdout] test crypto_hash::sha3512::tests::test_statebytes ... ok
[INFO] [stdout] test crypto_hash::sha512::tests::test_hash ... ok
[INFO] [stdout] test crypto_hash::sha512::tests::test_incremental_hash ... ok
[INFO] [stdout] test crypto_hash::sha512::tests::test_statebytes ... ok
[INFO] [stdout] test crypto_hash::tests::test_hash ... ok
[INFO] [stdout] test crypto_hash::tests::test_hash_sha256 ... ok
[INFO] [stdout] test crypto_hash::tests::test_hash_sha3256 ... ok
[INFO] [stdout] test crypto_hash::tests::test_hash_sha3512 ... ok
[INFO] [stdout] test crypto_hash::sha3512::tests::test_hash ... ok
[INFO] [stdout] test crypto_hash::tests::test_hash_sha512 ... ok
[INFO] [stdout] test crypto_hash::sha3512::tests::test_incremental_hash ... ok
[INFO] [stdout] test crypto_ipcrypt::tests::test_constants ... ok
[INFO] [stdout] test crypto_ipcrypt::tests::test_deterministic_encryption ... ok
[INFO] [stdout] test crypto_ipcrypt::tests::test_deterministic_same_input_same_output ... ok
[INFO] [stdout] test crypto_ipcrypt::tests::test_format_ip_consistency_with_manual_conversion ... ok
[INFO] [stdout] test crypto_ipcrypt::tests::test_ipv4_conversion ... ok
[INFO] [stdout] test crypto_ipcrypt::tests::test_ipv6_encryption ... ok
[INFO] [stdout] test crypto_ipcrypt::tests::test_key_from_slice ... ok
[INFO] [stdout] test crypto_ipcrypt::tests::test_nd_different_tweaks ... ok
[INFO] [stdout] test crypto_ipcrypt::tests::test_nd_encrypt_str ... ok
[INFO] [stdout] test crypto_hash::sha3512::tests::test_chunked_block_boundaries ... ok
[INFO] [stdout] test crypto_hash::sha3512::tests::test_constructor_initializes_all_fields ... ok
[INFO] [stdout] test crypto_hash::sha3512::tests::test_empty_hash ... ok
[INFO] [stdout] test crypto_ipcrypt::tests::test_different_keys_different_results ... ok
[INFO] [stdout] test crypto_ipcrypt::tests::test_nd_encryption ... ok
[INFO] [stdout] test crypto_ipcrypt::tests::test_nd_hex_encoding ... ok
[INFO] [stdout] test crypto_ipcrypt::tests::test_ndx_hex_encoding ... ok
[INFO] [stdout] test crypto_ipcrypt::tests::test_ndx_key_from_slice ... ok
[INFO] [stdout] test crypto_ipcrypt::tests::test_parse_ip_invalid ... ok
[INFO] [stdout] test crypto_ipcrypt::tests::test_parse_ip_ipv4 ... ok
[INFO] [stdout] test crypto_ipcrypt::tests::test_encrypt_str_deterministic ... ok
[INFO] [stdout] test crypto_ipcrypt::tests::test_parse_ip_ipv6 ... ok
[INFO] [stdout] test crypto_hash::sha512::tests::test_bytes ... ok
[INFO] [stdout] test crypto_ipcrypt::tests::test_ndx_encryption ... ok
[INFO] [stdout] test crypto_ipcrypt::tests::test_ndx_different_tweaks ... ok
[INFO] [stdout] test crypto_ipcrypt::tests::test_pfx_encryption ... ok
[INFO] [stdout] test crypto_ipcrypt::tests::test_pfx_encrypt_str ... ok
[INFO] [stdout] test crypto_ipcrypt::tests::test_ndx_encrypt_str ... ok
[INFO] [stdout] test crypto_ipcrypt::tests::test_pfx_key_from_slice ... ok
[INFO] [stdout] test crypto_kdf::tests::test_blake2b ... ok
[INFO] [stdout] test crypto_ipcrypt::tests::test_pfx_preserves_relationship ... ok
[INFO] [stdout] test crypto_kdf::tests::test_blake2b_key_traits ... ok
[INFO] [stdout] test crypto_kdf::tests::test_hkdf_sha256 ... ok
[INFO] [stdout] test crypto_kdf::tests::test_hkdf_sha256_prk_traits ... ok
[INFO] [stdout] test crypto_kdf::tests::test_hkdf_sha256_state ... ok
[INFO] [stdout] test crypto_kdf::tests::test_hkdf_sha512 ... ok
[INFO] [stdout] test crypto_kdf::tests::test_hkdf_sha512_prk_traits ... ok
[INFO] [stdout] test crypto_kdf::tests::test_hkdf_sha512_state ... ok
[INFO] [stdout] test crypto_kdf::tests::test_blake2b_parameter_boundaries ... ok
[INFO] [stdout] test crypto_kdf::tests::test_hkdf_state_sizes ... ok
[INFO] [stdout] test crypto_kdf::tests::test_kdf ... ok
[INFO] [stdout] test crypto_kdf::tests::test_main_key_traits ... ok
[INFO] [stdout] test crypto_kdf::tests::test_blake2b_salt_and_personal_formula ... ok
[INFO] [stdout] test crypto_kem::tests::test_keypair_generation_and_roundtrip ... ok
[INFO] [stdout] test crypto_kem::tests::test_mlkem768_roundtrip ... ok
[INFO] [stdout] test crypto_kem::tests::test_seeded_keypair_is_deterministic ... ok
[INFO] [stdout] test crypto_kx::tests::test_constants_and_primitive ... ok
[INFO] [stdout] test crypto_kx::tests::test_key_exchange ... ok
[INFO] [stdout] test crypto_kx::tests::test_public_key_asref ... ok
[INFO] [stdout] test crypto_kx::tests::test_keypair_generation ... ok
[INFO] [stdout] test crypto_kx::tests::test_public_key_into_bytes ... ok
[INFO] [stdout] test crypto_kx::tests::test_public_key_try_from_slice ... ok
[INFO] [stdout] test crypto_kx::tests::test_secret_key_asref ... ok
[INFO] [stdout] test crypto_kx::tests::test_secret_key_into_bytes ... ok
[INFO] [stdout] test crypto_kx::tests::test_secret_key_try_from_slice ... ok
[INFO] [stdout] test crypto_kem::tests::test_mlkem768_deterministic_apis ... ok
[INFO] [stdout] test crypto_kx::tests::test_seed_keypair ... ok
[INFO] [stdout] test crypto_kem::tests::test_sizes_and_primitive ... ok
[INFO] [stdout] test crypto_kx::tests::test_public_key_from_bytes ... ok
[INFO] [stdout] test crypto_kx::tests::test_secret_key_zeroization ... ok
[INFO] [stdout] test crypto_kx::tests::test_secret_key_from_bytes ... ok
[INFO] [stdout] test crypto_kem::tests::test_xwing_roundtrip ... ok
[INFO] [stdout] test crypto_kx::tests::test_roundtrip_conversions ... ok
[INFO] [stdout] test crypto_onetimeauth::tests::test_onetimeauth ... ok
[INFO] [stdout] test crypto_onetimeauth::tests::test_tag_trait_implementations ... ok
[INFO] [stdout] test crypto_kem::tests::test_xwing_deterministic_apis ... ok
[INFO] [stdout] test crypto_pwhash::argon2i::tests::test_max_constants_match_libsodium ... ok
[INFO] [stdout] test crypto_kx::tests::test_session_keys_reject_only_low_order_peers ... ok
[INFO] [stdout] test crypto_onetimeauth::tests::test_key_tag_conversions_with_real_crypto ... ok
[INFO] [stdout] test crypto_pwhash::argon2i::tests::test_hash_string_bounds ... ok
[INFO] [stdout] test crypto_onetimeauth::tests::test_key_trait_implementations ... ok
[INFO] [stdout] test crypto_onetimeauth::tests::test_onetimeauth_incremental ... ok
[INFO] [stdout] test crypto_pwhash::argon2id::tests::test_max_constants_match_libsodium ... ok
[INFO] [stdout] test crypto_pwhash::argon2id::tests::test_hash_string_bounds ... ok
[INFO] [stdout] test crypto_pwhash::argon2id::tests::test_pwhash_str_needs_rehash ... ok
[INFO] [stdout] test crypto_pwhash::argon2i::tests::test_pwhash ... ok
[INFO] [stdout] test crypto_pwhash::argon2id::tests::test_pwhash ... ok
[INFO] [stdout] test crypto_pwhash::scryptsalsa208sha256::tests::test_hash_string_bounds ... ok
[INFO] [stdout] test crypto_pwhash::scryptsalsa208sha256::tests::test_max_constants_match_libsodium ... ok
[INFO] [stdout] test crypto_pwhash::tests::test_max_constants_match_libsodium ... ok
[INFO] [stdout] test crypto_pwhash::argon2i::tests::test_pwhash_str_needs_rehash ... ok
[INFO] [stdout] test crypto_pwhash::scryptsalsa208sha256::tests::test_pwhash_ll ... ok
[INFO] [stdout] test crypto_pwhash::scryptsalsa208sha256::tests::test_pwhash ... ok
[INFO] [stdout] test crypto_pwhash::scryptsalsa208sha256::tests::test_pwhash_str_needs_rehash ... ok
[INFO] [stdout] test crypto_pwhash::tests::test_pwhash ... ok
[INFO] [stdout] test crypto_scalarmult::curve25519::tests::test_scalarmult ... ok
[INFO] [stdout] test crypto_scalarmult::ed25519::tests::test_noclamp_scalar_domain ... ok
[INFO] [stdout] test crypto_pwhash::tests::test_rehash_hash_string_bounds ... ok
[INFO] [stdout] test crypto_scalarmult::curve25519::tests::test_scalarmult_base ... ok
[INFO] [stdout] test crypto_scalarmult::ed25519::tests::test_scalarmult_base ... ok
[INFO] [stdout] test crypto_scalarmult::ed25519::tests::test_scalarmult ... ok
[INFO] [stdout] test crypto_scalarmult::ed25519::tests::test_scalarmult_base_noclamp ... ok
[INFO] [stdout] test crypto_pwhash::tests::test_pwhash_str_needs_rehash ... ok
[INFO] [stdout] test crypto_scalarmult::ed25519::tests::test_scalarmult_noclamp ... ok
[INFO] [stdout] test crypto_scalarmult::tests::test_curve25519 ... ok
[INFO] [stdout] test crypto_scalarmult::ristretto255::tests::test_scalarmult ... ok
[INFO] [stdout] test crypto_scalarmult::tests::test_ristretto255 ... ok
[INFO] [stdout] test crypto_scalarmult::ristretto255::tests::test_scalarmult_base ... ok
[INFO] [stdout] test crypto_pwhash::scryptsalsa208sha256::tests::test_pwhash_str ... ok
[INFO] [stdout] test crypto_secretbox::tests::test_decryption_failure ... ok
[INFO] [stdout] test crypto_secretbox::tests::test_encryption_decryption ... ok
[INFO] [stdout] test crypto_scalarmult::tests::test_ed25519 ... ok
[INFO] [stdout] test crypto_scalarmult::tests::test_scalarmult ... ok
[INFO] [stdout] test crypto_pwhash::argon2id::tests::test_pwhash_str ... ok
[INFO] [stdout] test crypto_secretbox::xchacha20poly1305::tests::test_encrypt_decrypt_detached ... ok
[INFO] [stdout] test crypto_secretbox::xchacha20poly1305::tests::test_encrypt_decrypt ... ok
[INFO] [stdout] test crypto_secretbox::tests::test_nonce_traits ... ok
[INFO] [stdout] test crypto_secretbox::tests::test_key_traits ... ok
[INFO] [stdout] test crypto_secretbox::tests::test_key_generation ... ok
[INFO] [stdout] test crypto_secretbox::xchacha20poly1305::tests::test_decrypt_failure ... ok
[INFO] [stdout] test crypto_secretbox::xchacha20poly1305::tests::test_key_trait_implementations ... ok
[INFO] [stdout] test crypto_secretbox::xchacha20poly1305::tests::test_key_generation ... ok
[INFO] [stdout] test crypto_secretstream::xchacha20poly1305::tests::test_failed_final_authentication_does_not_finalize ... ok
[INFO] [stdout] test crypto_secretstream::xchacha20poly1305::tests::test_finalization_survives_rekey ... ok
[INFO] [stdout] test crypto_secretstream::xchacha20poly1305::tests::test_header_and_key_authenticated_by_pull ... ok
[INFO] [stdout] test crypto_secretstream::xchacha20poly1305::tests::test_invalid_tags_do_not_advance_state ... ok
[INFO] [stdout] test crypto_secretstream::xchacha20poly1305::tests::test_secretstream ... ok
[INFO] [stdout] test crypto_secretstream::xchacha20poly1305::tests::test_message_length_boundaries ... ok
[INFO] [stdout] test crypto_secretstream::xchacha20poly1305::tests::test_secretstream_rekey ... ok
[INFO] [stdout] test crypto_shorthash::tests::test_key_conversion_roundtrip ... ok
[INFO] [stdout] test crypto_shorthash::tests::test_shorthash ... ok
[INFO] [stdout] test crypto_shorthash::tests::test_siphash24 ... ok
[INFO] [stdout] test crypto_shorthash::tests::test_siphash24_key_conversion_roundtrip ... ok
[INFO] [stdout] test crypto_shorthash::tests::test_siphash24_key_traits ... ok
[INFO] [stdout] test crypto_secretbox::xchacha20poly1305::tests::test_nonce_trait_implementations ... ok
[INFO] [stdout] test crypto_shorthash::tests::test_key_traits ... ok
[INFO] [stdout] test crypto_secretstream::xchacha20poly1305::tests::test_secretstream_tag_push ... ok
[INFO] [stdout] test crypto_shorthash::tests::test_as_ref_consistency ... ok
[INFO] [stdout] test crypto_shorthash::tests::test_siphashx24_key_conversion_roundtrip ... ok
[INFO] [stdout] test crypto_shorthash::tests::test_siphashx24_key_traits ... ok
[INFO] [stdout] test crypto_sign::tests::test_key_conversions ... ok
[INFO] [stdout] test crypto_sign::tests::test_keypair_generation ... ok
[INFO] [stdout] test crypto_sign::tests::test_multipart_creation_is_terminal ... ok
[INFO] [stdout] test crypto_shorthash::tests::test_siphashx24 ... ok
[INFO] [stdout] test crypto_shorthash::tests::test_siphashx24_output_size_and_native_hash ... ok
[INFO] [stdout] test crypto_shorthash::tests::test_try_from_error_messages ... ok
[INFO] [stdout] test crypto_sign::tests::test_multipart_clones_fork_before_finalization ... ok
[INFO] [stdout] test crypto_sign::tests::test_multipart_signing ... ok
[INFO] [stdout] test crypto_secretstream::xchacha20poly1305::tests::test_key_traits ... ok
[INFO] [stdout] test crypto_sign::tests::test_secretkey_traits ... ok
[INFO] [stdout] test crypto_sign::tests::test_publickey_traits ... ok
[INFO] [stdout] test crypto_sign::tests::test_multipart_verification_is_terminal ... ok
[INFO] [stdout] test crypto_sign::tests::test_seed_keypair ... ok
[INFO] [stdout] test crypto_sign::tests::test_sign_verify ... ok
[INFO] [stdout] test crypto_stream::salsa20::tests::test_nonce_traits ... ok
[INFO] [stdout] test crypto_stream::tests::test_chacha20 ... ok
[INFO] [stdout] test crypto_stream::tests::test_invalid_nonce_length ... ok
[INFO] [stdout] test crypto_sign::tests::test_verify_detached ... ok
[INFO] [stdout] test crypto_stream::tests::test_key_traits ... ok
[INFO] [stdout] test crypto_stream::tests::test_salsa20 ... ok
[INFO] [stdout] test crypto_stream::tests::test_xchacha20 ... ok
[INFO] [stdout] test crypto_verify::tests::test_verify_16 ... ok
[INFO] [stdout] test crypto_verify::tests::test_verify_32 ... ok
[INFO] [stdout] test crypto_verify::tests::test_verify_64 ... ok
[INFO] [stdout] test crypto_xof::tests::test_domain_separation ... ok
[INFO] [stdout] test crypto_xof::tests::test_empty_input ... ok
[INFO] [stdout] test crypto_xof::tests::test_incremental_squeeze ... ok
[INFO] [stdout] test crypto_stream::tests::test_key_generation ... ok
[INFO] [stdout] test crypto_stream::xchacha20::tests::test_nonce_traits ... ok
[INFO] [stdout] test crypto_xof::tests::test_shake128_hash ... ok
[INFO] [stdout] test crypto_xof::tests::test_shake128_incremental ... ok
[INFO] [stdout] test crypto_xof::tests::test_shake256_constants ... ok
[INFO] [stdout] test crypto_xof::tests::test_shake256_hash ... ok
[INFO] [stdout] test crypto_xof::tests::test_shake256_incremental ... ok
[INFO] [stdout] test crypto_xof::tests::test_squeeze_into ... ok
[INFO] [stdout] test crypto_xof::tests::test_turboshake128_constants ... ok
[INFO] [stdout] test crypto_xof::tests::test_turboshake128_hash ... ok
[INFO] [stdout] test crypto_xof::tests::test_turboshake128_incremental ... ok
[INFO] [stdout] test crypto_xof::tests::test_turboshake256_constants ... ok
[INFO] [stdout] test crypto_xof::tests::test_no_update_after_squeeze ... ok
[INFO] [stdout] test crypto_xof::tests::test_turboshake256_hash ... ok
[INFO] [stdout] test crypto_xof::tests::test_shake128_constants ... ok
[INFO] [stdout] test crypto_xof::tests::test_turboshake256_incremental ... ok
[INFO] [stdout] test random::tests::test_random_bytes ... ok
[INFO] [stdout] test crypto_xof::tests::test_variable_output_lengths ... ok
[INFO] [stdout] test random::tests::test_uniform ... ok
[INFO] [stdout] test utils::tests::test_compare_le_length_rule ... ok
[INFO] [stdout] test utils::tests::test_hex_ignore_is_bounded_and_rejects_nul ... ok
[INFO] [stdout] test utils::tests::test_little_endian_arithmetic_uses_shared_length ... ok
[INFO] [stdout] test crypto_stream::chacha20::tests::test_nonce_traits ... ok
[INFO] [stdout] test utils::tests::test_little_endian_helpers_match_reference ... ok
[INFO] [stdout] test utils::tests::test_pad_empty_buffer ... ok
[INFO] [stdout] test utils::tests::test_pad_rejects_unrepresentable_sizes ... ok
[INFO] [stdout] test random::tests::test_random_u32 ... ok
[INFO] [stdout] test utils::tests::test_little_endian_arithmetic_carries_and_wraps ... ok
[INFO] [stdout] test utils::tests::test_pad_rounds_up_to_block_boundary ... ok
[INFO] [stdout] test utils::tests::test_unpad_rejects_invalid_padding ... ok
[INFO] [stdout] test utils::vec_utils::tests::byte_unlock_erases_live_bytes_even_if_unlock_fails ... ok
[INFO] [stdout] test utils::vec_utils::tests::clear_and_drop_zeroize_live_elements_once ... ok
[INFO] [stdout] test utils::tests::test_zero_blocksize_is_rejected ... ok
[INFO] [stdout] test utils::vec_utils::tests::allocation_sizes_beyond_layout_limits_are_rejected ... ok
[INFO] [stdout] test utils::vec_utils::tests::clear_destructor_panic_does_not_double_drop ... ok
[INFO] [stdout] test utils::vec_utils::tests::clear_zeroizes_elements_without_destructors ... ok
[INFO] [stdout] test utils::tests::test_pad_adds_full_block_when_already_aligned ... ok
[INFO] [stdout] test utils::vec_utils::tests::clone_panic_cleans_up_prefix_and_leaves_source_unchanged ... ok
[INFO] [stdout] test utils::vec_utils::tests::constructor_panic_cleans_up_initialized_prefix ... ok
[INFO] [stdout] test crypto_xof::tests::test_invalid_domain ... ok
[INFO] [stdout] test utils::vec_utils::tests::clone_initializes_only_live_elements_and_owns_independent_values ... ok
[INFO] [stdout] test utils::vec_utils::tests::equality_and_debug_use_only_live_values ... ok
[INFO] [stdout] test utils::vec_utils::tests::failed_push_zeroizes_rejected_value ... ok
[INFO] [stdout] test utils::vec_utils::tests::push_needs_neither_default_nor_clone ... ok
[INFO] [stdout] test utils::vec_utils::tests::memzero_uses_generic_zeroize_without_default_or_clone ... ok
[INFO] [stdout] test utils::vec_utils::tests::push_pop_moves_values_and_erases_removed_byte_slots ... ok
[INFO] [stdout] test utils::vec_utils::tests::reserve_push_pop_and_drop_never_construct_spare_defaults ... ok
[INFO] [stdout] test utils::vec_utils::tests::into_vec_moves_owned_values_without_cloning_zeroizing_or_dropping ... ok
[INFO] [stdout] test utils::vec_utils::tests::empty_clone_does_not_initialize_reserved_storage ... ok
[INFO] [stdout] test utils::vec_utils::tests::zst_elements_preserve_alignment_and_destructor_ownership ... ok
[INFO] [stdout] test utils::vec_utils::tests::zeroize_panic_removes_elements_from_ownership_before_callback ... ok
[INFO] [stdout] test utils::tests::test_pad_various_lengths_roundtrip ... ok
[INFO] [stdout] test utils::vec_utils::tests::zst_push_checks_length_and_capacity_growth_overflow ... ok
[INFO] [stdout] test crypto_pwhash::argon2i::tests::test_pwhash_str ... ok
[INFO] [stdout] test version::tests::test_library_minimal ... ok
[INFO] [stdout] test version::tests::test_version_string ... ok
[INFO] [stdout] test version::tests::test_version_numbers ... ok
[INFO] [stdout] test utils::vec_utils::tests::overaligned_elements_remain_aligned_after_reserve_and_clone ... ok
[INFO] [stdout] test utils::vec_utils::tests::reserve_errors_preserve_live_values_and_capacity ... ok
[INFO] [stdout] test utils::vec_utils::tests::reserve_uses_length_plus_additional_and_reuses_spare_capacity ... ok
[INFO] [stdout] test crypto_pwhash::tests::test_pwhash_str ... ok
[INFO] [stdout] 
[INFO] [stdout] test result: ok. 401 passed; 0 failed; 0 ignored; 0 measured; 0 filtered out; finished in 2.29s
[INFO] [stdout] 
[INFO] [stderr]    Doc-tests libsodium_rs
[INFO] [stdout] 
[INFO] [stdout] running 321 tests
[INFO] [stdout] test src/crypto_aead/aegis128l.rs - crypto_aead::aegis128l::Nonce::generate (line 193) ... ok
[INFO] [stdout] test src/crypto_aead/aegis128l.rs - crypto_aead::aegis128l (line 119) ... ok
[INFO] [stdout] test src/crypto_aead/aegis256.rs - crypto_aead::aegis256 (line 117) ... ok
[INFO] [stdout] test src/crypto_aead/aegis128l.rs - crypto_aead::aegis128l::decrypt_detached (line 686) ... ok
[INFO] [stdout] test src/crypto_aead/aegis128l.rs - crypto_aead::aegis128l::decrypt (line 482) ... ok
[INFO] [stdout] test src/crypto_aead/aegis128l.rs - crypto_aead::aegis128l::encrypt_detached (line 585) ... ok
[INFO] [stdout] test src/crypto_aead/aegis128l.rs - crypto_aead::aegis128l::encrypt (line 396) ... ok
[INFO] [stdout] test src/crypto_aead/aegis128l.rs - crypto_aead::aegis128l::Key (line 301) ... ok
[INFO] [stdout] test src/crypto_aead/aegis256.rs - crypto_aead::aegis256::Key (line 299) ... ok
[INFO] [stdout] test src/crypto_aead/aegis256.rs - crypto_aead::aegis256::Nonce::generate (line 191) ... ok
[INFO] [stdout] test src/crypto_aead/aegis256.rs - crypto_aead::aegis256::decrypt (line 480) ... ok
[INFO] [stdout] test src/crypto_aead/aes256gcm.rs - crypto_aead::aes256gcm::Key (line 299) ... ok
[INFO] [stdout] test src/crypto_aead/aegis256.rs - crypto_aead::aegis256::encrypt_detached (line 583) ... ok
[INFO] [stdout] test src/crypto_aead/aes256gcm.rs - crypto_aead::aes256gcm::Nonce::generate (line 177) ... ok
[INFO] [stdout] test src/crypto_aead/aegis256.rs - crypto_aead::aegis256::encrypt (line 394) ... ok
[INFO] [stdout] test src/crypto_aead/aes256gcm.rs - crypto_aead::aes256gcm (line 96) ... ok
[INFO] [stdout] test src/crypto_aead/aes256gcm.rs - crypto_aead::aes256gcm::is_available (line 386) ... ok
[INFO] [stdout] test src/crypto_aead/aes256gcm.rs - crypto_aead::aes256gcm::encrypt (line 431) ... ok
[INFO] [stdout] test src/crypto_aead/aegis256.rs - crypto_aead::aegis256::decrypt_detached (line 684) ... ok
[INFO] [stdout] test src/crypto_aead/aes256gcm.rs - crypto_aead::aes256gcm::decrypt_detached (line 778) ... ok
[INFO] [stdout] test src/crypto_aead/aes256gcm.rs - crypto_aead::aes256gcm::decrypt (line 536) ... ok
[INFO] [stdout] test src/crypto_aead/chacha20poly1305.rs - crypto_aead::chacha20poly1305::Nonce::generate (line 159) ... ok
[INFO] [stdout] test src/crypto_aead/chacha20poly1305.rs - crypto_aead::chacha20poly1305 (line 84) ... ok
[INFO] [stdout] test src/crypto_aead/aes256gcm.rs - crypto_aead::aes256gcm::encrypt_detached (line 658) ... ok
[INFO] [stdout] test src/crypto_aead/chacha20poly1305.rs - crypto_aead::chacha20poly1305::decrypt (line 461) ... ok
[INFO] [stdout] test src/crypto_aead/chacha20poly1305.rs - crypto_aead::chacha20poly1305::Key (line 273) ... ok
[INFO] [stdout] test src/crypto_aead/chacha20poly1305.rs - crypto_aead::chacha20poly1305::decrypt_detached (line 657) ... ok
[INFO] [stdout] test src/crypto_aead/chacha20poly1305.rs - crypto_aead::chacha20poly1305::encrypt_detached (line 567) ... ok
[INFO] [stdout] test src/crypto_aead/chacha20poly1305.rs - crypto_aead::chacha20poly1305::encrypt (line 375) ... ok
[INFO] [stdout] test src/crypto_aead/chacha20poly1305_ietf.rs - crypto_aead::chacha20poly1305_ietf (line 86) ... ok
[INFO] [stdout] test src/crypto_aead/chacha20poly1305_ietf.rs - crypto_aead::chacha20poly1305_ietf::Key (line 282) ... ok
[INFO] [stdout] test src/crypto_aead/chacha20poly1305_ietf.rs - crypto_aead::chacha20poly1305_ietf::decrypt_detached (line 672) ... ok
[INFO] [stdout] test src/crypto_aead/chacha20poly1305_state.rs - crypto_aead::chacha20poly1305_state (line 22) ... ok
[INFO] [stdout] test src/crypto_aead/chacha20poly1305_ietf.rs - crypto_aead::chacha20poly1305_ietf::encrypt_detached (line 580) ... ok
[INFO] [stdout] test src/crypto_aead/chacha20poly1305_ietf.rs - crypto_aead::chacha20poly1305_ietf::decrypt (line 472) ... ok
[INFO] [stdout] test src/crypto_aead/chacha20poly1305_ietf.rs - crypto_aead::chacha20poly1305_ietf::Nonce::generate (line 161) ... ok
[INFO] [stdout] test src/crypto_aead/chacha20poly1305_ietf.rs - crypto_aead::chacha20poly1305_ietf::encrypt (line 384) ... ok
[INFO] [stdout] test src/crypto_aead/mod.rs - crypto_aead (line 186) ... ok
[INFO] [stdout] test src/crypto_aead/mod.rs - crypto_aead (line 246) ... ok
[INFO] [stdout] test src/crypto_aead/chacha20poly1305_ietf_state.rs - crypto_aead::chacha20poly1305_ietf_state (line 22) ... ok
[INFO] [stdout] test src/crypto_aead/mod.rs - crypto_aead (line 345) ... ok
[INFO] [stdout] test src/crypto_aead/mod.rs - crypto_aead (line 273) ... ok
[INFO] [stdout] test src/crypto_aead/xchacha20poly1305.rs - crypto_aead::xchacha20poly1305::Nonce::generate (line 143) ... ok
[INFO] [stdout] test src/crypto_aead/xchacha20poly1305.rs - crypto_aead::xchacha20poly1305 (line 69) ... ok
[INFO] [stdout] test src/crypto_aead/xchacha20poly1305.rs - crypto_aead::xchacha20poly1305::decrypt (line 435) ... ok
[INFO] [stdout] test src/crypto_aead/xchacha20poly1305.rs - crypto_aead::xchacha20poly1305::decrypt_detached (line 628) ... ok
[INFO] [stdout] test src/crypto_aead/xchacha20poly1305.rs - crypto_aead::xchacha20poly1305::encrypt_detached (line 538) ... ok
[INFO] [stdout] test src/crypto_aead/xchacha20poly1305.rs - crypto_aead::xchacha20poly1305::Key (line 250) ... ok
[INFO] [stdout] test src/crypto_aead/xchacha20poly1305_state.rs - crypto_aead::xchacha20poly1305_state (line 25) ... ok
[INFO] [stdout] test src/crypto_aead/xchacha20poly1305.rs - crypto_aead::xchacha20poly1305::encrypt (line 349) ... ok
[INFO] [stdout] test src/crypto_auth/mod.rs - crypto_auth::Tag::from_slice (line 219) ... ok
[INFO] [stdout] test src/crypto_auth/mod.rs - crypto_auth::Tag::as_bytes (line 251) ... ok
[INFO] [stdout] test src/crypto_auth/mod.rs - crypto_auth::Key::as_bytes (line 148) ... ok
[INFO] [stdout] test src/crypto_auth/mod.rs - crypto_auth::Key::generate (line 81) ... ok
[INFO] [stdout] test src/crypto_auth/mod.rs - crypto_auth::Key::from_slice (line 116) ... ok
[INFO] [stdout] test src/crypto_auth/mod.rs - crypto_auth::hmacsha256 (line 432) ... ok
[INFO] [stdout] test src/crypto_auth/mod.rs - crypto_auth::hmacsha512 (line 434) ... ok
[INFO] [stdout] test src/crypto_box/mod.rs - crypto_box::KeyPair::generate (line 531) ... ok
[INFO] [stdout] test src/crypto_auth/mod.rs - crypto_auth (line 29) ... ok
[INFO] [stdout] test src/crypto_auth/mod.rs - crypto_auth::verify (line 368) ... ok
[INFO] [stdout] test src/crypto_auth/mod.rs - crypto_auth::auth (line 317) ... ok
[INFO] [stdout] test src/crypto_box/mod.rs - crypto_box (line 20) ... ok
[INFO] [stdout] test src/crypto_box/mod.rs - crypto_box::KeyPair::from_seed (line 582) ... ok
[INFO] [stdout] test src/crypto_auth/mod.rs - crypto_auth::hmacsha512256 (line 437) ... ok
[INFO] [stdout] test src/crypto_box/mod.rs - crypto_box::beforenm (line 1030) ... ok
[INFO] [stdout] test src/crypto_box/mod.rs - crypto_box::KeyPair::into_tuple (line 648) ... ok
[INFO] [stdout] test src/crypto_box/mod.rs - crypto_box::beforenm (line 1062) ... ok
[INFO] [stdout] test src/crypto_box/mod.rs - crypto_box::curve25519xchacha20poly1305 (line 1720) ... ok
[INFO] [stdout] test src/crypto_box/mod.rs - crypto_box::MACBYTES (line 194) ... ok
[INFO] [stdout] test src/crypto_box/mod.rs - crypto_box::curve25519xsalsa20poly1305 (line 1712) ... ok
[INFO] [stdout] test src/crypto_box/mod.rs - crypto_box::open (line 848) ... ok
[INFO] [stdout] test src/crypto_box/mod.rs - crypto_box::Nonce::generate (line 105) ... ok
[INFO] [stdout] test src/crypto_box/mod.rs - crypto_box::seal (line 682) ... ok
[INFO] [stdout] test src/crypto_box/mod.rs - crypto_box::seal_afternm (line 766) ... ok
[INFO] [stdout] test src/crypto_box/mod.rs - crypto_box::open_afternm (line 938) ... ok
[INFO] [stdout] test src/crypto_core.rs - crypto_core (line 24) ... ok
[INFO] [stdout] test src/crypto_box/mod.rs - crypto_box::seal_detached (line 1119) ... ok
[INFO] [stdout] test src/crypto_core.rs - crypto_core::ed25519 (line 79) ... ok
[INFO] [stdout] test src/crypto_core.rs - crypto_core::ed25519::is_valid_point (line 133) ... ok
[INFO] [stdout] test src/crypto_core.rs - crypto_core::ed25519::random (line 324) ... ok
[INFO] [stdout] test src/crypto_box/mod.rs - crypto_box::seal_detached (line 1158) ... ok
[INFO] [stdout] test src/crypto_core.rs - crypto_core::ed25519::from_uniform (line 686) ... ok
[INFO] [stdout] test src/crypto_core.rs - crypto_core::ed25519::scalar_add (line 524) ... ok
[INFO] [stdout] test src/crypto_core.rs - crypto_core::ed25519::scalar_invert (line 386) ... ok
[INFO] [stdout] test src/crypto_core.rs - crypto_core::ed25519::add (line 179) ... ok
[INFO] [stdout] test src/crypto_core.rs - crypto_core::ed25519::scalar_reduce (line 285) ... ok
[INFO] [stdout] test src/crypto_core.rs - crypto_core::ed25519::scalar_complement (line 479) ... ok
[INFO] [stdout] test src/crypto_core.rs - crypto_core::ed25519::scalar_random (line 351) ... ok
[INFO] [stdout] test src/crypto_core.rs - crypto_core::ed25519::scalar_mul (line 632) ... ok
[INFO] [stdout] test src/crypto_core.rs - crypto_core::ed25519::scalar_sub (line 578) ... ok
[INFO] [stdout] test src/crypto_core.rs - crypto_core::ed25519::scalar_negate (line 433) ... ok
[INFO] [stdout] test src/crypto_core.rs - crypto_core::keccak1600 (line 2206) ... ok
[INFO] [stdout] test src/crypto_core.rs - crypto_core::ristretto255 (line 750) ... ok
[INFO] [stdout] test src/crypto_core.rs - crypto_core::hsalsa20 (line 1563) ... ok
[INFO] [stdout] test src/crypto_core.rs - crypto_core::hchacha20 (line 1397) ... ok
[INFO] [stdout] test src/crypto_core.rs - crypto_core::ed25519::sub (line 239) ... ok
[INFO] [stdout] test src/crypto_core.rs - crypto_core::hchacha20::hchacha20 (line 1479) ... ok
[INFO] [stdout] test src/crypto_core.rs - crypto_core::hsalsa20::hsalsa20 (line 1632) ... ok
[INFO] [stdout] test src/crypto_core.rs - crypto_core::ristretto255::add (line 829) ... ok
[INFO] [stdout] test src/crypto_core.rs - crypto_core::ristretto255::scalar_invert (line 1082) ... ok
[INFO] [stdout] test src/crypto_core.rs - crypto_core::ristretto255::is_valid_point (line 787) ... ok
[INFO] [stdout] test src/crypto_core.rs - crypto_core::ristretto255::scalar_complement (line 1173) ... ok
[INFO] [stdout] test src/crypto_core.rs - crypto_core::ristretto255::from_hash (line 961) ... ok
[INFO] [stdout] test src/crypto_core.rs - crypto_core::ristretto255::random (line 924) ... ok
[INFO] [stdout] test src/crypto_core.rs - crypto_core::ristretto255::scalar_add (line 1220) ... ok
[INFO] [stdout] test src/crypto_core.rs - crypto_core::ristretto255::scalar_mul (line 1336) ... ok
[INFO] [stdout] test src/crypto_core.rs - crypto_core::ristretto255::scalar_reduce (line 1009) ... ok
[INFO] [stdout] test src/crypto_core.rs - crypto_core::ristretto255::scalar_random (line 1046) ... ok
[INFO] [stdout] test src/crypto_core.rs - crypto_core::ristretto255::scalar_sub (line 1278) ... ok
[INFO] [stdout] test src/crypto_core.rs - crypto_core::ristretto255::scalar_negate (line 1128) ... ok
[INFO] [stdout] test src/crypto_core.rs - crypto_core::salsa208 (line 1888) ... ok
[INFO] [stdout] test src/crypto_core.rs - crypto_core::salsa20 (line 2051) ... ok
[INFO] [stdout] test src/crypto_core.rs - crypto_core::salsa20::salsa20 (line 2116) ... ok
[INFO] [stdout] test src/crypto_core.rs - crypto_core::ristretto255::sub (line 878) ... ok
[INFO] [stdout] test src/crypto_core.rs - crypto_core::salsa208::salsa208 (line 1954) ... ok
[INFO] [stdout] test src/crypto_core.rs - crypto_core::salsa2012 (line 1726) ... ok
[INFO] [stdout] test src/crypto_core.rs - crypto_core::salsa2012::salsa2012 (line 1792) ... ok
[INFO] [stdout] test src/crypto_generichash/blake2b/state.rs - crypto_generichash::blake2b::state::State::new (line 162) ... ok
[INFO] [stdout] test src/crypto_generichash/blake2b/hash.rs - crypto_generichash::blake2b::hash::hash (line 72) ... ok
[INFO] [stdout] test src/crypto_generichash/blake2b/state.rs - crypto_generichash::blake2b::state::State::finalize (line 515) ... ok
[INFO] [stdout] test src/crypto_generichash/blake2b/mod.rs - crypto_generichash::blake2b (line 16) ... ok
[INFO] [stdout] test src/crypto_generichash/blake2b/hash.rs - crypto_generichash::blake2b::hash::hash_with_key (line 137) ... ok
[INFO] [stdout] test src/crypto_generichash/blake2b/hash.rs - crypto_generichash::blake2b::hash::hash_with_salt_and_personal (line 217) ... ok
[INFO] [stdout] test src/crypto_generichash/mod.rs - crypto_generichash (line 22) ... ok
[INFO] [stdout] test src/crypto_generichash/mod.rs - crypto_generichash::State::finalize (line 287) ... ok
[INFO] [stdout] test src/crypto_generichash/mod.rs - crypto_generichash::State (line 100) ... ok
[INFO] [stdout] test src/crypto_generichash/blake2b/state.rs - crypto_generichash::blake2b::state::State::new_with_salt_and_personal (line 302) ... ok
[INFO] [stdout] test src/crypto_generichash/blake2b/state.rs - crypto_generichash::blake2b::state::State::update (line 439) ... ok
[INFO] [stdout] test src/crypto_generichash/mod.rs - crypto_generichash::State::update (line 248) ... ok
[INFO] [stdout] test src/crypto_generichash/mod.rs - crypto_generichash::State::new (line 154) ... ok
[INFO] [stdout] test src/crypto_hash/mod.rs - crypto_hash (line 16) ... ok
[INFO] [stdout] test src/crypto_generichash/mod.rs - crypto_generichash::generichash (line 341) ... ok
[INFO] [stdout] test src/crypto_hash/mod.rs - crypto_hash::hash_sha256 (line 128) ... ok
[INFO] [stdout] test src/crypto_hash/mod.rs - crypto_hash::hash (line 73) ... ok
[INFO] [stdout] test src/crypto_hash/sha256.rs - crypto_hash::sha256::State::new (line 69) ... ok
[INFO] [stdout] test src/crypto_hash/mod.rs - crypto_hash::hash_sha512 (line 169) ... ok
[INFO] [stdout] test src/crypto_hash/sha256.rs - crypto_hash::sha256::hash (line 194) ... ok
[INFO] [stdout] test src/crypto_hash/sha256.rs - crypto_hash::sha256 (line 14) ... ok
[INFO] [stdout] test src/crypto_hash/sha256.rs - crypto_hash::sha256::State::update (line 110) ... ok
[INFO] [stdout] test src/crypto_hash/sha256.rs - crypto_hash::sha256::State::finalize (line 154) ... ok
[INFO] [stdout] test src/crypto_hash/sha512.rs - crypto_hash::sha512::State::update (line 110) ... ok
[INFO] [stdout] test src/crypto_hash/sha512.rs - crypto_hash::sha512::State::new (line 69) ... ok
[INFO] [stdout] test src/crypto_hash/sha512.rs - crypto_hash::sha512::State::finalize (line 154) ... ok
[INFO] [stdout] test src/crypto_hash/sha512.rs - crypto_hash::sha512::hash (line 194) ... ok
[INFO] [stdout] test src/crypto_ipcrypt.rs - crypto_ipcrypt (line 116) ... ok
[INFO] [stdout] test src/crypto_hash/sha512.rs - crypto_hash::sha512 (line 14) ... ok
[INFO] [stdout] test src/crypto_hash/sha3256.rs - crypto_hash::sha3256 (line 14) ... ok
[INFO] [stdout] test src/crypto_hash/sha3512.rs - crypto_hash::sha3512 (line 14) ... ok
[INFO] [stdout] test src/crypto_ipcrypt.rs - crypto_ipcrypt (line 69) ... ok
[INFO] [stdout] test src/crypto_ipcrypt.rs - crypto_ipcrypt::encrypt_str (line 356) ... ok
[INFO] [stdout] test src/crypto_ipcrypt.rs - crypto_ipcrypt::ipv4_to_bytes (line 201) ... ok
[INFO] [stdout] test src/crypto_ipcrypt.rs - crypto_ipcrypt::format_ip (line 279) ... ok
[INFO] [stdout] test src/crypto_ipcrypt.rs - crypto_ipcrypt (line 91) ... ok
[INFO] [stdout] test src/crypto_ipcrypt.rs - crypto_ipcrypt::decrypt_str (line 374) ... ok
[INFO] [stdout] test src/crypto_ipcrypt.rs - crypto_ipcrypt (line 50) ... ok
[INFO] [stdout] test src/crypto_ipcrypt.rs - crypto_ipcrypt::nd::decrypt_str (line 517) ... ok
[INFO] [stdout] test src/crypto_ipcrypt.rs - crypto_ipcrypt::nd::encrypt_str (line 496) ... ok
[INFO] [stdout] test src/crypto_ipcrypt.rs - crypto_ipcrypt::ndx::encrypt_str (line 705) ... ok
[INFO] [stdout] test src/crypto_kdf.rs - crypto_kdf (line 34) ... ok
[INFO] [stdout] test src/crypto_ipcrypt.rs - crypto_ipcrypt::ndx::decrypt_str (line 726) ... ok
[INFO] [stdout] test src/crypto_ipcrypt.rs - crypto_ipcrypt::parse_ip (line 242) ... ok
[INFO] [stdout] test src/crypto_ipcrypt.rs - crypto_ipcrypt::pfx::decrypt_str (line 900) ... ok
[INFO] [stdout] test src/crypto_kdf.rs - crypto_kdf::Key::from_slice (line 227) ... ok
[INFO] [stdout] test src/crypto_kdf.rs - crypto_kdf::blake2b (line 424) ... ok
[INFO] [stdout] test src/crypto_ipcrypt.rs - crypto_ipcrypt::pfx::encrypt_str (line 882) ... ok
[INFO] [stdout] test src/crypto_kdf.rs - crypto_kdf::Key::as_bytes (line 269) ... ok
[INFO] [stdout] test src/crypto_kdf.rs - crypto_kdf::Key (line 138) ... ok
[INFO] [stdout] test src/crypto_kdf.rs - crypto_kdf::Key::generate (line 197) ... ok
[INFO] [stdout] test src/crypto_kdf.rs - crypto_kdf::blake2b::derive_from_key (line 561) ... ok
[INFO] [stdout] test src/crypto_kdf.rs - crypto_kdf::blake2b::Key (line 460) ... ok
[INFO] [stdout] test src/crypto_kdf.rs - crypto_kdf::derive_from_key (line 323) ... ok
[INFO] [stdout] test src/crypto_kx.rs - crypto_kx::PublicKey::as_bytes (line 283) ... ok
[INFO] [stdout] test src/crypto_kx.rs - crypto_kx::SecretKey::from_bytes (line 356) ... ok
[INFO] [stdout] test src/crypto_kx.rs - crypto_kx::KeyPair::generate (line 472) ... ok
[INFO] [stdout] test src/crypto_kx.rs - crypto_kx (line 31) ... ok
[INFO] [stdout] test src/crypto_kdf.rs - crypto_kdf::hkdf (line 647) ... ok
[INFO] [stdout] test src/crypto_kx.rs - crypto_kx::PublicKey::from_bytes (line 248) ... ok
[INFO] [stdout] test src/crypto_kx.rs - crypto_kx::SecretKey::as_bytes (line 396) ... ok
[INFO] [stdout] test src/crypto_kx.rs - crypto_kx::SessionKeys (line 188) ... ok
[INFO] [stdout] test src/crypto_kx.rs - crypto_kx::server_session_keys (line 698) ... ok
[INFO] [stdout] test src/crypto_kx.rs - crypto_kx::client_session_keys (line 605) ... ok
[INFO] [stdout] test src/crypto_onetimeauth.rs - crypto_onetimeauth::onetimeauth (line 313) ... ok
[INFO] [stdout] test src/crypto_onetimeauth.rs - crypto_onetimeauth (line 39) ... ok
[INFO] [stdout] test src/crypto_onetimeauth.rs - crypto_onetimeauth::verify (line 383) ... ok
[INFO] [stdout] test src/crypto_pwhash.rs - crypto_pwhash::pwhash (line 215) ... ok
[INFO] [stdout] test src/crypto_pwhash.rs - crypto_pwhash (line 62) ... ok
[INFO] [stdout] test src/crypto_pwhash.rs - crypto_pwhash::pwhash_str (line 366) ... ok
[INFO] [stdout] test src/crypto_pwhash.rs - crypto_pwhash (line 88) ... ok
[INFO] [stdout] test src/crypto_pwhash.rs - crypto_pwhash::pwhash_str_needs_rehash (line 597) ... ok
[INFO] [stdout] test src/crypto_scalarmult/curve25519.rs - crypto_scalarmult::curve25519 (line 13) ... ok
[INFO] [stdout] test src/crypto_pwhash.rs - crypto_pwhash::pwhash_str_verify (line 496) ... ok
[INFO] [stdout] test src/crypto_scalarmult/curve25519.rs - crypto_scalarmult::curve25519::scalarmult (line 88) ... ok
[INFO] [stdout] test src/crypto_pwhash.rs - crypto_pwhash::pwhash (line 238) ... FAILED
[INFO] [stdout] test src/crypto_pwhash.rs - crypto_pwhash::pwhash_str (line 382) ... FAILED
[INFO] [stdout] test src/crypto_scalarmult/curve25519.rs - crypto_scalarmult::curve25519::scalarmult_base (line 169) ... ok
[INFO] [stdout] test src/crypto_scalarmult/ed25519.rs - crypto_scalarmult::ed25519::scalarmult_base (line 268) ... ok
[INFO] [stdout] test src/crypto_scalarmult/ed25519.rs - crypto_scalarmult::ed25519::scalarmult_base_noclamp (line 345) ... ok
[INFO] [stdout] test src/crypto_scalarmult/ed25519.rs - crypto_scalarmult::ed25519 (line 13) ... ok
[INFO] [stdout] test src/crypto_scalarmult/ed25519.rs - crypto_scalarmult::ed25519::scalarmult (line 95) ... ok
[INFO] [stdout] test src/crypto_scalarmult/ed25519.rs - crypto_scalarmult::ed25519::scalarmult_noclamp (line 186) ... ok
[INFO] [stdout] test src/crypto_scalarmult/mod.rs - crypto_scalarmult::scalarmult (line 85) ... ok
[INFO] [stdout] test src/crypto_scalarmult/ristretto255.rs - crypto_scalarmult::ristretto255 (line 14) ... ok
[INFO] [stdout] test src/crypto_pwhash/argon2id.rs - crypto_pwhash::argon2id::pwhash_str_verify (line 295) ... ok
[INFO] [stdout] test src/crypto_pwhash.rs - crypto_pwhash::pwhash_str_verify (line 475) ... ok
[INFO] [stdout] test src/crypto_scalarmult/mod.rs - crypto_scalarmult (line 19) ... ok
[INFO] [stdout] test src/crypto_pwhash.rs - crypto_pwhash::pwhash_str_needs_rehash (line 626) ... ok
[INFO] [stdout] test src/crypto_scalarmult/ristretto255.rs - crypto_scalarmult::ristretto255::scalarmult (line 87) ... ok
[INFO] [stdout] test src/crypto_secretbox/mod.rs - crypto_secretbox (line 30) ... ok
[INFO] [stdout] test src/crypto_scalarmult/ristretto255.rs - crypto_scalarmult::ristretto255::scalarmult_base (line 169) ... ok
[INFO] [stdout] test src/crypto_secretbox/mod.rs - crypto_secretbox::Key::as_bytes (line 364) ... ok
[INFO] [stdout] test src/crypto_secretbox/mod.rs - crypto_secretbox::Key (line 225) ... ok
[INFO] [stdout] test src/crypto_secretbox/mod.rs - crypto_secretbox (line 67) ... ok
[INFO] [stdout] test src/crypto_secretbox/mod.rs - crypto_secretbox::Key::from_bytes (line 290) ... ok
[INFO] [stdout] test src/crypto_secretbox/mod.rs - crypto_secretbox::Key::generate (line 326) ... ok
[INFO] [stdout] test src/crypto_secretbox/mod.rs - crypto_secretbox::Nonce::generate (line 137) ... ok
[INFO] [stdout] test src/crypto_secretbox/mod.rs - crypto_secretbox::seal (line 441) ... ok
[INFO] [stdout] test src/crypto_secretbox/mod.rs - crypto_secretbox::xchacha20poly1305 (line 634) ... ok
[INFO] [stdout] test src/crypto_secretbox/mod.rs - crypto_secretbox::open (line 515) ... ok
[INFO] [stdout] test src/crypto_secretbox/xchacha20poly1305/mod.rs - crypto_secretbox::xchacha20poly1305::Key::as_bytes (line 365) ... ok
[INFO] [stdout] test src/crypto_secretbox/xchacha20poly1305/mod.rs - crypto_secretbox::xchacha20poly1305::Key (line 248) ... ok
[INFO] [stdout] test src/crypto_secretbox/xchacha20poly1305/mod.rs - crypto_secretbox::xchacha20poly1305::Key::from_bytes (line 287) ... ok
[INFO] [stdout] test src/crypto_secretbox/mod.rs - crypto_secretbox::xchacha20poly1305 (line 604) ... ok
[INFO] [stdout] test src/crypto_secretbox/xchacha20poly1305/mod.rs - crypto_secretbox::xchacha20poly1305::Nonce::generate (line 130) ... ok
[INFO] [stdout] test src/crypto_secretbox/xchacha20poly1305/mod.rs - crypto_secretbox::xchacha20poly1305::Key::generate (line 323) ... ok
[INFO] [stdout] test src/crypto_secretbox/xchacha20poly1305/mod.rs - crypto_secretbox::xchacha20poly1305::decrypt_detached (line 688) ... ok
[INFO] [stdout] test src/crypto_secretstream/mod.rs - crypto_secretstream (line 50) ... ok
[INFO] [stdout] test src/crypto_secretbox/xchacha20poly1305/mod.rs - crypto_secretbox::xchacha20poly1305::encrypt (line 442) ... ok
[INFO] [stdout] test src/crypto_secretbox/xchacha20poly1305/mod.rs - crypto_secretbox::xchacha20poly1305::encrypt_detached (line 609) ... ok
[INFO] [stdout] test src/crypto_secretbox/xchacha20poly1305/mod.rs - crypto_secretbox::xchacha20poly1305::decrypt (line 516) ... ok
[INFO] [stdout] test src/crypto_secretstream/xchacha20poly1305/mod.rs - crypto_secretstream::xchacha20poly1305 (line 18) ... ok
[INFO] [stdout] test src/crypto_secretstream/xchacha20poly1305/mod.rs - crypto_secretstream::xchacha20poly1305::Key::from_bytes (line 131) ... ok
[INFO] [stdout] test src/crypto_secretstream/mod.rs - crypto_secretstream (line 85) ... ok
[INFO] [stdout] test src/crypto_secretstream/xchacha20poly1305/mod.rs - crypto_secretstream::xchacha20poly1305::PullState::init_pull (line 605) ... ok
[INFO] [stdout] test src/crypto_secretstream/xchacha20poly1305/mod.rs - crypto_secretstream::xchacha20poly1305::PullState::rekey (line 846) ... ok
[INFO] [stdout] test src/crypto_secretstream/xchacha20poly1305/mod.rs - crypto_secretstream::xchacha20poly1305::PushState::init_push (line 314) ... ok
[INFO] [stdout] test src/crypto_secretstream/xchacha20poly1305/mod.rs - crypto_secretstream::xchacha20poly1305::PushState::rekey (line 517) ... ok
[INFO] [stdout] test src/crypto_secretstream/xchacha20poly1305/mod.rs - crypto_secretstream::xchacha20poly1305::PullState::pull (line 723) ... ok
[INFO] [stdout] test src/crypto_secretstream/xchacha20poly1305/mod.rs - crypto_secretstream::xchacha20poly1305::Key::generate (line 164) ... ok
[INFO] [stdout] test src/crypto_shorthash.rs - crypto_shorthash (line 32) ... ok
[INFO] [stdout] test src/crypto_sign.rs - crypto_sign (line 92) ... ok
[INFO] [stdout] test src/crypto_sign.rs - crypto_sign::KeyPair::from_seed (line 603) ... ok
[INFO] [stdout] test src/crypto_pwhash/argon2id.rs - crypto_pwhash::argon2id::pwhash_str_needs_rehash (line 393) ... ok
[INFO] [stdout] test src/crypto_secretstream/xchacha20poly1305/mod.rs - crypto_secretstream::xchacha20poly1305::PushState::push (line 403) ... ok
[INFO] [stdout] test src/crypto_sign.rs - crypto_sign::KeyPair::generate (line 550) ... ok
[INFO] [stdout] test src/crypto_shorthash.rs - crypto_shorthash::shorthash (line 114) ... ok
[INFO] [stdout] test src/crypto_sign.rs - crypto_sign (line 45) ... ok
[INFO] [stdout] test src/crypto_sign.rs - crypto_sign::State::finalize_create (line 1413) ... ok
[INFO] [stdout] test src/crypto_sign.rs - crypto_sign::SecretKey (line 300) ... ok
[INFO] [stdout] test src/crypto_sign.rs - crypto_sign::State::new (line 1317) ... ok
[INFO] [stdout] test src/crypto_sign.rs - crypto_sign::PublicKey (line 245) ... ok
[INFO] [stdout] test src/crypto_sign.rs - crypto_sign::State::finalize_verify (line 1480) ... ok
[INFO] [stdout] test src/crypto_sign.rs - crypto_sign::PublicKey::from_secret_key (line 384) ... ok
[INFO] [stdout] test src/crypto_sign.rs - crypto_sign::State::update (line 1357) ... ok
[INFO] [stdout] test src/crypto_sign.rs - crypto_sign::primitive (line 1538) ... ok
[INFO] [stdout] test src/crypto_sign.rs - crypto_sign::ed25519_pk_to_curve25519 (line 1181) ... ok
[INFO] [stdout] test src/crypto_sign.rs - crypto_sign::ed25519_sk_to_curve25519 (line 1245) ... ok
[INFO] [stdout] test src/crypto_sign.rs - crypto_sign::keypair_from_seed (line 1058) ... ok
[INFO] [stdout] test src/crypto_sign.rs - crypto_sign::sign_detached (line 862) ... ok
[INFO] [stdout] test src/crypto_sign.rs - crypto_sign::sign (line 682) ... ok
[INFO] [stdout] test src/crypto_sign.rs - crypto_sign::secret_key_to_seed (line 1113) ... ok
[INFO] [stdout] test src/crypto_stream/mod.rs - crypto_stream (line 18) ... ok
[INFO] [stdout] test src/crypto_stream/chacha20.rs - crypto_stream::chacha20::Nonce::generate (line 44) ... ok
[INFO] [stdout] test src/crypto_sign.rs - crypto_sign::verify_detached (line 956) ... ok
[INFO] [stdout] test src/crypto_stream/mod.rs - crypto_stream::Key::as_bytes (line 147) ... ok
[INFO] [stdout] test src/crypto_stream/chacha20.rs - crypto_stream::chacha20::stream (line 155) ... ok
[INFO] [stdout] test src/crypto_sign.rs - crypto_sign::verify (line 769) ... ok
[INFO] [stdout] test src/crypto_stream/chacha20.rs - crypto_stream::chacha20::stream_xor (line 212) ... ok
[INFO] [stdout] test src/crypto_stream/mod.rs - crypto_stream::Key::from_slice (line 110) ... ok
[INFO] [stdout] test src/crypto_stream/mod.rs - crypto_stream::Key::generate (line 75) ... ok
[INFO] [stdout] test src/crypto_stream/salsa20.rs - crypto_stream::salsa20::Nonce::generate (line 44) ... ok
[INFO] [stdout] test src/crypto_stream/salsa20.rs - crypto_stream::salsa20::stream (line 152) ... ok
[INFO] [stdout] test src/crypto_stream/xchacha20.rs - crypto_stream::xchacha20::Nonce::generate (line 42) ... ok
[INFO] [stdout] test src/crypto_stream/salsa20.rs - crypto_stream::salsa20::stream_xor (line 206) ... ok
[INFO] [stdout] test src/crypto_xof.rs - crypto_xof (line 30) ... ok
[INFO] [stdout] test src/crypto_xof.rs - crypto_xof::turboshake128::State::new_with_domain (line 587) ... ok
[INFO] [stdout] test src/crypto_xof.rs - crypto_xof::turboshake128::State::squeeze (line 666) ... ok
[INFO] [stdout] test src/crypto_stream/xchacha20.rs - crypto_stream::xchacha20::stream_xor (line 210) ... ok
[INFO] [stdout] test src/crypto_xof.rs - crypto_xof::shake128::hash (line 96) ... ok
[INFO] [stdout] test src/crypto_stream/xchacha20.rs - crypto_stream::xchacha20::stream (line 153) ... ok
[INFO] [stdout] test src/crypto_verify.rs - crypto_verify (line 23) ... ok
[INFO] [stdout] test src/crypto_xof.rs - crypto_xof::turboshake128::hash (line 514) ... ok
[INFO] [stdout] test src/crypto_xof.rs - crypto_xof::turboshake128 (line 462) ... ok
[INFO] [stdout] test src/lib.rs - (line 20) ... ok
[INFO] [stdout] test src/utils/mod.rs - utils::bin2hex (line 422) ... ok
[INFO] [stdout] test src/utils/mod.rs - utils::base642bin (line 626) ... ok
[INFO] [stdout] test src/utils/mod.rs - utils::add_le (line 305) ... ok
[INFO] [stdout] test src/utils/mod.rs - utils::bin2base64 (line 583) ... ok
[INFO] [stdout] test src/random.rs - random (line 24) ... ok
[INFO] [stdout] test src/utils/mod.rs - utils (line 31) ... ok
[INFO] [stdout] test src/utils/mod.rs - utils::hex2bin (line 471) ... ok
[INFO] [stdout] test src/utils/mod.rs - utils::compare_le (line 389) ... ok
[INFO] [stdout] test src/utils/mod.rs - utils::increment_le (line 281) ... ok
[INFO] [stdout] test src/utils/mod.rs - utils::is_zero (line 353) ... ok
[INFO] [stdout] test src/utils/mod.rs - utils::malloc (line 684) - compile ... ok
[INFO] [stdout] test src/utils/mod.rs - utils::hex2bin_ignore (line 518) ... ok
[INFO] [stdout] test src/utils/mod.rs - utils::memcmp (line 103) ... ok
[INFO] [stdout] test src/utils/mod.rs - utils::mlock (line 225) ... ok
[INFO] [stdout] test src/utils/mod.rs - utils::pad (line 816) ... ok
[INFO] [stdout] test src/utils/mod.rs - utils::pad (line 829) ... ok
[INFO] [stdout] test src/utils/mod.rs - utils::memzero (line 149) ... ok
[INFO] [stdout] test src/utils/mod.rs - utils::munlock (line 255) ... ok
[INFO] [stdout] test src/utils/mod.rs - utils::sub_le (line 330) ... ok
[INFO] [stdout] test src/utils/mod.rs - utils::stackzero (line 186) ... ok
[INFO] [stdout] test src/utils/vec_utils.rs - utils::vec_utils (line 7) ... ok
[INFO] [stdout] test src/utils/mod.rs - utils::unpad (line 900) ... ok
[INFO] [stdout] test src/utils/vec_utils.rs - utils::vec_utils::SecureVec<T>::into_vec (line 247) ... ok
[INFO] [stdout] test src/utils/vec_utils.rs - utils::vec_utils::mlock (line 47) - compile ... ok
[INFO] [stdout] test src/utils/vec_utils.rs - utils::vec_utils::SecureVec (line 159) ... ok
[INFO] [stdout] test src/utils/vec_utils.rs - utils::vec_utils::memzero (line 30) ... ok
[INFO] [stdout] test src/utils/vec_utils.rs - utils::vec_utils::munlock (line 81) - compile fail ... ok
[INFO] [stdout] test src/utils/vec_utils.rs - utils::vec_utils::mlock (line 62) - compile fail ... ok
[INFO] [stdout] test src/utils/vec_utils.rs - utils::vec_utils::SecureVec<T>::pop (line 328) ... ok
[INFO] [stdout] test src/utils/vec_utils.rs - utils::vec_utils::SecureVec<T>::push (line 292) ... ok
[INFO] [stdout] test src/utils/vec_utils.rs - utils::vec_utils::SecureVec<T>::with_capacity (line 186) ... ok
[INFO] [stdout] test src/version.rs - version (line 8) ... ok
[INFO] [stdout] test src/version.rs - version::library_minimal (line 93) ... ok
[INFO] [stdout] test src/utils/vec_utils.rs - utils::vec_utils::SecureVec<T>::reserve (line 359) ... ok
[INFO] [stdout] test src/version.rs - version::version_string (line 29) ... ok
[INFO] [stdout] test src/version.rs - version::library_version_minor (line 72) ... ok
[INFO] [stdout] test src/utils/vec_utils.rs - utils::vec_utils::secure_vec (line 121) ... ok
[INFO] [stderr] error: doctest failed, to rerun pass `--doc`
[INFO] [stdout] test src/version.rs - version::library_version_major (line 53) ... ok
[INFO] [stdout] 
[INFO] [stdout] failures:
[INFO] [stdout] 
[INFO] [stdout] ---- src/crypto_pwhash.rs - crypto_pwhash::pwhash (line 238) stdout ----
[INFO] [stdout] Test executable failed (signal: 9 (SIGKILL)).
[INFO] [stdout] 
[INFO] [stdout] ---- src/crypto_pwhash.rs - crypto_pwhash::pwhash_str (line 382) stdout ----
[INFO] [stdout] Test executable failed (signal: 9 (SIGKILL)).
[INFO] [stdout] 
[INFO] [stdout] 
[INFO] [stdout] failures:
[INFO] [stdout]     src/crypto_pwhash.rs - crypto_pwhash::pwhash (line 238)
[INFO] [stdout]     src/crypto_pwhash.rs - crypto_pwhash::pwhash_str (line 382)
[INFO] [stdout] 
[INFO] [stdout] test result: FAILED. 319 passed; 2 failed; 0 ignored; 0 measured; 0 filtered out; finished in 29.52s
[INFO] [stdout] 
[INFO] running `Command { std: "docker" "inspect" "ccd069fd302452c4f7f1273469255cb73ab516128eec190210025bd01e9c50c6", kill_on_drop: false }`
[INFO] running `Command { std: "docker" "rm" "-f" "ccd069fd302452c4f7f1273469255cb73ab516128eec190210025bd01e9c50c6", kill_on_drop: false }`
[INFO] [stdout] ccd069fd302452c4f7f1273469255cb73ab516128eec190210025bd01e9c50c6
