[INFO] fetching crate libseccomp 0.4.0...
[INFO] testing libseccomp-0.4.0 against 1.100.0-beta.1+cargoflags=--release for beta-release-1.100-2
[INFO] extracting crate libseccomp 0.4.0 into /workspace/builds/worker-4-tc2/source
[INFO] started tweaking crates.io crate libseccomp 0.4.0
[INFO] finished tweaking crates.io crate libseccomp 0.4.0
[INFO] tweaked toml for crates.io crate libseccomp 0.4.0 written to /workspace/builds/worker-4-tc2/source/Cargo.toml
[INFO] validating manifest of crates.io crate libseccomp 0.4.0 on toolchain 1.100.0-beta.1
[INFO] running `Command { std: CARGO_HOME="/workspace/cargo-home" RUSTUP_HOME="/workspace/rustup-home" "/workspace/cargo-home/bin/cargo" "+1.100.0-beta.1" "metadata" "--manifest-path" "Cargo.toml" "--no-deps", kill_on_drop: false }`
[INFO] running `Command { std: CARGO_HOME="/workspace/cargo-home" RUSTUP_HOME="/workspace/rustup-home" "/workspace/cargo-home/bin/cargo" "+1.100.0-beta.1" "generate-lockfile" "--manifest-path" "Cargo.toml", kill_on_drop: false }`
[INFO] [stderr]     Updating crates.io index
[INFO] [stderr]      Locking 5 packages to highest compatible versions
[INFO] running `Command { std: CARGO_HOME="/workspace/cargo-home" RUSTUP_HOME="/workspace/rustup-home" "/workspace/cargo-home/bin/cargo" "+1.100.0-beta.1" "fetch" "--manifest-path" "Cargo.toml", kill_on_drop: false }`
[INFO] running `Command { std: "docker" "create" "-v" "/var/lib/crater-agent-workspace/builds/worker-4-tc2/source:/opt/rustwide/workdir:ro,Z" "-v" "/var/lib/crater-agent-workspace/builds/worker-4-tc2/target:/opt/rustwide/target:rw,Z" "-v" "/var/lib/crater-agent-workspace/cargo-home:/opt/rustwide/cargo-home:ro,Z" "-v" "/var/lib/crater-agent-workspace/rustup-home:/opt/rustwide/rustup-home:ro,Z" "-m" "1610612736" "--network" "none" "ghcr.io/rust-lang/crates-build-env/linux@sha256:77db811e55d90add9212f6832c23229e3de5f1c1f9905e8cb07319ea15df73ac" "sleep" "infinity", kill_on_drop: false }`
[INFO] [stdout] 44d0bf4d5f2c6dd07c359534df649e4f96b23e459ce0445e628bef19b6ed9531
[INFO] running `Command { std: "docker" "start" "44d0bf4d5f2c6dd07c359534df649e4f96b23e459ce0445e628bef19b6ed9531", kill_on_drop: false }`
[INFO] running `Command { std: "docker" "inspect" "44d0bf4d5f2c6dd07c359534df649e4f96b23e459ce0445e628bef19b6ed9531", kill_on_drop: false }`
[INFO] running `Command { std: "docker" "exec" "-e" "SOURCE_DIR=/opt/rustwide/workdir" "-e" "CARGO_HOME=/opt/rustwide/cargo-home" "-e" "RUSTUP_HOME=/opt/rustwide/rustup-home" "-e" "CARGO_TARGET_DIR=/opt/rustwide/target" "-w" "/opt/rustwide/workdir" "--user" "0:0" "44d0bf4d5f2c6dd07c359534df649e4f96b23e459ce0445e628bef19b6ed9531" "/opt/rustwide/cargo-home/bin/cargo" "+1.100.0-beta.1" "metadata" "--no-deps" "--format-version=1", kill_on_drop: false }`
[INFO] running `Command { std: "docker" "inspect" "44d0bf4d5f2c6dd07c359534df649e4f96b23e459ce0445e628bef19b6ed9531", kill_on_drop: false }`
[INFO] running `Command { std: "docker" "exec" "-e" "SOURCE_DIR=/opt/rustwide/workdir" "-e" "CARGO_HOME=/opt/rustwide/cargo-home" "-e" "RUSTUP_HOME=/opt/rustwide/rustup-home" "-e" "CARGO_TARGET_DIR=/opt/rustwide/target" "-e" "CARGO_INCREMENTAL=0" "-e" "RUST_BACKTRACE=full" "-e" "RUSTFLAGS=--cap-lints=warn" "-e" "RUSTDOCFLAGS=--cap-lints=warn" "-w" "/opt/rustwide/workdir" "--user" "0:0" "44d0bf4d5f2c6dd07c359534df649e4f96b23e459ce0445e628bef19b6ed9531" "/opt/rustwide/cargo-home/bin/cargo" "+1.100.0-beta.1" "build" "--frozen" "--message-format=json" "--release", kill_on_drop: false }`
[INFO] [stderr]    Compiling libseccomp-sys v0.3.0
[INFO] [stderr]    Compiling libseccomp v0.4.0 (/opt/rustwide/workdir)
[INFO] [stdout] warning: unexpected `cfg` condition name: `libseccomp_v2_6`
[INFO] [stdout]     --> src/filter_context.rs:1237:11
[INFO] [stdout]      |
[INFO] [stdout] 1237 | #[cfg(any(libseccomp_v2_6, all(doc, not(doctest))))]
[INFO] [stdout]      |           ^^^^^^^^^^^^^^^
[INFO] [stdout]      |
[INFO] [stdout]      = help: expected names are: `docsrs`, `feature`, and `test` and 34 more
[INFO] [stdout]      = help: consider using a Cargo feature instead
[INFO] [stdout]      = help: or consider adding in `Cargo.toml` the `check-cfg` lint config for the lint:
[INFO] [stdout]               [lints.rust]
[INFO] [stdout]               unexpected_cfgs = { level = "warn", check-cfg = ['cfg(libseccomp_v2_6)'] }
[INFO] [stdout]      = help: or consider adding `println!("cargo::rustc-check-cfg=cfg(libseccomp_v2_6)");` to the top of the `build.rs`
[INFO] [stdout]      = note: see <https://doc.rust-lang.org/nightly/rustc/check-cfg/cargo-specifics.html> for more information about checking conditional configuration
[INFO] [stdout]      = note: `#[warn(unexpected_cfgs)]` on by default
[INFO] [stdout] 
[INFO] [stdout] 
[INFO] [stderr]     Finished `release` profile [optimized] target(s) in 0.93s
[INFO] running `Command { std: "docker" "inspect" "44d0bf4d5f2c6dd07c359534df649e4f96b23e459ce0445e628bef19b6ed9531", kill_on_drop: false }`
[INFO] running `Command { std: "docker" "exec" "-e" "SOURCE_DIR=/opt/rustwide/workdir" "-e" "CARGO_HOME=/opt/rustwide/cargo-home" "-e" "RUSTUP_HOME=/opt/rustwide/rustup-home" "-e" "CARGO_TARGET_DIR=/opt/rustwide/target" "-e" "CARGO_INCREMENTAL=0" "-e" "RUST_BACKTRACE=full" "-e" "RUSTFLAGS=--cap-lints=warn" "-e" "RUSTDOCFLAGS=--cap-lints=warn" "-w" "/opt/rustwide/workdir" "--user" "0:0" "44d0bf4d5f2c6dd07c359534df649e4f96b23e459ce0445e628bef19b6ed9531" "/opt/rustwide/cargo-home/bin/cargo" "+1.100.0-beta.1" "test" "--frozen" "--no-run" "--message-format=json" "--release", kill_on_drop: false }`
[INFO] [stderr]    Compiling libseccomp v0.4.0 (/opt/rustwide/workdir)
[INFO] [stdout] warning: unexpected `cfg` condition name: `libseccomp_v2_6`
[INFO] [stdout]     --> src/filter_context.rs:1237:11
[INFO] [stdout]      |
[INFO] [stdout] 1237 | #[cfg(any(libseccomp_v2_6, all(doc, not(doctest))))]
[INFO] [stdout]      |           ^^^^^^^^^^^^^^^
[INFO] [stdout]      |
[INFO] [stdout]      = help: expected names are: `docsrs`, `feature`, and `test` and 34 more
[INFO] [stdout]      = help: consider using a Cargo feature instead
[INFO] [stdout]      = help: or consider adding in `Cargo.toml` the `check-cfg` lint config for the lint:
[INFO] [stdout]               [lints.rust]
[INFO] [stdout]               unexpected_cfgs = { level = "warn", check-cfg = ['cfg(libseccomp_v2_6)'] }
[INFO] [stdout]      = help: or consider adding `println!("cargo::rustc-check-cfg=cfg(libseccomp_v2_6)");` to the top of the `build.rs`
[INFO] [stdout]      = note: see <https://doc.rust-lang.org/nightly/rustc/check-cfg/cargo-specifics.html> for more information about checking conditional configuration
[INFO] [stdout]      = note: `#[warn(unexpected_cfgs)]` on by default
[INFO] [stdout] 
[INFO] [stdout] 
[INFO] [stdout] warning: unexpected `cfg` condition name: `libseccomp_v2_6`
[INFO] [stdout]    --> tests/tests.rs:369:7
[INFO] [stdout]     |
[INFO] [stdout] 369 | #[cfg(libseccomp_v2_6)]
[INFO] [stdout]     |       ^^^^^^^^^^^^^^^
[INFO] [stdout]     |
[INFO] [stdout]     = help: expected names are: `docsrs`, `feature`, and `test` and 34 more
[INFO] [stdout]     = help: consider using a Cargo feature instead
[INFO] [stdout]     = help: or consider adding in `Cargo.toml` the `check-cfg` lint config for the lint:
[INFO] [stdout]              [lints.rust]
[INFO] [stdout]              unexpected_cfgs = { level = "warn", check-cfg = ['cfg(libseccomp_v2_6)'] }
[INFO] [stdout]     = help: or consider adding `println!("cargo::rustc-check-cfg=cfg(libseccomp_v2_6)");` to the top of the `build.rs`
[INFO] [stdout]     = note: see <https://doc.rust-lang.org/nightly/rustc/check-cfg/cargo-specifics.html> for more information about checking conditional configuration
[INFO] [stdout]     = note: `#[warn(unexpected_cfgs)]` on by default
[INFO] [stdout] 
[INFO] [stdout] 
[INFO] [stdout] warning: unexpected `cfg` condition name: `libseccomp_v2_6`
[INFO] [stdout]    --> tests/tests.rs:401:7
[INFO] [stdout]     |
[INFO] [stdout] 401 | #[cfg(libseccomp_v2_6)]
[INFO] [stdout]     |       ^^^^^^^^^^^^^^^
[INFO] [stdout]     |
[INFO] [stdout]     = help: consider using a Cargo feature instead
[INFO] [stdout]     = help: or consider adding in `Cargo.toml` the `check-cfg` lint config for the lint:
[INFO] [stdout]              [lints.rust]
[INFO] [stdout]              unexpected_cfgs = { level = "warn", check-cfg = ['cfg(libseccomp_v2_6)'] }
[INFO] [stdout]     = help: or consider adding `println!("cargo::rustc-check-cfg=cfg(libseccomp_v2_6)");` to the top of the `build.rs`
[INFO] [stdout]     = note: see <https://doc.rust-lang.org/nightly/rustc/check-cfg/cargo-specifics.html> for more information about checking conditional configuration
[INFO] [stdout] 
[INFO] [stdout] 
[INFO] [stdout] warning: unexpected `cfg` condition name: `libseccomp_v2_6`
[INFO] [stdout]    --> tests/tests.rs:422:11
[INFO] [stdout]     |
[INFO] [stdout] 422 |     #[cfg(libseccomp_v2_6)]
[INFO] [stdout]     |           ^^^^^^^^^^^^^^^
[INFO] [stdout]     |
[INFO] [stdout]     = help: consider using a Cargo feature instead
[INFO] [stdout]     = help: or consider adding in `Cargo.toml` the `check-cfg` lint config for the lint:
[INFO] [stdout]              [lints.rust]
[INFO] [stdout]              unexpected_cfgs = { level = "warn", check-cfg = ['cfg(libseccomp_v2_6)'] }
[INFO] [stdout]     = help: or consider adding `println!("cargo::rustc-check-cfg=cfg(libseccomp_v2_6)");` to the top of the `build.rs`
[INFO] [stdout]     = note: see <https://doc.rust-lang.org/nightly/rustc/check-cfg/cargo-specifics.html> for more information about checking conditional configuration
[INFO] [stdout] 
[INFO] [stdout] 
[INFO] [stdout] warning: unexpected `cfg` condition name: `libseccomp_v2_6`
[INFO] [stdout]     --> src/filter_context.rs:1237:11
[INFO] [stdout]      |
[INFO] [stdout] 1237 | #[cfg(any(libseccomp_v2_6, all(doc, not(doctest))))]
[INFO] [stdout]      |           ^^^^^^^^^^^^^^^
[INFO] [stdout]      |
[INFO] [stdout]      = help: expected names are: `docsrs`, `feature`, and `test` and 34 more
[INFO] [stdout]      = help: consider using a Cargo feature instead
[INFO] [stdout]      = help: or consider adding in `Cargo.toml` the `check-cfg` lint config for the lint:
[INFO] [stdout]               [lints.rust]
[INFO] [stdout]               unexpected_cfgs = { level = "warn", check-cfg = ['cfg(libseccomp_v2_6)'] }
[INFO] [stdout]      = help: or consider adding `println!("cargo::rustc-check-cfg=cfg(libseccomp_v2_6)");` to the top of the `build.rs`
[INFO] [stdout]      = note: see <https://doc.rust-lang.org/nightly/rustc/check-cfg/cargo-specifics.html> for more information about checking conditional configuration
[INFO] [stdout]      = note: `#[warn(unexpected_cfgs)]` on by default
[INFO] [stdout] 
[INFO] [stdout] 
[INFO] [stderr]     Finished `release` profile [optimized] target(s) in 1.50s
[INFO] running `Command { std: "docker" "inspect" "44d0bf4d5f2c6dd07c359534df649e4f96b23e459ce0445e628bef19b6ed9531", kill_on_drop: false }`
[INFO] running `Command { std: "docker" "exec" "-e" "SOURCE_DIR=/opt/rustwide/workdir" "-e" "CARGO_HOME=/opt/rustwide/cargo-home" "-e" "RUSTUP_HOME=/opt/rustwide/rustup-home" "-e" "CARGO_TARGET_DIR=/opt/rustwide/target" "-e" "CARGO_INCREMENTAL=0" "-e" "RUST_BACKTRACE=full" "-e" "RUSTFLAGS=--cap-lints=warn" "-e" "RUSTDOCFLAGS=--cap-lints=warn" "-w" "/opt/rustwide/workdir" "--user" "0:0" "44d0bf4d5f2c6dd07c359534df649e4f96b23e459ce0445e628bef19b6ed9531" "/opt/rustwide/cargo-home/bin/cargo" "+1.100.0-beta.1" "test" "--frozen" "--release", kill_on_drop: false }`
[INFO] [stderr] warning: unexpected `cfg` condition name: `libseccomp_v2_6`
[INFO] [stderr]     --> src/filter_context.rs:1237:11
[INFO] [stderr]      |
[INFO] [stderr] 1237 | #[cfg(any(libseccomp_v2_6, all(doc, not(doctest))))]
[INFO] [stderr]      |           ^^^^^^^^^^^^^^^
[INFO] [stderr]      |
[INFO] [stderr]      = help: expected names are: `docsrs`, `feature`, and `test` and 34 more
[INFO] [stderr]      = help: consider using a Cargo feature instead
[INFO] [stderr]      = help: or consider adding in `Cargo.toml` the `check-cfg` lint config for the lint:
[INFO] [stderr]               [lints.rust]
[INFO] [stderr]               unexpected_cfgs = { level = "warn", check-cfg = ['cfg(libseccomp_v2_6)'] }
[INFO] [stderr]      = help: or consider adding `println!("cargo::rustc-check-cfg=cfg(libseccomp_v2_6)");` to the top of the `build.rs`
[INFO] [stderr]      = note: see <https://doc.rust-lang.org/nightly/rustc/check-cfg/cargo-specifics.html> for more information about checking conditional configuration
[INFO] [stderr]      = note: `#[warn(unexpected_cfgs)]` on by default
[INFO] [stderr] 
[INFO] [stderr] warning: `libseccomp` (lib) generated 1 warning
[INFO] [stderr] warning: `libseccomp` (lib test) generated 1 warning (1 duplicate)
[INFO] [stderr] warning: unexpected `cfg` condition name: `libseccomp_v2_6`
[INFO] [stderr]    --> tests/tests.rs:369:7
[INFO] [stderr]     |
[INFO] [stderr] 369 | #[cfg(libseccomp_v2_6)]
[INFO] [stderr]     |       ^^^^^^^^^^^^^^^
[INFO] [stderr]     |
[INFO] [stderr]     = help: expected names are: `docsrs`, `feature`, and `test` and 34 more
[INFO] [stderr]     = help: consider using a Cargo feature instead
[INFO] [stderr]     = help: or consider adding in `Cargo.toml` the `check-cfg` lint config for the lint:
[INFO] [stderr]              [lints.rust]
[INFO] [stderr]              unexpected_cfgs = { level = "warn", check-cfg = ['cfg(libseccomp_v2_6)'] }
[INFO] [stderr]     = help: or consider adding `println!("cargo::rustc-check-cfg=cfg(libseccomp_v2_6)");` to the top of the `build.rs`
[INFO] [stderr]     = note: see <https://doc.rust-lang.org/nightly/rustc/check-cfg/cargo-specifics.html> for more information about checking conditional configuration
[INFO] [stderr]     = note: `#[warn(unexpected_cfgs)]` on by default
[INFO] [stderr] 
[INFO] [stderr] warning: unexpected `cfg` condition name: `libseccomp_v2_6`
[INFO] [stderr]    --> tests/tests.rs:401:7
[INFO] [stderr]     |
[INFO] [stderr] 401 | #[cfg(libseccomp_v2_6)]
[INFO] [stderr]     |       ^^^^^^^^^^^^^^^
[INFO] [stderr]     |
[INFO] [stderr]     = help: consider using a Cargo feature instead
[INFO] [stderr]     = help: or consider adding in `Cargo.toml` the `check-cfg` lint config for the lint:
[INFO] [stderr]              [lints.rust]
[INFO] [stderr]              unexpected_cfgs = { level = "warn", check-cfg = ['cfg(libseccomp_v2_6)'] }
[INFO] [stderr]     = help: or consider adding `println!("cargo::rustc-check-cfg=cfg(libseccomp_v2_6)");` to the top of the `build.rs`
[INFO] [stderr]     = note: see <https://doc.rust-lang.org/nightly/rustc/check-cfg/cargo-specifics.html> for more information about checking conditional configuration
[INFO] [stderr] 
[INFO] [stderr] warning: unexpected `cfg` condition name: `libseccomp_v2_6`
[INFO] [stderr]    --> tests/tests.rs:422:11
[INFO] [stderr]     |
[INFO] [stderr] 422 |     #[cfg(libseccomp_v2_6)]
[INFO] [stderr]     |           ^^^^^^^^^^^^^^^
[INFO] [stderr]     |
[INFO] [stderr]     = help: consider using a Cargo feature instead
[INFO] [stderr]     = help: or consider adding in `Cargo.toml` the `check-cfg` lint config for the lint:
[INFO] [stderr]              [lints.rust]
[INFO] [stderr]              unexpected_cfgs = { level = "warn", check-cfg = ['cfg(libseccomp_v2_6)'] }
[INFO] [stderr]     = help: or consider adding `println!("cargo::rustc-check-cfg=cfg(libseccomp_v2_6)");` to the top of the `build.rs`
[INFO] [stderr]     = note: see <https://doc.rust-lang.org/nightly/rustc/check-cfg/cargo-specifics.html> for more information about checking conditional configuration
[INFO] [stderr] 
[INFO] [stderr] warning: `libseccomp` (test "tests") generated 3 warnings
[INFO] [stderr]     Finished `release` profile [optimized] target(s) in 0.02s
[INFO] [stderr]      Running unittests src/lib.rs (/opt/rustwide/target/release/build/libseccomp/0327d85857b50098/out/libseccomp-0327d85857b50098)
[INFO] [stdout] 
[INFO] [stdout] running 18 tests
[INFO] [stdout] test compare_op::tests::test_parse_compare_op ... ok
[INFO] [stdout] test error::tests::test_with_msg_and_source ... ok
[INFO] [stdout] test error::tests::test_source ... ok
[INFO] [stdout] test filter_attr::tests::test_parse_filter_attr ... ok
[INFO] [stdout] test filter_context::tests::test_as_ptr ... ok
[INFO] [stdout] test action::tests::test_parse_action ... ok
[INFO] [stdout] test api::tests::test_ensure_supported_api ... ok
[INFO] [stdout] test error::tests::test_debug ... ok
[INFO] [stdout] test error::tests::test_from ... ok
[INFO] [stdout] test arg_compare::tests::test_scmpargcompare ... ok
[INFO] [stdout] test error::tests::test_msg ... ok
[INFO] [stdout] test version::tests::test_ensure_supported_version ... ok
[INFO] [stdout] test error::tests::test_sysrawrc ... ok
[INFO] [stdout] test error::tests::test_with_msg ... ok
[INFO] [stdout] test error::tests::test_raw_ffi_value ... ok
[INFO] [stdout] test error::tests::test_display ... ok
[INFO] [stdout] test arch::tests::test_parse_arch ... ok
[INFO] [stdout] test error::tests::test_errno ... ok
[INFO] [stdout] 
[INFO] [stdout] test result: ok. 18 passed; 0 failed; 0 ignored; 0 measured; 0 filtered out; finished in 0.01s
[INFO] [stdout] 
[INFO] [stderr]      Running tests/global_reset.rs (/opt/rustwide/target/release/build/libseccomp/37a699dfdb0b731f/out/global_reset-37a699dfdb0b731f)
[INFO] [stdout] 
[INFO] [stdout] running 1 test
[INFO] [stderr]      Running tests/known_syscall_names.rs (/opt/rustwide/target/release/build/libseccomp/6475189fc1265129/out/known_syscall_names-6475189fc1265129)
[INFO] [stdout] test test_reset_global_state ... ok
[INFO] [stdout] 
[INFO] [stdout] test result: ok. 1 passed; 0 failed; 0 ignored; 0 measured; 0 filtered out; finished in 0.00s
[INFO] [stdout] 
[INFO] [stdout] 
[INFO] [stdout] running 0 tests
[INFO] [stdout] 
[INFO] [stdout] test result: ok. 0 passed; 0 failed; 0 ignored; 0 measured; 0 filtered out; finished in 0.00s
[INFO] [stdout] 
[INFO] [stderr]      Running tests/notify.rs (/opt/rustwide/target/release/build/libseccomp/79909437a1379a0c/out/notify-79909437a1379a0c)
[INFO] [stdout] 
[INFO] [stdout] running 3 tests
[INFO] [stdout] test test_error ... FAILED
[INFO] [stdout] test test_resp_new ... ok
[INFO] [stderr] error: test failed, to rerun pass `--test notify`
[INFO] [stdout] test test_user_notification ... ok
[INFO] [stdout] 
[INFO] [stdout] failures:
[INFO] [stdout] 
[INFO] [stdout] ---- test_error stdout ----
[INFO] [stdout] 
[INFO] [stdout] thread 'test_error' (355) panicked at tests/notify.rs:133:5:
[INFO] [stdout] assertion failed: ctx.get_notify_fd().is_err()
[INFO] [stdout] stack backtrace:
[INFO] [stdout]    0:     0x5e622bf04621 - <<std[617be2ca0a6fd877]::sys::backtrace::BacktraceLock>::print::DisplayBacktrace as core[a373ad73a504971]::fmt::Display>::fmt
[INFO] [stdout]    1:     0x5e622bf1851a - core[a373ad73a504971]::fmt::write
[INFO] [stdout]    2:     0x5e622bf0883c - <alloc[2e1b2a31b91974c5]::vec::Vec<u8> as core[a373ad73a504971]::io::write::Write>::write_fmt
[INFO] [stdout]    3:     0x5e622bee0a86 - std[617be2ca0a6fd877]::panicking::default_hook::{closure#0}
[INFO] [stdout]    4:     0x5e622befccb9 - std[617be2ca0a6fd877]::panicking::default_hook
[INFO] [stdout]    5:     0x5e622be979a0 - test[aada8e7e76ba119b]::test_main_inner::{closure#0}
[INFO] [stdout]    6:     0x5e622befce72 - std[617be2ca0a6fd877]::panicking::panic_with_hook
[INFO] [stdout]    7:     0x5e622bee0b64 - std[617be2ca0a6fd877]::panicking::panic_handler::{closure#0}
[INFO] [stdout]    8:     0x5e622bed9849 - std[617be2ca0a6fd877]::sys::backtrace::__rust_end_short_backtrace::<std[617be2ca0a6fd877]::panicking::panic_handler::{closure#0}, !>
[INFO] [stdout]    9:     0x5e622bee173d - __rustc[ea4f61d10b84890b]::rust_begin_unwind
[INFO] [stdout]   10:     0x5e622bf18c4c - core[a373ad73a504971]::panicking::panic_fmt
[INFO] [stdout]   11:     0x5e622bf18c12 - core[a373ad73a504971]::panicking::panic
[INFO] [stdout]   12:     0x5e622be89420 - <notify[c8afecbfe387428d]::test_error::{closure#0} as core[a373ad73a504971]::ops::function::FnOnce<()>>::call_once
[INFO] [stdout]   13:     0x5e622be8adeb - test[aada8e7e76ba119b]::__rust_begin_short_backtrace::<core[a373ad73a504971]::result::Result<(), alloc[2e1b2a31b91974c5]::string::String>, fn() -> core[a373ad73a504971]::result::Result<(), alloc[2e1b2a31b91974c5]::string::String>>
[INFO] [stdout]   14:     0x5e622be97fc5 - test[aada8e7e76ba119b]::run_test::{closure#0}
[INFO] [stdout]   15:     0x5e622be918b4 - std[617be2ca0a6fd877]::sys::backtrace::__rust_begin_short_backtrace::<test[aada8e7e76ba119b]::run_test::{closure#1}, ()>
[INFO] [stdout]   16:     0x5e622be9b052 - <std[617be2ca0a6fd877]::thread::lifecycle::spawn_unchecked<test[aada8e7e76ba119b]::run_test::{closure#1}, ()>::{closure#1} as core[a373ad73a504971]::ops::function::FnOnce<()>>::call_once::{shim:vtable#0}
[INFO] [stdout]   17:     0x5e622bf03e7f - <std[617be2ca0a6fd877]::sys::thread::unix::Thread>::new::thread_start
[INFO] [stdout]   18:     0x751b5238edfa - <unknown>
[INFO] [stdout]   19:     0x751b524223d4 - clone
[INFO] [stdout]   20:                0x0 - <unknown>
[INFO] [stdout] 
[INFO] [stdout] 
[INFO] [stdout] failures:
[INFO] [stdout]     test_error
[INFO] [stdout] 
[INFO] [stdout] test result: FAILED. 2 passed; 1 failed; 0 ignored; 0 measured; 0 filtered out; finished in 0.02s
[INFO] [stdout] 
[INFO] running `Command { std: "docker" "inspect" "44d0bf4d5f2c6dd07c359534df649e4f96b23e459ce0445e628bef19b6ed9531", kill_on_drop: false }`
[INFO] running `Command { std: "docker" "rm" "-f" "44d0bf4d5f2c6dd07c359534df649e4f96b23e459ce0445e628bef19b6ed9531", kill_on_drop: false }`
[INFO] [stdout] 44d0bf4d5f2c6dd07c359534df649e4f96b23e459ce0445e628bef19b6ed9531
