[INFO] fetching crate librustosa 0.1.0...
[INFO] testing librustosa-0.1.0 against 1.100.0-beta.1+cargoflags=--release for beta-release-1.100-2
[INFO] extracting crate librustosa 0.1.0 into /workspace/builds/worker-6-tc2/source
[INFO] started tweaking crates.io crate librustosa 0.1.0
[INFO] finished tweaking crates.io crate librustosa 0.1.0
[INFO] tweaked toml for crates.io crate librustosa 0.1.0 written to /workspace/builds/worker-6-tc2/source/Cargo.toml
[INFO] validating manifest of crates.io crate librustosa 0.1.0 on toolchain 1.100.0-beta.1
[INFO] running `Command { std: CARGO_HOME="/workspace/cargo-home" RUSTUP_HOME="/workspace/rustup-home" "/workspace/cargo-home/bin/cargo" "+1.100.0-beta.1" "metadata" "--manifest-path" "Cargo.toml" "--no-deps", kill_on_drop: false }`
[INFO] running `Command { std: CARGO_HOME="/workspace/cargo-home" RUSTUP_HOME="/workspace/rustup-home" "/workspace/cargo-home/bin/cargo" "+1.100.0-beta.1" "generate-lockfile" "--manifest-path" "Cargo.toml", kill_on_drop: false }`
[INFO] [stderr]     Updating crates.io index
[INFO] [stderr]      Locking 31 packages to highest compatible versions
[INFO] [stderr]       Adding fftw v0.7.0 (available: v0.8.0)
[INFO] [stderr]       Adding ndarray v0.15.6 (available: v0.17.2)
[INFO] running `Command { std: CARGO_HOME="/workspace/cargo-home" RUSTUP_HOME="/workspace/rustup-home" "/workspace/cargo-home/bin/cargo" "+1.100.0-beta.1" "fetch" "--manifest-path" "Cargo.toml", kill_on_drop: false }`
[INFO] [stderr] warning: Cargo.toml: `default_features` is deprecated in favor of `default-features` and will not work in the 2024 edition
[INFO] [stderr] (in the `fftw` dependency)
[INFO] [stderr] warning: `librustosa` (manifest) generated 1 warning
[INFO] running `Command { std: "docker" "create" "-v" "/var/lib/crater-agent-workspace/builds/worker-6-tc2/source:/opt/rustwide/workdir:ro,Z" "-v" "/var/lib/crater-agent-workspace/builds/worker-6-tc2/target:/opt/rustwide/target:rw,Z" "-v" "/var/lib/crater-agent-workspace/cargo-home:/opt/rustwide/cargo-home:ro,Z" "-v" "/var/lib/crater-agent-workspace/rustup-home:/opt/rustwide/rustup-home:ro,Z" "-m" "1610612736" "--network" "none" "ghcr.io/rust-lang/crates-build-env/linux@sha256:77db811e55d90add9212f6832c23229e3de5f1c1f9905e8cb07319ea15df73ac" "sleep" "infinity", kill_on_drop: false }`
[INFO] [stdout] 57a0ba7e5e8c3537441c381157e1d812919e4d6537bb281fff99101663d5e9a4
[INFO] running `Command { std: "docker" "start" "57a0ba7e5e8c3537441c381157e1d812919e4d6537bb281fff99101663d5e9a4", kill_on_drop: false }`
[INFO] running `Command { std: "docker" "inspect" "57a0ba7e5e8c3537441c381157e1d812919e4d6537bb281fff99101663d5e9a4", kill_on_drop: false }`
[INFO] running `Command { std: "docker" "exec" "-e" "SOURCE_DIR=/opt/rustwide/workdir" "-e" "CARGO_HOME=/opt/rustwide/cargo-home" "-e" "RUSTUP_HOME=/opt/rustwide/rustup-home" "-e" "CARGO_TARGET_DIR=/opt/rustwide/target" "-w" "/opt/rustwide/workdir" "--user" "0:0" "57a0ba7e5e8c3537441c381157e1d812919e4d6537bb281fff99101663d5e9a4" "/opt/rustwide/cargo-home/bin/cargo" "+1.100.0-beta.1" "metadata" "--no-deps" "--format-version=1", kill_on_drop: false }`
[INFO] running `Command { std: "docker" "inspect" "57a0ba7e5e8c3537441c381157e1d812919e4d6537bb281fff99101663d5e9a4", kill_on_drop: false }`
[INFO] running `Command { std: "docker" "exec" "-e" "SOURCE_DIR=/opt/rustwide/workdir" "-e" "CARGO_HOME=/opt/rustwide/cargo-home" "-e" "RUSTUP_HOME=/opt/rustwide/rustup-home" "-e" "CARGO_TARGET_DIR=/opt/rustwide/target" "-e" "CARGO_INCREMENTAL=0" "-e" "RUST_BACKTRACE=full" "-e" "RUSTFLAGS=--cap-lints=warn" "-e" "RUSTDOCFLAGS=--cap-lints=warn" "-w" "/opt/rustwide/workdir" "--user" "0:0" "57a0ba7e5e8c3537441c381157e1d812919e4d6537bb281fff99101663d5e9a4" "/opt/rustwide/cargo-home/bin/cargo" "+1.100.0-beta.1" "build" "--frozen" "--message-format=json" "--release", kill_on_drop: false }`
[INFO] [stderr] warning: Cargo.toml: `default_features` is deprecated in favor of `default-features` and will not work in the 2024 edition
[INFO] [stderr] (in the `fftw` dependency)
[INFO] [stderr] warning: `librustosa` (manifest) generated 1 warning
[INFO] [stderr]    Compiling matrixmultiply v0.3.11
[INFO] [stderr]    Compiling strider v0.1.3
[INFO] [stderr]    Compiling apodize v1.0.0
[INFO] [stderr]    Compiling num-integer v0.1.47
[INFO] [stderr]    Compiling num-bigint v0.4.8
[INFO] [stderr]    Compiling num-iter v0.1.46
[INFO] [stderr]    Compiling primal-check v0.3.4
[INFO] [stderr]    Compiling transpose v0.2.3
[INFO] [stderr]    Compiling rustfft v6.4.1
[INFO] [stderr]    Compiling ndarray v0.15.6
[INFO] [stderr]    Compiling num-rational v0.4.2
[INFO] [stderr]    Compiling num v0.4.3
[INFO] [stderr]    Compiling librustosa v0.1.0 (/opt/rustwide/workdir)
[INFO] [stdout] warning: use of deprecated module `std::i16`: all constants in this module replaced by associated constants on the type
[INFO] [stdout]  --> src/ringbuffer.rs:1:10
[INFO] [stdout]   |
[INFO] [stdout] 1 | use std::i16;
[INFO] [stdout]   |          ^^^
[INFO] [stdout]   |
[INFO] [stdout]   = note: `#[warn(deprecated)]` on by default
[INFO] [stdout] 
[INFO] [stdout] 
[INFO] [stdout] warning: use of deprecated constant `std::i16::MAX`: replaced by the `MAX` associated constant on this type
[INFO] [stdout]   --> src/ringbuffer.rs:34:68
[INFO] [stdout]    |
[INFO] [stdout] 34 |             out[i] = self.window[i] * (self.inner[j] as f64 / i16::MAX as f64);
[INFO] [stdout]    |                                                                    ^^^
[INFO] [stdout] 
[INFO] [stdout] 
[INFO] [stdout] warning: use of deprecated constant `std::i16::MAX`: replaced by the `MAX` associated constant on this type
[INFO] [stdout]   --> src/ringbuffer.rs:43:68
[INFO] [stdout]    |
[INFO] [stdout] 43 |             out[i] = self.window[i] * (self.inner[j] as f64 / i16::MAX as f64);
[INFO] [stdout]    |                                                                    ^^^
[INFO] [stdout] 
[INFO] [stdout] 
[INFO] [stderr] warning: unused dependency `ndarray`
[INFO] [stderr]   --> Cargo.toml:10:15
[INFO] [stderr]    |
[INFO] [stderr] 10 | [dependencies.ndarray]
[INFO] [stderr]    |               ^^^^^^^^
[INFO] [stderr]    |
[INFO] [stderr]    = note: `cargo::unused_dependencies` is set to `warn` by default
[INFO] [stderr] help: consider removing the dependency on `ndarray`
[INFO] [stderr] warning: unused dependency `num`
[INFO] [stderr]   --> Cargo.toml:13:15
[INFO] [stderr]    |
[INFO] [stderr] 13 | [dependencies.num]
[INFO] [stderr]    |               ^^^^
[INFO] [stderr]    |
[INFO] [stderr] help: consider removing the dependency on `num`
[INFO] [stderr] warning: `librustosa` (manifest) generated 2 warnings
[INFO] [stderr]     Finished `release` profile [optimized] target(s) in 22.55s
[INFO] running `Command { std: "docker" "inspect" "57a0ba7e5e8c3537441c381157e1d812919e4d6537bb281fff99101663d5e9a4", kill_on_drop: false }`
[INFO] running `Command { std: "docker" "exec" "-e" "SOURCE_DIR=/opt/rustwide/workdir" "-e" "CARGO_HOME=/opt/rustwide/cargo-home" "-e" "RUSTUP_HOME=/opt/rustwide/rustup-home" "-e" "CARGO_TARGET_DIR=/opt/rustwide/target" "-e" "CARGO_INCREMENTAL=0" "-e" "RUST_BACKTRACE=full" "-e" "RUSTFLAGS=--cap-lints=warn" "-e" "RUSTDOCFLAGS=--cap-lints=warn" "-w" "/opt/rustwide/workdir" "--user" "0:0" "57a0ba7e5e8c3537441c381157e1d812919e4d6537bb281fff99101663d5e9a4" "/opt/rustwide/cargo-home/bin/cargo" "+1.100.0-beta.1" "test" "--frozen" "--no-run" "--message-format=json" "--release", kill_on_drop: false }`
[INFO] [stderr] warning: Cargo.toml: `default_features` is deprecated in favor of `default-features` and will not work in the 2024 edition
[INFO] [stderr] (in the `fftw` dependency)
[INFO] [stderr] warning: `librustosa` (manifest) generated 1 warning
[INFO] [stderr]    Compiling librustosa v0.1.0 (/opt/rustwide/workdir)
[INFO] [stdout] warning: use of deprecated module `std::i16`: all constants in this module replaced by associated constants on the type
[INFO] [stdout]  --> src/ringbuffer.rs:1:10
[INFO] [stdout]   |
[INFO] [stdout] 1 | use std::i16;
[INFO] [stdout]   |          ^^^
[INFO] [stdout]   |
[INFO] [stdout]   = note: `#[warn(deprecated)]` on by default
[INFO] [stdout] 
[INFO] [stdout] 
[INFO] [stdout] warning: use of deprecated constant `std::i16::MAX`: replaced by the `MAX` associated constant on this type
[INFO] [stdout]   --> src/ringbuffer.rs:34:68
[INFO] [stdout]    |
[INFO] [stdout] 34 |             out[i] = self.window[i] * (self.inner[j] as f64 / i16::MAX as f64);
[INFO] [stdout]    |                                                                    ^^^
[INFO] [stdout] 
[INFO] [stdout] 
[INFO] [stdout] warning: use of deprecated constant `std::i16::MAX`: replaced by the `MAX` associated constant on this type
[INFO] [stdout]   --> src/ringbuffer.rs:43:68
[INFO] [stdout]    |
[INFO] [stdout] 43 |             out[i] = self.window[i] * (self.inner[j] as f64 / i16::MAX as f64);
[INFO] [stdout]    |                                                                    ^^^
[INFO] [stdout] 
[INFO] [stdout] 
[INFO] [stdout] warning: use of deprecated module `std::i16`: all constants in this module replaced by associated constants on the type
[INFO] [stdout]  --> src/ringbuffer.rs:1:10
[INFO] [stdout]   |
[INFO] [stdout] 1 | use std::i16;
[INFO] [stdout]   |          ^^^
[INFO] [stdout]   |
[INFO] [stdout]   = note: `#[warn(deprecated)]` on by default
[INFO] [stdout] 
[INFO] [stdout] 
[INFO] [stdout] warning: use of deprecated constant `std::i16::MAX`: replaced by the `MAX` associated constant on this type
[INFO] [stdout]   --> src/ringbuffer.rs:34:68
[INFO] [stdout]    |
[INFO] [stdout] 34 |             out[i] = self.window[i] * (self.inner[j] as f64 / i16::MAX as f64);
[INFO] [stdout]    |                                                                    ^^^
[INFO] [stdout] 
[INFO] [stdout] 
[INFO] [stdout] warning: use of deprecated constant `std::i16::MAX`: replaced by the `MAX` associated constant on this type
[INFO] [stdout]   --> src/ringbuffer.rs:43:68
[INFO] [stdout]    |
[INFO] [stdout] 43 |             out[i] = self.window[i] * (self.inner[j] as f64 / i16::MAX as f64);
[INFO] [stdout]    |                                                                    ^^^
[INFO] [stdout] 
[INFO] [stdout] 
[INFO] [stderr] warning: unused dependency `ndarray`
[INFO] [stderr]   --> Cargo.toml:10:15
[INFO] [stderr]    |
[INFO] [stderr] 10 | [dependencies.ndarray]
[INFO] [stderr]    |               ^^^^^^^^
[INFO] [stderr]    |
[INFO] [stderr]    = note: `cargo::unused_dependencies` is set to `warn` by default
[INFO] [stderr] help: consider removing the dependency on `ndarray`
[INFO] [stderr] warning: unused dependency `num`
[INFO] [stderr]   --> Cargo.toml:13:15
[INFO] [stderr]    |
[INFO] [stderr] 13 | [dependencies.num]
[INFO] [stderr]    |               ^^^^
[INFO] [stderr]    |
[INFO] [stderr] help: consider removing the dependency on `num`
[INFO] [stderr] warning: `librustosa` (manifest) generated 2 warnings
[INFO] [stderr]     Finished `release` profile [optimized] target(s) in 10.67s
[INFO] running `Command { std: "docker" "inspect" "57a0ba7e5e8c3537441c381157e1d812919e4d6537bb281fff99101663d5e9a4", kill_on_drop: false }`
[INFO] running `Command { std: "docker" "exec" "-e" "SOURCE_DIR=/opt/rustwide/workdir" "-e" "CARGO_HOME=/opt/rustwide/cargo-home" "-e" "RUSTUP_HOME=/opt/rustwide/rustup-home" "-e" "CARGO_TARGET_DIR=/opt/rustwide/target" "-e" "CARGO_INCREMENTAL=0" "-e" "RUST_BACKTRACE=full" "-e" "RUSTFLAGS=--cap-lints=warn" "-e" "RUSTDOCFLAGS=--cap-lints=warn" "-w" "/opt/rustwide/workdir" "--user" "0:0" "57a0ba7e5e8c3537441c381157e1d812919e4d6537bb281fff99101663d5e9a4" "/opt/rustwide/cargo-home/bin/cargo" "+1.100.0-beta.1" "test" "--frozen" "--release", kill_on_drop: false }`
[INFO] [stderr] warning: Cargo.toml: `default_features` is deprecated in favor of `default-features` and will not work in the 2024 edition
[INFO] [stderr] (in the `fftw` dependency)
[INFO] [stderr] warning: `librustosa` (manifest) generated 1 warning
[INFO] [stderr] warning: use of deprecated module `std::i16`: all constants in this module replaced by associated constants on the type
[INFO] [stderr]  --> src/ringbuffer.rs:1:10
[INFO] [stderr]   |
[INFO] [stderr] 1 | use std::i16;
[INFO] [stderr]   |          ^^^
[INFO] [stderr]   |
[INFO] [stderr]   = note: `#[warn(deprecated)]` on by default
[INFO] [stderr] 
[INFO] [stderr] warning: use of deprecated constant `std::i16::MAX`: replaced by the `MAX` associated constant on this type
[INFO] [stderr]   --> src/ringbuffer.rs:34:68
[INFO] [stderr]    |
[INFO] [stderr] 34 |             out[i] = self.window[i] * (self.inner[j] as f64 / i16::MAX as f64);
[INFO] [stderr]    |                                                                    ^^^
[INFO] [stderr] 
[INFO] [stderr] warning: use of deprecated constant `std::i16::MAX`: replaced by the `MAX` associated constant on this type
[INFO] [stderr]   --> src/ringbuffer.rs:43:68
[INFO] [stderr]    |
[INFO] [stderr] 43 |             out[i] = self.window[i] * (self.inner[j] as f64 / i16::MAX as f64);
[INFO] [stderr]    |                                                                    ^^^
[INFO] [stderr] 
[INFO] [stderr] warning: `librustosa` (lib) generated 3 warnings
[INFO] [stderr] warning: `librustosa` (lib test) generated 3 warnings (3 duplicates)
[INFO] [stderr] warning: unused dependency `ndarray`
[INFO] [stderr]   --> Cargo.toml:10:15
[INFO] [stderr]    |
[INFO] [stderr] 10 | [dependencies.ndarray]
[INFO] [stderr]    |               ^^^^^^^^
[INFO] [stderr]    |
[INFO] [stderr]    = note: `cargo::unused_dependencies` is set to `warn` by default
[INFO] [stderr] help: consider removing the dependency on `ndarray`
[INFO] [stderr] warning: unused dependency `num`
[INFO] [stderr]   --> Cargo.toml:13:15
[INFO] [stderr]    |
[INFO] [stderr] 13 | [dependencies.num]
[INFO] [stderr]    |               ^^^^
[INFO] [stderr]    |
[INFO] [stderr] help: consider removing the dependency on `num`
[INFO] [stderr] warning: `librustosa` (manifest) generated 2 warnings
[INFO] [stderr]     Finished `release` profile [optimized] target(s) in 0.04s
[INFO] [stderr]      Running unittests src/lib.rs (/opt/rustwide/target/release/build/librustosa/22a450591015cee9/out/librustosa-22a450591015cee9)
[INFO] [stdout] 
[INFO] [stdout] running 2 tests
[INFO] [stdout] test stft::tests::test_stft ... ok
[INFO] [stdout] test stft::tests::test_log10_positive ... FAILED
[INFO] [stdout] 
[INFO] [stdout] failures:
[INFO] [stdout] 
[INFO] [stdout] ---- stft::tests::test_log10_positive stdout ----
[INFO] [stdout] 
[INFO] [stdout] thread 'stft::tests::test_log10_positive' (371) panicked at src/stft.rs:284:9:
[INFO] [stdout] assertion `left == right` failed
[INFO] [stdout]   left: NaN
[INFO] [stdout]  right: 0.0
[INFO] [stdout] stack backtrace:
[INFO] [stdout]    0:     0x5d4e64ede9d1 - <<std[617be2ca0a6fd877]::sys::backtrace::BacktraceLock>::print::DisplayBacktrace as core[a373ad73a504971]::fmt::Display>::fmt
[INFO] [stdout]    1:     0x5d4e64ef371a - core[a373ad73a504971]::fmt::write
[INFO] [stdout]    2:     0x5d4e64ee2bec - <alloc[2e1b2a31b91974c5]::vec::Vec<u8> as core[a373ad73a504971]::io::write::Write>::write_fmt
[INFO] [stdout]    3:     0x5d4e64ebae36 - std[617be2ca0a6fd877]::panicking::default_hook::{closure#0}
[INFO] [stdout]    4:     0x5d4e64ed7069 - std[617be2ca0a6fd877]::panicking::default_hook
[INFO] [stdout]    5:     0x5d4e64e6dfa0 - test[aada8e7e76ba119b]::test_main_inner::{closure#0}
[INFO] [stdout]    6:     0x5d4e64ed7222 - std[617be2ca0a6fd877]::panicking::panic_with_hook
[INFO] [stdout]    7:     0x5d4e64ebaee2 - std[617be2ca0a6fd877]::panicking::panic_handler::{closure#0}
[INFO] [stdout]    8:     0x5d4e64eb3bf9 - std[617be2ca0a6fd877]::sys::backtrace::__rust_end_short_backtrace::<std[617be2ca0a6fd877]::panicking::panic_handler::{closure#0}, !>
[INFO] [stdout]    9:     0x5d4e64ebbaed - __rustc[ea4f61d10b84890b]::rust_begin_unwind
[INFO] [stdout]   10:     0x5d4e64ef3e4c - core[a373ad73a504971]::panicking::panic_fmt
[INFO] [stdout]   11:     0x5d4e64ef3d63 - core[a373ad73a504971]::panicking::assert_failed_inner
[INFO] [stdout]   12:     0x5d4e64e4671c - core[a373ad73a504971]::panicking::assert_failed::<f64, f64>
[INFO] [stdout]   13:     0x5d4e64e49065 - <librustosa[3a154cddee01b7e0]::stft::tests::test_log10_positive::{closure#0} as core[a373ad73a504971]::ops::function::FnOnce<()>>::call_once
[INFO] [stdout]   14:     0x5d4e64e613eb - test[aada8e7e76ba119b]::__rust_begin_short_backtrace::<core[a373ad73a504971]::result::Result<(), alloc[2e1b2a31b91974c5]::string::String>, fn() -> core[a373ad73a504971]::result::Result<(), alloc[2e1b2a31b91974c5]::string::String>>
[INFO] [stdout]   15:     0x5d4e64e6e5c5 - test[aada8e7e76ba119b]::run_test::{closure#0}
[INFO] [stdout]   16:     0x5d4e64e67eb4 - std[617be2ca0a6fd877]::sys::backtrace::__rust_begin_short_backtrace::<test[aada8e7e76ba119b]::run_test::{closure#1}, ()>
[INFO] [stdout]   17:     0x5d4e64e71652 - <std[617be2ca0a6fd877]::thread::lifecycle::spawn_unchecked<test[aada8e7e76ba119b]::run_test::{closure#1}, ()>::{closure#1} as core[a373ad73a504971]::ops::function::FnOnce<()>>::call_once::{shim:vtable#0}
[INFO] [stdout]   18:     0x5d4e64ede22f - <std[617be2ca0a6fd877]::sys::thread::unix::Thread>::new::thread_start
[INFO] [stdout]   19:     0x7f0d14bf7dfa - <unknown>
[INFO] [stdout]   20:     0x7f0d14c8b3d4 - clone
[INFO] [stdout]   21:                0x0 - <unknown>
[INFO] [stdout] 
[INFO] [stdout] 
[INFO] [stdout] failures:
[INFO] [stdout]     stft::tests::test_log10_positive
[INFO] [stdout] 
[INFO] [stdout] test result: FAILED. 1 passed; 1 failed; 0 ignored; 0 measured; 0 filtered out; finished in 0.00s
[INFO] [stdout] 
[INFO] [stderr] error: test failed, to rerun pass `--lib`
[INFO] running `Command { std: "docker" "inspect" "57a0ba7e5e8c3537441c381157e1d812919e4d6537bb281fff99101663d5e9a4", kill_on_drop: false }`
[INFO] running `Command { std: "docker" "rm" "-f" "57a0ba7e5e8c3537441c381157e1d812919e4d6537bb281fff99101663d5e9a4", kill_on_drop: false }`
[INFO] [stdout] 57a0ba7e5e8c3537441c381157e1d812919e4d6537bb281fff99101663d5e9a4
