[INFO] fetching crate librusimg 0.1.1...
[INFO] testing librusimg-0.1.1 against 1.100.0-beta.1+cargoflags=--release for beta-release-1.100-2
[INFO] extracting crate librusimg 0.1.1 into /workspace/builds/worker-1-tc2/source
[INFO] started tweaking crates.io crate librusimg 0.1.1
[INFO] finished tweaking crates.io crate librusimg 0.1.1
[INFO] tweaked toml for crates.io crate librusimg 0.1.1 written to /workspace/builds/worker-1-tc2/source/Cargo.toml
[INFO] validating manifest of crates.io crate librusimg 0.1.1 on toolchain 1.100.0-beta.1
[INFO] running `Command { std: CARGO_HOME="/workspace/cargo-home" RUSTUP_HOME="/workspace/rustup-home" "/workspace/cargo-home/bin/cargo" "+1.100.0-beta.1" "metadata" "--manifest-path" "Cargo.toml" "--no-deps", kill_on_drop: false }`
[INFO] crate crates.io crate librusimg 0.1.1 already has a lockfile, it will not be regenerated
[INFO] running `Command { std: CARGO_HOME="/workspace/cargo-home" RUSTUP_HOME="/workspace/rustup-home" "/workspace/cargo-home/bin/cargo" "+1.100.0-beta.1" "fetch" "--manifest-path" "Cargo.toml", kill_on_drop: false }`
[INFO] running `Command { std: "docker" "create" "-v" "/var/lib/crater-agent-workspace/builds/worker-1-tc2/source:/opt/rustwide/workdir:ro,Z" "-v" "/var/lib/crater-agent-workspace/builds/worker-1-tc2/target:/opt/rustwide/target:rw,Z" "-v" "/var/lib/crater-agent-workspace/cargo-home:/opt/rustwide/cargo-home:ro,Z" "-v" "/var/lib/crater-agent-workspace/rustup-home:/opt/rustwide/rustup-home:ro,Z" "-m" "1610612736" "--network" "none" "ghcr.io/rust-lang/crates-build-env/linux@sha256:77db811e55d90add9212f6832c23229e3de5f1c1f9905e8cb07319ea15df73ac" "sleep" "infinity", kill_on_drop: false }`
[INFO] [stdout] 586bdca575896df41a5d2d1ba51d7f9475c432ffd8cd0a7741589a5d43a54e3e
[INFO] running `Command { std: "docker" "start" "586bdca575896df41a5d2d1ba51d7f9475c432ffd8cd0a7741589a5d43a54e3e", kill_on_drop: false }`
[INFO] running `Command { std: "docker" "inspect" "586bdca575896df41a5d2d1ba51d7f9475c432ffd8cd0a7741589a5d43a54e3e", kill_on_drop: false }`
[INFO] running `Command { std: "docker" "exec" "-e" "SOURCE_DIR=/opt/rustwide/workdir" "-e" "CARGO_HOME=/opt/rustwide/cargo-home" "-e" "RUSTUP_HOME=/opt/rustwide/rustup-home" "-e" "CARGO_TARGET_DIR=/opt/rustwide/target" "-w" "/opt/rustwide/workdir" "--user" "0:0" "586bdca575896df41a5d2d1ba51d7f9475c432ffd8cd0a7741589a5d43a54e3e" "/opt/rustwide/cargo-home/bin/cargo" "+1.100.0-beta.1" "metadata" "--no-deps" "--format-version=1", kill_on_drop: false }`
[INFO] running `Command { std: "docker" "inspect" "586bdca575896df41a5d2d1ba51d7f9475c432ffd8cd0a7741589a5d43a54e3e", kill_on_drop: false }`
[INFO] running `Command { std: "docker" "exec" "-e" "SOURCE_DIR=/opt/rustwide/workdir" "-e" "CARGO_HOME=/opt/rustwide/cargo-home" "-e" "RUSTUP_HOME=/opt/rustwide/rustup-home" "-e" "CARGO_TARGET_DIR=/opt/rustwide/target" "-e" "CARGO_INCREMENTAL=0" "-e" "RUST_BACKTRACE=full" "-e" "RUSTFLAGS=--cap-lints=warn" "-e" "RUSTDOCFLAGS=--cap-lints=warn" "-w" "/opt/rustwide/workdir" "--user" "0:0" "586bdca575896df41a5d2d1ba51d7f9475c432ffd8cd0a7741589a5d43a54e3e" "/opt/rustwide/cargo-home/bin/cargo" "+1.100.0-beta.1" "build" "--frozen" "--message-format=json" "--release", kill_on_drop: false }`
[INFO] [stderr]    Compiling libc v0.2.172
[INFO] [stderr]    Compiling rayon-core v1.12.1
[INFO] [stderr]    Compiling simd-adler32 v0.3.7
[INFO] [stderr]    Compiling adler2 v2.0.0
[INFO] [stderr]    Compiling built v0.7.7
[INFO] [stderr]    Compiling rustix v1.0.7
[INFO] [stderr]    Compiling aligned-vec v0.5.0
[INFO] [stderr]    Compiling num-traits v0.2.19
[INFO] [stderr]    Compiling syn v2.0.101
[INFO] [stderr]    Compiling bytemuck v1.23.0
[INFO] [stderr]    Compiling nom v7.1.3
[INFO] [stderr]    Compiling crc32fast v1.4.2
[INFO] [stderr]    Compiling bitflags v2.9.0
[INFO] [stderr]    Compiling linux-raw-sys v0.9.4
[INFO] [stderr]    Compiling anstream v0.6.18
[INFO] [stderr]    Compiling simd_helpers v0.1.0
[INFO] [stderr]    Compiling miniz_oxide v0.8.8
[INFO] [stderr]    Compiling itertools v0.12.1
[INFO] [stderr]    Compiling noop_proc_macro v0.3.0
[INFO] [stderr]    Compiling glob v0.3.2
[INFO] [stderr]    Compiling rgb v0.8.50
[INFO] [stderr]    Compiling new_debug_unreachable v1.0.6
[INFO] [stderr]    Compiling bitstream-io v2.6.0
[INFO] [stderr]    Compiling weezl v0.1.8
[INFO] [stderr]    Compiling imgref v1.11.0
[INFO] [stderr]    Compiling rav1e v0.7.1
[INFO] [stderr]    Compiling radium v0.7.0
[INFO] [stderr]    Compiling loop9 v0.1.5
[INFO] [stderr]    Compiling fdeflate v0.3.7
[INFO] [stderr]    Compiling zune-inflate v0.2.54
[INFO] [stderr]    Compiling avif-serialize v0.8.3
[INFO] [stderr]    Compiling half v2.6.0
[INFO] [stderr]    Compiling jpeg-decoder v0.3.1
[INFO] [stderr]    Compiling clap_lex v0.7.4
[INFO] [stderr]    Compiling jobserver v0.1.33
[INFO] [stderr]    Compiling rayon v1.10.0
[INFO] [stderr]    Compiling cc v1.2.21
[INFO] [stderr]    Compiling flate2 v1.1.1
[INFO] [stderr]    Compiling color_quant v1.1.0
[INFO] [stderr]    Compiling tap v1.0.1
[INFO] [stderr]    Compiling byteorder-lite v0.1.0
[INFO] [stderr]    Compiling bit_field v0.10.2
[INFO] [stderr]    Compiling zune-core v0.4.12
[INFO] [stderr]    Compiling num-integer v0.1.46
[INFO] [stderr]    Compiling v_frame v0.3.8
[INFO] [stderr]    Compiling lebe v0.5.2
[INFO] [stderr]    Compiling png v0.17.16
[INFO] [stderr]    Compiling tiff v0.9.1
[INFO] [stderr]    Compiling terminal_size v0.4.2
[INFO] [stderr]    Compiling clap_builder v4.5.37
[INFO] [stderr]    Compiling exr v1.73.0
[INFO] [stderr]    Compiling zune-jpeg v0.4.14
[INFO] [stderr]    Compiling num-bigint v0.4.6
[INFO] [stderr]    Compiling image-webp v0.2.1
[INFO] [stderr]    Compiling wyz v0.5.1
[INFO] [stderr]    Compiling gif v0.13.1
[INFO] [stderr]    Compiling qoi v0.4.1
[INFO] [stderr]    Compiling env_filter v0.1.3
[INFO] [stderr]    Compiling hashbrown v0.15.3
[INFO] [stderr]    Compiling funty v2.0.0
[INFO] [stderr]    Compiling libdeflate-sys v1.23.1
[INFO] [stderr]    Compiling libwebp-sys v0.9.6
[INFO] [stderr]    Compiling bumpalo v3.17.0
[INFO] [stderr]    Compiling bitvec v1.0.1
[INFO] [stderr]    Compiling zopfli v0.8.2
[INFO] [stderr]    Compiling env_logger v0.11.8
[INFO] [stderr]    Compiling maybe-rayon v0.1.1
[INFO] [stderr]    Compiling indexmap v2.9.0
[INFO] [stderr]    Compiling filetime v0.2.25
[INFO] [stderr]    Compiling crossbeam-channel v0.5.15
[INFO] [stderr]    Compiling rustc-hash v2.1.1
[INFO] [stderr]    Compiling jpeg-encoder v0.6.1
[INFO] [stderr]    Compiling num-rational v0.4.2
[INFO] [stderr]    Compiling av1-grain v0.2.3
[INFO] [stderr]    Compiling clap v4.5.37
[INFO] [stderr]    Compiling thiserror-impl v1.0.69
[INFO] [stderr]    Compiling profiling-procmacros v1.0.16
[INFO] [stderr]    Compiling num-derive v0.4.2
[INFO] [stderr]    Compiling arg_enum_proc_macro v0.3.4
[INFO] [stderr]    Compiling profiling v1.0.16
[INFO] [stderr]    Compiling thiserror v1.0.69
[INFO] [stderr]    Compiling libdeflater v1.23.1
[INFO] [stderr]    Compiling oxipng v9.1.5
[INFO] [stderr]    Compiling ravif v0.11.12
[INFO] [stderr]    Compiling image v0.25.6
[INFO] [stderr]    Compiling webp v0.3.0
[INFO] [stderr]    Compiling librusimg v0.1.1 (/opt/rustwide/workdir)
[INFO] [stdout] warning: unnecessary parentheses around type
[INFO] [stdout]    --> src/backend.rs:309:127
[INFO] [stdout]     |
[INFO] [stdout] 309 | ...on<PathBuf>, metadata: Option<Metadata>) -> Result<Box<(dyn BackendTrait)>, RusimgError> {
[INFO] [stdout]     |                                                           ^                ^
[INFO] [stdout]     |
[INFO] [stdout]     = note: `#[warn(unused_parens)]` (part of `#[warn(unused)]`) on by default
[INFO] [stdout] help: remove these parentheses
[INFO] [stdout]     |
[INFO] [stdout] 309 - pub fn convert_to_bmp_image(dynamic_image: DynamicImage, filepath: Option<PathBuf>, metadata: Option<Metadata>) -> Result<Box<(dyn BackendTrait)>, RusimgError> {
[INFO] [stdout] 309 + pub fn convert_to_bmp_image(dynamic_image: DynamicImage, filepath: Option<PathBuf>, metadata: Option<Metadata>) -> Result<Box<dyn BackendTrait>, RusimgError> {
[INFO] [stdout]     |
[INFO] [stdout] 
[INFO] [stdout] 
[INFO] [stdout] warning: unnecessary parentheses around type
[INFO] [stdout]    --> src/backend.rs:321:128
[INFO] [stdout]     |
[INFO] [stdout] 321 | ...on<PathBuf>, metadata: Option<Metadata>) -> Result<Box<(dyn BackendTrait)>, RusimgError> {
[INFO] [stdout]     |                                                           ^                ^
[INFO] [stdout]     |
[INFO] [stdout] help: remove these parentheses
[INFO] [stdout]     |
[INFO] [stdout] 321 - pub fn convert_to_jpeg_image(dynamic_image: DynamicImage, filepath: Option<PathBuf>, metadata: Option<Metadata>) -> Result<Box<(dyn BackendTrait)>, RusimgError> {
[INFO] [stdout] 321 + pub fn convert_to_jpeg_image(dynamic_image: DynamicImage, filepath: Option<PathBuf>, metadata: Option<Metadata>) -> Result<Box<dyn BackendTrait>, RusimgError> {
[INFO] [stdout]     |
[INFO] [stdout] 
[INFO] [stdout] 
[INFO] [stdout] warning: unnecessary parentheses around type
[INFO] [stdout]    --> src/backend.rs:333:127
[INFO] [stdout]     |
[INFO] [stdout] 333 | ...on<PathBuf>, metadata: Option<Metadata>) -> Result<Box<(dyn BackendTrait)>, RusimgError> {
[INFO] [stdout]     |                                                           ^                ^
[INFO] [stdout]     |
[INFO] [stdout] help: remove these parentheses
[INFO] [stdout]     |
[INFO] [stdout] 333 - pub fn convert_to_png_image(dynamic_image: DynamicImage, filepath: Option<PathBuf>, metadata: Option<Metadata>) -> Result<Box<(dyn BackendTrait)>, RusimgError> {
[INFO] [stdout] 333 + pub fn convert_to_png_image(dynamic_image: DynamicImage, filepath: Option<PathBuf>, metadata: Option<Metadata>) -> Result<Box<dyn BackendTrait>, RusimgError> {
[INFO] [stdout]     |
[INFO] [stdout] 
[INFO] [stdout] 
[INFO] [stdout] warning: unnecessary parentheses around type
[INFO] [stdout]    --> src/backend.rs:345:128
[INFO] [stdout]     |
[INFO] [stdout] 345 | ...on<PathBuf>, metadata: Option<Metadata>) -> Result<Box<(dyn BackendTrait)>, RusimgError> {
[INFO] [stdout]     |                                                           ^                ^
[INFO] [stdout]     |
[INFO] [stdout] help: remove these parentheses
[INFO] [stdout]     |
[INFO] [stdout] 345 - pub fn convert_to_webp_image(dynamic_image: DynamicImage, filepath: Option<PathBuf>, metadata: Option<Metadata>) -> Result<Box<(dyn BackendTrait)>, RusimgError> {
[INFO] [stdout] 345 + pub fn convert_to_webp_image(dynamic_image: DynamicImage, filepath: Option<PathBuf>, metadata: Option<Metadata>) -> Result<Box<dyn BackendTrait>, RusimgError> {
[INFO] [stdout]     |
[INFO] [stdout] 
[INFO] [stdout] 
[INFO] [stdout] warning: unnecessary parentheses around type
[INFO] [stdout]   --> src/lib.rs:17:15
[INFO] [stdout]    |
[INFO] [stdout] 17 |     data: Box<(dyn BackendTrait)>,
[INFO] [stdout]    |               ^                ^
[INFO] [stdout]    |
[INFO] [stdout] help: remove these parentheses
[INFO] [stdout]    |
[INFO] [stdout] 17 -     data: Box<(dyn BackendTrait)>,
[INFO] [stdout] 17 +     data: Box<dyn BackendTrait>,
[INFO] [stdout]    |
[INFO] [stdout] 
[INFO] [stdout] 
[INFO] [stdout] warning: unnecessary parentheses around type
[INFO] [stdout]   --> src/lib.rs:40:54
[INFO] [stdout]    |
[INFO] [stdout] 40 |     pub fn assemble(extension: &Extension, data: Box<(dyn BackendTrait)>) -> Result<Self, RusimgError> {
[INFO] [stdout]    |                                                      ^                ^
[INFO] [stdout]    |
[INFO] [stdout] help: remove these parentheses
[INFO] [stdout]    |
[INFO] [stdout] 40 -     pub fn assemble(extension: &Extension, data: Box<(dyn BackendTrait)>) -> Result<Self, RusimgError> {
[INFO] [stdout] 40 +     pub fn assemble(extension: &Extension, data: Box<dyn BackendTrait>) -> Result<Self, RusimgError> {
[INFO] [stdout]    |
[INFO] [stdout] 
[INFO] [stdout] 
[INFO] [stdout] warning: unnecessary parentheses around type
[INFO] [stdout]    --> src/lib.rs:115:28
[INFO] [stdout]     |
[INFO] [stdout] 115 |         let new_image: Box<(dyn BackendTrait)> = match new_extension {
[INFO] [stdout]     |                            ^                ^
[INFO] [stdout]     |
[INFO] [stdout] help: remove these parentheses
[INFO] [stdout]     |
[INFO] [stdout] 115 -         let new_image: Box<(dyn BackendTrait)> = match new_extension {
[INFO] [stdout] 115 +         let new_image: Box<dyn BackendTrait> = match new_extension {
[INFO] [stdout]     |
[INFO] [stdout] 
[INFO] [stdout] 
[INFO] [stderr]     Finished `release` profile [optimized] target(s) in 2m 14s
[INFO] running `Command { std: "docker" "inspect" "586bdca575896df41a5d2d1ba51d7f9475c432ffd8cd0a7741589a5d43a54e3e", kill_on_drop: false }`
[INFO] running `Command { std: "docker" "exec" "-e" "SOURCE_DIR=/opt/rustwide/workdir" "-e" "CARGO_HOME=/opt/rustwide/cargo-home" "-e" "RUSTUP_HOME=/opt/rustwide/rustup-home" "-e" "CARGO_TARGET_DIR=/opt/rustwide/target" "-e" "CARGO_INCREMENTAL=0" "-e" "RUST_BACKTRACE=full" "-e" "RUSTFLAGS=--cap-lints=warn" "-e" "RUSTDOCFLAGS=--cap-lints=warn" "-w" "/opt/rustwide/workdir" "--user" "0:0" "586bdca575896df41a5d2d1ba51d7f9475c432ffd8cd0a7741589a5d43a54e3e" "/opt/rustwide/cargo-home/bin/cargo" "+1.100.0-beta.1" "test" "--frozen" "--no-run" "--message-format=json" "--release", kill_on_drop: false }`
[INFO] [stderr]    Compiling librusimg v0.1.1 (/opt/rustwide/workdir)
[INFO] [stdout] warning: unnecessary parentheses around type
[INFO] [stdout]    --> src/backend.rs:309:127
[INFO] [stdout]     |
[INFO] [stdout] 309 | ...on<PathBuf>, metadata: Option<Metadata>) -> Result<Box<(dyn BackendTrait)>, RusimgError> {
[INFO] [stdout]     |                                                           ^                ^
[INFO] [stdout]     |
[INFO] [stdout]     = note: `#[warn(unused_parens)]` (part of `#[warn(unused)]`) on by default
[INFO] [stdout] help: remove these parentheses
[INFO] [stdout]     |
[INFO] [stdout] 309 - pub fn convert_to_bmp_image(dynamic_image: DynamicImage, filepath: Option<PathBuf>, metadata: Option<Metadata>) -> Result<Box<(dyn BackendTrait)>, RusimgError> {
[INFO] [stdout] 309 + pub fn convert_to_bmp_image(dynamic_image: DynamicImage, filepath: Option<PathBuf>, metadata: Option<Metadata>) -> Result<Box<dyn BackendTrait>, RusimgError> {
[INFO] [stdout]     |
[INFO] [stdout] 
[INFO] [stdout] 
[INFO] [stdout] warning: unnecessary parentheses around type
[INFO] [stdout]    --> src/backend.rs:321:128
[INFO] [stdout]     |
[INFO] [stdout] 321 | ...on<PathBuf>, metadata: Option<Metadata>) -> Result<Box<(dyn BackendTrait)>, RusimgError> {
[INFO] [stdout]     |                                                           ^                ^
[INFO] [stdout]     |
[INFO] [stdout] help: remove these parentheses
[INFO] [stdout]     |
[INFO] [stdout] 321 - pub fn convert_to_jpeg_image(dynamic_image: DynamicImage, filepath: Option<PathBuf>, metadata: Option<Metadata>) -> Result<Box<(dyn BackendTrait)>, RusimgError> {
[INFO] [stdout] 321 + pub fn convert_to_jpeg_image(dynamic_image: DynamicImage, filepath: Option<PathBuf>, metadata: Option<Metadata>) -> Result<Box<dyn BackendTrait>, RusimgError> {
[INFO] [stdout]     |
[INFO] [stdout] 
[INFO] [stdout] 
[INFO] [stdout] warning: unnecessary parentheses around type
[INFO] [stdout]    --> src/backend.rs:333:127
[INFO] [stdout]     |
[INFO] [stdout] 333 | ...on<PathBuf>, metadata: Option<Metadata>) -> Result<Box<(dyn BackendTrait)>, RusimgError> {
[INFO] [stdout]     |                                                           ^                ^
[INFO] [stdout]     |
[INFO] [stdout] help: remove these parentheses
[INFO] [stdout]     |
[INFO] [stdout] 333 - pub fn convert_to_png_image(dynamic_image: DynamicImage, filepath: Option<PathBuf>, metadata: Option<Metadata>) -> Result<Box<(dyn BackendTrait)>, RusimgError> {
[INFO] [stdout] 333 + pub fn convert_to_png_image(dynamic_image: DynamicImage, filepath: Option<PathBuf>, metadata: Option<Metadata>) -> Result<Box<dyn BackendTrait>, RusimgError> {
[INFO] [stdout]     |
[INFO] [stdout] 
[INFO] [stdout] 
[INFO] [stdout] warning: unnecessary parentheses around type
[INFO] [stdout]    --> src/backend.rs:345:128
[INFO] [stdout]     |
[INFO] [stdout] 345 | ...on<PathBuf>, metadata: Option<Metadata>) -> Result<Box<(dyn BackendTrait)>, RusimgError> {
[INFO] [stdout]     |                                                           ^                ^
[INFO] [stdout]     |
[INFO] [stdout] help: remove these parentheses
[INFO] [stdout]     |
[INFO] [stdout] 345 - pub fn convert_to_webp_image(dynamic_image: DynamicImage, filepath: Option<PathBuf>, metadata: Option<Metadata>) -> Result<Box<(dyn BackendTrait)>, RusimgError> {
[INFO] [stdout] 345 + pub fn convert_to_webp_image(dynamic_image: DynamicImage, filepath: Option<PathBuf>, metadata: Option<Metadata>) -> Result<Box<dyn BackendTrait>, RusimgError> {
[INFO] [stdout]     |
[INFO] [stdout] 
[INFO] [stdout] 
[INFO] [stdout] warning: unnecessary parentheses around type
[INFO] [stdout]   --> src/lib.rs:17:15
[INFO] [stdout]    |
[INFO] [stdout] 17 |     data: Box<(dyn BackendTrait)>,
[INFO] [stdout]    |               ^                ^
[INFO] [stdout]    |
[INFO] [stdout] help: remove these parentheses
[INFO] [stdout]    |
[INFO] [stdout] 17 -     data: Box<(dyn BackendTrait)>,
[INFO] [stdout] 17 +     data: Box<dyn BackendTrait>,
[INFO] [stdout]    |
[INFO] [stdout] 
[INFO] [stdout] 
[INFO] [stdout] warning: unnecessary parentheses around type
[INFO] [stdout]   --> src/lib.rs:40:54
[INFO] [stdout]    |
[INFO] [stdout] 40 |     pub fn assemble(extension: &Extension, data: Box<(dyn BackendTrait)>) -> Result<Self, RusimgError> {
[INFO] [stdout]    |                                                      ^                ^
[INFO] [stdout]    |
[INFO] [stdout] help: remove these parentheses
[INFO] [stdout]    |
[INFO] [stdout] 40 -     pub fn assemble(extension: &Extension, data: Box<(dyn BackendTrait)>) -> Result<Self, RusimgError> {
[INFO] [stdout] 40 +     pub fn assemble(extension: &Extension, data: Box<dyn BackendTrait>) -> Result<Self, RusimgError> {
[INFO] [stdout]    |
[INFO] [stdout] 
[INFO] [stdout] 
[INFO] [stdout] warning: unnecessary parentheses around type
[INFO] [stdout]    --> src/lib.rs:115:28
[INFO] [stdout]     |
[INFO] [stdout] 115 |         let new_image: Box<(dyn BackendTrait)> = match new_extension {
[INFO] [stdout]     |                            ^                ^
[INFO] [stdout]     |
[INFO] [stdout] help: remove these parentheses
[INFO] [stdout]     |
[INFO] [stdout] 115 -         let new_image: Box<(dyn BackendTrait)> = match new_extension {
[INFO] [stdout] 115 +         let new_image: Box<dyn BackendTrait> = match new_extension {
[INFO] [stdout]     |
[INFO] [stdout] 
[INFO] [stdout] 
[INFO] [stdout] warning: unnecessary parentheses around type
[INFO] [stdout]    --> src/backend.rs:309:127
[INFO] [stdout]     |
[INFO] [stdout] 309 | ...on<PathBuf>, metadata: Option<Metadata>) -> Result<Box<(dyn BackendTrait)>, RusimgError> {
[INFO] [stdout]     |                                                           ^                ^
[INFO] [stdout]     |
[INFO] [stdout]     = note: `#[warn(unused_parens)]` (part of `#[warn(unused)]`) on by default
[INFO] [stdout] help: remove these parentheses
[INFO] [stdout]     |
[INFO] [stdout] 309 - pub fn convert_to_bmp_image(dynamic_image: DynamicImage, filepath: Option<PathBuf>, metadata: Option<Metadata>) -> Result<Box<(dyn BackendTrait)>, RusimgError> {
[INFO] [stdout] 309 + pub fn convert_to_bmp_image(dynamic_image: DynamicImage, filepath: Option<PathBuf>, metadata: Option<Metadata>) -> Result<Box<dyn BackendTrait>, RusimgError> {
[INFO] [stdout]     |
[INFO] [stdout] 
[INFO] [stdout] 
[INFO] [stdout] warning: unnecessary parentheses around type
[INFO] [stdout]    --> src/backend.rs:321:128
[INFO] [stdout]     |
[INFO] [stdout] 321 | ...on<PathBuf>, metadata: Option<Metadata>) -> Result<Box<(dyn BackendTrait)>, RusimgError> {
[INFO] [stdout]     |                                                           ^                ^
[INFO] [stdout]     |
[INFO] [stdout] help: remove these parentheses
[INFO] [stdout]     |
[INFO] [stdout] 321 - pub fn convert_to_jpeg_image(dynamic_image: DynamicImage, filepath: Option<PathBuf>, metadata: Option<Metadata>) -> Result<Box<(dyn BackendTrait)>, RusimgError> {
[INFO] [stdout] 321 + pub fn convert_to_jpeg_image(dynamic_image: DynamicImage, filepath: Option<PathBuf>, metadata: Option<Metadata>) -> Result<Box<dyn BackendTrait>, RusimgError> {
[INFO] [stdout]     |
[INFO] [stdout] 
[INFO] [stdout] 
[INFO] [stdout] warning: unnecessary parentheses around type
[INFO] [stdout]    --> src/backend.rs:333:127
[INFO] [stdout]     |
[INFO] [stdout] 333 | ...on<PathBuf>, metadata: Option<Metadata>) -> Result<Box<(dyn BackendTrait)>, RusimgError> {
[INFO] [stdout]     |                                                           ^                ^
[INFO] [stdout]     |
[INFO] [stdout] help: remove these parentheses
[INFO] [stdout]     |
[INFO] [stdout] 333 - pub fn convert_to_png_image(dynamic_image: DynamicImage, filepath: Option<PathBuf>, metadata: Option<Metadata>) -> Result<Box<(dyn BackendTrait)>, RusimgError> {
[INFO] [stdout] 333 + pub fn convert_to_png_image(dynamic_image: DynamicImage, filepath: Option<PathBuf>, metadata: Option<Metadata>) -> Result<Box<dyn BackendTrait>, RusimgError> {
[INFO] [stdout]     |
[INFO] [stdout] 
[INFO] [stdout] 
[INFO] [stdout] warning: unnecessary parentheses around type
[INFO] [stdout]    --> src/backend.rs:345:128
[INFO] [stdout]     |
[INFO] [stdout] 345 | ...on<PathBuf>, metadata: Option<Metadata>) -> Result<Box<(dyn BackendTrait)>, RusimgError> {
[INFO] [stdout]     |                                                           ^                ^
[INFO] [stdout]     |
[INFO] [stdout] help: remove these parentheses
[INFO] [stdout]     |
[INFO] [stdout] 345 - pub fn convert_to_webp_image(dynamic_image: DynamicImage, filepath: Option<PathBuf>, metadata: Option<Metadata>) -> Result<Box<(dyn BackendTrait)>, RusimgError> {
[INFO] [stdout] 345 + pub fn convert_to_webp_image(dynamic_image: DynamicImage, filepath: Option<PathBuf>, metadata: Option<Metadata>) -> Result<Box<dyn BackendTrait>, RusimgError> {
[INFO] [stdout]     |
[INFO] [stdout] 
[INFO] [stdout] 
[INFO] [stdout] warning: unnecessary parentheses around type
[INFO] [stdout]   --> src/lib.rs:17:15
[INFO] [stdout]    |
[INFO] [stdout] 17 |     data: Box<(dyn BackendTrait)>,
[INFO] [stdout]    |               ^                ^
[INFO] [stdout]    |
[INFO] [stdout] help: remove these parentheses
[INFO] [stdout]    |
[INFO] [stdout] 17 -     data: Box<(dyn BackendTrait)>,
[INFO] [stdout] 17 +     data: Box<dyn BackendTrait>,
[INFO] [stdout]    |
[INFO] [stdout] 
[INFO] [stdout] 
[INFO] [stdout] warning: unnecessary parentheses around type
[INFO] [stdout]   --> src/lib.rs:40:54
[INFO] [stdout]    |
[INFO] [stdout] 40 |     pub fn assemble(extension: &Extension, data: Box<(dyn BackendTrait)>) -> Result<Self, RusimgError> {
[INFO] [stdout]    |                                                      ^                ^
[INFO] [stdout]    |
[INFO] [stdout] help: remove these parentheses
[INFO] [stdout]    |
[INFO] [stdout] 40 -     pub fn assemble(extension: &Extension, data: Box<(dyn BackendTrait)>) -> Result<Self, RusimgError> {
[INFO] [stdout] 40 +     pub fn assemble(extension: &Extension, data: Box<dyn BackendTrait>) -> Result<Self, RusimgError> {
[INFO] [stdout]    |
[INFO] [stdout] 
[INFO] [stdout] 
[INFO] [stdout] warning: unnecessary parentheses around type
[INFO] [stdout]    --> src/lib.rs:115:28
[INFO] [stdout]     |
[INFO] [stdout] 115 |         let new_image: Box<(dyn BackendTrait)> = match new_extension {
[INFO] [stdout]     |                            ^                ^
[INFO] [stdout]     |
[INFO] [stdout] help: remove these parentheses
[INFO] [stdout]     |
[INFO] [stdout] 115 -         let new_image: Box<(dyn BackendTrait)> = match new_extension {
[INFO] [stdout] 115 +         let new_image: Box<dyn BackendTrait> = match new_extension {
[INFO] [stdout]     |
[INFO] [stdout] 
[INFO] [stdout] 
[INFO] [stderr]     Finished `release` profile [optimized] target(s) in 17.68s
[INFO] running `Command { std: "docker" "inspect" "586bdca575896df41a5d2d1ba51d7f9475c432ffd8cd0a7741589a5d43a54e3e", kill_on_drop: false }`
[INFO] running `Command { std: "docker" "exec" "-e" "SOURCE_DIR=/opt/rustwide/workdir" "-e" "CARGO_HOME=/opt/rustwide/cargo-home" "-e" "RUSTUP_HOME=/opt/rustwide/rustup-home" "-e" "CARGO_TARGET_DIR=/opt/rustwide/target" "-e" "CARGO_INCREMENTAL=0" "-e" "RUST_BACKTRACE=full" "-e" "RUSTFLAGS=--cap-lints=warn" "-e" "RUSTDOCFLAGS=--cap-lints=warn" "-w" "/opt/rustwide/workdir" "--user" "0:0" "586bdca575896df41a5d2d1ba51d7f9475c432ffd8cd0a7741589a5d43a54e3e" "/opt/rustwide/cargo-home/bin/cargo" "+1.100.0-beta.1" "test" "--frozen" "--release", kill_on_drop: false }`
[INFO] [stderr] warning: unnecessary parentheses around type
[INFO] [stderr]    --> src/backend.rs:309:127
[INFO] [stderr]     |
[INFO] [stderr] 309 | ...on<PathBuf>, metadata: Option<Metadata>) -> Result<Box<(dyn BackendTrait)>, RusimgError> {
[INFO] [stderr]     |                                                           ^                ^
[INFO] [stderr]     |
[INFO] [stderr]     = note: `#[warn(unused_parens)]` (part of `#[warn(unused)]`) on by default
[INFO] [stderr] help: remove these parentheses
[INFO] [stderr]     |
[INFO] [stderr] 309 - pub fn convert_to_bmp_image(dynamic_image: DynamicImage, filepath: Option<PathBuf>, metadata: Option<Metadata>) -> Result<Box<(dyn BackendTrait)>, RusimgError> {
[INFO] [stderr] 309 + pub fn convert_to_bmp_image(dynamic_image: DynamicImage, filepath: Option<PathBuf>, metadata: Option<Metadata>) -> Result<Box<dyn BackendTrait>, RusimgError> {
[INFO] [stderr]     |
[INFO] [stderr] 
[INFO] [stderr] warning: unnecessary parentheses around type
[INFO] [stderr]    --> src/backend.rs:321:128
[INFO] [stderr]     |
[INFO] [stderr] 321 | ...on<PathBuf>, metadata: Option<Metadata>) -> Result<Box<(dyn BackendTrait)>, RusimgError> {
[INFO] [stderr]     |                                                           ^                ^
[INFO] [stderr]     |
[INFO] [stderr] help: remove these parentheses
[INFO] [stderr]     |
[INFO] [stderr] 321 - pub fn convert_to_jpeg_image(dynamic_image: DynamicImage, filepath: Option<PathBuf>, metadata: Option<Metadata>) -> Result<Box<(dyn BackendTrait)>, RusimgError> {
[INFO] [stderr] 321 + pub fn convert_to_jpeg_image(dynamic_image: DynamicImage, filepath: Option<PathBuf>, metadata: Option<Metadata>) -> Result<Box<dyn BackendTrait>, RusimgError> {
[INFO] [stderr]     |
[INFO] [stderr] 
[INFO] [stderr] warning: unnecessary parentheses around type
[INFO] [stderr]    --> src/backend.rs:333:127
[INFO] [stderr]     |
[INFO] [stderr] 333 | ...on<PathBuf>, metadata: Option<Metadata>) -> Result<Box<(dyn BackendTrait)>, RusimgError> {
[INFO] [stderr]     |                                                           ^                ^
[INFO] [stderr]     |
[INFO] [stderr] help: remove these parentheses
[INFO] [stderr]     |
[INFO] [stderr] 333 - pub fn convert_to_png_image(dynamic_image: DynamicImage, filepath: Option<PathBuf>, metadata: Option<Metadata>) -> Result<Box<(dyn BackendTrait)>, RusimgError> {
[INFO] [stderr] 333 + pub fn convert_to_png_image(dynamic_image: DynamicImage, filepath: Option<PathBuf>, metadata: Option<Metadata>) -> Result<Box<dyn BackendTrait>, RusimgError> {
[INFO] [stderr]     |
[INFO] [stderr] 
[INFO] [stderr] warning: unnecessary parentheses around type
[INFO] [stderr]    --> src/backend.rs:345:128
[INFO] [stderr]     |
[INFO] [stderr] 345 | ...on<PathBuf>, metadata: Option<Metadata>) -> Result<Box<(dyn BackendTrait)>, RusimgError> {
[INFO] [stderr]     |                                                           ^                ^
[INFO] [stderr]     |
[INFO] [stderr] help: remove these parentheses
[INFO] [stderr]     |
[INFO] [stderr] 345 - pub fn convert_to_webp_image(dynamic_image: DynamicImage, filepath: Option<PathBuf>, metadata: Option<Metadata>) -> Result<Box<(dyn BackendTrait)>, RusimgError> {
[INFO] [stderr] 345 + pub fn convert_to_webp_image(dynamic_image: DynamicImage, filepath: Option<PathBuf>, metadata: Option<Metadata>) -> Result<Box<dyn BackendTrait>, RusimgError> {
[INFO] [stderr]     |
[INFO] [stderr] 
[INFO] [stderr] warning: unnecessary parentheses around type
[INFO] [stderr]   --> src/lib.rs:17:15
[INFO] [stderr]    |
[INFO] [stderr] 17 |     data: Box<(dyn BackendTrait)>,
[INFO] [stderr]    |               ^                ^
[INFO] [stderr]    |
[INFO] [stderr] help: remove these parentheses
[INFO] [stderr]    |
[INFO] [stderr] 17 -     data: Box<(dyn BackendTrait)>,
[INFO] [stderr] 17 +     data: Box<dyn BackendTrait>,
[INFO] [stderr]    |
[INFO] [stderr] 
[INFO] [stderr] warning: unnecessary parentheses around type
[INFO] [stderr]   --> src/lib.rs:40:54
[INFO] [stderr]    |
[INFO] [stderr] 40 |     pub fn assemble(extension: &Extension, data: Box<(dyn BackendTrait)>) -> Result<Self, RusimgError> {
[INFO] [stderr]    |                                                      ^                ^
[INFO] [stderr]    |
[INFO] [stderr] help: remove these parentheses
[INFO] [stderr]    |
[INFO] [stderr] 40 -     pub fn assemble(extension: &Extension, data: Box<(dyn BackendTrait)>) -> Result<Self, RusimgError> {
[INFO] [stderr] 40 +     pub fn assemble(extension: &Extension, data: Box<dyn BackendTrait>) -> Result<Self, RusimgError> {
[INFO] [stderr]    |
[INFO] [stderr] 
[INFO] [stderr] warning: unnecessary parentheses around type
[INFO] [stderr]    --> src/lib.rs:115:28
[INFO] [stderr]     |
[INFO] [stderr] 115 |         let new_image: Box<(dyn BackendTrait)> = match new_extension {
[INFO] [stderr]     |                            ^                ^
[INFO] [stderr]     |
[INFO] [stderr] help: remove these parentheses
[INFO] [stderr]     |
[INFO] [stderr] 115 -         let new_image: Box<(dyn BackendTrait)> = match new_extension {
[INFO] [stderr] 115 +         let new_image: Box<dyn BackendTrait> = match new_extension {
[INFO] [stderr]     |
[INFO] [stderr] 
[INFO] [stderr] warning: `librusimg` (lib) generated 7 warnings (run `cargo fix --lib -p librusimg` to apply 7 suggestions)
[INFO] [stderr] warning: `librusimg` (lib test) generated 7 warnings (7 duplicates)
[INFO] [stderr]     Finished `release` profile [optimized] target(s) in 0.13s
[INFO] [stderr]      Running unittests src/lib.rs (/opt/rustwide/target/release/build/librusimg/bbbc666db180d1df/out/librusimg-bbbc666db180d1df)
[INFO] [stdout] 
[INFO] [stdout] running 21 tests
[INFO] [stdout] test tests::test_err_failed_to_open_file ... ok
[INFO] [stdout] test tests::test_compress_image ... FAILED
[INFO] [stdout] test tests::test_err_failed_to_open_image ... FAILED
[INFO] [stdout] test tests::test_err_invalid_resize_ratio ... FAILED
[INFO] [stdout] test tests::test_convert_image ... FAILED
[INFO] [stdout] test tests::test_err_invalid_trim_xy ... FAILED
[INFO] [stdout] test tests::test_err_invalid_compression_level ... FAILED
[INFO] [stdout] test tests::test_err_image_format_cannot_be_compressed ... FAILED
[INFO] [stdout] test tests::test_get_extension ... FAILED
[INFO] [stdout] test tests::test_get_input_filepath ... FAILED
[INFO] [stdout] test tests::test_get_image_size ... FAILED
[INFO] [stdout] test tests::test_err_failed_to_save_image ... FAILED
[INFO] [stdout] test tests::test_open_image ... FAILED
[INFO] [stdout] test tests::test_grayscale_image ... FAILED
[INFO] [stdout] test tests::test_save_image ... FAILED
[INFO] [stdout] test tests::test_get_dynamic_image ... FAILED
[INFO] [stdout] test tests::test_resize_image ... FAILED
[INFO] [stdout] test tests::test_trim_rect_image ... FAILED
[INFO] [stdout] test tests::test_trim_image ... FAILED
[INFO] [stdout] test tests::test_err_source_path_must_be_specified ... FAILED
[INFO] [stdout] test tests::test_set_dynamic_image ... FAILED
[INFO] [stdout] 
[INFO] [stdout] failures:
[INFO] [stdout] 
[INFO] [stdout] ---- tests::test_compress_image stdout ----
[INFO] [stdout] 
[INFO] [stdout] thread 'tests::test_compress_image' (2057) panicked at src/lib.rs:212:47:
[INFO] [stdout] called `Result::unwrap()` on an `Err` value: FailedToSaveImage("Read-only file system (os error 30)")
[INFO] [stdout] stack backtrace:
[INFO] [stdout]    0:     0x6016683fa3d1 - <<std[617be2ca0a6fd877]::sys::backtrace::BacktraceLock>::print::DisplayBacktrace as core[a373ad73a504971]::fmt::Display>::fmt
[INFO] [stdout]    1:     0x601668410f2a - core[a373ad73a504971]::fmt::write
[INFO] [stdout]    2:     0x6016683fe85c - <alloc[2e1b2a31b91974c5]::vec::Vec<u8> as core[a373ad73a504971]::io::write::Write>::write_fmt
[INFO] [stdout]    3:     0x6016683d54c6 - std[617be2ca0a6fd877]::panicking::default_hook::{closure#0}
[INFO] [stdout]    4:     0x6016683f1f69 - std[617be2ca0a6fd877]::panicking::default_hook
[INFO] [stdout]    5:     0x601667fb3c10 - test[aada8e7e76ba119b]::test_main_inner::{closure#0}
[INFO] [stdout]    6:     0x6016683f2292 - std[617be2ca0a6fd877]::panicking::panic_with_hook
[INFO] [stdout]    7:     0x6016683d5572 - std[617be2ca0a6fd877]::panicking::panic_handler::{closure#0}
[INFO] [stdout]    8:     0x6016683ce019 - std[617be2ca0a6fd877]::sys::backtrace::__rust_end_short_backtrace::<std[617be2ca0a6fd877]::panicking::panic_handler::{closure#0}, !>
[INFO] [stdout]    9:     0x6016683d617d - __rustc[ea4f61d10b84890b]::rust_begin_unwind
[INFO] [stdout]   10:     0x60166841165c - core[a373ad73a504971]::panicking::panic_fmt
[INFO] [stdout]   11:     0x601668411432 - core[a373ad73a504971]::result::unwrap_failed
[INFO] [stdout]   12:     0x601667e1e1da - librusimg[f88049e8d265eefd]::tests::generate_test_image
[INFO] [stdout]   13:     0x601667e24114 - <librusimg[f88049e8d265eefd]::tests::test_compress_image::{closure#0} as core[a373ad73a504971]::ops::function::FnOnce<()>>::call_once
[INFO] [stdout]   14:     0x601667fa705b - test[aada8e7e76ba119b]::__rust_begin_short_backtrace::<core[a373ad73a504971]::result::Result<(), alloc[2e1b2a31b91974c5]::string::String>, fn() -> core[a373ad73a504971]::result::Result<(), alloc[2e1b2a31b91974c5]::string::String>>
[INFO] [stdout]   15:     0x601667fb4235 - test[aada8e7e76ba119b]::run_test::{closure#0}
[INFO] [stdout]   16:     0x601667fadb24 - std[617be2ca0a6fd877]::sys::backtrace::__rust_begin_short_backtrace::<test[aada8e7e76ba119b]::run_test::{closure#1}, ()>
[INFO] [stdout]   17:     0x601667fb72c2 - <std[617be2ca0a6fd877]::thread::lifecycle::spawn_unchecked<test[aada8e7e76ba119b]::run_test::{closure#1}, ()>::{closure#1} as core[a373ad73a504971]::ops::function::FnOnce<()>>::call_once::{shim:vtable#0}
[INFO] [stdout]   18:     0x6016683f96ff - <std[617be2ca0a6fd877]::sys::thread::unix::Thread>::new::thread_start
[INFO] [stdout]   19:     0x74838fb2cdfa - <unknown>
[INFO] [stdout]   20:     0x74838fbc03d4 - clone
[INFO] [stdout]   21:                0x0 - <unknown>
[INFO] [stdout] 
[INFO] [stdout] ---- tests::test_err_failed_to_open_image stdout ----
[INFO] [stdout] 
[INFO] [stdout] thread 'tests::test_err_failed_to_open_image' (2060) panicked at src/lib.rs:448:54:
[INFO] [stdout] called `Result::unwrap()` on an `Err` value: Os { code: 30, kind: ReadOnlyFilesystem, message: "Read-only file system" }
[INFO] [stdout] stack backtrace:
[INFO] [stdout]    0:     0x6016683fa3d1 - <<std[617be2ca0a6fd877]::sys::backtrace::BacktraceLock>::print::DisplayBacktrace as core[a373ad73a504971]::fmt::Display>::fmt
[INFO] [stdout]    1:     0x601668410f2a - core[a373ad73a504971]::fmt::write
[INFO] [stdout]    2:     0x6016683fe85c - <alloc[2e1b2a31b91974c5]::vec::Vec<u8> as core[a373ad73a504971]::io::write::Write>::write_fmt
[INFO] [stdout]    3:     0x6016683d54c6 - std[617be2ca0a6fd877]::panicking::default_hook::{closure#0}
[INFO] [stdout]    4:     0x6016683f1f69 - std[617be2ca0a6fd877]::panicking::default_hook
[INFO] [stdout]    5:     0x601667fb3c10 - test[aada8e7e76ba119b]::test_main_inner::{closure#0}
[INFO] [stdout]    6:     0x6016683f2292 - std[617be2ca0a6fd877]::panicking::panic_with_hook
[INFO] [stdout]    7:     0x6016683d5572 - std[617be2ca0a6fd877]::panicking::panic_handler::{closure#0}
[INFO] [stdout]    8:     0x6016683ce019 - std[617be2ca0a6fd877]::sys::backtrace::__rust_end_short_backtrace::<std[617be2ca0a6fd877]::panicking::panic_handler::{closure#0}, !>
[INFO] [stdout]    9:     0x6016683d617d - __rustc[ea4f61d10b84890b]::rust_begin_unwind
[INFO] [stdout]   10:     0x60166841165c - core[a373ad73a504971]::panicking::panic_fmt
[INFO] [stdout]   11:     0x601668411432 - core[a373ad73a504971]::result::unwrap_failed
[INFO] [stdout]   12:     0x601667e25b51 - <librusimg[f88049e8d265eefd]::tests::test_err_failed_to_open_image::{closure#0} as core[a373ad73a504971]::ops::function::FnOnce<()>>::call_once
[INFO] [stdout]   13:     0x601667fa705b - test[aada8e7e76ba119b]::__rust_begin_short_backtrace::<core[a373ad73a504971]::result::Result<(), alloc[2e1b2a31b91974c5]::string::String>, fn() -> core[a373ad73a504971]::result::Result<(), alloc[2e1b2a31b91974c5]::string::String>>
[INFO] [stdout]   14:     0x601667fb4235 - test[aada8e7e76ba119b]::run_test::{closure#0}
[INFO] [stdout]   15:     0x601667fadb24 - std[617be2ca0a6fd877]::sys::backtrace::__rust_begin_short_backtrace::<test[aada8e7e76ba119b]::run_test::{closure#1}, ()>
[INFO] [stdout]   16:     0x601667fb72c2 - <std[617be2ca0a6fd877]::thread::lifecycle::spawn_unchecked<test[aada8e7e76ba119b]::run_test::{closure#1}, ()>::{closure#1} as core[a373ad73a504971]::ops::function::FnOnce<()>>::call_once::{shim:vtable#0}
[INFO] [stdout]   17:     0x6016683f96ff - <std[617be2ca0a6fd877]::sys::thread::unix::Thread>::new::thread_start
[INFO] [stdout]   18:     0x74838fb2cdfa - <unknown>
[INFO] [stdout]   19:     0x74838fbc03d4 - clone
[INFO] [stdout]   20:                0x0 - <unknown>
[INFO] [stdout] 
[INFO] [stdout] ---- tests::test_err_invalid_resize_ratio stdout ----
[INFO] [stdout] 
[INFO] [stdout] thread 'tests::test_err_invalid_resize_ratio' (2064) panicked at src/lib.rs:212:47:
[INFO] [stdout] called `Result::unwrap()` on an `Err` value: FailedToSaveImage("Read-only file system (os error 30)")
[INFO] [stdout] stack backtrace:
[INFO] [stdout]    0:     0x6016683fa3d1 - <<std[617be2ca0a6fd877]::sys::backtrace::BacktraceLock>::print::DisplayBacktrace as core[a373ad73a504971]::fmt::Display>::fmt
[INFO] [stdout]    1:     0x601668410f2a - core[a373ad73a504971]::fmt::write
[INFO] [stdout]    2:     0x6016683fe85c - <alloc[2e1b2a31b91974c5]::vec::Vec<u8> as core[a373ad73a504971]::io::write::Write>::write_fmt
[INFO] [stdout]    3:     0x6016683d54c6 - std[617be2ca0a6fd877]::panicking::default_hook::{closure#0}
[INFO] [stdout]    4:     0x6016683f1f69 - std[617be2ca0a6fd877]::panicking::default_hook
[INFO] [stdout]    5:     0x601667fb3c10 - test[aada8e7e76ba119b]::test_main_inner::{closure#0}
[INFO] [stdout]    6:     0x6016683f2292 - std[617be2ca0a6fd877]::panicking::panic_with_hook
[INFO] [stdout]    7:     0x6016683d5572 - std[617be2ca0a6fd877]::panicking::panic_handler::{closure#0}
[INFO] [stdout]    8:     0x6016683ce019 - std[617be2ca0a6fd877]::sys::backtrace::__rust_end_short_backtrace::<std[617be2ca0a6fd877]::panicking::panic_handler::{closure#0}, !>
[INFO] [stdout]    9:     0x6016683d617d - __rustc[ea4f61d10b84890b]::rust_begin_unwind
[INFO] [stdout]   10:     0x60166841165c - core[a373ad73a504971]::panicking::panic_fmt
[INFO] [stdout]   11:     0x601668411432 - core[a373ad73a504971]::result::unwrap_failed
[INFO] [stdout]   12:     0x601667e1e1da - librusimg[f88049e8d265eefd]::tests::generate_test_image
[INFO] [stdout]   13:     0x601667e25ed0 - <librusimg[f88049e8d265eefd]::tests::test_err_invalid_resize_ratio::{closure#0} as core[a373ad73a504971]::ops::function::FnOnce<()>>::call_once
[INFO] [stdout]   14:     0x601667fa705b - test[aada8e7e76ba119b]::__rust_begin_short_backtrace::<core[a373ad73a504971]::result::Result<(), alloc[2e1b2a31b91974c5]::string::String>, fn() -> core[a373ad73a504971]::result::Result<(), alloc[2e1b2a31b91974c5]::string::String>>
[INFO] [stdout]   15:     0x601667fb4235 - test[aada8e7e76ba119b]::run_test::{closure#0}
[INFO] [stdout]   16:     0x601667fadb24 - std[617be2ca0a6fd877]::sys::backtrace::__rust_begin_short_backtrace::<test[aada8e7e76ba119b]::run_test::{closure#1}, ()>
[INFO] [stdout]   17:     0x601667fb72c2 - <std[617be2ca0a6fd877]::thread::lifecycle::spawn_unchecked<test[aada8e7e76ba119b]::run_test::{closure#1}, ()>::{closure#1} as core[a373ad73a504971]::ops::function::FnOnce<()>>::call_once::{shim:vtable#0}
[INFO] [stdout]   18:     0x6016683f96ff - <std[617be2ca0a6fd877]::sys::thread::unix::Thread>::new::thread_start
[INFO] [stdout]   19:     0x74838fb2cdfa - <unknown>
[INFO] [stdout]   20:     0x74838fbc03d4 - clone
[INFO] [stdout]   21:                0x0 - <unknown>
[INFO] [stdout] 
[INFO] [stdout] ---- tests::test_convert_image stdout ----
[INFO] [stdout] 
[INFO] [stdout] thread 'tests::test_convert_image' (2058) panicked at src/lib.rs:212:47:
[INFO] [stdout] called `Result::unwrap()` on an `Err` value: FailedToSaveImage("Read-only file system (os error 30)")
[INFO] [stdout] stack backtrace:
[INFO] [stdout]    0:     0x6016683fa3d1 - <<std[617be2ca0a6fd877]::sys::backtrace::BacktraceLock>::print::DisplayBacktrace as core[a373ad73a504971]::fmt::Display>::fmt
[INFO] [stdout]    1:     0x601668410f2a - core[a373ad73a504971]::fmt::write
[INFO] [stdout]    2:     0x6016683fe85c - <alloc[2e1b2a31b91974c5]::vec::Vec<u8> as core[a373ad73a504971]::io::write::Write>::write_fmt
[INFO] [stdout]    3:     0x6016683d54c6 - std[617be2ca0a6fd877]::panicking::default_hook::{closure#0}
[INFO] [stdout]    4:     0x6016683f1f69 - std[617be2ca0a6fd877]::panicking::default_hook
[INFO] [stdout]    5:     0x601667fb3c10 - test[aada8e7e76ba119b]::test_main_inner::{closure#0}
[INFO] [stdout]    6:     0x6016683f2292 - std[617be2ca0a6fd877]::panicking::panic_with_hook
[INFO] [stdout]    7:     0x6016683d5572 - std[617be2ca0a6fd877]::panicking::panic_handler::{closure#0}
[INFO] [stdout]    8:     0x6016683ce019 - std[617be2ca0a6fd877]::sys::backtrace::__rust_end_short_backtrace::<std[617be2ca0a6fd877]::panicking::panic_handler::{closure#0}, !>
[INFO] [stdout]    9:     0x6016683d617d - __rustc[ea4f61d10b84890b]::rust_begin_unwind
[INFO] [stdout]   10:     0x60166841165c - core[a373ad73a504971]::panicking::panic_fmt
[INFO] [stdout]   11:     0x601668411432 - core[a373ad73a504971]::result::unwrap_failed
[INFO] [stdout]   12:     0x601667e1e1da - librusimg[f88049e8d265eefd]::tests::generate_test_image
[INFO] [stdout]   13:     0x601667e22274 - <librusimg[f88049e8d265eefd]::tests::test_convert_image::{closure#0} as core[a373ad73a504971]::ops::function::FnOnce<()>>::call_once
[INFO] [stdout]   14:     0x601667fa705b - test[aada8e7e76ba119b]::__rust_begin_short_backtrace::<core[a373ad73a504971]::result::Result<(), alloc[2e1b2a31b91974c5]::string::String>, fn() -> core[a373ad73a504971]::result::Result<(), alloc[2e1b2a31b91974c5]::string::String>>
[INFO] [stdout]   15:     0x601667fb4235 - test[aada8e7e76ba119b]::run_test::{closure#0}
[INFO] [stdout]   16:     0x601667fadb24 - std[617be2ca0a6fd877]::sys::backtrace::__rust_begin_short_backtrace::<test[aada8e7e76ba119b]::run_test::{closure#1}, ()>
[INFO] [stdout]   17:     0x601667fb72c2 - <std[617be2ca0a6fd877]::thread::lifecycle::spawn_unchecked<test[aada8e7e76ba119b]::run_test::{closure#1}, ()>::{closure#1} as core[a373ad73a504971]::ops::function::FnOnce<()>>::call_once::{shim:vtable#0}
[INFO] [stdout]   18:     0x6016683f96ff - <std[617be2ca0a6fd877]::sys::thread::unix::Thread>::new::thread_start
[INFO] [stdout]   19:     0x74838fb2cdfa - <unknown>
[INFO] [stdout]   20:     0x74838fbc03d4 - clone
[INFO] [stdout]   21:                0x0 - <unknown>
[INFO] [stdout] 
[INFO] [stdout] ---- tests::test_err_invalid_trim_xy stdout ----
[INFO] [stdout] 
[INFO] [stdout] thread 'tests::test_err_invalid_trim_xy' (2065) panicked at src/lib.rs:212:47:
[INFO] [stdout] called `Result::unwrap()` on an `Err` value: FailedToSaveImage("Read-only file system (os error 30)")
[INFO] [stdout] stack backtrace:
[INFO] [stdout]    0:     0x6016683fa3d1 - <<std[617be2ca0a6fd877]::sys::backtrace::BacktraceLock>::print::DisplayBacktrace as core[a373ad73a504971]::fmt::Display>::fmt
[INFO] [stdout]    1:     0x601668410f2a - core[a373ad73a504971]::fmt::write
[INFO] [stdout]    2:     0x6016683fe85c - <alloc[2e1b2a31b91974c5]::vec::Vec<u8> as core[a373ad73a504971]::io::write::Write>::write_fmt
[INFO] [stdout]    3:     0x6016683d54c6 - std[617be2ca0a6fd877]::panicking::default_hook::{closure#0}
[INFO] [stdout]    4:     0x6016683f1f69 - std[617be2ca0a6fd877]::panicking::default_hook
[INFO] [stdout]    5:     0x601667fb3c10 - test[aada8e7e76ba119b]::test_main_inner::{closure#0}
[INFO] [stdout]    6:     0x6016683f2292 - std[617be2ca0a6fd877]::panicking::panic_with_hook
[INFO] [stdout]    7:     0x6016683d5572 - std[617be2ca0a6fd877]::panicking::panic_handler::{closure#0}
[INFO] [stdout]    8:     0x6016683ce019 - std[617be2ca0a6fd877]::sys::backtrace::__rust_end_short_backtrace::<std[617be2ca0a6fd877]::panicking::panic_handler::{closure#0}, !>
[INFO] [stdout]    9:     0x6016683d617d - __rustc[ea4f61d10b84890b]::rust_begin_unwind
[INFO] [stdout]   10:     0x60166841165c - core[a373ad73a504971]::panicking::panic_fmt
[INFO] [stdout]   11:     0x601668411432 - core[a373ad73a504971]::result::unwrap_failed
[INFO] [stdout]   12:     0x601667e1e1da - librusimg[f88049e8d265eefd]::tests::generate_test_image
[INFO] [stdout]   13:     0x601667e25742 - <librusimg[f88049e8d265eefd]::tests::test_err_invalid_trim_xy::{closure#0} as core[a373ad73a504971]::ops::function::FnOnce<()>>::call_once
[INFO] [stdout]   14:     0x601667fa705b - test[aada8e7e76ba119b]::__rust_begin_short_backtrace::<core[a373ad73a504971]::result::Result<(), alloc[2e1b2a31b91974c5]::string::String>, fn() -> core[a373ad73a504971]::result::Result<(), alloc[2e1b2a31b91974c5]::string::String>>
[INFO] [stdout]   15:     0x601667fb4235 - test[aada8e7e76ba119b]::run_test::{closure#0}
[INFO] [stdout]   16:     0x601667fadb24 - std[617be2ca0a6fd877]::sys::backtrace::__rust_begin_short_backtrace::<test[aada8e7e76ba119b]::run_test::{closure#1}, ()>
[INFO] [stdout]   17:     0x601667fb72c2 - <std[617be2ca0a6fd877]::thread::lifecycle::spawn_unchecked<test[aada8e7e76ba119b]::run_test::{closure#1}, ()>::{closure#1} as core[a373ad73a504971]::ops::function::FnOnce<()>>::call_once::{shim:vtable#0}
[INFO] [stdout]   18:     0x6016683f96ff - <std[617be2ca0a6fd877]::sys::thread::unix::Thread>::new::thread_start
[INFO] [stdout]   19:     0x74838fb2cdfa - <unknown>
[INFO] [stdout]   20:     0x74838fbc03d4 - clone
[INFO] [stdout]   21:                0x0 - <unknown>
[INFO] [stdout] 
[INFO] [stdout] ---- tests::test_err_invalid_compression_level stdout ----
[INFO] [stdout] 
[INFO] [stdout] thread 'tests::test_err_invalid_compression_level' (2063) panicked at src/lib.rs:212:47:
[INFO] [stdout] called `Result::unwrap()` on an `Err` value: FailedToSaveImage("Read-only file system (os error 30)")
[INFO] [stdout] stack backtrace:
[INFO] [stdout]    0:     0x6016683fa3d1 - <<std[617be2ca0a6fd877]::sys::backtrace::BacktraceLock>::print::DisplayBacktrace as core[a373ad73a504971]::fmt::Display>::fmt
[INFO] [stdout]    1:     0x601668410f2a - core[a373ad73a504971]::fmt::write
[INFO] [stdout]    2:     0x6016683fe85c - <alloc[2e1b2a31b91974c5]::vec::Vec<u8> as core[a373ad73a504971]::io::write::Write>::write_fmt
[INFO] [stdout]    3:     0x6016683d54c6 - std[617be2ca0a6fd877]::panicking::default_hook::{closure#0}
[INFO] [stdout]    4:     0x6016683f1f69 - std[617be2ca0a6fd877]::panicking::default_hook
[INFO] [stdout]    5:     0x601667fb3c10 - test[aada8e7e76ba119b]::test_main_inner::{closure#0}
[INFO] [stdout]    6:     0x6016683f2292 - std[617be2ca0a6fd877]::panicking::panic_with_hook
[INFO] [stdout]    7:     0x6016683d5572 - std[617be2ca0a6fd877]::panicking::panic_handler::{closure#0}
[INFO] [stdout]    8:     0x6016683ce019 - std[617be2ca0a6fd877]::sys::backtrace::__rust_end_short_backtrace::<std[617be2ca0a6fd877]::panicking::panic_handler::{closure#0}, !>
[INFO] [stdout]    9:     0x6016683d617d - __rustc[ea4f61d10b84890b]::rust_begin_unwind
[INFO] [stdout]   10:     0x60166841165c - core[a373ad73a504971]::panicking::panic_fmt
[INFO] [stdout]   11:     0x601668411432 - core[a373ad73a504971]::result::unwrap_failed
[INFO] [stdout]   12:     0x601667e1e1da - librusimg[f88049e8d265eefd]::tests::generate_test_image
[INFO] [stdout]   13:     0x601667e26070 - <librusimg[f88049e8d265eefd]::tests::test_err_invalid_compression_level::{closure#0} as core[a373ad73a504971]::ops::function::FnOnce<()>>::call_once
[INFO] [stdout]   14:     0x601667fa705b - test[aada8e7e76ba119b]::__rust_begin_short_backtrace::<core[a373ad73a504971]::result::Result<(), alloc[2e1b2a31b91974c5]::string::String>, fn() -> core[a373ad73a504971]::result::Result<(), alloc[2e1b2a31b91974c5]::string::String>>
[INFO] [stdout]   15:     0x601667fb4235 - test[aada8e7e76ba119b]::run_test::{closure#0}
[INFO] [stdout]   16:     0x601667fadb24 - std[617be2ca0a6fd877]::sys::backtrace::__rust_begin_short_backtrace::<test[aada8e7e76ba119b]::run_test::{closure#1}, ()>
[INFO] [stdout]   17:     0x601667fb72c2 - <std[617be2ca0a6fd877]::thread::lifecycle::spawn_unchecked<test[aada8e7e76ba119b]::run_test::{closure#1}, ()>::{closure#1} as core[a373ad73a504971]::ops::function::FnOnce<()>>::call_once::{shim:vtable#0}
[INFO] [stdout]   18:     0x6016683f96ff - <std[617be2ca0a6fd877]::sys::thread::unix::Thread>::new::thread_start
[INFO] [stdout]   19:     0x74838fb2cdfa - <unknown>
[INFO] [stdout]   20:     0x74838fbc03d4 - clone
[INFO] [stdout]   21:                0x0 - <unknown>
[INFO] [stdout] 
[INFO] [stdout] ---- tests::test_err_image_format_cannot_be_compressed stdout ----
[INFO] [stdout] 
[INFO] [stdout] thread 'tests::test_err_image_format_cannot_be_compressed' (2062) panicked at src/lib.rs:212:47:
[INFO] [stdout] called `Result::unwrap()` on an `Err` value: FailedToSaveImage("Read-only file system (os error 30)")
[INFO] [stdout] stack backtrace:
[INFO] [stdout]    0:     0x6016683fa3d1 - <<std[617be2ca0a6fd877]::sys::backtrace::BacktraceLock>::print::DisplayBacktrace as core[a373ad73a504971]::fmt::Display>::fmt
[INFO] [stdout]    1:     0x601668410f2a - core[a373ad73a504971]::fmt::write
[INFO] [stdout]    2:     0x6016683fe85c - <alloc[2e1b2a31b91974c5]::vec::Vec<u8> as core[a373ad73a504971]::io::write::Write>::write_fmt
[INFO] [stdout]    3:     0x6016683d54c6 - std[617be2ca0a6fd877]::panicking::default_hook::{closure#0}
[INFO] [stdout]    4:     0x6016683f1f69 - std[617be2ca0a6fd877]::panicking::default_hook
[INFO] [stdout]    5:     0x601667fb3c10 - test[aada8e7e76ba119b]::test_main_inner::{closure#0}
[INFO] [stdout]    6:     0x6016683f2292 - std[617be2ca0a6fd877]::panicking::panic_with_hook
[INFO] [stdout]    7:     0x6016683d5572 - std[617be2ca0a6fd877]::panicking::panic_handler::{closure#0}
[INFO] [stdout]    8:     0x6016683ce019 - std[617be2ca0a6fd877]::sys::backtrace::__rust_end_short_backtrace::<std[617be2ca0a6fd877]::panicking::panic_handler::{closure#0}, !>
[INFO] [stdout]    9:     0x6016683d617d - __rustc[ea4f61d10b84890b]::rust_begin_unwind
[INFO] [stdout]   10:     0x60166841165c - core[a373ad73a504971]::panicking::panic_fmt
[INFO] [stdout]   11:     0x601668411432 - core[a373ad73a504971]::result::unwrap_failed
[INFO] [stdout]   12:     0x601667e1e1da - librusimg[f88049e8d265eefd]::tests::generate_test_image
[INFO] [stdout]   13:     0x601667e26483 - <librusimg[f88049e8d265eefd]::tests::test_err_image_format_cannot_be_compressed::{closure#0} as core[a373ad73a504971]::ops::function::FnOnce<()>>::call_once
[INFO] [stdout]   14:     0x601667fa705b - test[aada8e7e76ba119b]::__rust_begin_short_backtrace::<core[a373ad73a504971]::result::Result<(), alloc[2e1b2a31b91974c5]::string::String>, fn() -> core[a373ad73a504971]::result::Result<(), alloc[2e1b2a31b91974c5]::string::String>>
[INFO] [stdout]   15:     0x601667fb4235 - test[aada8e7e76ba119b]::run_test::{closure#0}
[INFO] [stdout]   16:     0x601667fadb24 - std[617be2ca0a6fd877]::sys::backtrace::__rust_begin_short_backtrace::<test[aada8e7e76ba119b]::run_test::{closure#1}, ()>
[INFO] [stdout]   17:     0x601667fb72c2 - <std[617be2ca0a6fd877]::thread::lifecycle::spawn_unchecked<test[aada8e7e76ba119b]::run_test::{closure#1}, ()>::{closure#1} as core[a373ad73a504971]::ops::function::FnOnce<()>>::call_once::{shim:vtable#0}
[INFO] [stdout]   18:     0x6016683f96ff - <std[617be2ca0a6fd877]::sys::thread::unix::Thread>::new::thread_start
[INFO] [stdout]   19:     0x74838fb2cdfa - <unknown>
[INFO] [stdout]   20:     0x74838fbc03d4 - clone
[INFO] [stdout]   21:                0x0 - <unknown>
[INFO] [stdout] 
[INFO] [stdout] ---- tests::test_get_extension stdout ----
[INFO] [stdout] 
[INFO] [stdout] thread 'tests::test_get_extension' (2068) panicked at src/lib.rs:212:47:
[INFO] [stdout] called `Result::unwrap()` on an `Err` value: FailedToSaveImage("Read-only file system (os error 30)")
[INFO] [stdout] stack backtrace:
[INFO] [stdout]    0:     0x6016683fa3d1 - <<std[617be2ca0a6fd877]::sys::backtrace::BacktraceLock>::print::DisplayBacktrace as core[a373ad73a504971]::fmt::Display>::fmt
[INFO] [stdout]    1:     0x601668410f2a - core[a373ad73a504971]::fmt::write
[INFO] [stdout]    2:     0x6016683fe85c - <alloc[2e1b2a31b91974c5]::vec::Vec<u8> as core[a373ad73a504971]::io::write::Write>::write_fmt
[INFO] [stdout]    3:     0x6016683d54c6 - std[617be2ca0a6fd877]::panicking::default_hook::{closure#0}
[INFO] [stdout]    4:     0x6016683f1f69 - std[617be2ca0a6fd877]::panicking::default_hook
[INFO] [stdout]    5:     0x601667fb3c10 - test[aada8e7e76ba119b]::test_main_inner::{closure#0}
[INFO] [stdout]    6:     0x6016683f2292 - std[617be2ca0a6fd877]::panicking::panic_with_hook
[INFO] [stdout]    7:     0x6016683d5572 - std[617be2ca0a6fd877]::panicking::panic_handler::{closure#0}
[INFO] [stdout]    8:     0x6016683ce019 - std[617be2ca0a6fd877]::sys::backtrace::__rust_end_short_backtrace::<std[617be2ca0a6fd877]::panicking::panic_handler::{closure#0}, !>
[INFO] [stdout]    9:     0x6016683d617d - __rustc[ea4f61d10b84890b]::rust_begin_unwind
[INFO] [stdout]   10:     0x60166841165c - core[a373ad73a504971]::panicking::panic_fmt
[INFO] [stdout]   11:     0x601668411432 - core[a373ad73a504971]::result::unwrap_failed
[INFO] [stdout]   12:     0x601667e1e1da - librusimg[f88049e8d265eefd]::tests::generate_test_image
[INFO] [stdout]   13:     0x601667e23ec0 - <librusimg[f88049e8d265eefd]::tests::test_get_extension::{closure#0} as core[a373ad73a504971]::ops::function::FnOnce<()>>::call_once
[INFO] [stdout]   14:     0x601667fa705b - test[aada8e7e76ba119b]::__rust_begin_short_backtrace::<core[a373ad73a504971]::result::Result<(), alloc[2e1b2a31b91974c5]::string::String>, fn() -> core[a373ad73a504971]::result::Result<(), alloc[2e1b2a31b91974c5]::string::String>>
[INFO] [stdout]   15:     0x601667fb4235 - test[aada8e7e76ba119b]::run_test::{closure#0}
[INFO] [stdout]   16:     0x601667fadb24 - std[617be2ca0a6fd877]::sys::backtrace::__rust_begin_short_backtrace::<test[aada8e7e76ba119b]::run_test::{closure#1}, ()>
[INFO] [stdout]   17:     0x601667fb72c2 - <std[617be2ca0a6fd877]::thread::lifecycle::spawn_unchecked<test[aada8e7e76ba119b]::run_test::{closure#1}, ()>::{closure#1} as core[a373ad73a504971]::ops::function::FnOnce<()>>::call_once::{shim:vtable#0}
[INFO] [stdout]   18:     0x6016683f96ff - <std[617be2ca0a6fd877]::sys::thread::unix::Thread>::new::thread_start
[INFO] [stdout]   19:     0x74838fb2cdfa - <unknown>
[INFO] [stdout]   20:     0x74838fbc03d4 - clone
[INFO] [stdout]   21:                0x0 - <unknown>
[INFO] [stdout] 
[INFO] [stdout] ---- tests::test_get_input_filepath stdout ----
[INFO] [stdout] 
[INFO] [stdout] thread 'tests::test_get_input_filepath' (2070) panicked at src/lib.rs:212:47:
[INFO] [stdout] called `Result::unwrap()` on an `Err` value: FailedToSaveImage("Read-only file system (os error 30)")
[INFO] [stdout] stack backtrace:
[INFO] [stdout]    0:     0x6016683fa3d1 - <<std[617be2ca0a6fd877]::sys::backtrace::BacktraceLock>::print::DisplayBacktrace as core[a373ad73a504971]::fmt::Display>::fmt
[INFO] [stdout]    1:     0x601668410f2a - core[a373ad73a504971]::fmt::write
[INFO] [stdout]    2:     0x6016683fe85c - <alloc[2e1b2a31b91974c5]::vec::Vec<u8> as core[a373ad73a504971]::io::write::Write>::write_fmt
[INFO] [stdout]    3:     0x6016683d54c6 - std[617be2ca0a6fd877]::panicking::default_hook::{closure#0}
[INFO] [stdout]    4:     0x6016683f1f69 - std[617be2ca0a6fd877]::panicking::default_hook
[INFO] [stdout]    5:     0x601667fb3c10 - test[aada8e7e76ba119b]::test_main_inner::{closure#0}
[INFO] [stdout]    6:     0x6016683f2292 - std[617be2ca0a6fd877]::panicking::panic_with_hook
[INFO] [stdout]    7:     0x6016683d5572 - std[617be2ca0a6fd877]::panicking::panic_handler::{closure#0}
[INFO] [stdout]    8:     0x6016683ce019 - std[617be2ca0a6fd877]::sys::backtrace::__rust_end_short_backtrace::<std[617be2ca0a6fd877]::panicking::panic_handler::{closure#0}, !>
[INFO] [stdout]    9:     0x6016683d617d - __rustc[ea4f61d10b84890b]::rust_begin_unwind
[INFO] [stdout]   10:     0x60166841165c - core[a373ad73a504971]::panicking::panic_fmt
[INFO] [stdout]   11:     0x601668411432 - core[a373ad73a504971]::result::unwrap_failed
[INFO] [stdout]   12:     0x601667e1e1da - librusimg[f88049e8d265eefd]::tests::generate_test_image
[INFO] [stdout]   13:     0x601667e25298 - <librusimg[f88049e8d265eefd]::tests::test_get_input_filepath::{closure#0} as core[a373ad73a504971]::ops::function::FnOnce<()>>::call_once
[INFO] [stdout]   14:     0x601667fa705b - test[aada8e7e76ba119b]::__rust_begin_short_backtrace::<core[a373ad73a504971]::result::Result<(), alloc[2e1b2a31b91974c5]::string::String>, fn() -> core[a373ad73a504971]::result::Result<(), alloc[2e1b2a31b91974c5]::string::String>>
[INFO] [stdout]   15:     0x601667fb4235 - test[aada8e7e76ba119b]::run_test::{closure#0}
[INFO] [stdout]   16:     0x601667fadb24 - std[617be2ca0a6fd877]::sys::backtrace::__rust_begin_short_backtrace::<test[aada8e7e76ba119b]::run_test::{closure#1}, ()>
[INFO] [stdout]   17:     0x601667fb72c2 - <std[617be2ca0a6fd877]::thread::lifecycle::spawn_unchecked<test[aada8e7e76ba119b]::run_test::{closure#1}, ()>::{closure#1} as core[a373ad73a504971]::ops::function::FnOnce<()>>::call_once::{shim:vtable#0}
[INFO] [stdout]   18:     0x6016683f96ff - <std[617be2ca0a6fd877]::sys::thread::unix::Thread>::new::thread_start
[INFO] [stdout]   19:     0x74838fb2cdfa - <unknown>
[INFO] [stdout]   20:     0x74838fbc03d4 - clone
[INFO] [stdout]   21:                0x0 - <unknown>
[INFO] [stdout] 
[INFO] [stdout] ---- tests::test_get_image_size stdout ----
[INFO] [stdout] 
[INFO] [stdout] thread 'tests::test_get_image_size' (2069) panicked at src/lib.rs:212:47:
[INFO] [stdout] called `Result::unwrap()` on an `Err` value: FailedToSaveImage("Read-only file system (os error 30)")
[INFO] [stdout] stack backtrace:
[INFO] [stdout]    0:     0x6016683fa3d1 - <<std[617be2ca0a6fd877]::sys::backtrace::BacktraceLock>::print::DisplayBacktrace as core[a373ad73a504971]::fmt::Display>::fmt
[INFO] [stdout]    1:     0x601668410f2a - core[a373ad73a504971]::fmt::write
[INFO] [stdout]    2:     0x6016683fe85c - <alloc[2e1b2a31b91974c5]::vec::Vec<u8> as core[a373ad73a504971]::io::write::Write>::write_fmt
[INFO] [stdout]    3:     0x6016683d54c6 - std[617be2ca0a6fd877]::panicking::default_hook::{closure#0}
[INFO] [stdout]    4:     0x6016683f1f69 - std[617be2ca0a6fd877]::panicking::default_hook
[INFO] [stdout]    5:     0x601667fb3c10 - test[aada8e7e76ba119b]::test_main_inner::{closure#0}
[INFO] [stdout]    6:     0x6016683f2292 - std[617be2ca0a6fd877]::panicking::panic_with_hook
[INFO] [stdout]    7:     0x6016683d5572 - std[617be2ca0a6fd877]::panicking::panic_handler::{closure#0}
[INFO] [stdout]    8:     0x6016683ce019 - std[617be2ca0a6fd877]::sys::backtrace::__rust_end_short_backtrace::<std[617be2ca0a6fd877]::panicking::panic_handler::{closure#0}, !>
[INFO] [stdout]    9:     0x6016683d617d - __rustc[ea4f61d10b84890b]::rust_begin_unwind
[INFO] [stdout]   10:     0x60166841165c - core[a373ad73a504971]::panicking::panic_fmt
[INFO] [stdout]   11:     0x601668411432 - core[a373ad73a504971]::result::unwrap_failed
[INFO] [stdout]   12:     0x601667e1e1da - librusimg[f88049e8d265eefd]::tests::generate_test_image
[INFO] [stdout]   13:     0x601667e24452 - <librusimg[f88049e8d265eefd]::tests::test_get_image_size::{closure#0} as core[a373ad73a504971]::ops::function::FnOnce<()>>::call_once
[INFO] [stdout]   14:     0x601667fa705b - test[aada8e7e76ba119b]::__rust_begin_short_backtrace::<core[a373ad73a504971]::result::Result<(), alloc[2e1b2a31b91974c5]::string::String>, fn() -> core[a373ad73a504971]::result::Result<(), alloc[2e1b2a31b91974c5]::string::String>>
[INFO] [stdout]   15:     0x601667fb4235 - test[aada8e7e76ba119b]::run_test::{closure#0}
[INFO] [stdout]   16:     0x601667fadb24 - std[617be2ca0a6fd877]::sys::backtrace::__rust_begin_short_backtrace::<test[aada8e7e76ba119b]::run_test::{closure#1}, ()>
[INFO] [stdout]   17:     0x601667fb72c2 - <std[617be2ca0a6fd877]::thread::lifecycle::spawn_unchecked<test[aada8e7e76ba119b]::run_test::{closure#1}, ()>::{closure#1} as core[a373ad73a504971]::ops::function::FnOnce<()>>::call_once::{shim:vtable#0}
[INFO] [stdout]   18:     0x6016683f96ff - <std[617be2ca0a6fd877]::sys::thread::unix::Thread>::new::thread_start
[INFO] [stdout]   19:     0x74838fb2cdfa - <unknown>
[INFO] [stdout]   20:     0x74838fbc03d4 - clone
[INFO] [stdout]   21:                0x0 - <unknown>
[INFO] [stdout] 
[INFO] [stdout] ---- tests::test_err_failed_to_save_image stdout ----
[INFO] [stdout] 
[INFO] [stdout] thread 'tests::test_err_failed_to_save_image' (2061) panicked at src/lib.rs:212:47:
[INFO] [stdout] called `Result::unwrap()` on an `Err` value: FailedToSaveImage("Read-only file system (os error 30)")
[INFO] [stdout] stack backtrace:
[INFO] [stdout]    0:     0x6016683fa3d1 - <<std[617be2ca0a6fd877]::sys::backtrace::BacktraceLock>::print::DisplayBacktrace as core[a373ad73a504971]::fmt::Display>::fmt
[INFO] [stdout]    1:     0x601668410f2a - core[a373ad73a504971]::fmt::write
[INFO] [stdout]    2:     0x6016683fe85c - <alloc[2e1b2a31b91974c5]::vec::Vec<u8> as core[a373ad73a504971]::io::write::Write>::write_fmt
[INFO] [stdout]    3:     0x6016683d54c6 - std[617be2ca0a6fd877]::panicking::default_hook::{closure#0}
[INFO] [stdout]    4:     0x6016683f1f69 - std[617be2ca0a6fd877]::panicking::default_hook
[INFO] [stdout]    5:     0x601667fb3c10 - test[aada8e7e76ba119b]::test_main_inner::{closure#0}
[INFO] [stdout]    6:     0x6016683f2292 - std[617be2ca0a6fd877]::panicking::panic_with_hook
[INFO] [stdout]    7:     0x6016683d5572 - std[617be2ca0a6fd877]::panicking::panic_handler::{closure#0}
[INFO] [stdout]    8:     0x6016683ce019 - std[617be2ca0a6fd877]::sys::backtrace::__rust_end_short_backtrace::<std[617be2ca0a6fd877]::panicking::panic_handler::{closure#0}, !>
[INFO] [stdout]    9:     0x6016683d617d - __rustc[ea4f61d10b84890b]::rust_begin_unwind
[INFO] [stdout]   10:     0x60166841165c - core[a373ad73a504971]::panicking::panic_fmt
[INFO] [stdout]   11:     0x601668411432 - core[a373ad73a504971]::result::unwrap_failed
[INFO] [stdout]   12:     0x601667e1e1da - librusimg[f88049e8d265eefd]::tests::generate_test_image
[INFO] [stdout]   13:     0x601667e25c53 - <librusimg[f88049e8d265eefd]::tests::test_err_failed_to_save_image::{closure#0} as core[a373ad73a504971]::ops::function::FnOnce<()>>::call_once
[INFO] [stdout]   14:     0x601667fa705b - test[aada8e7e76ba119b]::__rust_begin_short_backtrace::<core[a373ad73a504971]::result::Result<(), alloc[2e1b2a31b91974c5]::string::String>, fn() -> core[a373ad73a504971]::result::Result<(), alloc[2e1b2a31b91974c5]::string::String>>
[INFO] [stdout]   15:     0x601667fb4235 - test[aada8e7e76ba119b]::run_test::{closure#0}
[INFO] [stdout]   16:     0x601667fadb24 - std[617be2ca0a6fd877]::sys::backtrace::__rust_begin_short_backtrace::<test[aada8e7e76ba119b]::run_test::{closure#1}, ()>
[INFO] [stdout]   17:     0x601667fb72c2 - <std[617be2ca0a6fd877]::thread::lifecycle::spawn_unchecked<test[aada8e7e76ba119b]::run_test::{closure#1}, ()>::{closure#1} as core[a373ad73a504971]::ops::function::FnOnce<()>>::call_once::{shim:vtable#0}
[INFO] [stdout]   18:     0x6016683f96ff - <std[617be2ca0a6fd877]::sys::thread::unix::Thread>::new::thread_start
[INFO] [stdout]   19:     0x74838fb2cdfa - <unknown>
[INFO] [stdout]   20:     0x74838fbc03d4 - clone
[INFO] [stdout]   21:                0x0 - <unknown>
[INFO] [stdout] 
[INFO] [stdout] ---- tests::test_open_image stdout ----
[INFO] [stdout] 
[INFO] [stdout] thread 'tests::test_open_image' (2072) panicked at src/lib.rs:212:47:
[INFO] [stdout] called `Result::unwrap()` on an `Err` value: FailedToSaveImage("Read-only file system (os error 30)")
[INFO] [stdout] stack backtrace:
[INFO] [stdout]    0:     0x6016683fa3d1 - <<std[617be2ca0a6fd877]::sys::backtrace::BacktraceLock>::print::DisplayBacktrace as core[a373ad73a504971]::fmt::Display>::fmt
[INFO] [stdout]    1:     0x601668410f2a - core[a373ad73a504971]::fmt::write
[INFO] [stdout]    2:     0x6016683fe85c - <alloc[2e1b2a31b91974c5]::vec::Vec<u8> as core[a373ad73a504971]::io::write::Write>::write_fmt
[INFO] [stdout]    3:     0x6016683d54c6 - std[617be2ca0a6fd877]::panicking::default_hook::{closure#0}
[INFO] [stdout]    4:     0x6016683f1f69 - std[617be2ca0a6fd877]::panicking::default_hook
[INFO] [stdout]    5:     0x601667fb3c10 - test[aada8e7e76ba119b]::test_main_inner::{closure#0}
[INFO] [stdout]    6:     0x6016683f2292 - std[617be2ca0a6fd877]::panicking::panic_with_hook
[INFO] [stdout]    7:     0x6016683d5572 - std[617be2ca0a6fd877]::panicking::panic_handler::{closure#0}
[INFO] [stdout]    8:     0x6016683ce019 - std[617be2ca0a6fd877]::sys::backtrace::__rust_end_short_backtrace::<std[617be2ca0a6fd877]::panicking::panic_handler::{closure#0}, !>
[INFO] [stdout]    9:     0x6016683d617d - __rustc[ea4f61d10b84890b]::rust_begin_unwind
[INFO] [stdout]   10:     0x60166841165c - core[a373ad73a504971]::panicking::panic_fmt
[INFO] [stdout]   11:     0x601668411432 - core[a373ad73a504971]::result::unwrap_failed
[INFO] [stdout]   12:     0x601667e1e1da - librusimg[f88049e8d265eefd]::tests::generate_test_image
[INFO] [stdout]   13:     0x601667e21870 - <librusimg[f88049e8d265eefd]::tests::test_open_image::{closure#0} as core[a373ad73a504971]::ops::function::FnOnce<()>>::call_once
[INFO] [stdout]   14:     0x601667fa705b - test[aada8e7e76ba119b]::__rust_begin_short_backtrace::<core[a373ad73a504971]::result::Result<(), alloc[2e1b2a31b91974c5]::string::String>, fn() -> core[a373ad73a504971]::result::Result<(), alloc[2e1b2a31b91974c5]::string::String>>
[INFO] [stdout]   15:     0x601667fb4235 - test[aada8e7e76ba119b]::run_test::{closure#0}
[INFO] [stdout]   16:     0x601667fadb24 - std[617be2ca0a6fd877]::sys::backtrace::__rust_begin_short_backtrace::<test[aada8e7e76ba119b]::run_test::{closure#1}, ()>
[INFO] [stdout]   17:     0x601667fb72c2 - <std[617be2ca0a6fd877]::thread::lifecycle::spawn_unchecked<test[aada8e7e76ba119b]::run_test::{closure#1}, ()>::{closure#1} as core[a373ad73a504971]::ops::function::FnOnce<()>>::call_once::{shim:vtable#0}
[INFO] [stdout]   18:     0x6016683f96ff - <std[617be2ca0a6fd877]::sys::thread::unix::Thread>::new::thread_start
[INFO] [stdout]   19:     0x74838fb2cdfa - <unknown>
[INFO] [stdout]   20:     0x74838fbc03d4 - clone
[INFO] [stdout]   21:                0x0 - <unknown>
[INFO] [stdout] 
[INFO] [stdout] ---- tests::test_grayscale_image stdout ----
[INFO] [stdout] 
[INFO] [stdout] thread 'tests::test_grayscale_image' (2071) panicked at src/lib.rs:212:47:
[INFO] [stdout] called `Result::unwrap()` on an `Err` value: FailedToSaveImage("Read-only file system (os error 30)")
[INFO] [stdout] stack backtrace:
[INFO] [stdout]    0:     0x6016683fa3d1 - <<std[617be2ca0a6fd877]::sys::backtrace::BacktraceLock>::print::DisplayBacktrace as core[a373ad73a504971]::fmt::Display>::fmt
[INFO] [stdout]    1:     0x601668410f2a - core[a373ad73a504971]::fmt::write
[INFO] [stdout]    2:     0x6016683fe85c - <alloc[2e1b2a31b91974c5]::vec::Vec<u8> as core[a373ad73a504971]::io::write::Write>::write_fmt
[INFO] [stdout]    3:     0x6016683d54c6 - std[617be2ca0a6fd877]::panicking::default_hook::{closure#0}
[INFO] [stdout]    4:     0x6016683f1f69 - std[617be2ca0a6fd877]::panicking::default_hook
[INFO] [stdout]    5:     0x601667fb3c10 - test[aada8e7e76ba119b]::test_main_inner::{closure#0}
[INFO] [stdout]    6:     0x6016683f2292 - std[617be2ca0a6fd877]::panicking::panic_with_hook
[INFO] [stdout]    7:     0x6016683d5572 - std[617be2ca0a6fd877]::panicking::panic_handler::{closure#0}
[INFO] [stdout]    8:     0x6016683ce019 - std[617be2ca0a6fd877]::sys::backtrace::__rust_end_short_backtrace::<std[617be2ca0a6fd877]::panicking::panic_handler::{closure#0}, !>
[INFO] [stdout]    9:     0x6016683d617d - __rustc[ea4f61d10b84890b]::rust_begin_unwind
[INFO] [stdout]   10:     0x60166841165c - core[a373ad73a504971]::panicking::panic_fmt
[INFO] [stdout]   11:     0x601668411432 - core[a373ad73a504971]::result::unwrap_failed
[INFO] [stdout]   12:     0x601667e1e1da - librusimg[f88049e8d265eefd]::tests::generate_test_image
[INFO] [stdout]   13:     0x601667e246c5 - <librusimg[f88049e8d265eefd]::tests::test_grayscale_image::{closure#0} as core[a373ad73a504971]::ops::function::FnOnce<()>>::call_once
[INFO] [stdout]   14:     0x601667fa705b - test[aada8e7e76ba119b]::__rust_begin_short_backtrace::<core[a373ad73a504971]::result::Result<(), alloc[2e1b2a31b91974c5]::string::String>, fn() -> core[a373ad73a504971]::result::Result<(), alloc[2e1b2a31b91974c5]::string::String>>
[INFO] [stdout]   15:     0x601667fb4235 - test[aada8e7e76ba119b]::run_test::{closure#0}
[INFO] [stdout]   16:     0x601667fadb24 - std[617be2ca0a6fd877]::sys::backtrace::__rust_begin_short_backtrace::<test[aada8e7e76ba119b]::run_test::{closure#1}, ()>
[INFO] [stdout]   17:     0x601667fb72c2 - <std[617be2ca0a6fd877]::thread::lifecycle::spawn_unchecked<test[aada8e7e76ba119b]::run_test::{closure#1}, ()>::{closure#1} as core[a373ad73a504971]::ops::function::FnOnce<()>>::call_once::{shim:vtable#0}
[INFO] [stdout]   18:     0x6016683f96ff - <std[617be2ca0a6fd877]::sys::thread::unix::Thread>::new::thread_start
[INFO] [stdout]   19:     0x74838fb2cdfa - <unknown>
[INFO] [stdout]   20:     0x74838fbc03d4 - clone
[INFO] [stdout]   21:                0x0 - <unknown>
[INFO] [stdout] 
[INFO] [stdout] ---- tests::test_save_image stdout ----
[INFO] [stdout] 
[INFO] [stdout] thread 'tests::test_save_image' (2074) panicked at src/lib.rs:212:47:
[INFO] [stdout] called `Result::unwrap()` on an `Err` value: FailedToSaveImage("Read-only file system (os error 30)")
[INFO] [stdout] stack backtrace:
[INFO] [stdout]    0:     0x6016683fa3d1 - <<std[617be2ca0a6fd877]::sys::backtrace::BacktraceLock>::print::DisplayBacktrace as core[a373ad73a504971]::fmt::Display>::fmt
[INFO] [stdout]    1:     0x601668410f2a - core[a373ad73a504971]::fmt::write
[INFO] [stdout]    2:     0x6016683fe85c - <alloc[2e1b2a31b91974c5]::vec::Vec<u8> as core[a373ad73a504971]::io::write::Write>::write_fmt
[INFO] [stdout]    3:     0x6016683d54c6 - std[617be2ca0a6fd877]::panicking::default_hook::{closure#0}
[INFO] [stdout]    4:     0x6016683f1f69 - std[617be2ca0a6fd877]::panicking::default_hook
[INFO] [stdout]    5:     0x601667fb3c10 - test[aada8e7e76ba119b]::test_main_inner::{closure#0}
[INFO] [stdout]    6:     0x6016683f2292 - std[617be2ca0a6fd877]::panicking::panic_with_hook
[INFO] [stdout]    7:     0x6016683d5572 - std[617be2ca0a6fd877]::panicking::panic_handler::{closure#0}
[INFO] [stdout]    8:     0x6016683ce019 - std[617be2ca0a6fd877]::sys::backtrace::__rust_end_short_backtrace::<std[617be2ca0a6fd877]::panicking::panic_handler::{closure#0}, !>
[INFO] [stdout]    9:     0x6016683d617d - __rustc[ea4f61d10b84890b]::rust_begin_unwind
[INFO] [stdout]   10:     0x60166841165c - core[a373ad73a504971]::panicking::panic_fmt
[INFO] [stdout]   11:     0x601668411432 - core[a373ad73a504971]::result::unwrap_failed
[INFO] [stdout]   12:     0x601667e1e1da - librusimg[f88049e8d265eefd]::tests::generate_test_image
[INFO] [stdout]   13:     0x601667e219d0 - <librusimg[f88049e8d265eefd]::tests::test_save_image::{closure#0} as core[a373ad73a504971]::ops::function::FnOnce<()>>::call_once
[INFO] [stdout]   14:     0x601667fa705b - test[aada8e7e76ba119b]::__rust_begin_short_backtrace::<core[a373ad73a504971]::result::Result<(), alloc[2e1b2a31b91974c5]::string::String>, fn() -> core[a373ad73a504971]::result::Result<(), alloc[2e1b2a31b91974c5]::string::String>>
[INFO] [stdout]   15:     0x601667fb4235 - test[aada8e7e76ba119b]::run_test::{closure#0}
[INFO] [stdout]   16:     0x601667fadb24 - std[617be2ca0a6fd877]::sys::backtrace::__rust_begin_short_backtrace::<test[aada8e7e76ba119b]::run_test::{closure#1}, ()>
[INFO] [stdout]   17:     0x601667fb72c2 - <std[617be2ca0a6fd877]::thread::lifecycle::spawn_unchecked<test[aada8e7e76ba119b]::run_test::{closure#1}, ()>::{closure#1} as core[a373ad73a504971]::ops::function::FnOnce<()>>::call_once::{shim:vtable#0}
[INFO] [stdout]   18:     0x6016683f96ff - <std[617be2ca0a6fd877]::sys::thread::unix::Thread>::new::thread_start
[INFO] [stdout]   19:     0x74838fb2cdfa - <unknown>
[INFO] [stdout]   20:     0x74838fbc03d4 - clone
[INFO] [stdout]   21:                0x0 - <unknown>
[INFO] [stdout] 
[INFO] [stdout] ---- tests::test_get_dynamic_image stdout ----
[INFO] [stdout] 
[INFO] [stdout] thread 'tests::test_get_dynamic_image' (2067) panicked at src/lib.rs:212:47:
[INFO] [stdout] called `Result::unwrap()` on an `Err` value: FailedToSaveImage("Read-only file system (os error 30)")
[INFO] [stdout] stack backtrace:
[INFO] [stdout]    0:     0x6016683fa3d1 - <<std[617be2ca0a6fd877]::sys::backtrace::BacktraceLock>::print::DisplayBacktrace as core[a373ad73a504971]::fmt::Display>::fmt
[INFO] [stdout]    1:     0x601668410f2a - core[a373ad73a504971]::fmt::write
[INFO] [stdout]    2:     0x6016683fe85c - <alloc[2e1b2a31b91974c5]::vec::Vec<u8> as core[a373ad73a504971]::io::write::Write>::write_fmt
[INFO] [stdout]    3:     0x6016683d54c6 - std[617be2ca0a6fd877]::panicking::default_hook::{closure#0}
[INFO] [stdout]    4:     0x6016683f1f69 - std[617be2ca0a6fd877]::panicking::default_hook
[INFO] [stdout]    5:     0x601667fb3c10 - test[aada8e7e76ba119b]::test_main_inner::{closure#0}
[INFO] [stdout]    6:     0x6016683f2292 - std[617be2ca0a6fd877]::panicking::panic_with_hook
[INFO] [stdout]    7:     0x6016683d5572 - std[617be2ca0a6fd877]::panicking::panic_handler::{closure#0}
[INFO] [stdout]    8:     0x6016683ce019 - std[617be2ca0a6fd877]::sys::backtrace::__rust_end_short_backtrace::<std[617be2ca0a6fd877]::panicking::panic_handler::{closure#0}, !>
[INFO] [stdout]    9:     0x6016683d617d - __rustc[ea4f61d10b84890b]::rust_begin_unwind
[INFO] [stdout]   10:     0x60166841165c - core[a373ad73a504971]::panicking::panic_fmt
[INFO] [stdout]   11:     0x601668411432 - core[a373ad73a504971]::result::unwrap_failed
[INFO] [stdout]   12:     0x601667e1e1da - librusimg[f88049e8d265eefd]::tests::generate_test_image
[INFO] [stdout]   13:     0x601667e24cf3 - <librusimg[f88049e8d265eefd]::tests::test_get_dynamic_image::{closure#0} as core[a373ad73a504971]::ops::function::FnOnce<()>>::call_once
[INFO] [stdout]   14:     0x601667fa705b - test[aada8e7e76ba119b]::__rust_begin_short_backtrace::<core[a373ad73a504971]::result::Result<(), alloc[2e1b2a31b91974c5]::string::String>, fn() -> core[a373ad73a504971]::result::Result<(), alloc[2e1b2a31b91974c5]::string::String>>
[INFO] [stdout]   15:     0x601667fb4235 - test[aada8e7e76ba119b]::run_test::{closure#0}
[INFO] [stdout]   16:     0x601667fadb24 - std[617be2ca0a6fd877]::sys::backtrace::__rust_begin_short_backtrace::<test[aada8e7e76ba119b]::run_test::{closure#1}, ()>
[INFO] [stdout]   17:     0x601667fb72c2 - <std[617be2ca0a6fd877]::thread::lifecycle::spawn_unchecked<test[aada8e7e76ba119b]::run_test::{closure#1}, ()>::{closure#1} as core[a373ad73a504971]::ops::function::FnOnce<()>>::call_once::{shim:vtable#0}
[INFO] [stdout]   18:     0x6016683f96ff - <std[617be2ca0a6fd877]::sys::thread::unix::Thread>::new::thread_start
[INFO] [stdout]   19:     0x74838fb2cdfa - <unknown>
[INFO] [stdout]   20:     0x74838fbc03d4 - clone
[INFO] [stdout]   21:                0x0 - <unknown>
[INFO] [stdout] 
[INFO] [stdout] ---- tests::test_resize_image stdout ----
[INFO] [stdout] 
[INFO] [stdout] thread 'tests::test_resize_image' (2073) panicked at src/lib.rs:212:47:
[INFO] [stdout] called `Result::unwrap()` on an `Err` value: FailedToSaveImage("Read-only file system (os error 30)")
[INFO] [stdout] stack backtrace:
[INFO] [stdout]    0:     0x6016683fa3d1 - <<std[617be2ca0a6fd877]::sys::backtrace::BacktraceLock>::print::DisplayBacktrace as core[a373ad73a504971]::fmt::Display>::fmt
[INFO] [stdout]    1:     0x601668410f2a - core[a373ad73a504971]::fmt::write
[INFO] [stdout]    2:     0x6016683fe85c - <alloc[2e1b2a31b91974c5]::vec::Vec<u8> as core[a373ad73a504971]::io::write::Write>::write_fmt
[INFO] [stdout]    3:     0x6016683d54c6 - std[617be2ca0a6fd877]::panicking::default_hook::{closure#0}
[INFO] [stdout]    4:     0x6016683f1f69 - std[617be2ca0a6fd877]::panicking::default_hook
[INFO] [stdout]    5:     0x601667fb3c10 - test[aada8e7e76ba119b]::test_main_inner::{closure#0}
[INFO] [stdout]    6:     0x6016683f2292 - std[617be2ca0a6fd877]::panicking::panic_with_hook
[INFO] [stdout]    7:     0x6016683d5572 - std[617be2ca0a6fd877]::panicking::panic_handler::{closure#0}
[INFO] [stdout]    8:     0x6016683ce019 - std[617be2ca0a6fd877]::sys::backtrace::__rust_end_short_backtrace::<std[617be2ca0a6fd877]::panicking::panic_handler::{closure#0}, !>
[INFO] [stdout]    9:     0x6016683d617d - __rustc[ea4f61d10b84890b]::rust_begin_unwind
[INFO] [stdout]   10:     0x60166841165c - core[a373ad73a504971]::panicking::panic_fmt
[INFO] [stdout]   11:     0x601668411432 - core[a373ad73a504971]::result::unwrap_failed
[INFO] [stdout]   12:     0x601667e1e1da - librusimg[f88049e8d265eefd]::tests::generate_test_image
[INFO] [stdout]   13:     0x601667e21ee2 - <librusimg[f88049e8d265eefd]::tests::test_resize_image::{closure#0} as core[a373ad73a504971]::ops::function::FnOnce<()>>::call_once
[INFO] [stdout]   14:     0x601667fa705b - test[aada8e7e76ba119b]::__rust_begin_short_backtrace::<core[a373ad73a504971]::result::Result<(), alloc[2e1b2a31b91974c5]::string::String>, fn() -> core[a373ad73a504971]::result::Result<(), alloc[2e1b2a31b91974c5]::string::String>>
[INFO] [stdout]   15:     0x601667fb4235 - test[aada8e7e76ba119b]::run_test::{closure#0}
[INFO] [stdout]   16:     0x601667fadb24 - std[617be2ca0a6fd877]::sys::backtrace::__rust_begin_short_backtrace::<test[aada8e7e76ba119b]::run_test::{closure#1}, ()>
[INFO] [stdout]   17:     0x601667fb72c2 - <std[617be2ca0a6fd877]::thread::lifecycle::spawn_unchecked<test[aada8e7e76ba119b]::run_test::{closure#1}, ()>::{closure#1} as core[a373ad73a504971]::ops::function::FnOnce<()>>::call_once::{shim:vtable#0}
[INFO] [stdout]   18:     0x6016683f96ff - <std[617be2ca0a6fd877]::sys::thread::unix::Thread>::new::thread_start
[INFO] [stdout]   19:     0x74838fb2cdfa - <unknown>
[INFO] [stdout]   20:     0x74838fbc03d4 - clone
[INFO] [stdout]   21:                0x0 - <unknown>
[INFO] [stdout] 
[INFO] [stdout] ---- tests::test_trim_rect_image stdout ----
[INFO] [stdout] 
[INFO] [stdout] thread 'tests::test_trim_rect_image' (2077) panicked at src/lib.rs:212:47:
[INFO] [stdout] called `Result::unwrap()` on an `Err` value: FailedToSaveImage("Read-only file system (os error 30)")
[INFO] [stdout] stack backtrace:
[INFO] [stdout]    0:     0x6016683fa3d1 - <<std[617be2ca0a6fd877]::sys::backtrace::BacktraceLock>::print::DisplayBacktrace as core[a373ad73a504971]::fmt::Display>::fmt
[INFO] [stdout]    1:     0x601668410f2a - core[a373ad73a504971]::fmt::write
[INFO] [stdout]    2:     0x6016683fe85c - <alloc[2e1b2a31b91974c5]::vec::Vec<u8> as core[a373ad73a504971]::io::write::Write>::write_fmt
[INFO] [stdout]    3:     0x6016683d54c6 - std[617be2ca0a6fd877]::panicking::default_hook::{closure#0}
[INFO] [stdout]    4:     0x6016683f1f69 - std[617be2ca0a6fd877]::panicking::default_hook
[INFO] [stdout]    5:     0x601667fb3c10 - test[aada8e7e76ba119b]::test_main_inner::{closure#0}
[INFO] [stdout]    6:     0x6016683f2292 - std[617be2ca0a6fd877]::panicking::panic_with_hook
[INFO] [stdout]    7:     0x6016683d5572 - std[617be2ca0a6fd877]::panicking::panic_handler::{closure#0}
[INFO] [stdout]    8:     0x6016683ce019 - std[617be2ca0a6fd877]::sys::backtrace::__rust_end_short_backtrace::<std[617be2ca0a6fd877]::panicking::panic_handler::{closure#0}, !>
[INFO] [stdout]    9:     0x6016683d617d - __rustc[ea4f61d10b84890b]::rust_begin_unwind
[INFO] [stdout]   10:     0x60166841165c - core[a373ad73a504971]::panicking::panic_fmt
[INFO] [stdout]   11:     0x601668411432 - core[a373ad73a504971]::result::unwrap_failed
[INFO] [stdout]   12:     0x601667e1e1da - librusimg[f88049e8d265eefd]::tests::generate_test_image
[INFO] [stdout]   13:     0x601667e24a62 - <librusimg[f88049e8d265eefd]::tests::test_trim_rect_image::{closure#0} as core[a373ad73a504971]::ops::function::FnOnce<()>>::call_once
[INFO] [stdout]   14:     0x601667fa705b - test[aada8e7e76ba119b]::__rust_begin_short_backtrace::<core[a373ad73a504971]::result::Result<(), alloc[2e1b2a31b91974c5]::string::String>, fn() -> core[a373ad73a504971]::result::Result<(), alloc[2e1b2a31b91974c5]::string::String>>
[INFO] [stdout]   15:     0x601667fb4235 - test[aada8e7e76ba119b]::run_test::{closure#0}
[INFO] [stdout]   16:     0x601667fadb24 - std[617be2ca0a6fd877]::sys::backtrace::__rust_begin_short_backtrace::<test[aada8e7e76ba119b]::run_test::{closure#1}, ()>
[INFO] [stdout]   17:     0x601667fb72c2 - <std[617be2ca0a6fd877]::thread::lifecycle::spawn_unchecked<test[aada8e7e76ba119b]::run_test::{closure#1}, ()>::{closure#1} as core[a373ad73a504971]::ops::function::FnOnce<()>>::call_once::{shim:vtable#0}
[INFO] [stdout]   18:     0x6016683f96ff - <std[617be2ca0a6fd877]::sys::thread::unix::Thread>::new::thread_start
[INFO] [stdout]   19:     0x74838fb2cdfa - <unknown>
[INFO] [stdout]   20:     0x74838fbc03d4 - clone
[INFO] [stdout]   21:                0x0 - <unknown>
[INFO] [stdout] 
[INFO] [stdout] ---- tests::test_trim_image stdout ----
[INFO] [stdout] 
[INFO] [stdout] thread 'tests::test_trim_image' (2076) panicked at src/lib.rs:212:47:
[INFO] [stdout] called `Result::unwrap()` on an `Err` value: FailedToSaveImage("Read-only file system (os error 30)")
[INFO] [stdout] stack backtrace:
[INFO] [stdout]    0:     0x6016683fa3d1 - <<std[617be2ca0a6fd877]::sys::backtrace::BacktraceLock>::print::DisplayBacktrace as core[a373ad73a504971]::fmt::Display>::fmt
[INFO] [stdout]    1:     0x601668410f2a - core[a373ad73a504971]::fmt::write
[INFO] [stdout]    2:     0x6016683fe85c - <alloc[2e1b2a31b91974c5]::vec::Vec<u8> as core[a373ad73a504971]::io::write::Write>::write_fmt
[INFO] [stdout]    3:     0x6016683d54c6 - std[617be2ca0a6fd877]::panicking::default_hook::{closure#0}
[INFO] [stdout]    4:     0x6016683f1f69 - std[617be2ca0a6fd877]::panicking::default_hook
[INFO] [stdout]    5:     0x601667fb3c10 - test[aada8e7e76ba119b]::test_main_inner::{closure#0}
[INFO] [stdout]    6:     0x6016683f2292 - std[617be2ca0a6fd877]::panicking::panic_with_hook
[INFO] [stdout]    7:     0x6016683d5572 - std[617be2ca0a6fd877]::panicking::panic_handler::{closure#0}
[INFO] [stdout]    8:     0x6016683ce019 - std[617be2ca0a6fd877]::sys::backtrace::__rust_end_short_backtrace::<std[617be2ca0a6fd877]::panicking::panic_handler::{closure#0}, !>
[INFO] [stdout]    9:     0x6016683d617d - __rustc[ea4f61d10b84890b]::rust_begin_unwind
[INFO] [stdout]   10:     0x60166841165c - core[a373ad73a504971]::panicking::panic_fmt
[INFO] [stdout]   11:     0x601668411432 - core[a373ad73a504971]::result::unwrap_failed
[INFO] [stdout]   12:     0x601667e1e1da - librusimg[f88049e8d265eefd]::tests::generate_test_image
[INFO] [stdout]   13:     0x601667e21c52 - <librusimg[f88049e8d265eefd]::tests::test_trim_image::{closure#0} as core[a373ad73a504971]::ops::function::FnOnce<()>>::call_once
[INFO] [stdout]   14:     0x601667fa705b - test[aada8e7e76ba119b]::__rust_begin_short_backtrace::<core[a373ad73a504971]::result::Result<(), alloc[2e1b2a31b91974c5]::string::String>, fn() -> core[a373ad73a504971]::result::Result<(), alloc[2e1b2a31b91974c5]::string::String>>
[INFO] [stdout]   15:     0x601667fb4235 - test[aada8e7e76ba119b]::run_test::{closure#0}
[INFO] [stdout]   16:     0x601667fadb24 - std[617be2ca0a6fd877]::sys::backtrace::__rust_begin_short_backtrace::<test[aada8e7e76ba119b]::run_test::{closure#1}, ()>
[INFO] [stdout]   17:     0x601667fb72c2 - <std[617be2ca0a6fd877]::thread::lifecycle::spawn_unchecked<test[aada8e7e76ba119b]::run_test::{closure#1}, ()>::{closure#1} as core[a373ad73a504971]::ops::function::FnOnce<()>>::call_once::{shim:vtable#0}
[INFO] [stderr] error: test failed, to rerun pass `--lib`
[INFO] [stdout]   18:     0x6016683f96ff - <std[617be2ca0a6fd877]::sys::thread::unix::Thread>::new::thread_start
[INFO] [stdout]   19:     0x74838fb2cdfa - <unknown>
[INFO] [stdout]   20:     0x74838fbc03d4 - clone
[INFO] [stdout]   21:                0x0 - <unknown>
[INFO] [stdout] 
[INFO] [stdout] ---- tests::test_err_source_path_must_be_specified stdout ----
[INFO] [stdout] 
[INFO] [stdout] thread 'tests::test_err_source_path_must_be_specified' (2066) panicked at src/lib.rs:212:47:
[INFO] [stdout] called `Result::unwrap()` on an `Err` value: FailedToSaveImage("Read-only file system (os error 30)")
[INFO] [stdout] stack backtrace:
[INFO] [stdout]    0:     0x6016683fa3d1 - <<std[617be2ca0a6fd877]::sys::backtrace::BacktraceLock>::print::DisplayBacktrace as core[a373ad73a504971]::fmt::Display>::fmt
[INFO] [stdout]    1:     0x601668410f2a - core[a373ad73a504971]::fmt::write
[INFO] [stdout]    2:     0x6016683fe85c - <alloc[2e1b2a31b91974c5]::vec::Vec<u8> as core[a373ad73a504971]::io::write::Write>::write_fmt
[INFO] [stdout]    3:     0x6016683d54c6 - std[617be2ca0a6fd877]::panicking::default_hook::{closure#0}
[INFO] [stdout]    4:     0x6016683f1f69 - std[617be2ca0a6fd877]::panicking::default_hook
[INFO] [stdout]    5:     0x601667fb3c10 - test[aada8e7e76ba119b]::test_main_inner::{closure#0}
[INFO] [stdout]    6:     0x6016683f2292 - std[617be2ca0a6fd877]::panicking::panic_with_hook
[INFO] [stdout]    7:     0x6016683d5572 - std[617be2ca0a6fd877]::panicking::panic_handler::{closure#0}
[INFO] [stdout]    8:     0x6016683ce019 - std[617be2ca0a6fd877]::sys::backtrace::__rust_end_short_backtrace::<std[617be2ca0a6fd877]::panicking::panic_handler::{closure#0}, !>
[INFO] [stdout]    9:     0x6016683d617d - __rustc[ea4f61d10b84890b]::rust_begin_unwind
[INFO] [stdout]   10:     0x60166841165c - core[a373ad73a504971]::panicking::panic_fmt
[INFO] [stdout]   11:     0x601668411432 - core[a373ad73a504971]::result::unwrap_failed
[INFO] [stdout]   12:     0x601667e1e1da - librusimg[f88049e8d265eefd]::tests::generate_test_image
[INFO] [stdout]   13:     0x601667e26213 - <librusimg[f88049e8d265eefd]::tests::test_err_source_path_must_be_specified::{closure#0} as core[a373ad73a504971]::ops::function::FnOnce<()>>::call_once
[INFO] [stdout]   14:     0x601667fa705b - test[aada8e7e76ba119b]::__rust_begin_short_backtrace::<core[a373ad73a504971]::result::Result<(), alloc[2e1b2a31b91974c5]::string::String>, fn() -> core[a373ad73a504971]::result::Result<(), alloc[2e1b2a31b91974c5]::string::String>>
[INFO] [stdout]   15:     0x601667fb4235 - test[aada8e7e76ba119b]::run_test::{closure#0}
[INFO] [stdout]   16:     0x601667fadb24 - std[617be2ca0a6fd877]::sys::backtrace::__rust_begin_short_backtrace::<test[aada8e7e76ba119b]::run_test::{closure#1}, ()>
[INFO] [stdout]   17:     0x601667fb72c2 - <std[617be2ca0a6fd877]::thread::lifecycle::spawn_unchecked<test[aada8e7e76ba119b]::run_test::{closure#1}, ()>::{closure#1} as core[a373ad73a504971]::ops::function::FnOnce<()>>::call_once::{shim:vtable#0}
[INFO] [stdout]   18:     0x6016683f96ff - <std[617be2ca0a6fd877]::sys::thread::unix::Thread>::new::thread_start
[INFO] [stdout]   19:     0x74838fb2cdfa - <unknown>
[INFO] [stdout]   20:     0x74838fbc03d4 - clone
[INFO] [stdout]   21:                0x0 - <unknown>
[INFO] [stdout] 
[INFO] [stdout] ---- tests::test_set_dynamic_image stdout ----
[INFO] [stdout] 
[INFO] [stdout] thread 'tests::test_set_dynamic_image' (2075) panicked at src/lib.rs:212:47:
[INFO] [stdout] called `Result::unwrap()` on an `Err` value: FailedToSaveImage("Read-only file system (os error 30)")
[INFO] [stdout] stack backtrace:
[INFO] [stdout]    0:     0x6016683fa3d1 - <<std[617be2ca0a6fd877]::sys::backtrace::BacktraceLock>::print::DisplayBacktrace as core[a373ad73a504971]::fmt::Display>::fmt
[INFO] [stdout]    1:     0x601668410f2a - core[a373ad73a504971]::fmt::write
[INFO] [stdout]    2:     0x6016683fe85c - <alloc[2e1b2a31b91974c5]::vec::Vec<u8> as core[a373ad73a504971]::io::write::Write>::write_fmt
[INFO] [stdout]    3:     0x6016683d54c6 - std[617be2ca0a6fd877]::panicking::default_hook::{closure#0}
[INFO] [stdout]    4:     0x6016683f1f69 - std[617be2ca0a6fd877]::panicking::default_hook
[INFO] [stdout]    5:     0x601667fb3c10 - test[aada8e7e76ba119b]::test_main_inner::{closure#0}
[INFO] [stdout]    6:     0x6016683f2292 - std[617be2ca0a6fd877]::panicking::panic_with_hook
[INFO] [stdout]    7:     0x6016683d5572 - std[617be2ca0a6fd877]::panicking::panic_handler::{closure#0}
[INFO] [stdout]    8:     0x6016683ce019 - std[617be2ca0a6fd877]::sys::backtrace::__rust_end_short_backtrace::<std[617be2ca0a6fd877]::panicking::panic_handler::{closure#0}, !>
[INFO] [stdout]    9:     0x6016683d617d - __rustc[ea4f61d10b84890b]::rust_begin_unwind
[INFO] [stdout]   10:     0x60166841165c - core[a373ad73a504971]::panicking::panic_fmt
[INFO] [stdout]   11:     0x601668411432 - core[a373ad73a504971]::result::unwrap_failed
[INFO] [stdout]   12:     0x601667e1e1da - librusimg[f88049e8d265eefd]::tests::generate_test_image
[INFO] [stdout]   13:     0x601667e24f13 - <librusimg[f88049e8d265eefd]::tests::test_set_dynamic_image::{closure#0} as core[a373ad73a504971]::ops::function::FnOnce<()>>::call_once
[INFO] [stdout]   14:     0x601667fa705b - test[aada8e7e76ba119b]::__rust_begin_short_backtrace::<core[a373ad73a504971]::result::Result<(), alloc[2e1b2a31b91974c5]::string::String>, fn() -> core[a373ad73a504971]::result::Result<(), alloc[2e1b2a31b91974c5]::string::String>>
[INFO] [stdout]   15:     0x601667fb4235 - test[aada8e7e76ba119b]::run_test::{closure#0}
[INFO] [stdout]   16:     0x601667fadb24 - std[617be2ca0a6fd877]::sys::backtrace::__rust_begin_short_backtrace::<test[aada8e7e76ba119b]::run_test::{closure#1}, ()>
[INFO] [stdout]   17:     0x601667fb72c2 - <std[617be2ca0a6fd877]::thread::lifecycle::spawn_unchecked<test[aada8e7e76ba119b]::run_test::{closure#1}, ()>::{closure#1} as core[a373ad73a504971]::ops::function::FnOnce<()>>::call_once::{shim:vtable#0}
[INFO] [stdout]   18:     0x6016683f96ff - <std[617be2ca0a6fd877]::sys::thread::unix::Thread>::new::thread_start
[INFO] [stdout]   19:     0x74838fb2cdfa - <unknown>
[INFO] [stdout]   20:     0x74838fbc03d4 - clone
[INFO] [stdout]   21:                0x0 - <unknown>
[INFO] [stdout] 
[INFO] [stdout] 
[INFO] [stdout] failures:
[INFO] [stdout]     tests::test_compress_image
[INFO] [stdout]     tests::test_convert_image
[INFO] [stdout]     tests::test_err_failed_to_open_image
[INFO] [stdout]     tests::test_err_failed_to_save_image
[INFO] [stdout]     tests::test_err_image_format_cannot_be_compressed
[INFO] [stdout]     tests::test_err_invalid_compression_level
[INFO] [stdout]     tests::test_err_invalid_resize_ratio
[INFO] [stdout]     tests::test_err_invalid_trim_xy
[INFO] [stdout]     tests::test_err_source_path_must_be_specified
[INFO] [stdout]     tests::test_get_dynamic_image
[INFO] [stdout]     tests::test_get_extension
[INFO] [stdout]     tests::test_get_image_size
[INFO] [stdout]     tests::test_get_input_filepath
[INFO] [stdout]     tests::test_grayscale_image
[INFO] [stdout]     tests::test_open_image
[INFO] [stdout]     tests::test_resize_image
[INFO] [stdout]     tests::test_save_image
[INFO] [stdout]     tests::test_set_dynamic_image
[INFO] [stdout]     tests::test_trim_image
[INFO] [stdout]     tests::test_trim_rect_image
[INFO] [stdout] 
[INFO] [stdout] test result: FAILED. 1 passed; 20 failed; 0 ignored; 0 measured; 0 filtered out; finished in 0.02s
[INFO] [stdout] 
[INFO] running `Command { std: "docker" "inspect" "586bdca575896df41a5d2d1ba51d7f9475c432ffd8cd0a7741589a5d43a54e3e", kill_on_drop: false }`
[INFO] running `Command { std: "docker" "rm" "-f" "586bdca575896df41a5d2d1ba51d7f9475c432ffd8cd0a7741589a5d43a54e3e", kill_on_drop: false }`
[INFO] [stdout] 586bdca575896df41a5d2d1ba51d7f9475c432ffd8cd0a7741589a5d43a54e3e
