[INFO] fetching crate libretro-proxy 0.2.0...
[INFO] testing libretro-proxy-0.2.0 against 1.100.0-beta.1+cargoflags=--release for beta-release-1.100-2
[INFO] extracting crate libretro-proxy 0.2.0 into /workspace/builds/worker-3-tc2/source
[INFO] started tweaking crates.io crate libretro-proxy 0.2.0
[INFO] removed 0 missing tests
[INFO] finished tweaking crates.io crate libretro-proxy 0.2.0
[INFO] tweaked toml for crates.io crate libretro-proxy 0.2.0 written to /workspace/builds/worker-3-tc2/source/Cargo.toml
[INFO] validating manifest of crates.io crate libretro-proxy 0.2.0 on toolchain 1.100.0-beta.1
[INFO] running `Command { std: CARGO_HOME="/workspace/cargo-home" RUSTUP_HOME="/workspace/rustup-home" "/workspace/cargo-home/bin/cargo" "+1.100.0-beta.1" "metadata" "--manifest-path" "Cargo.toml" "--no-deps", kill_on_drop: false }`
[INFO] running `Command { std: CARGO_HOME="/workspace/cargo-home" RUSTUP_HOME="/workspace/rustup-home" "/workspace/cargo-home/bin/cargo" "+1.100.0-beta.1" "generate-lockfile" "--manifest-path" "Cargo.toml", kill_on_drop: false }`
[INFO] [stderr]     Updating crates.io index
[INFO] [stderr]      Locking 70 packages to highest compatible versions
[INFO] [stderr]       Adding cargo_metadata v0.19.2 (available: v0.23.1)
[INFO] [stderr]       Adding libloading v0.8.9 (available: v0.9.0)
[INFO] running `Command { std: CARGO_HOME="/workspace/cargo-home" RUSTUP_HOME="/workspace/rustup-home" "/workspace/cargo-home/bin/cargo" "+1.100.0-beta.1" "fetch" "--manifest-path" "Cargo.toml", kill_on_drop: false }`
[INFO] running `Command { std: "docker" "create" "-v" "/var/lib/crater-agent-workspace/builds/worker-3-tc2/source:/opt/rustwide/workdir:ro,Z" "-v" "/var/lib/crater-agent-workspace/builds/worker-3-tc2/target:/opt/rustwide/target:rw,Z" "-v" "/var/lib/crater-agent-workspace/cargo-home:/opt/rustwide/cargo-home:ro,Z" "-v" "/var/lib/crater-agent-workspace/rustup-home:/opt/rustwide/rustup-home:ro,Z" "-m" "1610612736" "--network" "none" "ghcr.io/rust-lang/crates-build-env/linux@sha256:77db811e55d90add9212f6832c23229e3de5f1c1f9905e8cb07319ea15df73ac" "sleep" "infinity", kill_on_drop: false }`
[INFO] [stdout] af47ae414c7298b1f60ad27d83a4e5e04105a0a03d7899be0866c82486d2e3c0
[INFO] running `Command { std: "docker" "start" "af47ae414c7298b1f60ad27d83a4e5e04105a0a03d7899be0866c82486d2e3c0", kill_on_drop: false }`
[INFO] running `Command { std: "docker" "inspect" "af47ae414c7298b1f60ad27d83a4e5e04105a0a03d7899be0866c82486d2e3c0", kill_on_drop: false }`
[INFO] running `Command { std: "docker" "exec" "-e" "SOURCE_DIR=/opt/rustwide/workdir" "-e" "CARGO_HOME=/opt/rustwide/cargo-home" "-e" "RUSTUP_HOME=/opt/rustwide/rustup-home" "-e" "CARGO_TARGET_DIR=/opt/rustwide/target" "-w" "/opt/rustwide/workdir" "--user" "0:0" "af47ae414c7298b1f60ad27d83a4e5e04105a0a03d7899be0866c82486d2e3c0" "/opt/rustwide/cargo-home/bin/cargo" "+1.100.0-beta.1" "metadata" "--no-deps" "--format-version=1", kill_on_drop: false }`
[INFO] running `Command { std: "docker" "inspect" "af47ae414c7298b1f60ad27d83a4e5e04105a0a03d7899be0866c82486d2e3c0", kill_on_drop: false }`
[INFO] running `Command { std: "docker" "exec" "-e" "SOURCE_DIR=/opt/rustwide/workdir" "-e" "CARGO_HOME=/opt/rustwide/cargo-home" "-e" "RUSTUP_HOME=/opt/rustwide/rustup-home" "-e" "CARGO_TARGET_DIR=/opt/rustwide/target" "-e" "CARGO_INCREMENTAL=0" "-e" "RUST_BACKTRACE=full" "-e" "RUSTFLAGS=--cap-lints=warn" "-e" "RUSTDOCFLAGS=--cap-lints=warn" "-w" "/opt/rustwide/workdir" "--user" "0:0" "af47ae414c7298b1f60ad27d83a4e5e04105a0a03d7899be0866c82486d2e3c0" "/opt/rustwide/cargo-home/bin/cargo" "+1.100.0-beta.1" "build" "--frozen" "--message-format=json" "--release", kill_on_drop: false }`
[INFO] [stderr]    Compiling regex-syntax v0.8.11
[INFO] [stderr]    Compiling bindgen v0.63.0
[INFO] [stderr]    Compiling syn v1.0.109
[INFO] [stderr]    Compiling libloading v0.8.9
[INFO] [stderr]    Compiling regex-automata v0.4.18
[INFO] [stderr]    Compiling regex v1.13.1
[INFO] [stderr]    Compiling rust-libretro-sys-proc v0.3.2
[INFO] [stderr]    Compiling rust-libretro-sys v0.3.2
[INFO] [stderr]    Compiling libretro-proxy v0.2.0 (/opt/rustwide/workdir)
[INFO] [stderr]     Finished `release` profile [optimized] target(s) in 14.26s
[INFO] running `Command { std: "docker" "inspect" "af47ae414c7298b1f60ad27d83a4e5e04105a0a03d7899be0866c82486d2e3c0", kill_on_drop: false }`
[INFO] running `Command { std: "docker" "exec" "-e" "SOURCE_DIR=/opt/rustwide/workdir" "-e" "CARGO_HOME=/opt/rustwide/cargo-home" "-e" "RUSTUP_HOME=/opt/rustwide/rustup-home" "-e" "CARGO_TARGET_DIR=/opt/rustwide/target" "-e" "CARGO_INCREMENTAL=0" "-e" "RUST_BACKTRACE=full" "-e" "RUSTFLAGS=--cap-lints=warn" "-e" "RUSTDOCFLAGS=--cap-lints=warn" "-w" "/opt/rustwide/workdir" "--user" "0:0" "af47ae414c7298b1f60ad27d83a4e5e04105a0a03d7899be0866c82486d2e3c0" "/opt/rustwide/cargo-home/bin/cargo" "+1.100.0-beta.1" "test" "--frozen" "--no-run" "--message-format=json" "--release", kill_on_drop: false }`
[INFO] [stderr]    Compiling clang-sys v1.9.1
[INFO] [stderr]    Compiling syn v3.0.9
[INFO] [stderr]    Compiling regex-automata v0.4.18
[INFO] [stderr]    Compiling camino v1.2.6
[INFO] [stderr]    Compiling serde_json v1.0.154
[INFO] [stderr]    Compiling const-str v0.5.7
[INFO] [stderr]    Compiling is-terminal v0.4.17
[INFO] [stderr]    Compiling semver v1.0.28
[INFO] [stderr]    Compiling serde_derive v1.0.229
[INFO] [stderr]    Compiling thiserror-impl v2.0.21
[INFO] [stderr]    Compiling bindgen v0.63.0
[INFO] [stderr]    Compiling thiserror v2.0.21
[INFO] [stderr]    Compiling regex v1.13.1
[INFO] [stderr]    Compiling serde v1.0.229
[INFO] [stderr]    Compiling env_logger v0.10.2
[INFO] [stderr]    Compiling cargo-platform v0.1.9
[INFO] [stderr]    Compiling cargo_metadata v0.19.2
[INFO] [stderr]    Compiling rust-libretro-sys v0.3.2
[INFO] [stderr]    Compiling libretro-proxy v0.2.0 (/opt/rustwide/workdir)
[INFO] [stderr]    Compiling rust-libretro-proc v0.3.2
[INFO] [stderr]    Compiling rust-libretro v0.3.2
[INFO] [stderr]    Compiling rust-libretro-example-core v0.3.2
[INFO] [stderr]     Finished `release` profile [optimized] target(s) in 29.80s
[INFO] running `Command { std: "docker" "inspect" "af47ae414c7298b1f60ad27d83a4e5e04105a0a03d7899be0866c82486d2e3c0", kill_on_drop: false }`
[INFO] running `Command { std: "docker" "exec" "-e" "SOURCE_DIR=/opt/rustwide/workdir" "-e" "CARGO_HOME=/opt/rustwide/cargo-home" "-e" "RUSTUP_HOME=/opt/rustwide/rustup-home" "-e" "CARGO_TARGET_DIR=/opt/rustwide/target" "-e" "CARGO_INCREMENTAL=0" "-e" "RUST_BACKTRACE=full" "-e" "RUSTFLAGS=--cap-lints=warn" "-e" "RUSTDOCFLAGS=--cap-lints=warn" "-w" "/opt/rustwide/workdir" "--user" "0:0" "af47ae414c7298b1f60ad27d83a4e5e04105a0a03d7899be0866c82486d2e3c0" "/opt/rustwide/cargo-home/bin/cargo" "+1.100.0-beta.1" "test" "--frozen" "--release", kill_on_drop: false }`
[INFO] [stderr]     Finished `release` profile [optimized] target(s) in 0.10s
[INFO] [stderr]      Running unittests src/lib.rs (/opt/rustwide/target/release/build/libretro-proxy/a553977bddc4a00d/out/libretro_proxy-a553977bddc4a00d)
[INFO] [stdout] 
[INFO] [stdout] running 0 tests
[INFO] [stdout] 
[INFO] [stdout] test result: ok. 0 passed; 0 failed; 0 ignored; 0 measured; 0 filtered out; finished in 0.00s
[INFO] [stdout] 
[INFO] [stderr]      Running tests/mod.rs (/opt/rustwide/target/release/build/libretro-proxy/0872174e01264b65/out/mod-0872174e01264b65)
[INFO] [stdout] 
[INFO] [stdout] running 1 test
[INFO] [stdout] test tests::it_works ... FAILED
[INFO] [stdout] 
[INFO] [stdout] failures:
[INFO] [stdout] 
[INFO] [stdout] ---- tests::it_works stdout ----
[INFO] [stdout] 
[INFO] [stdout] thread 'tests::it_works' (1897) panicked at tests/mod.rs:38:14:
[INFO] [stdout] called `Option::unwrap()` on a `None` value
[INFO] [stdout] stack backtrace:
[INFO] [stdout]    0:     0x653dbce56c51 - <<std[617be2ca0a6fd877]::sys::backtrace::BacktraceLock>::print::DisplayBacktrace as core[a373ad73a504971]::fmt::Display>::fmt
[INFO] [stdout]    1:     0x653dbce6b71a - core[a373ad73a504971]::fmt::write
[INFO] [stdout]    2:     0x653dbce5b13c - <alloc[2e1b2a31b91974c5]::vec::Vec<u8> as core[a373ad73a504971]::io::write::Write>::write_fmt
[INFO] [stdout]    3:     0x653dbce323a6 - std[617be2ca0a6fd877]::panicking::default_hook::{closure#0}
[INFO] [stdout]    4:     0x653dbce4ef59 - std[617be2ca0a6fd877]::panicking::default_hook
[INFO] [stdout]    5:     0x653dbcdaf270 - test[aada8e7e76ba119b]::test_main_inner::{closure#0}
[INFO] [stdout]    6:     0x653dbce4f112 - std[617be2ca0a6fd877]::panicking::panic_with_hook
[INFO] [stdout]    7:     0x653dbce32484 - std[617be2ca0a6fd877]::panicking::panic_handler::{closure#0}
[INFO] [stdout]    8:     0x653dbce2b0c9 - std[617be2ca0a6fd877]::sys::backtrace::__rust_end_short_backtrace::<std[617be2ca0a6fd877]::panicking::panic_handler::{closure#0}, !>
[INFO] [stdout]    9:     0x653dbce3305d - __rustc[ea4f61d10b84890b]::rust_begin_unwind
[INFO] [stdout]   10:     0x653dbce6be4c - core[a373ad73a504971]::panicking::panic_fmt
[INFO] [stdout]   11:     0x653dbce6be12 - core[a373ad73a504971]::panicking::panic
[INFO] [stdout]   12:     0x653dbce6bbc9 - core[a373ad73a504971]::option::unwrap_failed
[INFO] [stdout]   13:     0x653dbcd9faee - <mod[34455ee47fb4deec]::tests::it_works::{closure#0} as core[a373ad73a504971]::ops::function::FnOnce<()>>::call_once
[INFO] [stdout]   14:     0x653dbcda26bb - test[aada8e7e76ba119b]::__rust_begin_short_backtrace::<core[a373ad73a504971]::result::Result<(), alloc[2e1b2a31b91974c5]::string::String>, fn() -> core[a373ad73a504971]::result::Result<(), alloc[2e1b2a31b91974c5]::string::String>>
[INFO] [stdout]   15:     0x653dbcdaf895 - test[aada8e7e76ba119b]::run_test::{closure#0}
[INFO] [stdout]   16:     0x653dbcda9184 - std[617be2ca0a6fd877]::sys::backtrace::__rust_begin_short_backtrace::<test[aada8e7e76ba119b]::run_test::{closure#1}, ()>
[INFO] [stdout]   17:     0x653dbcdb2922 - <std[617be2ca0a6fd877]::thread::lifecycle::spawn_unchecked<test[aada8e7e76ba119b]::run_test::{closure#1}, ()>::{closure#1} as core[a373ad73a504971]::ops::function::FnOnce<()>>::call_once::{shim:vtable#0}
[INFO] [stderr] error: test failed, to rerun pass `--test mod`
[INFO] [stdout]   18:     0x653dbce564af - <std[617be2ca0a6fd877]::sys::thread::unix::Thread>::new::thread_start
[INFO] [stdout]   19:     0x74f62de02dfa - <unknown>
[INFO] [stdout]   20:     0x74f62de963d4 - clone
[INFO] [stdout]   21:                0x0 - <unknown>
[INFO] [stdout] 
[INFO] [stdout] 
[INFO] [stdout] failures:
[INFO] [stdout]     tests::it_works
[INFO] [stdout] 
[INFO] [stdout] test result: FAILED. 0 passed; 1 failed; 0 ignored; 0 measured; 0 filtered out; finished in 0.08s
[INFO] [stdout] 
[INFO] running `Command { std: "docker" "inspect" "af47ae414c7298b1f60ad27d83a4e5e04105a0a03d7899be0866c82486d2e3c0", kill_on_drop: false }`
[INFO] running `Command { std: "docker" "rm" "-f" "af47ae414c7298b1f60ad27d83a4e5e04105a0a03d7899be0866c82486d2e3c0", kill_on_drop: false }`
[INFO] [stdout] af47ae414c7298b1f60ad27d83a4e5e04105a0a03d7899be0866c82486d2e3c0
