[INFO] fetching crate librelic 0.0.14...
[INFO] testing librelic-0.0.14 against 1.99.0-beta.8+cargoflags=--release for beta-release-1.100-2
[INFO] extracting crate librelic 0.0.14 into /workspace/builds/worker-5-tc1/source
[INFO] started tweaking crates.io crate librelic 0.0.14
[INFO] finished tweaking crates.io crate librelic 0.0.14
[INFO] tweaked toml for crates.io crate librelic 0.0.14 written to /workspace/builds/worker-5-tc1/source/Cargo.toml
[INFO] validating manifest of crates.io crate librelic 0.0.14 on toolchain 1.99.0-beta.8
[INFO] running `Command { std: CARGO_HOME="/workspace/cargo-home" RUSTUP_HOME="/workspace/rustup-home" "/workspace/cargo-home/bin/cargo" "+1.99.0-beta.8" "metadata" "--manifest-path" "Cargo.toml" "--no-deps", kill_on_drop: false }`
[INFO] running `Command { std: CARGO_HOME="/workspace/cargo-home" RUSTUP_HOME="/workspace/rustup-home" "/workspace/cargo-home/bin/cargo" "+1.99.0-beta.8" "generate-lockfile" "--manifest-path" "Cargo.toml", kill_on_drop: false }`
[INFO] [stderr]     Updating crates.io index
[INFO] [stderr]      Locking 125 packages to highest compatible versions
[INFO] [stderr]       Adding fastrand v1.4.1 (available: v1.9.0)
[INFO] [stderr]       Adding flate2 v1.0.35 (available: v1.1.10)
[INFO] [stderr]       Adding lazy_static v1.4.0 (available: v1.5.1)
[INFO] [stderr]       Adding regex v1.4.6 (available: v1.13.1)
[INFO] [stderr]       Adding serde_yaml v0.8.26 (available: v0.9.34+deprecated)
[INFO] [stderr]       Adding walkdir v2.3.3 (available: v2.5.0)
[INFO] running `Command { std: CARGO_HOME="/workspace/cargo-home" RUSTUP_HOME="/workspace/rustup-home" "/workspace/cargo-home/bin/cargo" "+1.99.0-beta.8" "fetch" "--manifest-path" "Cargo.toml", kill_on_drop: false }`
[INFO] [stderr]  Downloading crates ...
[INFO] [stderr]   Downloaded fastrand v1.4.1
[INFO] [stderr]   Downloaded gory v0.1.14
[INFO] [stderr]   Downloaded skellige v0.1.7
[INFO] [stderr]   Downloaded git2 v0.13.25
[INFO] [stderr]   Downloaded serde_yaml v0.8.26
[INFO] [stderr]   Downloaded fungus v0.1.27
[INFO] [stderr]   Downloaded regex v1.4.6
[INFO] [stderr]   Downloaded libgit2-sys v0.12.26+1.3.0
[INFO] running `Command { std: "docker" "create" "-v" "/var/lib/crater-agent-workspace/builds/worker-5-tc1/source:/opt/rustwide/workdir:ro,Z" "-v" "/var/lib/crater-agent-workspace/builds/worker-5-tc1/target:/opt/rustwide/target:rw,Z" "-v" "/var/lib/crater-agent-workspace/cargo-home:/opt/rustwide/cargo-home:ro,Z" "-v" "/var/lib/crater-agent-workspace/rustup-home:/opt/rustwide/rustup-home:ro,Z" "-m" "1610612736" "--network" "none" "ghcr.io/rust-lang/crates-build-env/linux@sha256:77db811e55d90add9212f6832c23229e3de5f1c1f9905e8cb07319ea15df73ac" "sleep" "infinity", kill_on_drop: false }`
[INFO] [stdout] 7dd2c6562f3077d869a6c38c0fe21957a58c7321d0c1ace78c63bd63d5fe9a0b
[INFO] running `Command { std: "docker" "start" "7dd2c6562f3077d869a6c38c0fe21957a58c7321d0c1ace78c63bd63d5fe9a0b", kill_on_drop: false }`
[INFO] running `Command { std: "docker" "inspect" "7dd2c6562f3077d869a6c38c0fe21957a58c7321d0c1ace78c63bd63d5fe9a0b", kill_on_drop: false }`
[INFO] running `Command { std: "docker" "exec" "-e" "SOURCE_DIR=/opt/rustwide/workdir" "-e" "CARGO_HOME=/opt/rustwide/cargo-home" "-e" "RUSTUP_HOME=/opt/rustwide/rustup-home" "-e" "CARGO_TARGET_DIR=/opt/rustwide/target" "-w" "/opt/rustwide/workdir" "--user" "0:0" "7dd2c6562f3077d869a6c38c0fe21957a58c7321d0c1ace78c63bd63d5fe9a0b" "/opt/rustwide/cargo-home/bin/cargo" "+1.99.0-beta.8" "metadata" "--no-deps" "--format-version=1", kill_on_drop: false }`
[INFO] running `Command { std: "docker" "inspect" "7dd2c6562f3077d869a6c38c0fe21957a58c7321d0c1ace78c63bd63d5fe9a0b", kill_on_drop: false }`
[INFO] running `Command { std: "docker" "exec" "-e" "SOURCE_DIR=/opt/rustwide/workdir" "-e" "CARGO_HOME=/opt/rustwide/cargo-home" "-e" "RUSTUP_HOME=/opt/rustwide/rustup-home" "-e" "CARGO_TARGET_DIR=/opt/rustwide/target" "-e" "CARGO_INCREMENTAL=0" "-e" "RUST_BACKTRACE=full" "-e" "RUSTFLAGS=--cap-lints=warn" "-e" "RUSTDOCFLAGS=--cap-lints=warn" "-w" "/opt/rustwide/workdir" "--user" "0:0" "7dd2c6562f3077d869a6c38c0fe21957a58c7321d0c1ace78c63bd63d5fe9a0b" "/opt/rustwide/cargo-home/bin/cargo" "+1.99.0-beta.8" "build" "--frozen" "--message-format=json" "--release", kill_on_drop: false }`
[INFO] [stderr]    Compiling syn v3.0.9
[INFO] [stderr]    Compiling libc v0.2.191
[INFO] [stderr]    Compiling find-msvc-tools v0.1.14
[INFO] [stderr]    Compiling generic-array v0.14.9
[INFO] [stderr]    Compiling rustix v1.1.5
[INFO] [stderr]    Compiling crc32fast v1.5.2
[INFO] [stderr]    Compiling aho-corasick v0.7.20
[INFO] [stderr]    Compiling num-traits v0.2.19
[INFO] [stderr]    Compiling miniz_oxide v0.8.9
[INFO] [stderr]    Compiling filetime v0.2.29
[INFO] [stderr]    Compiling digest v0.9.0
[INFO] [stderr]    Compiling crypto-mac v0.8.0
[INFO] [stderr]    Compiling walkdir v2.3.3
[INFO] [stderr]    Compiling blake2 v0.9.2
[INFO] [stderr]    Compiling regex v1.4.6
[INFO] [stderr]    Compiling jobserver v0.1.35
[INFO] [stderr]    Compiling chrono v0.4.45
[INFO] [stderr]    Compiling console v0.16.6
[INFO] [stderr]    Compiling cc v1.8.0
[INFO] [stderr]    Compiling flate2 v1.0.35
[INFO] [stderr]    Compiling xattr v1.6.1
[INFO] [stderr]    Compiling tar v0.4.46
[INFO] [stderr]    Compiling gory v0.1.14
[INFO] [stderr]    Compiling number_prefix v0.3.0
[INFO] [stderr]    Compiling fastrand v1.4.1
[INFO] [stderr]    Compiling glob v0.3.4
[INFO] [stderr]    Compiling yaml-rust v0.4.5
[INFO] [stderr]    Compiling indicatif v0.15.0
[INFO] [stderr]    Compiling libz-sys v1.1.30
[INFO] [stderr]    Compiling openssl-sys v0.9.117
[INFO] [stderr]    Compiling libssh2-sys v0.2.23
[INFO] [stderr]    Compiling synstructure v0.14.0
[INFO] [stderr]    Compiling libgit2-sys v0.12.26+1.3.0
[INFO] [stderr]    Compiling fungus v0.1.27
[INFO] [stderr]    Compiling librelic v0.0.14 (/opt/rustwide/workdir)
[INFO] [stderr]    Compiling zerofrom-derive v0.1.8
[INFO] [stderr]    Compiling yoke-derive v0.8.4
[INFO] [stderr]    Compiling zerofrom v0.1.8
[INFO] [stderr]    Compiling zerovec-derive v0.11.6
[INFO] [stderr]    Compiling displaydoc v0.2.7
[INFO] [stderr]    Compiling yoke v0.8.3
[INFO] [stderr]    Compiling serde_derive v1.0.229
[INFO] [stderr]    Compiling zerotrie v0.2.5
[INFO] [stderr]    Compiling zerovec v0.11.8
[INFO] [stderr]    Compiling tinystr v0.8.4
[INFO] [stderr]    Compiling icu_locale_core v2.3.0
[INFO] [stderr]    Compiling potential_utf v0.1.6
[INFO] [stderr]    Compiling icu_collections v2.3.0
[INFO] [stderr]    Compiling icu_provider v2.3.1
[INFO] [stderr]    Compiling icu_normalizer v2.3.0
[INFO] [stderr]    Compiling icu_properties v2.3.0
[INFO] [stderr]    Compiling serde v1.0.229
[INFO] [stderr]    Compiling idna_adapter v1.2.2
[INFO] [stderr]    Compiling idna v1.1.0
[INFO] [stderr]    Compiling serde_yaml v0.8.26
[INFO] [stderr]    Compiling url v2.5.8
[INFO] [stderr]    Compiling git2 v0.13.25
[INFO] [stderr]    Compiling skellige v0.1.7
[INFO] [stderr]     Finished `release` profile [optimized] target(s) in 2m 46s
[INFO] running `Command { std: "docker" "inspect" "7dd2c6562f3077d869a6c38c0fe21957a58c7321d0c1ace78c63bd63d5fe9a0b", kill_on_drop: false }`
[INFO] running `Command { std: "docker" "exec" "-e" "SOURCE_DIR=/opt/rustwide/workdir" "-e" "CARGO_HOME=/opt/rustwide/cargo-home" "-e" "RUSTUP_HOME=/opt/rustwide/rustup-home" "-e" "CARGO_TARGET_DIR=/opt/rustwide/target" "-e" "CARGO_INCREMENTAL=0" "-e" "RUST_BACKTRACE=full" "-e" "RUSTFLAGS=--cap-lints=warn" "-e" "RUSTDOCFLAGS=--cap-lints=warn" "-w" "/opt/rustwide/workdir" "--user" "0:0" "7dd2c6562f3077d869a6c38c0fe21957a58c7321d0c1ace78c63bd63d5fe9a0b" "/opt/rustwide/cargo-home/bin/cargo" "+1.99.0-beta.8" "test" "--frozen" "--no-run" "--message-format=json" "--release", kill_on_drop: false }`
[INFO] [stderr]    Compiling librelic v0.0.14 (/opt/rustwide/workdir)
[INFO] [stderr]     Finished `release` profile [optimized] target(s) in 3.31s
[INFO] running `Command { std: "docker" "inspect" "7dd2c6562f3077d869a6c38c0fe21957a58c7321d0c1ace78c63bd63d5fe9a0b", kill_on_drop: false }`
[INFO] running `Command { std: "docker" "exec" "-e" "SOURCE_DIR=/opt/rustwide/workdir" "-e" "CARGO_HOME=/opt/rustwide/cargo-home" "-e" "RUSTUP_HOME=/opt/rustwide/rustup-home" "-e" "CARGO_TARGET_DIR=/opt/rustwide/target" "-e" "CARGO_INCREMENTAL=0" "-e" "RUST_BACKTRACE=full" "-e" "RUSTFLAGS=--cap-lints=warn" "-e" "RUSTDOCFLAGS=--cap-lints=warn" "-w" "/opt/rustwide/workdir" "--user" "0:0" "7dd2c6562f3077d869a6c38c0fe21957a58c7321d0c1ace78c63bd63d5fe9a0b" "/opt/rustwide/cargo-home/bin/cargo" "+1.99.0-beta.8" "test" "--frozen" "--release", kill_on_drop: false }`
[INFO] [stderr]     Finished `release` profile [optimized] target(s) in 0.15s
[INFO] [stderr]      Running unittests src/lib.rs (/opt/rustwide/target/release/deps/librelic-8156a4dafdfdad2f)
[INFO] [stdout] 
[INFO] [stdout] running 11 tests
[INFO] [stdout] test model::component::tests::test_debug_string ... ok
[INFO] [stdout] test model::component::tests::test_component_from ... ok
[INFO] [stdout] test model::component::tests::test_all ... ok
[INFO] [stdout] test model::component::tests::test_errors ... ok
[INFO] [stdout] test error::error::tests::test_errors ... ok
[INFO] [stdout] test model::component::tests::test_join ... ok
[INFO] [stdout] test abs::tests::test_source ... FAILED
[INFO] [stdout] test error::component::tests::test_errors ... ok
[INFO] [stdout] test model::config::tests::test_config_load_save ... FAILED
[INFO] [stdout] test abs::tests::test_kernel_ver ... FAILED
[INFO] [stdout] test abs::tests::test_repo ... FAILED
[INFO] [stdout] 
[INFO] [stdout] failures:
[INFO] [stdout] 
[INFO] [stdout] ---- abs::tests::test_source stdout ----
[INFO] [stdout] 
[INFO] [stdout] thread 'abs::tests::test_source' (1917) panicked at src/abs.rs:116:27:
[INFO] [stdout] called `Result::unwrap()` on an `Err` value: Io(Os { code: 30, kind: ReadOnlyFilesystem, message: "Read-only file system" })
[INFO] [stdout] stack backtrace:
[INFO] [stdout]    0:     0x577b6c0f5bd1 - <<std[70759c8f55707aa4]::sys::backtrace::BacktraceLock>::print::DisplayBacktrace as core[df12db4294e9bfd3]::fmt::Display>::fmt
[INFO] [stdout]    1:     0x577b6c10d3aa - core[df12db4294e9bfd3]::fmt::write
[INFO] [stdout]    2:     0x577b6c0fa50c - <alloc[2182bb758b4b3781]::vec::Vec<u8> as core[df12db4294e9bfd3]::io::write::Write>::write_fmt
[INFO] [stdout]    3:     0x577b6c0ce706 - std[70759c8f55707aa4]::panicking::default_hook::{closure#0}
[INFO] [stdout]    4:     0x577b6c0ec099 - std[70759c8f55707aa4]::panicking::default_hook
[INFO] [stdout]    5:     0x577b6bf301f0 - test[9d35eded1c95d3be]::test_main_inner::<test[9d35eded1c95d3be]::test_main_static::{closure#0}>::{closure#0}
[INFO] [stdout]    6:     0x577b6c0ec3c2 - std[70759c8f55707aa4]::panicking::panic_with_hook
[INFO] [stdout]    7:     0x577b6c0ce7b2 - std[70759c8f55707aa4]::panicking::panic_handler::{closure#0}
[INFO] [stdout]    8:     0x577b6c0c6fc9 - std[70759c8f55707aa4]::sys::backtrace::__rust_end_short_backtrace::<std[70759c8f55707aa4]::panicking::panic_handler::{closure#0}, !>
[INFO] [stdout]    9:     0x577b6c0cf5fd - __rustc[8fa7c3cbc660c2b3]::rust_begin_unwind
[INFO] [stdout]   10:     0x577b6c10db0c - core[df12db4294e9bfd3]::panicking::panic_fmt
[INFO] [stdout]   11:     0x577b6c10d8e2 - core[df12db4294e9bfd3]::result::unwrap_failed
[INFO] [stdout]   12:     0x577b6befa421 - <librelic[a2e5f27b0252ee91]::abs::tests::test_source::{closure#0} as core[df12db4294e9bfd3]::ops::function::FnOnce<()>>::call_once
[INFO] [stdout]   13:     0x577b6bf234db - test[9d35eded1c95d3be]::__rust_begin_short_backtrace::<core[df12db4294e9bfd3]::result::Result<(), alloc[2182bb758b4b3781]::string::String>, fn() -> core[df12db4294e9bfd3]::result::Result<(), alloc[2182bb758b4b3781]::string::String>>
[INFO] [stdout]   14:     0x577b6bf30b45 - test[9d35eded1c95d3be]::run_test::{closure#0}
[INFO] [stdout]   15:     0x577b6bf2a404 - std[70759c8f55707aa4]::sys::backtrace::__rust_begin_short_backtrace::<test[9d35eded1c95d3be]::run_test::{closure#1}, ()>
[INFO] [stdout]   16:     0x577b6bf33ca2 - <std[70759c8f55707aa4]::thread::lifecycle::spawn_unchecked<test[9d35eded1c95d3be]::run_test::{closure#1}, ()>::{closure#1} as core[df12db4294e9bfd3]::ops::function::FnOnce<()>>::call_once::{shim:vtable#0}
[INFO] [stdout]   17:     0x577b6c0f5069 - <std[70759c8f55707aa4]::sys::thread::unix::Thread>::new::thread_start
[INFO] [stdout]   18:     0x74f5319c7dfa - <unknown>
[INFO] [stdout]   19:     0x74f531a5b3d4 - clone
[INFO] [stdout]   20:                0x0 - <unknown>
[INFO] [stdout] 
[INFO] [stdout] ---- model::config::tests::test_config_load_save stdout ----
[INFO] [stdout] 
[INFO] [stdout] thread 'model::config::tests::test_config_load_save' (1925) panicked at src/model/config.rs:50:27:
[INFO] [stdout] called `Result::unwrap()` on an `Err` value: Io(Os { code: 30, kind: ReadOnlyFilesystem, message: "Read-only file system" })
[INFO] [stdout] stack backtrace:
[INFO] [stdout]    0:     0x577b6c0f5bd1 - <<std[70759c8f55707aa4]::sys::backtrace::BacktraceLock>::print::DisplayBacktrace as core[df12db4294e9bfd3]::fmt::Display>::fmt
[INFO] [stdout]    1:     0x577b6c10d3aa - core[df12db4294e9bfd3]::fmt::write
[INFO] [stdout]    2:     0x577b6c0fa50c - <alloc[2182bb758b4b3781]::vec::Vec<u8> as core[df12db4294e9bfd3]::io::write::Write>::write_fmt
[INFO] [stdout]    3:     0x577b6c0ce706 - std[70759c8f55707aa4]::panicking::default_hook::{closure#0}
[INFO] [stdout]    4:     0x577b6c0ec099 - std[70759c8f55707aa4]::panicking::default_hook
[INFO] [stdout]    5:     0x577b6bf301f0 - test[9d35eded1c95d3be]::test_main_inner::<test[9d35eded1c95d3be]::test_main_static::{closure#0}>::{closure#0}
[INFO] [stdout]    6:     0x577b6c0ec3c2 - std[70759c8f55707aa4]::panicking::panic_with_hook
[INFO] [stdout]    7:     0x577b6c0ce7b2 - std[70759c8f55707aa4]::panicking::panic_handler::{closure#0}
[INFO] [stdout]    8:     0x577b6c0c6fc9 - std[70759c8f55707aa4]::sys::backtrace::__rust_end_short_backtrace::<std[70759c8f55707aa4]::panicking::panic_handler::{closure#0}, !>
[INFO] [stdout]    9:     0x577b6c0cf5fd - __rustc[8fa7c3cbc660c2b3]::rust_begin_unwind
[INFO] [stdout]   10:     0x577b6c10db0c - core[df12db4294e9bfd3]::panicking::panic_fmt
[INFO] [stdout]   11:     0x577b6c10d8e2 - core[df12db4294e9bfd3]::result::unwrap_failed
[INFO] [stdout]   12:     0x577b6bef145d - librelic[a2e5f27b0252ee91]::model::config::tests::test_config_load_save
[INFO] [stdout]   13:     0x577b6befae79 - <librelic[a2e5f27b0252ee91]::model::config::tests::test_config_load_save::{closure#0} as core[df12db4294e9bfd3]::ops::function::FnOnce<()>>::call_once
[INFO] [stdout]   14:     0x577b6bf234db - test[9d35eded1c95d3be]::__rust_begin_short_backtrace::<core[df12db4294e9bfd3]::result::Result<(), alloc[2182bb758b4b3781]::string::String>, fn() -> core[df12db4294e9bfd3]::result::Result<(), alloc[2182bb758b4b3781]::string::String>>
[INFO] [stdout]   15:     0x577b6bf30b45 - test[9d35eded1c95d3be]::run_test::{closure#0}
[INFO] [stdout]   16:     0x577b6bf2a404 - std[70759c8f55707aa4]::sys::backtrace::__rust_begin_short_backtrace::<test[9d35eded1c95d3be]::run_test::{closure#1}, ()>
[INFO] [stdout]   17:     0x577b6bf33ca2 - <std[70759c8f55707aa4]::thread::lifecycle::spawn_unchecked<test[9d35eded1c95d3be]::run_test::{closure#1}, ()>::{closure#1} as core[df12db4294e9bfd3]::ops::function::FnOnce<()>>::call_once::{shim:vtable#0}
[INFO] [stdout]   18:     0x577b6c0f5069 - <std[70759c8f55707aa4]::sys::thread::unix::Thread>::new::thread_start
[INFO] [stdout]   19:     0x74f5319c7dfa - <unknown>
[INFO] [stdout]   20:     0x74f531a5b3d4 - clone
[INFO] [stdout]   21:                0x0 - <unknown>
[INFO] [stdout] 
[INFO] [stdout] ---- abs::tests::test_kernel_ver stdout ----
[INFO] [stdout] 
[INFO] [stdout] thread 'abs::tests::test_kernel_ver' (1915) panicked at src/abs.rs:122:9:
[INFO] [stdout] assertion failed: abs::kernel_ver().is_ok()
[INFO] [stdout] stack backtrace:
[INFO] [stdout]    0:     0x577b6c0f5bd1 - <<std[70759c8f55707aa4]::sys::backtrace::BacktraceLock>::print::DisplayBacktrace as core[df12db4294e9bfd3]::fmt::Display>::fmt
[INFO] [stdout]    1:     0x577b6c10d3aa - core[df12db4294e9bfd3]::fmt::write
[INFO] [stdout]    2:     0x577b6c0fa50c - <alloc[2182bb758b4b3781]::vec::Vec<u8> as core[df12db4294e9bfd3]::io::write::Write>::write_fmt
[INFO] [stdout]    3:     0x577b6c0ce706 - std[70759c8f55707aa4]::panicking::default_hook::{closure#0}
[INFO] [stdout]    4:     0x577b6c0ec099 - std[70759c8f55707aa4]::panicking::default_hook
[INFO] [stdout]    5:     0x577b6bf301f0 - test[9d35eded1c95d3be]::test_main_inner::<test[9d35eded1c95d3be]::test_main_static::{closure#0}>::{closure#0}
[INFO] [stdout]    6:     0x577b6c0ec3c2 - std[70759c8f55707aa4]::panicking::panic_with_hook
[INFO] [stdout]    7:     0x577b6c0ce7e4 - std[70759c8f55707aa4]::panicking::panic_handler::{closure#0}
[INFO] [stdout]    8:     0x577b6c0c6fc9 - std[70759c8f55707aa4]::sys::backtrace::__rust_end_short_backtrace::<std[70759c8f55707aa4]::panicking::panic_handler::{closure#0}, !>
[INFO] [stdout]    9:     0x577b6c0cf5fd - __rustc[8fa7c3cbc660c2b3]::rust_begin_unwind
[INFO] [stdout]   10:     0x577b6c10db0c - core[df12db4294e9bfd3]::panicking::panic_fmt
[INFO] [stdout]   11:     0x577b6c10dad2 - core[df12db4294e9bfd3]::panicking::panic
[INFO] [stdout]   12:     0x577b6befaa4e - <librelic[a2e5f27b0252ee91]::abs::tests::test_kernel_ver::{closure#0} as core[df12db4294e9bfd3]::ops::function::FnOnce<()>>::call_once
[INFO] [stdout]   13:     0x577b6bf234db - test[9d35eded1c95d3be]::__rust_begin_short_backtrace::<core[df12db4294e9bfd3]::result::Result<(), alloc[2182bb758b4b3781]::string::String>, fn() -> core[df12db4294e9bfd3]::result::Result<(), alloc[2182bb758b4b3781]::string::String>>
[INFO] [stdout]   14:     0x577b6bf30b45 - test[9d35eded1c95d3be]::run_test::{closure#0}
[INFO] [stdout]   15:     0x577b6bf2a404 - std[70759c8f55707aa4]::sys::backtrace::__rust_begin_short_backtrace::<test[9d35eded1c95d3be]::run_test::{closure#1}, ()>
[INFO] [stdout]   16:     0x577b6bf33ca2 - <std[70759c8f55707aa4]::thread::lifecycle::spawn_unchecked<test[9d35eded1c95d3be]::run_test::{closure#1}, ()>::{closure#1} as core[df12db4294e9bfd3]::ops::function::FnOnce<()>>::call_once::{shim:vtable#0}
[INFO] [stdout]   17:     0x577b6c0f5069 - <std[70759c8f55707aa4]::sys::thread::unix::Thread>::new::thread_start
[INFO] [stdout]   18:     0x74f5319c7dfa - <unknown>
[INFO] [stdout]   19:     0x74f531a5b3d4 - clone
[INFO] [stdout]   20:                0x0 - <unknown>
[INFO] [stdout] 
[INFO] [stdout] ---- abs::tests::test_repo stdout ----
[INFO] [stdout] 
[INFO] [stdout] thread 'abs::tests::test_repo' (1916) panicked at src/abs.rs:144:41:
[INFO] [stdout] called `Result::unwrap()` on an `Err` value: PackageNotFound("pkgfile")
[INFO] [stdout] stack backtrace:
[INFO] [stdout]    0:     0x577b6c0f5bd1 - <<std[70759c8f55707aa4]::sys::backtrace::BacktraceLock>::print::DisplayBacktrace as core[df12db4294e9bfd3]::fmt::Display>::fmt
[INFO] [stdout]    1:     0x577b6c10d3aa - core[df12db4294e9bfd3]::fmt::write
[INFO] [stdout]    2:     0x577b6c0fa50c - <alloc[2182bb758b4b3781]::vec::Vec<u8> as core[df12db4294e9bfd3]::io::write::Write>::write_fmt
[INFO] [stdout]    3:     0x577b6c0ce706 - std[70759c8f55707aa4]::panicking::default_hook::{closure#0}
[INFO] [stdout]    4:     0x577b6c0ec099 - std[70759c8f55707aa4]::panicking::default_hook
[INFO] [stdout]    5:     0x577b6bf301f0 - test[9d35eded1c95d3be]::test_main_inner::<test[9d35eded1c95d3be]::test_main_static::{closure#0}>::{closure#0}
[INFO] [stdout]    6:     0x577b6c0ec3c2 - std[70759c8f55707aa4]::panicking::panic_with_hook
[INFO] [stdout]    7:     0x577b6c0ce7b2 - std[70759c8f55707aa4]::panicking::panic_handler::{closure#0}
[INFO] [stdout]    8:     0x577b6c0c6fc9 - std[70759c8f55707aa4]::sys::backtrace::__rust_end_short_backtrace::<std[70759c8f55707aa4]::panicking::panic_handler::{closure#0}, !>
[INFO] [stdout]    9:     0x577b6c0cf5fd - __rustc[8fa7c3cbc660c2b3]::rust_begin_unwind
[INFO] [stdout]   10:     0x577b6c10db0c - core[df12db4294e9bfd3]::panicking::panic_fmt
[INFO] [stdout]   11:     0x577b6c10d8e2 - core[df12db4294e9bfd3]::result::unwrap_failed
[INFO] [stdout]   12:     0x577b6befacf4 - <librelic[a2e5f27b0252ee91]::abs::tests::test_repo::{closure#0} as core[df12db4294e9bfd3]::ops::function::FnOnce<()>>::call_once
[INFO] [stdout]   13:     0x577b6bf234db - test[9d35eded1c95d3be]::__rust_begin_short_backtrace::<core[df12db4294e9bfd3]::result::Result<(), alloc[2182bb758b4b3781]::string::String>, fn() -> core[df12db4294e9bfd3]::result::Result<(), alloc[2182bb758b4b3781]::string::String>>
[INFO] [stdout]   14:     0x577b6bf30b45 - test[9d35eded1c95d3be]::run_test::{closure#0}
[INFO] [stdout]   15:     0x577b6bf2a404 - std[70759c8f55707aa4]::sys::backtrace::__rust_begin_short_backtrace::<test[9d35eded1c95d3be]::run_test::{closure#1}, ()>
[INFO] [stdout]   16:     0x577b6bf33ca2 - <std[70759c8f55707aa4]::thread::lifecycle::spawn_unchecked<test[9d35eded1c95d3be]::run_test::{closure#1}, ()>::{closure#1} as core[df12db4294e9bfd3]::ops::function::FnOnce<()>>::call_once::{shim:vtable#0}
[INFO] [stdout]   17:     0x577b6c0f5069 - <std[70759c8f55707aa4]::sys::thread::unix::Thread>::new::thread_start
[INFO] [stdout]   18:     0x74f5319c7dfa - <unknown>
[INFO] [stdout]   19:     0x74f531a5b3d4 - clone
[INFO] [stdout]   20:                0x0 - <unknown>
[INFO] [stdout] 
[INFO] [stdout] 
[INFO] [stdout] failures:
[INFO] [stdout]     abs::tests::test_kernel_ver
[INFO] [stdout]     abs::tests::test_repo
[INFO] [stdout]     abs::tests::test_source
[INFO] [stdout]     model::config::tests::test_config_load_save
[INFO] [stdout] 
[INFO] [stdout] test result: FAILED. 7 passed; 4 failed; 0 ignored; 0 measured; 0 filtered out; finished in 0.11s
[INFO] [stdout] 
[INFO] [stderr] error: test failed, to rerun pass `--lib`
[INFO] running `Command { std: "docker" "inspect" "7dd2c6562f3077d869a6c38c0fe21957a58c7321d0c1ace78c63bd63d5fe9a0b", kill_on_drop: false }`
[INFO] running `Command { std: "docker" "rm" "-f" "7dd2c6562f3077d869a6c38c0fe21957a58c7321d0c1ace78c63bd63d5fe9a0b", kill_on_drop: false }`
[INFO] [stdout] 7dd2c6562f3077d869a6c38c0fe21957a58c7321d0c1ace78c63bd63d5fe9a0b
