[INFO] fetching crate librdb 0.2.0...
[INFO] testing librdb-0.2.0 against 1.100.0-beta.1+cargoflags=--release for beta-release-1.100-2
[INFO] extracting crate librdb 0.2.0 into /workspace/builds/worker-4-tc2/source
[INFO] started tweaking crates.io crate librdb 0.2.0
[INFO] removed 0 missing tests
[INFO] finished tweaking crates.io crate librdb 0.2.0
[INFO] tweaked toml for crates.io crate librdb 0.2.0 written to /workspace/builds/worker-4-tc2/source/Cargo.toml
[INFO] validating manifest of crates.io crate librdb 0.2.0 on toolchain 1.100.0-beta.1
[INFO] running `Command { std: CARGO_HOME="/workspace/cargo-home" RUSTUP_HOME="/workspace/rustup-home" "/workspace/cargo-home/bin/cargo" "+1.100.0-beta.1" "metadata" "--manifest-path" "Cargo.toml" "--no-deps", kill_on_drop: false }`
[INFO] crate crates.io crate librdb 0.2.0 already has a lockfile, it will not be regenerated
[INFO] running `Command { std: CARGO_HOME="/workspace/cargo-home" RUSTUP_HOME="/workspace/rustup-home" "/workspace/cargo-home/bin/cargo" "+1.100.0-beta.1" "fetch" "--manifest-path" "Cargo.toml", kill_on_drop: false }`
[INFO] running `Command { std: "docker" "create" "-v" "/var/lib/crater-agent-workspace/builds/worker-4-tc2/source:/opt/rustwide/workdir:ro,Z" "-v" "/var/lib/crater-agent-workspace/builds/worker-4-tc2/target:/opt/rustwide/target:rw,Z" "-v" "/var/lib/crater-agent-workspace/cargo-home:/opt/rustwide/cargo-home:ro,Z" "-v" "/var/lib/crater-agent-workspace/rustup-home:/opt/rustwide/rustup-home:ro,Z" "-m" "1610612736" "--network" "none" "ghcr.io/rust-lang/crates-build-env/linux@sha256:77db811e55d90add9212f6832c23229e3de5f1c1f9905e8cb07319ea15df73ac" "sleep" "infinity", kill_on_drop: false }`
[INFO] [stdout] b1e969b42b060c920ed6f40b4be4f978cfc471612eda4689dd160428e5cefd28
[INFO] running `Command { std: "docker" "start" "b1e969b42b060c920ed6f40b4be4f978cfc471612eda4689dd160428e5cefd28", kill_on_drop: false }`
[INFO] running `Command { std: "docker" "inspect" "b1e969b42b060c920ed6f40b4be4f978cfc471612eda4689dd160428e5cefd28", kill_on_drop: false }`
[INFO] running `Command { std: "docker" "exec" "-e" "SOURCE_DIR=/opt/rustwide/workdir" "-e" "CARGO_HOME=/opt/rustwide/cargo-home" "-e" "RUSTUP_HOME=/opt/rustwide/rustup-home" "-e" "CARGO_TARGET_DIR=/opt/rustwide/target" "-w" "/opt/rustwide/workdir" "--user" "0:0" "b1e969b42b060c920ed6f40b4be4f978cfc471612eda4689dd160428e5cefd28" "/opt/rustwide/cargo-home/bin/cargo" "+1.100.0-beta.1" "metadata" "--no-deps" "--format-version=1", kill_on_drop: false }`
[INFO] running `Command { std: "docker" "inspect" "b1e969b42b060c920ed6f40b4be4f978cfc471612eda4689dd160428e5cefd28", kill_on_drop: false }`
[INFO] running `Command { std: "docker" "exec" "-e" "SOURCE_DIR=/opt/rustwide/workdir" "-e" "CARGO_HOME=/opt/rustwide/cargo-home" "-e" "RUSTUP_HOME=/opt/rustwide/rustup-home" "-e" "CARGO_TARGET_DIR=/opt/rustwide/target" "-e" "CARGO_INCREMENTAL=0" "-e" "RUST_BACKTRACE=full" "-e" "RUSTFLAGS=--cap-lints=warn" "-e" "RUSTDOCFLAGS=--cap-lints=warn" "-w" "/opt/rustwide/workdir" "--user" "0:0" "b1e969b42b060c920ed6f40b4be4f978cfc471612eda4689dd160428e5cefd28" "/opt/rustwide/cargo-home/bin/cargo" "+1.100.0-beta.1" "build" "--frozen" "--message-format=json" "--release", kill_on_drop: false }`
[INFO] [stderr]    Compiling cc v1.2.58
[INFO] [stderr]    Compiling syn v2.0.117
[INFO] [stderr]    Compiling librdb-sys v0.2.0+2.3.0
[INFO] [stderr]    Compiling thiserror-impl v2.0.18
[INFO] [stderr]    Compiling thiserror v2.0.18
[INFO] [stderr]    Compiling librdb v0.2.0 (/opt/rustwide/workdir)
[INFO] [stderr]     Finished `release` profile [optimized] target(s) in 15.22s
[INFO] running `Command { std: "docker" "inspect" "b1e969b42b060c920ed6f40b4be4f978cfc471612eda4689dd160428e5cefd28", kill_on_drop: false }`
[INFO] running `Command { std: "docker" "exec" "-e" "SOURCE_DIR=/opt/rustwide/workdir" "-e" "CARGO_HOME=/opt/rustwide/cargo-home" "-e" "RUSTUP_HOME=/opt/rustwide/rustup-home" "-e" "CARGO_TARGET_DIR=/opt/rustwide/target" "-e" "CARGO_INCREMENTAL=0" "-e" "RUST_BACKTRACE=full" "-e" "RUSTFLAGS=--cap-lints=warn" "-e" "RUSTDOCFLAGS=--cap-lints=warn" "-w" "/opt/rustwide/workdir" "--user" "0:0" "b1e969b42b060c920ed6f40b4be4f978cfc471612eda4689dd160428e5cefd28" "/opt/rustwide/cargo-home/bin/cargo" "+1.100.0-beta.1" "test" "--frozen" "--no-run" "--message-format=json" "--release", kill_on_drop: false }`
[INFO] [stderr]    Compiling librdb v0.2.0 (/opt/rustwide/workdir)
[INFO] [stderr]     Finished `release` profile [optimized] target(s) in 3.80s
[INFO] running `Command { std: "docker" "inspect" "b1e969b42b060c920ed6f40b4be4f978cfc471612eda4689dd160428e5cefd28", kill_on_drop: false }`
[INFO] running `Command { std: "docker" "exec" "-e" "SOURCE_DIR=/opt/rustwide/workdir" "-e" "CARGO_HOME=/opt/rustwide/cargo-home" "-e" "RUSTUP_HOME=/opt/rustwide/rustup-home" "-e" "CARGO_TARGET_DIR=/opt/rustwide/target" "-e" "CARGO_INCREMENTAL=0" "-e" "RUST_BACKTRACE=full" "-e" "RUSTFLAGS=--cap-lints=warn" "-e" "RUSTDOCFLAGS=--cap-lints=warn" "-w" "/opt/rustwide/workdir" "--user" "0:0" "b1e969b42b060c920ed6f40b4be4f978cfc471612eda4689dd160428e5cefd28" "/opt/rustwide/cargo-home/bin/cargo" "+1.100.0-beta.1" "test" "--frozen" "--release", kill_on_drop: false }`
[INFO] [stderr]     Finished `release` profile [optimized] target(s) in 0.07s
[INFO] [stderr]      Running unittests src/lib.rs (/opt/rustwide/target/release/build/librdb/3bb4f9a5ec6b97aa/out/librdb-3bb4f9a5ec6b97aa)
[INFO] [stdout] 
[INFO] [stdout] running 0 tests
[INFO] [stdout] 
[INFO] [stdout] test result: ok. 0 passed; 0 failed; 0 ignored; 0 measured; 0 filtered out; finished in 0.00s
[INFO] [stdout] 
[INFO] [stderr]      Running tests/level2.rs (/opt/rustwide/target/release/build/librdb/363c46eaf95f61c9/out/level2-363c46eaf95f61c9)
[INFO] [stdout] 
[INFO] [stdout] running 26 tests
[INFO] [stdout] test array_basic_no_insert_idx ... FAILED
[INFO] [stdout] test callback_ordering ... FAILED
[INFO] [stdout] test array_mixed_value_encodings ... FAILED
[INFO] [stdout] test empty_rdb ... FAILED
[INFO] [stdout] test array_insert_idx_boundary_is_not_sentinel ... FAILED
[INFO] [stdout] test array_with_insert_idx ... FAILED
[INFO] [stdout] test early_termination_no_further_callbacks ... FAILED
[INFO] [stdout] test list_multiple ... FAILED
[INFO] [stdout] test expiry_none_when_not_set ... FAILED
[INFO] [stdout] test handler_error_propagates ... FAILED
[INFO] [stdout] test callback_ordering_multi_key ... FAILED
[INFO] [stdout] test handler_panic_is_caught ... FAILED
[INFO] [stdout] test handler_accessible_after_failure ... FAILED
[INFO] [stdout] test hash_field_expiry ... FAILED
[INFO] [stdout] test hash_fields ... FAILED
[INFO] [stdout] test multiple_databases ... FAILED
[INFO] [stdout] test lru_metadata_absent ... FAILED
[INFO] [stdout] test lru_metadata_present ... FAILED
[INFO] [stdout] test parse_file_twice_returns_error ... FAILED
[INFO] [stdout] test set_members ... FAILED
[INFO] [stdout] test nonexistent_file_returns_error ... ok
[INFO] [stdout] test parse_fd_single_key ... FAILED
[INFO] [stdout] test stream_entries ... FAILED
[INFO] [stdout] test zset_members_with_scores ... FAILED
[INFO] [stdout] test stream_xnack_zone_entries ... FAILED
[INFO] [stdout] test string_single_key ... FAILED
[INFO] [stdout] 
[INFO] [stdout] failures:
[INFO] [stdout] 
[INFO] [stdout] ---- array_basic_no_insert_idx stdout ----
[INFO] [stdout] 
[INFO] [stdout] thread 'array_basic_no_insert_idx' (353) panicked at tests/level2.rs:264:37:
[INFO] [stdout] parse: Parser { code: 13, message: "[errcode=13] Failed to open RDB file `/opt/rustwide/workdir/../librdb-sys/librdb/test/dumps/array_v14_basic.rdb`: No such file or directory\n\n" }
[INFO] [stdout] stack backtrace:
[INFO] [stdout]    0:     0x57fce32bcab1 - <<std[617be2ca0a6fd877]::sys::backtrace::BacktraceLock>::print::DisplayBacktrace as core[a373ad73a504971]::fmt::Display>::fmt
[INFO] [stdout]    1:     0x57fce32d0dda - core[a373ad73a504971]::fmt::write
[INFO] [stdout]    2:     0x57fce32c0ccc - <alloc[2e1b2a31b91974c5]::vec::Vec<u8> as core[a373ad73a504971]::io::write::Write>::write_fmt
[INFO] [stdout]    3:     0x57fce3298d86 - std[617be2ca0a6fd877]::panicking::default_hook::{closure#0}
[INFO] [stdout]    4:     0x57fce32b5149 - std[617be2ca0a6fd877]::panicking::default_hook
[INFO] [stdout]    5:     0x57fce323ea40 - test[aada8e7e76ba119b]::test_main_inner::{closure#0}
[INFO] [stdout]    6:     0x57fce32b5302 - std[617be2ca0a6fd877]::panicking::panic_with_hook
[INFO] [stdout]    7:     0x57fce3298e32 - std[617be2ca0a6fd877]::panicking::panic_handler::{closure#0}
[INFO] [stdout]    8:     0x57fce3291b49 - std[617be2ca0a6fd877]::sys::backtrace::__rust_end_short_backtrace::<std[617be2ca0a6fd877]::panicking::panic_handler::{closure#0}, !>
[INFO] [stdout]    9:     0x57fce3299a3d - __rustc[ea4f61d10b84890b]::rust_begin_unwind
[INFO] [stdout]   10:     0x57fce32d150c - core[a373ad73a504971]::panicking::panic_fmt
[INFO] [stdout]   11:     0x57fce32d12e2 - core[a373ad73a504971]::result::unwrap_failed
[INFO] [stdout]   12:     0x57fce3225465 - level2[d7213de28ba7698]::parse_collect
[INFO] [stdout]   13:     0x57fce322a569 - <level2[d7213de28ba7698]::array_basic_no_insert_idx::{closure#0} as core[a373ad73a504971]::ops::function::FnOnce<()>>::call_once
[INFO] [stdout]   14:     0x57fce3231e8b - test[aada8e7e76ba119b]::__rust_begin_short_backtrace::<core[a373ad73a504971]::result::Result<(), alloc[2e1b2a31b91974c5]::string::String>, fn() -> core[a373ad73a504971]::result::Result<(), alloc[2e1b2a31b91974c5]::string::String>>
[INFO] [stdout]   15:     0x57fce323f065 - test[aada8e7e76ba119b]::run_test::{closure#0}
[INFO] [stdout]   16:     0x57fce3238954 - std[617be2ca0a6fd877]::sys::backtrace::__rust_begin_short_backtrace::<test[aada8e7e76ba119b]::run_test::{closure#1}, ()>
[INFO] [stdout]   17:     0x57fce32420f2 - <std[617be2ca0a6fd877]::thread::lifecycle::spawn_unchecked<test[aada8e7e76ba119b]::run_test::{closure#1}, ()>::{closure#1} as core[a373ad73a504971]::ops::function::FnOnce<()>>::call_once::{shim:vtable#0}
[INFO] [stdout]   18:     0x57fce32bc30f - <std[617be2ca0a6fd877]::sys::thread::unix::Thread>::new::thread_start
[INFO] [stdout]   19:     0x743e85014dfa - <unknown>
[INFO] [stdout]   20:     0x743e850a83d4 - clone
[INFO] [stdout]   21:                0x0 - <unknown>
[INFO] [stdout] 
[INFO] [stdout] ---- callback_ordering stdout ----
[INFO] [stdout] 
[INFO] [stdout] thread 'callback_ordering' (357) panicked at tests/level2.rs:264:37:
[INFO] [stdout] parse: Parser { code: 13, message: "[errcode=13] Failed to open RDB file `/opt/rustwide/workdir/../librdb-sys/librdb/test/dumps/single_key.rdb`: No such file or directory\n\n" }
[INFO] [stdout] stack backtrace:
[INFO] [stdout]    0:     0x57fce32bcab1 - <<std[617be2ca0a6fd877]::sys::backtrace::BacktraceLock>::print::DisplayBacktrace as core[a373ad73a504971]::fmt::Display>::fmt
[INFO] [stdout]    1:     0x57fce32d0dda - core[a373ad73a504971]::fmt::write
[INFO] [stdout]    2:     0x57fce32c0ccc - <alloc[2e1b2a31b91974c5]::vec::Vec<u8> as core[a373ad73a504971]::io::write::Write>::write_fmt
[INFO] [stdout]    3:     0x57fce3298d86 - std[617be2ca0a6fd877]::panicking::default_hook::{closure#0}
[INFO] [stdout]    4:     0x57fce32b5149 - std[617be2ca0a6fd877]::panicking::default_hook
[INFO] [stdout]    5:     0x57fce323ea40 - test[aada8e7e76ba119b]::test_main_inner::{closure#0}
[INFO] [stdout]    6:     0x57fce32b5302 - std[617be2ca0a6fd877]::panicking::panic_with_hook
[INFO] [stdout]    7:     0x57fce3298e32 - std[617be2ca0a6fd877]::panicking::panic_handler::{closure#0}
[INFO] [stdout]    8:     0x57fce3291b49 - std[617be2ca0a6fd877]::sys::backtrace::__rust_end_short_backtrace::<std[617be2ca0a6fd877]::panicking::panic_handler::{closure#0}, !>
[INFO] [stdout]    9:     0x57fce3299a3d - __rustc[ea4f61d10b84890b]::rust_begin_unwind
[INFO] [stdout]   10:     0x57fce32d150c - core[a373ad73a504971]::panicking::panic_fmt
[INFO] [stdout]   11:     0x57fce32d12e2 - core[a373ad73a504971]::result::unwrap_failed
[INFO] [stdout]   12:     0x57fce3225465 - level2[d7213de28ba7698]::parse_collect
[INFO] [stdout]   13:     0x57fce3228132 - <level2[d7213de28ba7698]::callback_ordering::{closure#0} as core[a373ad73a504971]::ops::function::FnOnce<()>>::call_once
[INFO] [stdout]   14:     0x57fce3231e8b - test[aada8e7e76ba119b]::__rust_begin_short_backtrace::<core[a373ad73a504971]::result::Result<(), alloc[2e1b2a31b91974c5]::string::String>, fn() -> core[a373ad73a504971]::result::Result<(), alloc[2e1b2a31b91974c5]::string::String>>
[INFO] [stdout]   15:     0x57fce323f065 - test[aada8e7e76ba119b]::run_test::{closure#0}
[INFO] [stdout]   16:     0x57fce3238954 - std[617be2ca0a6fd877]::sys::backtrace::__rust_begin_short_backtrace::<test[aada8e7e76ba119b]::run_test::{closure#1}, ()>
[INFO] [stdout]   17:     0x57fce32420f2 - <std[617be2ca0a6fd877]::thread::lifecycle::spawn_unchecked<test[aada8e7e76ba119b]::run_test::{closure#1}, ()>::{closure#1} as core[a373ad73a504971]::ops::function::FnOnce<()>>::call_once::{shim:vtable#0}
[INFO] [stdout]   18:     0x57fce32bc30f - <std[617be2ca0a6fd877]::sys::thread::unix::Thread>::new::thread_start
[INFO] [stdout]   19:     0x743e85014dfa - <unknown>
[INFO] [stdout]   20:     0x743e850a83d4 - clone
[INFO] [stdout]   21:                0x0 - <unknown>
[INFO] [stdout] 
[INFO] [stdout] ---- array_mixed_value_encodings stdout ----
[INFO] [stdout] 
[INFO] [stdout] thread 'array_mixed_value_encodings' (355) panicked at tests/level2.rs:264:37:
[INFO] [stdout] parse: Parser { code: 13, message: "[errcode=13] Failed to open RDB file `/opt/rustwide/workdir/../librdb-sys/librdb/test/dumps/array_v14_mixed_types.rdb`: No such file or directory\n\n" }
[INFO] [stdout] stack backtrace:
[INFO] [stdout]    0:     0x57fce32bcab1 - <<std[617be2ca0a6fd877]::sys::backtrace::BacktraceLock>::print::DisplayBacktrace as core[a373ad73a504971]::fmt::Display>::fmt
[INFO] [stdout]    1:     0x57fce32d0dda - core[a373ad73a504971]::fmt::write
[INFO] [stdout]    2:     0x57fce32c0ccc - <alloc[2e1b2a31b91974c5]::vec::Vec<u8> as core[a373ad73a504971]::io::write::Write>::write_fmt
[INFO] [stdout]    3:     0x57fce3298d86 - std[617be2ca0a6fd877]::panicking::default_hook::{closure#0}
[INFO] [stdout]    4:     0x57fce32b5149 - std[617be2ca0a6fd877]::panicking::default_hook
[INFO] [stdout]    5:     0x57fce323ea40 - test[aada8e7e76ba119b]::test_main_inner::{closure#0}
[INFO] [stdout]    6:     0x57fce32b5302 - std[617be2ca0a6fd877]::panicking::panic_with_hook
[INFO] [stdout]    7:     0x57fce3298e32 - std[617be2ca0a6fd877]::panicking::panic_handler::{closure#0}
[INFO] [stdout]    8:     0x57fce3291b49 - std[617be2ca0a6fd877]::sys::backtrace::__rust_end_short_backtrace::<std[617be2ca0a6fd877]::panicking::panic_handler::{closure#0}, !>
[INFO] [stdout]    9:     0x57fce3299a3d - __rustc[ea4f61d10b84890b]::rust_begin_unwind
[INFO] [stdout]   10:     0x57fce32d150c - core[a373ad73a504971]::panicking::panic_fmt
[INFO] [stdout]   11:     0x57fce32d12e2 - core[a373ad73a504971]::result::unwrap_failed
[INFO] [stdout]   12:     0x57fce3225465 - level2[d7213de28ba7698]::parse_collect
[INFO] [stdout]   13:     0x57fce322ac26 - <level2[d7213de28ba7698]::array_mixed_value_encodings::{closure#0} as core[a373ad73a504971]::ops::function::FnOnce<()>>::call_once
[INFO] [stdout]   14:     0x57fce3231e8b - test[aada8e7e76ba119b]::__rust_begin_short_backtrace::<core[a373ad73a504971]::result::Result<(), alloc[2e1b2a31b91974c5]::string::String>, fn() -> core[a373ad73a504971]::result::Result<(), alloc[2e1b2a31b91974c5]::string::String>>
[INFO] [stdout]   15:     0x57fce323f065 - test[aada8e7e76ba119b]::run_test::{closure#0}
[INFO] [stdout]   16:     0x57fce3238954 - std[617be2ca0a6fd877]::sys::backtrace::__rust_begin_short_backtrace::<test[aada8e7e76ba119b]::run_test::{closure#1}, ()>
[INFO] [stdout]   17:     0x57fce32420f2 - <std[617be2ca0a6fd877]::thread::lifecycle::spawn_unchecked<test[aada8e7e76ba119b]::run_test::{closure#1}, ()>::{closure#1} as core[a373ad73a504971]::ops::function::FnOnce<()>>::call_once::{shim:vtable#0}
[INFO] [stdout]   18:     0x57fce32bc30f - <std[617be2ca0a6fd877]::sys::thread::unix::Thread>::new::thread_start
[INFO] [stdout]   19:     0x743e85014dfa - <unknown>
[INFO] [stdout]   20:     0x743e850a83d4 - clone
[INFO] [stdout]   21:                0x0 - <unknown>
[INFO] [stdout] 
[INFO] [stdout] ---- empty_rdb stdout ----
[INFO] [stdout] 
[INFO] [stdout] thread 'empty_rdb' (360) panicked at tests/level2.rs:264:37:
[INFO] [stdout] parse: Parser { code: 13, message: "[errcode=13] Failed to open RDB file `/opt/rustwide/workdir/../librdb-sys/librdb/test/dumps/empty.rdb`: No such file or directory\n\n" }
[INFO] [stdout] stack backtrace:
[INFO] [stdout]    0:     0x57fce32bcab1 - <<std[617be2ca0a6fd877]::sys::backtrace::BacktraceLock>::print::DisplayBacktrace as core[a373ad73a504971]::fmt::Display>::fmt
[INFO] [stdout]    1:     0x57fce32d0dda - core[a373ad73a504971]::fmt::write
[INFO] [stdout]    2:     0x57fce32c0ccc - <alloc[2e1b2a31b91974c5]::vec::Vec<u8> as core[a373ad73a504971]::io::write::Write>::write_fmt
[INFO] [stdout]    3:     0x57fce3298d86 - std[617be2ca0a6fd877]::panicking::default_hook::{closure#0}
[INFO] [stdout]    4:     0x57fce32b5149 - std[617be2ca0a6fd877]::panicking::default_hook
[INFO] [stdout]    5:     0x57fce323ea40 - test[aada8e7e76ba119b]::test_main_inner::{closure#0}
[INFO] [stdout]    6:     0x57fce32b5302 - std[617be2ca0a6fd877]::panicking::panic_with_hook
[INFO] [stdout]    7:     0x57fce3298e32 - std[617be2ca0a6fd877]::panicking::panic_handler::{closure#0}
[INFO] [stdout]    8:     0x57fce3291b49 - std[617be2ca0a6fd877]::sys::backtrace::__rust_end_short_backtrace::<std[617be2ca0a6fd877]::panicking::panic_handler::{closure#0}, !>
[INFO] [stdout]    9:     0x57fce3299a3d - __rustc[ea4f61d10b84890b]::rust_begin_unwind
[INFO] [stdout]   10:     0x57fce32d150c - core[a373ad73a504971]::panicking::panic_fmt
[INFO] [stdout]   11:     0x57fce32d12e2 - core[a373ad73a504971]::result::unwrap_failed
[INFO] [stdout]   12:     0x57fce3225465 - level2[d7213de28ba7698]::parse_collect
[INFO] [stdout]   13:     0x57fce322be74 - <level2[d7213de28ba7698]::empty_rdb::{closure#0} as core[a373ad73a504971]::ops::function::FnOnce<()>>::call_once
[INFO] [stdout]   14:     0x57fce3231e8b - test[aada8e7e76ba119b]::__rust_begin_short_backtrace::<core[a373ad73a504971]::result::Result<(), alloc[2e1b2a31b91974c5]::string::String>, fn() -> core[a373ad73a504971]::result::Result<(), alloc[2e1b2a31b91974c5]::string::String>>
[INFO] [stdout]   15:     0x57fce323f065 - test[aada8e7e76ba119b]::run_test::{closure#0}
[INFO] [stdout]   16:     0x57fce3238954 - std[617be2ca0a6fd877]::sys::backtrace::__rust_begin_short_backtrace::<test[aada8e7e76ba119b]::run_test::{closure#1}, ()>
[INFO] [stdout]   17:     0x57fce32420f2 - <std[617be2ca0a6fd877]::thread::lifecycle::spawn_unchecked<test[aada8e7e76ba119b]::run_test::{closure#1}, ()>::{closure#1} as core[a373ad73a504971]::ops::function::FnOnce<()>>::call_once::{shim:vtable#0}
[INFO] [stdout]   18:     0x57fce32bc30f - <std[617be2ca0a6fd877]::sys::thread::unix::Thread>::new::thread_start
[INFO] [stdout]   19:     0x743e85014dfa - <unknown>
[INFO] [stdout]   20:     0x743e850a83d4 - clone
[INFO] [stdout]   21:                0x0 - <unknown>
[INFO] [stdout] 
[INFO] [stdout] ---- array_insert_idx_boundary_is_not_sentinel stdout ----
[INFO] [stdout] 
[INFO] [stdout] thread 'array_insert_idx_boundary_is_not_sentinel' (354) panicked at tests/level2.rs:264:37:
[INFO] [stdout] parse: Parser { code: 13, message: "[errcode=13] Failed to open RDB file `/opt/rustwide/workdir/../librdb-sys/librdb/test/dumps/array_v14_insert_idx_boundary.rdb`: No such file or directory\n\n" }
[INFO] [stdout] stack backtrace:
[INFO] [stdout]    0:     0x57fce32bcab1 - <<std[617be2ca0a6fd877]::sys::backtrace::BacktraceLock>::print::DisplayBacktrace as core[a373ad73a504971]::fmt::Display>::fmt
[INFO] [stdout]    1:     0x57fce32d0dda - core[a373ad73a504971]::fmt::write
[INFO] [stdout]    2:     0x57fce32c0ccc - <alloc[2e1b2a31b91974c5]::vec::Vec<u8> as core[a373ad73a504971]::io::write::Write>::write_fmt
[INFO] [stdout]    3:     0x57fce3298d86 - std[617be2ca0a6fd877]::panicking::default_hook::{closure#0}
[INFO] [stdout]    4:     0x57fce32b5149 - std[617be2ca0a6fd877]::panicking::default_hook
[INFO] [stdout]    5:     0x57fce323ea40 - test[aada8e7e76ba119b]::test_main_inner::{closure#0}
[INFO] [stdout]    6:     0x57fce32b5302 - std[617be2ca0a6fd877]::panicking::panic_with_hook
[INFO] [stdout]    7:     0x57fce3298e32 - std[617be2ca0a6fd877]::panicking::panic_handler::{closure#0}
[INFO] [stdout]    8:     0x57fce3291b49 - std[617be2ca0a6fd877]::sys::backtrace::__rust_end_short_backtrace::<std[617be2ca0a6fd877]::panicking::panic_handler::{closure#0}, !>
[INFO] [stdout]    9:     0x57fce3299a3d - __rustc[ea4f61d10b84890b]::rust_begin_unwind
[INFO] [stdout]   10:     0x57fce32d150c - core[a373ad73a504971]::panicking::panic_fmt
[INFO] [stdout]   11:     0x57fce32d12e2 - core[a373ad73a504971]::result::unwrap_failed
[INFO] [stdout]   12:     0x57fce3225465 - level2[d7213de28ba7698]::parse_collect
[INFO] [stdout]   13:     0x57fce322bc46 - <level2[d7213de28ba7698]::array_insert_idx_boundary_is_not_sentinel::{closure#0} as core[a373ad73a504971]::ops::function::FnOnce<()>>::call_once
[INFO] [stdout]   14:     0x57fce3231e8b - test[aada8e7e76ba119b]::__rust_begin_short_backtrace::<core[a373ad73a504971]::result::Result<(), alloc[2e1b2a31b91974c5]::string::String>, fn() -> core[a373ad73a504971]::result::Result<(), alloc[2e1b2a31b91974c5]::string::String>>
[INFO] [stdout]   15:     0x57fce323f065 - test[aada8e7e76ba119b]::run_test::{closure#0}
[INFO] [stdout]   16:     0x57fce3238954 - std[617be2ca0a6fd877]::sys::backtrace::__rust_begin_short_backtrace::<test[aada8e7e76ba119b]::run_test::{closure#1}, ()>
[INFO] [stdout]   17:     0x57fce32420f2 - <std[617be2ca0a6fd877]::thread::lifecycle::spawn_unchecked<test[aada8e7e76ba119b]::run_test::{closure#1}, ()>::{closure#1} as core[a373ad73a504971]::ops::function::FnOnce<()>>::call_once::{shim:vtable#0}
[INFO] [stdout]   18:     0x57fce32bc30f - <std[617be2ca0a6fd877]::sys::thread::unix::Thread>::new::thread_start
[INFO] [stdout]   19:     0x743e85014dfa - <unknown>
[INFO] [stdout]   20:     0x743e850a83d4 - clone
[INFO] [stdout]   21:                0x0 - <unknown>
[INFO] [stdout] 
[INFO] [stdout] ---- array_with_insert_idx stdout ----
[INFO] [stdout] 
[INFO] [stdout] thread 'array_with_insert_idx' (356) panicked at tests/level2.rs:264:37:
[INFO] [stdout] parse: Parser { code: 13, message: "[errcode=13] Failed to open RDB file `/opt/rustwide/workdir/../librdb-sys/librdb/test/dumps/array_v14_with_insert_idx.rdb`: No such file or directory\n\n" }
[INFO] [stdout] stack backtrace:
[INFO] [stdout]    0:     0x57fce32bcab1 - <<std[617be2ca0a6fd877]::sys::backtrace::BacktraceLock>::print::DisplayBacktrace as core[a373ad73a504971]::fmt::Display>::fmt
[INFO] [stdout]    1:     0x57fce32d0dda - core[a373ad73a504971]::fmt::write
[INFO] [stdout]    2:     0x57fce32c0ccc - <alloc[2e1b2a31b91974c5]::vec::Vec<u8> as core[a373ad73a504971]::io::write::Write>::write_fmt
[INFO] [stdout]    3:     0x57fce3298d86 - std[617be2ca0a6fd877]::panicking::default_hook::{closure#0}
[INFO] [stdout]    4:     0x57fce32b5149 - std[617be2ca0a6fd877]::panicking::default_hook
[INFO] [stdout]    5:     0x57fce323ea40 - test[aada8e7e76ba119b]::test_main_inner::{closure#0}
[INFO] [stdout]    6:     0x57fce32b5302 - std[617be2ca0a6fd877]::panicking::panic_with_hook
[INFO] [stdout]    7:     0x57fce3298e32 - std[617be2ca0a6fd877]::panicking::panic_handler::{closure#0}
[INFO] [stdout]    8:     0x57fce3291b49 - std[617be2ca0a6fd877]::sys::backtrace::__rust_end_short_backtrace::<std[617be2ca0a6fd877]::panicking::panic_handler::{closure#0}, !>
[INFO] [stdout]    9:     0x57fce3299a3d - __rustc[ea4f61d10b84890b]::rust_begin_unwind
[INFO] [stdout]   10:     0x57fce32d150c - core[a373ad73a504971]::panicking::panic_fmt
[INFO] [stdout]   11:     0x57fce32d12e2 - core[a373ad73a504971]::result::unwrap_failed
[INFO] [stdout]   12:     0x57fce3225465 - level2[d7213de28ba7698]::parse_collect
[INFO] [stdout]   13:     0x57fce3229517 - <level2[d7213de28ba7698]::array_with_insert_idx::{closure#0} as core[a373ad73a504971]::ops::function::FnOnce<()>>::call_once
[INFO] [stdout]   14:     0x57fce3231e8b - test[aada8e7e76ba119b]::__rust_begin_short_backtrace::<core[a373ad73a504971]::result::Result<(), alloc[2e1b2a31b91974c5]::string::String>, fn() -> core[a373ad73a504971]::result::Result<(), alloc[2e1b2a31b91974c5]::string::String>>
[INFO] [stdout]   15:     0x57fce323f065 - test[aada8e7e76ba119b]::run_test::{closure#0}
[INFO] [stdout]   16:     0x57fce3238954 - std[617be2ca0a6fd877]::sys::backtrace::__rust_begin_short_backtrace::<test[aada8e7e76ba119b]::run_test::{closure#1}, ()>
[INFO] [stdout]   17:     0x57fce32420f2 - <std[617be2ca0a6fd877]::thread::lifecycle::spawn_unchecked<test[aada8e7e76ba119b]::run_test::{closure#1}, ()>::{closure#1} as core[a373ad73a504971]::ops::function::FnOnce<()>>::call_once::{shim:vtable#0}
[INFO] [stdout]   18:     0x57fce32bc30f - <std[617be2ca0a6fd877]::sys::thread::unix::Thread>::new::thread_start
[INFO] [stdout]   19:     0x743e85014dfa - <unknown>
[INFO] [stdout]   20:     0x743e850a83d4 - clone
[INFO] [stdout]   21:                0x0 - <unknown>
[INFO] [stdout] 
[INFO] [stdout] ---- early_termination_no_further_callbacks stdout ----
[INFO] [stdout] 
[INFO] [stdout] thread 'early_termination_no_further_callbacks' (359) panicked at tests/level2.rs:596:5:
[INFO] [stdout] assertion `left == right` failed: only one key should have been seen
[INFO] [stdout]   left: 0
[INFO] [stdout]  right: 1
[INFO] [stdout] stack backtrace:
[INFO] [stdout]    0:     0x57fce32bcab1 - <<std[617be2ca0a6fd877]::sys::backtrace::BacktraceLock>::print::DisplayBacktrace as core[a373ad73a504971]::fmt::Display>::fmt
[INFO] [stdout]    1:     0x57fce32d0dda - core[a373ad73a504971]::fmt::write
[INFO] [stdout]    2:     0x57fce32c0ccc - <alloc[2e1b2a31b91974c5]::vec::Vec<u8> as core[a373ad73a504971]::io::write::Write>::write_fmt
[INFO] [stdout]    3:     0x57fce3298d86 - std[617be2ca0a6fd877]::panicking::default_hook::{closure#0}
[INFO] [stdout]    4:     0x57fce32b5149 - std[617be2ca0a6fd877]::panicking::default_hook
[INFO] [stdout]    5:     0x57fce323ea40 - test[aada8e7e76ba119b]::test_main_inner::{closure#0}
[INFO] [stdout]    6:     0x57fce32b5302 - std[617be2ca0a6fd877]::panicking::panic_with_hook
[INFO] [stdout]    7:     0x57fce3298e32 - std[617be2ca0a6fd877]::panicking::panic_handler::{closure#0}
[INFO] [stdout]    8:     0x57fce3291b49 - std[617be2ca0a6fd877]::sys::backtrace::__rust_end_short_backtrace::<std[617be2ca0a6fd877]::panicking::panic_handler::{closure#0}, !>
[INFO] [stdout]    9:     0x57fce3299a3d - __rustc[ea4f61d10b84890b]::rust_begin_unwind
[INFO] [stdout]   10:     0x57fce32d150c - core[a373ad73a504971]::panicking::panic_fmt
[INFO] [stdout]   11:     0x57fce32d1483 - core[a373ad73a504971]::panicking::assert_failed_inner
[INFO] [stdout]   12:     0x57fce32cd9c8 - core[a373ad73a504971]::panicking::assert_failed::<usize, usize>
[INFO] [stdout]   13:     0x57fce322bbb7 - <level2[d7213de28ba7698]::early_termination_no_further_callbacks::{closure#0} as core[a373ad73a504971]::ops::function::FnOnce<()>>::call_once
[INFO] [stdout]   14:     0x57fce3231e8b - test[aada8e7e76ba119b]::__rust_begin_short_backtrace::<core[a373ad73a504971]::result::Result<(), alloc[2e1b2a31b91974c5]::string::String>, fn() -> core[a373ad73a504971]::result::Result<(), alloc[2e1b2a31b91974c5]::string::String>>
[INFO] [stdout]   15:     0x57fce323f065 - test[aada8e7e76ba119b]::run_test::{closure#0}
[INFO] [stdout]   16:     0x57fce3238954 - std[617be2ca0a6fd877]::sys::backtrace::__rust_begin_short_backtrace::<test[aada8e7e76ba119b]::run_test::{closure#1}, ()>
[INFO] [stdout]   17:     0x57fce32420f2 - <std[617be2ca0a6fd877]::thread::lifecycle::spawn_unchecked<test[aada8e7e76ba119b]::run_test::{closure#1}, ()>::{closure#1} as core[a373ad73a504971]::ops::function::FnOnce<()>>::call_once::{shim:vtable#0}
[INFO] [stdout]   18:     0x57fce32bc30f - <std[617be2ca0a6fd877]::sys::thread::unix::Thread>::new::thread_start
[INFO] [stdout]   19:     0x743e85014dfa - <unknown>
[INFO] [stdout]   20:     0x743e850a83d4 - clone
[INFO] [stdout]   21:                0x0 - <unknown>
[INFO] [stdout] 
[INFO] [stdout] ---- list_multiple stdout ----
[INFO] [stdout] 
[INFO] [stdout] thread 'list_multiple' (367) panicked at tests/level2.rs:264:37:
[INFO] [stdout] parse: Parser { code: 13, message: "[errcode=13] Failed to open RDB file `/opt/rustwide/workdir/../librdb-sys/librdb/test/dumps/multiple_lists_strings.rdb`: No such file or directory\n\n" }
[INFO] [stdout] stack backtrace:
[INFO] [stdout]    0:     0x57fce32bcab1 - <<std[617be2ca0a6fd877]::sys::backtrace::BacktraceLock>::print::DisplayBacktrace as core[a373ad73a504971]::fmt::Display>::fmt
[INFO] [stdout]    1:     0x57fce32d0dda - core[a373ad73a504971]::fmt::write
[INFO] [stdout]    2:     0x57fce32c0ccc - <alloc[2e1b2a31b91974c5]::vec::Vec<u8> as core[a373ad73a504971]::io::write::Write>::write_fmt
[INFO] [stdout]    3:     0x57fce3298d86 - std[617be2ca0a6fd877]::panicking::default_hook::{closure#0}
[INFO] [stdout]    4:     0x57fce32b5149 - std[617be2ca0a6fd877]::panicking::default_hook
[INFO] [stdout]    5:     0x57fce323ea40 - test[aada8e7e76ba119b]::test_main_inner::{closure#0}
[INFO] [stdout]    6:     0x57fce32b5302 - std[617be2ca0a6fd877]::panicking::panic_with_hook
[INFO] [stdout]    7:     0x57fce3298e32 - std[617be2ca0a6fd877]::panicking::panic_handler::{closure#0}
[INFO] [stdout]    8:     0x57fce3291b49 - std[617be2ca0a6fd877]::sys::backtrace::__rust_end_short_backtrace::<std[617be2ca0a6fd877]::panicking::panic_handler::{closure#0}, !>
[INFO] [stdout]    9:     0x57fce3299a3d - __rustc[ea4f61d10b84890b]::rust_begin_unwind
[INFO] [stdout]   10:     0x57fce32d150c - core[a373ad73a504971]::panicking::panic_fmt
[INFO] [stdout]   11:     0x57fce32d12e2 - core[a373ad73a504971]::result::unwrap_failed
[INFO] [stdout]   12:     0x57fce3225465 - level2[d7213de28ba7698]::parse_collect
[INFO] [stdout]   13:     0x57fce3227bd6 - <level2[d7213de28ba7698]::list_multiple::{closure#0} as core[a373ad73a504971]::ops::function::FnOnce<()>>::call_once
[INFO] [stdout]   14:     0x57fce3231e8b - test[aada8e7e76ba119b]::__rust_begin_short_backtrace::<core[a373ad73a504971]::result::Result<(), alloc[2e1b2a31b91974c5]::string::String>, fn() -> core[a373ad73a504971]::result::Result<(), alloc[2e1b2a31b91974c5]::string::String>>
[INFO] [stdout]   15:     0x57fce323f065 - test[aada8e7e76ba119b]::run_test::{closure#0}
[INFO] [stdout]   16:     0x57fce3238954 - std[617be2ca0a6fd877]::sys::backtrace::__rust_begin_short_backtrace::<test[aada8e7e76ba119b]::run_test::{closure#1}, ()>
[INFO] [stdout]   17:     0x57fce32420f2 - <std[617be2ca0a6fd877]::thread::lifecycle::spawn_unchecked<test[aada8e7e76ba119b]::run_test::{closure#1}, ()>::{closure#1} as core[a373ad73a504971]::ops::function::FnOnce<()>>::call_once::{shim:vtable#0}
[INFO] [stdout]   18:     0x57fce32bc30f - <std[617be2ca0a6fd877]::sys::thread::unix::Thread>::new::thread_start
[INFO] [stdout]   19:     0x743e85014dfa - <unknown>
[INFO] [stdout]   20:     0x743e850a83d4 - clone
[INFO] [stdout]   21:                0x0 - <unknown>
[INFO] [stdout] 
[INFO] [stdout] ---- expiry_none_when_not_set stdout ----
[INFO] [stdout] 
[INFO] [stdout] thread 'expiry_none_when_not_set' (361) panicked at tests/level2.rs:498:50:
[INFO] [stdout] parse: Parser { code: 13, message: "[errcode=13] Failed to open RDB file `/opt/rustwide/workdir/../librdb-sys/librdb/test/dumps/single_key.rdb`: No such file or directory\n\n" }
[INFO] [stdout] stack backtrace:
[INFO] [stdout]    0:     0x57fce32bcab1 - <<std[617be2ca0a6fd877]::sys::backtrace::BacktraceLock>::print::DisplayBacktrace as core[a373ad73a504971]::fmt::Display>::fmt
[INFO] [stdout]    1:     0x57fce32d0dda - core[a373ad73a504971]::fmt::write
[INFO] [stdout]    2:     0x57fce32c0ccc - <alloc[2e1b2a31b91974c5]::vec::Vec<u8> as core[a373ad73a504971]::io::write::Write>::write_fmt
[INFO] [stdout]    3:     0x57fce3298d86 - std[617be2ca0a6fd877]::panicking::default_hook::{closure#0}
[INFO] [stdout]    4:     0x57fce32b5149 - std[617be2ca0a6fd877]::panicking::default_hook
[INFO] [stdout]    5:     0x57fce323ea40 - test[aada8e7e76ba119b]::test_main_inner::{closure#0}
[INFO] [stdout]    6:     0x57fce32b5302 - std[617be2ca0a6fd877]::panicking::panic_with_hook
[INFO] [stdout]    7:     0x57fce3298e32 - std[617be2ca0a6fd877]::panicking::panic_handler::{closure#0}
[INFO] [stdout]    8:     0x57fce3291b49 - std[617be2ca0a6fd877]::sys::backtrace::__rust_end_short_backtrace::<std[617be2ca0a6fd877]::panicking::panic_handler::{closure#0}, !>
[INFO] [stdout]    9:     0x57fce3299a3d - __rustc[ea4f61d10b84890b]::rust_begin_unwind
[INFO] [stdout]   10:     0x57fce32d150c - core[a373ad73a504971]::panicking::panic_fmt
[INFO] [stdout]   11:     0x57fce32d12e2 - core[a373ad73a504971]::result::unwrap_failed
[INFO] [stdout]   12:     0x57fce3229d1b - <level2[d7213de28ba7698]::expiry_none_when_not_set::{closure#0} as core[a373ad73a504971]::ops::function::FnOnce<()>>::call_once
[INFO] [stdout]   13:     0x57fce3231e8b - test[aada8e7e76ba119b]::__rust_begin_short_backtrace::<core[a373ad73a504971]::result::Result<(), alloc[2e1b2a31b91974c5]::string::String>, fn() -> core[a373ad73a504971]::result::Result<(), alloc[2e1b2a31b91974c5]::string::String>>
[INFO] [stdout]   14:     0x57fce323f065 - test[aada8e7e76ba119b]::run_test::{closure#0}
[INFO] [stdout]   15:     0x57fce3238954 - std[617be2ca0a6fd877]::sys::backtrace::__rust_begin_short_backtrace::<test[aada8e7e76ba119b]::run_test::{closure#1}, ()>
[INFO] [stdout]   16:     0x57fce32420f2 - <std[617be2ca0a6fd877]::thread::lifecycle::spawn_unchecked<test[aada8e7e76ba119b]::run_test::{closure#1}, ()>::{closure#1} as core[a373ad73a504971]::ops::function::FnOnce<()>>::call_once::{shim:vtable#0}
[INFO] [stdout]   17:     0x57fce32bc30f - <std[617be2ca0a6fd877]::sys::thread::unix::Thread>::new::thread_start
[INFO] [stdout]   18:     0x743e85014dfa - <unknown>
[INFO] [stdout]   19:     0x743e850a83d4 - clone
[INFO] [stdout]   20:                0x0 - <unknown>
[INFO] [stdout] 
[INFO] [stdout] ---- handler_error_propagates stdout ----
[INFO] [stdout] 
[INFO] [stdout] thread 'handler_error_propagates' (363) panicked at tests/level2.rs:563:5:
[INFO] [stdout] expected handler error, got: parser error (code 13): [errcode=13] Failed to open RDB file `/opt/rustwide/workdir/../librdb-sys/librdb/test/dumps/multiple_lists_strings.rdb`: No such file or directory
[INFO] [stdout] 
[INFO] [stdout] 
[INFO] [stdout] stack backtrace:
[INFO] [stdout]    0:     0x57fce32bcab1 - <<std[617be2ca0a6fd877]::sys::backtrace::BacktraceLock>::print::DisplayBacktrace as core[a373ad73a504971]::fmt::Display>::fmt
[INFO] [stdout]    1:     0x57fce32d0dda - core[a373ad73a504971]::fmt::write
[INFO] [stdout]    2:     0x57fce32c0ccc - <alloc[2e1b2a31b91974c5]::vec::Vec<u8> as core[a373ad73a504971]::io::write::Write>::write_fmt
[INFO] [stdout]    3:     0x57fce3298d86 - std[617be2ca0a6fd877]::panicking::default_hook::{closure#0}
[INFO] [stdout]    4:     0x57fce32b5149 - std[617be2ca0a6fd877]::panicking::default_hook
[INFO] [stdout]    5:     0x57fce323ea40 - test[aada8e7e76ba119b]::test_main_inner::{closure#0}
[INFO] [stdout]    6:     0x57fce32b5302 - std[617be2ca0a6fd877]::panicking::panic_with_hook
[INFO] [stdout]    7:     0x57fce3298e32 - std[617be2ca0a6fd877]::panicking::panic_handler::{closure#0}
[INFO] [stdout]    8:     0x57fce3291b49 - std[617be2ca0a6fd877]::sys::backtrace::__rust_end_short_backtrace::<std[617be2ca0a6fd877]::panicking::panic_handler::{closure#0}, !>
[INFO] [stdout]    9:     0x57fce3299a3d - __rustc[ea4f61d10b84890b]::rust_begin_unwind
[INFO] [stdout]   10:     0x57fce32d150c - core[a373ad73a504971]::panicking::panic_fmt
[INFO] [stdout]   11:     0x57fce3229fb7 - <level2[d7213de28ba7698]::handler_error_propagates::{closure#0} as core[a373ad73a504971]::ops::function::FnOnce<()>>::call_once
[INFO] [stdout]   12:     0x57fce3231e8b - test[aada8e7e76ba119b]::__rust_begin_short_backtrace::<core[a373ad73a504971]::result::Result<(), alloc[2e1b2a31b91974c5]::string::String>, fn() -> core[a373ad73a504971]::result::Result<(), alloc[2e1b2a31b91974c5]::string::String>>
[INFO] [stdout]   13:     0x57fce323f065 - test[aada8e7e76ba119b]::run_test::{closure#0}
[INFO] [stdout]   14:     0x57fce3238954 - std[617be2ca0a6fd877]::sys::backtrace::__rust_begin_short_backtrace::<test[aada8e7e76ba119b]::run_test::{closure#1}, ()>
[INFO] [stdout]   15:     0x57fce32420f2 - <std[617be2ca0a6fd877]::thread::lifecycle::spawn_unchecked<test[aada8e7e76ba119b]::run_test::{closure#1}, ()>::{closure#1} as core[a373ad73a504971]::ops::function::FnOnce<()>>::call_once::{shim:vtable#0}
[INFO] [stdout]   16:     0x57fce32bc30f - <std[617be2ca0a6fd877]::sys::thread::unix::Thread>::new::thread_start
[INFO] [stdout]   17:     0x743e85014dfa - <unknown>
[INFO] [stdout]   18:     0x743e850a83d4 - clone
[INFO] [stdout]   19:                0x0 - <unknown>
[INFO] [stdout] 
[INFO] [stdout] ---- callback_ordering_multi_key stdout ----
[INFO] [stdout] 
[INFO] [stdout] thread 'callback_ordering_multi_key' (358) panicked at tests/level2.rs:264:37:
[INFO] [stdout] parse: Parser { code: 13, message: "[errcode=13] Failed to open RDB file `/opt/rustwide/workdir/../librdb-sys/librdb/test/dumps/multiple_lists_strings.rdb`: No such file or directory\n\n" }
[INFO] [stdout] stack backtrace:
[INFO] [stdout]    0:     0x57fce32bcab1 - <<std[617be2ca0a6fd877]::sys::backtrace::BacktraceLock>::print::DisplayBacktrace as core[a373ad73a504971]::fmt::Display>::fmt
[INFO] [stdout]    1:     0x57fce32d0dda - core[a373ad73a504971]::fmt::write
[INFO] [stdout]    2:     0x57fce32c0ccc - <alloc[2e1b2a31b91974c5]::vec::Vec<u8> as core[a373ad73a504971]::io::write::Write>::write_fmt
[INFO] [stdout]    3:     0x57fce3298d86 - std[617be2ca0a6fd877]::panicking::default_hook::{closure#0}
[INFO] [stdout]    4:     0x57fce32b5149 - std[617be2ca0a6fd877]::panicking::default_hook
[INFO] [stdout]    5:     0x57fce323ea40 - test[aada8e7e76ba119b]::test_main_inner::{closure#0}
[INFO] [stdout]    6:     0x57fce32b5302 - std[617be2ca0a6fd877]::panicking::panic_with_hook
[INFO] [stdout]    7:     0x57fce3298e32 - std[617be2ca0a6fd877]::panicking::panic_handler::{closure#0}
[INFO] [stdout]    8:     0x57fce3291b49 - std[617be2ca0a6fd877]::sys::backtrace::__rust_end_short_backtrace::<std[617be2ca0a6fd877]::panicking::panic_handler::{closure#0}, !>
[INFO] [stdout]    9:     0x57fce3299a3d - __rustc[ea4f61d10b84890b]::rust_begin_unwind
[INFO] [stdout]   10:     0x57fce32d150c - core[a373ad73a504971]::panicking::panic_fmt
[INFO] [stdout]   11:     0x57fce32d12e2 - core[a373ad73a504971]::result::unwrap_failed
[INFO] [stdout]   12:     0x57fce3225465 - level2[d7213de28ba7698]::parse_collect
[INFO] [stdout]   13:     0x57fce322af35 - <level2[d7213de28ba7698]::callback_ordering_multi_key::{closure#0} as core[a373ad73a504971]::ops::function::FnOnce<()>>::call_once
[INFO] [stdout]   14:     0x57fce3231e8b - test[aada8e7e76ba119b]::__rust_begin_short_backtrace::<core[a373ad73a504971]::result::Result<(), alloc[2e1b2a31b91974c5]::string::String>, fn() -> core[a373ad73a504971]::result::Result<(), alloc[2e1b2a31b91974c5]::string::String>>
[INFO] [stdout]   15:     0x57fce323f065 - test[aada8e7e76ba119b]::run_test::{closure#0}
[INFO] [stdout]   16:     0x57fce3238954 - std[617be2ca0a6fd877]::sys::backtrace::__rust_begin_short_backtrace::<test[aada8e7e76ba119b]::run_test::{closure#1}, ()>
[INFO] [stdout]   17:     0x57fce32420f2 - <std[617be2ca0a6fd877]::thread::lifecycle::spawn_unchecked<test[aada8e7e76ba119b]::run_test::{closure#1}, ()>::{closure#1} as core[a373ad73a504971]::ops::function::FnOnce<()>>::call_once::{shim:vtable#0}
[INFO] [stdout]   18:     0x57fce32bc30f - <std[617be2ca0a6fd877]::sys::thread::unix::Thread>::new::thread_start
[INFO] [stdout]   19:     0x743e85014dfa - <unknown>
[INFO] [stdout]   20:     0x743e850a83d4 - clone
[INFO] [stdout]   21:                0x0 - <unknown>
[INFO] [stdout] 
[INFO] [stdout] ---- handler_panic_is_caught stdout ----
[INFO] [stdout] 
[INFO] [stdout] thread 'handler_panic_is_caught' (364) panicked at tests/level2.rs:636:5:
[INFO] [stdout] expected panic error, got: parser error (code 13): [errcode=13] Failed to open RDB file `/opt/rustwide/workdir/../librdb-sys/librdb/test/dumps/single_key.rdb`: No such file or directory
[INFO] [stdout] 
[INFO] [stdout] 
[INFO] [stdout] stack backtrace:
[INFO] [stdout]    0:     0x57fce32bcab1 - <<std[617be2ca0a6fd877]::sys::backtrace::BacktraceLock>::print::DisplayBacktrace as core[a373ad73a504971]::fmt::Display>::fmt
[INFO] [stdout]    1:     0x57fce32d0dda - core[a373ad73a504971]::fmt::write
[INFO] [stdout]    2:     0x57fce32c0ccc - <alloc[2e1b2a31b91974c5]::vec::Vec<u8> as core[a373ad73a504971]::io::write::Write>::write_fmt
[INFO] [stdout]    3:     0x57fce3298d86 - std[617be2ca0a6fd877]::panicking::default_hook::{closure#0}
[INFO] [stdout]    4:     0x57fce32b5149 - std[617be2ca0a6fd877]::panicking::default_hook
[INFO] [stdout]    5:     0x57fce323ea40 - test[aada8e7e76ba119b]::test_main_inner::{closure#0}
[INFO] [stdout]    6:     0x57fce32b5302 - std[617be2ca0a6fd877]::panicking::panic_with_hook
[INFO] [stdout]    7:     0x57fce3298e32 - std[617be2ca0a6fd877]::panicking::panic_handler::{closure#0}
[INFO] [stdout]    8:     0x57fce3291b49 - std[617be2ca0a6fd877]::sys::backtrace::__rust_end_short_backtrace::<std[617be2ca0a6fd877]::panicking::panic_handler::{closure#0}, !>
[INFO] [stdout]    9:     0x57fce3299a3d - __rustc[ea4f61d10b84890b]::rust_begin_unwind
[INFO] [stdout]   10:     0x57fce32d150c - core[a373ad73a504971]::panicking::panic_fmt
[INFO] [stdout]   11:     0x57fce3229b45 - <level2[d7213de28ba7698]::handler_panic_is_caught::{closure#0} as core[a373ad73a504971]::ops::function::FnOnce<()>>::call_once
[INFO] [stdout]   12:     0x57fce3231e8b - test[aada8e7e76ba119b]::__rust_begin_short_backtrace::<core[a373ad73a504971]::result::Result<(), alloc[2e1b2a31b91974c5]::string::String>, fn() -> core[a373ad73a504971]::result::Result<(), alloc[2e1b2a31b91974c5]::string::String>>
[INFO] [stdout]   13:     0x57fce323f065 - test[aada8e7e76ba119b]::run_test::{closure#0}
[INFO] [stdout]   14:     0x57fce3238954 - std[617be2ca0a6fd877]::sys::backtrace::__rust_begin_short_backtrace::<test[aada8e7e76ba119b]::run_test::{closure#1}, ()>
[INFO] [stdout]   15:     0x57fce32420f2 - <std[617be2ca0a6fd877]::thread::lifecycle::spawn_unchecked<test[aada8e7e76ba119b]::run_test::{closure#1}, ()>::{closure#1} as core[a373ad73a504971]::ops::function::FnOnce<()>>::call_once::{shim:vtable#0}
[INFO] [stdout]   16:     0x57fce32bc30f - <std[617be2ca0a6fd877]::sys::thread::unix::Thread>::new::thread_start
[INFO] [stdout]   17:     0x743e85014dfa - <unknown>
[INFO] [stdout]   18:     0x743e850a83d4 - clone
[INFO] [stdout]   19:                0x0 - <unknown>
[INFO] [stdout] 
[INFO] [stdout] ---- handler_accessible_after_failure stdout ----
[INFO] [stdout] 
[INFO] [stdout] thread 'handler_accessible_after_failure' (362) panicked at tests/level2.rs:618:5:
[INFO] [stdout] assertion `left == right` failed: handler state accessible after failure
[INFO] [stdout]   left: 0
[INFO] [stdout]  right: 3
[INFO] [stdout] stack backtrace:
[INFO] [stdout]    0:     0x57fce32bcab1 - <<std[617be2ca0a6fd877]::sys::backtrace::BacktraceLock>::print::DisplayBacktrace as core[a373ad73a504971]::fmt::Display>::fmt
[INFO] [stdout]    1:     0x57fce32d0dda - core[a373ad73a504971]::fmt::write
[INFO] [stdout]    2:     0x57fce32c0ccc - <alloc[2e1b2a31b91974c5]::vec::Vec<u8> as core[a373ad73a504971]::io::write::Write>::write_fmt
[INFO] [stdout]    3:     0x57fce3298d86 - std[617be2ca0a6fd877]::panicking::default_hook::{closure#0}
[INFO] [stdout]    4:     0x57fce32b5149 - std[617be2ca0a6fd877]::panicking::default_hook
[INFO] [stdout]    5:     0x57fce323ea40 - test[aada8e7e76ba119b]::test_main_inner::{closure#0}
[INFO] [stdout]    6:     0x57fce32b5302 - std[617be2ca0a6fd877]::panicking::panic_with_hook
[INFO] [stdout]    7:     0x57fce3298e32 - std[617be2ca0a6fd877]::panicking::panic_handler::{closure#0}
[INFO] [stdout]    8:     0x57fce3291b49 - std[617be2ca0a6fd877]::sys::backtrace::__rust_end_short_backtrace::<std[617be2ca0a6fd877]::panicking::panic_handler::{closure#0}, !>
[INFO] [stdout]    9:     0x57fce3299a3d - __rustc[ea4f61d10b84890b]::rust_begin_unwind
[INFO] [stdout]   10:     0x57fce32d150c - core[a373ad73a504971]::panicking::panic_fmt
[INFO] [stdout]   11:     0x57fce32d1483 - core[a373ad73a504971]::panicking::assert_failed_inner
[INFO] [stdout]   12:     0x57fce32cd9c8 - core[a373ad73a504971]::panicking::assert_failed::<usize, usize>
[INFO] [stdout]   13:     0x57fce322b9fa - <level2[d7213de28ba7698]::handler_accessible_after_failure::{closure#0} as core[a373ad73a504971]::ops::function::FnOnce<()>>::call_once
[INFO] [stdout]   14:     0x57fce3231e8b - test[aada8e7e76ba119b]::__rust_begin_short_backtrace::<core[a373ad73a504971]::result::Result<(), alloc[2e1b2a31b91974c5]::string::String>, fn() -> core[a373ad73a504971]::result::Result<(), alloc[2e1b2a31b91974c5]::string::String>>
[INFO] [stdout]   15:     0x57fce323f065 - test[aada8e7e76ba119b]::run_test::{closure#0}
[INFO] [stdout]   16:     0x57fce3238954 - std[617be2ca0a6fd877]::sys::backtrace::__rust_begin_short_backtrace::<test[aada8e7e76ba119b]::run_test::{closure#1}, ()>
[INFO] [stdout]   17:     0x57fce32420f2 - <std[617be2ca0a6fd877]::thread::lifecycle::spawn_unchecked<test[aada8e7e76ba119b]::run_test::{closure#1}, ()>::{closure#1} as core[a373ad73a504971]::ops::function::FnOnce<()>>::call_once::{shim:vtable#0}
[INFO] [stdout]   18:     0x57fce32bc30f - <std[617be2ca0a6fd877]::sys::thread::unix::Thread>::new::thread_start
[INFO] [stdout]   19:     0x743e85014dfa - <unknown>
[INFO] [stdout]   20:     0x743e850a83d4 - clone
[INFO] [stdout]   21:                0x0 - <unknown>
[INFO] [stdout] 
[INFO] [stdout] ---- hash_field_expiry stdout ----
[INFO] [stdout] 
[INFO] [stdout] thread 'hash_field_expiry' (365) panicked at tests/level2.rs:264:37:
[INFO] [stdout] parse: Parser { code: 13, message: "[errcode=13] Failed to open RDB file `/opt/rustwide/workdir/../librdb-sys/librdb/test/dumps/hash_with_expire_v12.rdb`: No such file or directory\n\n" }
[INFO] [stdout] stack backtrace:
[INFO] [stdout]    0:     0x57fce32bcab1 - <<std[617be2ca0a6fd877]::sys::backtrace::BacktraceLock>::print::DisplayBacktrace as core[a373ad73a504971]::fmt::Display>::fmt
[INFO] [stdout]    1:     0x57fce32d0dda - core[a373ad73a504971]::fmt::write
[INFO] [stdout]    2:     0x57fce32c0ccc - <alloc[2e1b2a31b91974c5]::vec::Vec<u8> as core[a373ad73a504971]::io::write::Write>::write_fmt
[INFO] [stdout]    3:     0x57fce3298d86 - std[617be2ca0a6fd877]::panicking::default_hook::{closure#0}
[INFO] [stdout]    4:     0x57fce32b5149 - std[617be2ca0a6fd877]::panicking::default_hook
[INFO] [stdout]    5:     0x57fce323ea40 - test[aada8e7e76ba119b]::test_main_inner::{closure#0}
[INFO] [stdout]    6:     0x57fce32b5302 - std[617be2ca0a6fd877]::panicking::panic_with_hook
[INFO] [stdout]    7:     0x57fce3298e32 - std[617be2ca0a6fd877]::panicking::panic_handler::{closure#0}
[INFO] [stdout]    8:     0x57fce3291b49 - std[617be2ca0a6fd877]::sys::backtrace::__rust_end_short_backtrace::<std[617be2ca0a6fd877]::panicking::panic_handler::{closure#0}, !>
[INFO] [stdout]    9:     0x57fce3299a3d - __rustc[ea4f61d10b84890b]::rust_begin_unwind
[INFO] [stdout]   10:     0x57fce32d150c - core[a373ad73a504971]::panicking::panic_fmt
[INFO] [stdout]   11:     0x57fce32d12e2 - core[a373ad73a504971]::result::unwrap_failed
[INFO] [stdout]   12:     0x57fce3225465 - level2[d7213de28ba7698]::parse_collect
[INFO] [stdout]   13:     0x57fce3228336 - <level2[d7213de28ba7698]::hash_field_expiry::{closure#0} as core[a373ad73a504971]::ops::function::FnOnce<()>>::call_once
[INFO] [stdout]   14:     0x57fce3231e8b - test[aada8e7e76ba119b]::__rust_begin_short_backtrace::<core[a373ad73a504971]::result::Result<(), alloc[2e1b2a31b91974c5]::string::String>, fn() -> core[a373ad73a504971]::result::Result<(), alloc[2e1b2a31b91974c5]::string::String>>
[INFO] [stdout]   15:     0x57fce323f065 - test[aada8e7e76ba119b]::run_test::{closure#0}
[INFO] [stdout]   16:     0x57fce3238954 - std[617be2ca0a6fd877]::sys::backtrace::__rust_begin_short_backtrace::<test[aada8e7e76ba119b]::run_test::{closure#1}, ()>
[INFO] [stdout]   17:     0x57fce32420f2 - <std[617be2ca0a6fd877]::thread::lifecycle::spawn_unchecked<test[aada8e7e76ba119b]::run_test::{closure#1}, ()>::{closure#1} as core[a373ad73a504971]::ops::function::FnOnce<()>>::call_once::{shim:vtable#0}
[INFO] [stdout]   18:     0x57fce32bc30f - <std[617be2ca0a6fd877]::sys::thread::unix::Thread>::new::thread_start
[INFO] [stdout]   19:     0x743e85014dfa - <unknown>
[INFO] [stdout]   20:     0x743e850a83d4 - clone
[INFO] [stdout]   21:                0x0 - <unknown>
[INFO] [stdout] 
[INFO] [stdout] ---- hash_fields stdout ----
[INFO] [stdout] 
[INFO] [stdout] thread 'hash_fields' (366) panicked at tests/level2.rs:264:37:
[INFO] [stdout] parse: Parser { code: 13, message: "[errcode=13] Failed to open RDB file `/opt/rustwide/workdir/../librdb-sys/librdb/test/dumps/hash_lp_v11.rdb`: No such file or directory\n\n" }
[INFO] [stdout] stack backtrace:
[INFO] [stdout]    0:     0x57fce32bcab1 - <<std[617be2ca0a6fd877]::sys::backtrace::BacktraceLock>::print::DisplayBacktrace as core[a373ad73a504971]::fmt::Display>::fmt
[INFO] [stdout]    1:     0x57fce32d0dda - core[a373ad73a504971]::fmt::write
[INFO] [stdout]    2:     0x57fce32c0ccc - <alloc[2e1b2a31b91974c5]::vec::Vec<u8> as core[a373ad73a504971]::io::write::Write>::write_fmt
[INFO] [stdout]    3:     0x57fce3298d86 - std[617be2ca0a6fd877]::panicking::default_hook::{closure#0}
[INFO] [stdout]    4:     0x57fce32b5149 - std[617be2ca0a6fd877]::panicking::default_hook
[INFO] [stdout]    5:     0x57fce323ea40 - test[aada8e7e76ba119b]::test_main_inner::{closure#0}
[INFO] [stdout]    6:     0x57fce32b5302 - std[617be2ca0a6fd877]::panicking::panic_with_hook
[INFO] [stdout]    7:     0x57fce3298e32 - std[617be2ca0a6fd877]::panicking::panic_handler::{closure#0}
[INFO] [stdout]    8:     0x57fce3291b49 - std[617be2ca0a6fd877]::sys::backtrace::__rust_end_short_backtrace::<std[617be2ca0a6fd877]::panicking::panic_handler::{closure#0}, !>
[INFO] [stdout]    9:     0x57fce3299a3d - __rustc[ea4f61d10b84890b]::rust_begin_unwind
[INFO] [stdout]   10:     0x57fce32d150c - core[a373ad73a504971]::panicking::panic_fmt
[INFO] [stdout]   11:     0x57fce32d12e2 - core[a373ad73a504971]::result::unwrap_failed
[INFO] [stdout]   12:     0x57fce3225465 - level2[d7213de28ba7698]::parse_collect
[INFO] [stdout]   13:     0x57fce32278b2 - <level2[d7213de28ba7698]::hash_fields::{closure#0} as core[a373ad73a504971]::ops::function::FnOnce<()>>::call_once
[INFO] [stdout]   14:     0x57fce3231e8b - test[aada8e7e76ba119b]::__rust_begin_short_backtrace::<core[a373ad73a504971]::result::Result<(), alloc[2e1b2a31b91974c5]::string::String>, fn() -> core[a373ad73a504971]::result::Result<(), alloc[2e1b2a31b91974c5]::string::String>>
[INFO] [stdout]   15:     0x57fce323f065 - test[aada8e7e76ba119b]::run_test::{closure#0}
[INFO] [stdout]   16:     0x57fce3238954 - std[617be2ca0a6fd877]::sys::backtrace::__rust_begin_short_backtrace::<test[aada8e7e76ba119b]::run_test::{closure#1}, ()>
[INFO] [stdout]   17:     0x57fce32420f2 - <std[617be2ca0a6fd877]::thread::lifecycle::spawn_unchecked<test[aada8e7e76ba119b]::run_test::{closure#1}, ()>::{closure#1} as core[a373ad73a504971]::ops::function::FnOnce<()>>::call_once::{shim:vtable#0}
[INFO] [stdout]   18:     0x57fce32bc30f - <std[617be2ca0a6fd877]::sys::thread::unix::Thread>::new::thread_start
[INFO] [stdout]   19:     0x743e85014dfa - <unknown>
[INFO] [stdout]   20:     0x743e850a83d4 - clone
[INFO] [stdout]   21:                0x0 - <unknown>
[INFO] [stdout] 
[INFO] [stdout] ---- multiple_databases stdout ----
[INFO] [stdout] 
[INFO] [stdout] thread 'multiple_databases' (370) panicked at tests/level2.rs:264:37:
[INFO] [stdout] parse: Parser { code: 13, message: "[errcode=13] Failed to open RDB file `/opt/rustwide/workdir/../librdb-sys/librdb/test/dumps/multiple_dbs.rdb`: No such file or directory\n\n" }
[INFO] [stdout] stack backtrace:
[INFO] [stdout]    0:     0x57fce32bcab1 - <<std[617be2ca0a6fd877]::sys::backtrace::BacktraceLock>::print::DisplayBacktrace as core[a373ad73a504971]::fmt::Display>::fmt
[INFO] [stdout]    1:     0x57fce32d0dda - core[a373ad73a504971]::fmt::write
[INFO] [stdout]    2:     0x57fce32c0ccc - <alloc[2e1b2a31b91974c5]::vec::Vec<u8> as core[a373ad73a504971]::io::write::Write>::write_fmt
[INFO] [stdout]    3:     0x57fce3298d86 - std[617be2ca0a6fd877]::panicking::default_hook::{closure#0}
[INFO] [stdout]    4:     0x57fce32b5149 - std[617be2ca0a6fd877]::panicking::default_hook
[INFO] [stdout]    5:     0x57fce323ea40 - test[aada8e7e76ba119b]::test_main_inner::{closure#0}
[INFO] [stdout]    6:     0x57fce32b5302 - std[617be2ca0a6fd877]::panicking::panic_with_hook
[INFO] [stdout]    7:     0x57fce3298e32 - std[617be2ca0a6fd877]::panicking::panic_handler::{closure#0}
[INFO] [stdout]    8:     0x57fce3291b49 - std[617be2ca0a6fd877]::sys::backtrace::__rust_end_short_backtrace::<std[617be2ca0a6fd877]::panicking::panic_handler::{closure#0}, !>
[INFO] [stdout]    9:     0x57fce3299a3d - __rustc[ea4f61d10b84890b]::rust_begin_unwind
[INFO] [stdout]   10:     0x57fce32d150c - core[a373ad73a504971]::panicking::panic_fmt
[INFO] [stdout]   11:     0x57fce32d12e2 - core[a373ad73a504971]::result::unwrap_failed
[INFO] [stdout]   12:     0x57fce3225465 - level2[d7213de28ba7698]::parse_collect
[INFO] [stdout]   13:     0x57fce3228886 - <level2[d7213de28ba7698]::multiple_databases::{closure#0} as core[a373ad73a504971]::ops::function::FnOnce<()>>::call_once
[INFO] [stdout]   14:     0x57fce3231e8b - test[aada8e7e76ba119b]::__rust_begin_short_backtrace::<core[a373ad73a504971]::result::Result<(), alloc[2e1b2a31b91974c5]::string::String>, fn() -> core[a373ad73a504971]::result::Result<(), alloc[2e1b2a31b91974c5]::string::String>>
[INFO] [stdout]   15:     0x57fce323f065 - test[aada8e7e76ba119b]::run_test::{closure#0}
[INFO] [stdout]   16:     0x57fce3238954 - std[617be2ca0a6fd877]::sys::backtrace::__rust_begin_short_backtrace::<test[aada8e7e76ba119b]::run_test::{closure#1}, ()>
[INFO] [stdout]   17:     0x57fce32420f2 - <std[617be2ca0a6fd877]::thread::lifecycle::spawn_unchecked<test[aada8e7e76ba119b]::run_test::{closure#1}, ()>::{closure#1} as core[a373ad73a504971]::ops::function::FnOnce<()>>::call_once::{shim:vtable#0}
[INFO] [stdout]   18:     0x57fce32bc30f - <std[617be2ca0a6fd877]::sys::thread::unix::Thread>::new::thread_start
[INFO] [stdout]   19:     0x743e85014dfa - <unknown>
[INFO] [stdout]   20:     0x743e850a83d4 - clone
[INFO] [stdout]   21:                0x0 - <unknown>
[INFO] [stdout] 
[INFO] [stdout] ---- lru_metadata_absent stdout ----
[INFO] [stdout] 
[INFO] [stdout] thread 'lru_metadata_absent' (368) panicked at tests/level2.rs:539:50:
[INFO] [stdout] parse: Parser { code: 13, message: "[errcode=13] Failed to open RDB file `/opt/rustwide/workdir/../librdb-sys/librdb/test/dumps/single_key.rdb`: No such file or directory\n\n" }
[INFO] [stdout] stack backtrace:
[INFO] [stdout]    0:     0x57fce32bcab1 - <<std[617be2ca0a6fd877]::sys::backtrace::BacktraceLock>::print::DisplayBacktrace as core[a373ad73a504971]::fmt::Display>::fmt
[INFO] [stdout]    1:     0x57fce32d0dda - core[a373ad73a504971]::fmt::write
[INFO] [stdout]    2:     0x57fce32c0ccc - <alloc[2e1b2a31b91974c5]::vec::Vec<u8> as core[a373ad73a504971]::io::write::Write>::write_fmt
[INFO] [stdout]    3:     0x57fce3298d86 - std[617be2ca0a6fd877]::panicking::default_hook::{closure#0}
[INFO] [stdout]    4:     0x57fce32b5149 - std[617be2ca0a6fd877]::panicking::default_hook
[INFO] [stdout]    5:     0x57fce323ea40 - test[aada8e7e76ba119b]::test_main_inner::{closure#0}
[INFO] [stdout]    6:     0x57fce32b5302 - std[617be2ca0a6fd877]::panicking::panic_with_hook
[INFO] [stdout]    7:     0x57fce3298e32 - std[617be2ca0a6fd877]::panicking::panic_handler::{closure#0}
[INFO] [stdout]    8:     0x57fce3291b49 - std[617be2ca0a6fd877]::sys::backtrace::__rust_end_short_backtrace::<std[617be2ca0a6fd877]::panicking::panic_handler::{closure#0}, !>
[INFO] [stdout]    9:     0x57fce3299a3d - __rustc[ea4f61d10b84890b]::rust_begin_unwind
[INFO] [stdout]   10:     0x57fce32d150c - core[a373ad73a504971]::panicking::panic_fmt
[INFO] [stdout]   11:     0x57fce32d12e2 - core[a373ad73a504971]::result::unwrap_failed
[INFO] [stdout]   12:     0x57fce3228e5b - <level2[d7213de28ba7698]::lru_metadata_absent::{closure#0} as core[a373ad73a504971]::ops::function::FnOnce<()>>::call_once
[INFO] [stdout]   13:     0x57fce3231e8b - test[aada8e7e76ba119b]::__rust_begin_short_backtrace::<core[a373ad73a504971]::result::Result<(), alloc[2e1b2a31b91974c5]::string::String>, fn() -> core[a373ad73a504971]::result::Result<(), alloc[2e1b2a31b91974c5]::string::String>>
[INFO] [stdout]   14:     0x57fce323f065 - test[aada8e7e76ba119b]::run_test::{closure#0}
[INFO] [stdout]   15:     0x57fce3238954 - std[617be2ca0a6fd877]::sys::backtrace::__rust_begin_short_backtrace::<test[aada8e7e76ba119b]::run_test::{closure#1}, ()>
[INFO] [stdout]   16:     0x57fce32420f2 - <std[617be2ca0a6fd877]::thread::lifecycle::spawn_unchecked<test[aada8e7e76ba119b]::run_test::{closure#1}, ()>::{closure#1} as core[a373ad73a504971]::ops::function::FnOnce<()>>::call_once::{shim:vtable#0}
[INFO] [stdout]   17:     0x57fce32bc30f - <std[617be2ca0a6fd877]::sys::thread::unix::Thread>::new::thread_start
[INFO] [stdout]   18:     0x743e85014dfa - <unknown>
[INFO] [stdout]   19:     0x743e850a83d4 - clone
[INFO] [stdout]   20:                0x0 - <unknown>
[INFO] [stdout] 
[INFO] [stdout] ---- lru_metadata_present stdout ----
[INFO] [stdout] 
[INFO] [stdout] thread 'lru_metadata_present' (369) panicked at tests/level2.rs:518:10:
[INFO] [stdout] parse: Parser { code: 13, message: "[errcode=13] Failed to open RDB file `/opt/rustwide/workdir/../librdb-sys/librdb/test/dumps/mem_policy_lru.rdb`: No such file or directory\n\n" }
[INFO] [stdout] stack backtrace:
[INFO] [stdout]    0:     0x57fce32bcab1 - <<std[617be2ca0a6fd877]::sys::backtrace::BacktraceLock>::print::DisplayBacktrace as core[a373ad73a504971]::fmt::Display>::fmt
[INFO] [stdout]    1:     0x57fce32d0dda - core[a373ad73a504971]::fmt::write
[INFO] [stdout]    2:     0x57fce32c0ccc - <alloc[2e1b2a31b91974c5]::vec::Vec<u8> as core[a373ad73a504971]::io::write::Write>::write_fmt
[INFO] [stdout]    3:     0x57fce3298d86 - std[617be2ca0a6fd877]::panicking::default_hook::{closure#0}
[INFO] [stdout]    4:     0x57fce32b5149 - std[617be2ca0a6fd877]::panicking::default_hook
[INFO] [stdout]    5:     0x57fce323ea40 - test[aada8e7e76ba119b]::test_main_inner::{closure#0}
[INFO] [stdout]    6:     0x57fce32b5302 - std[617be2ca0a6fd877]::panicking::panic_with_hook
[INFO] [stdout]    7:     0x57fce3298e32 - std[617be2ca0a6fd877]::panicking::panic_handler::{closure#0}
[INFO] [stdout]    8:     0x57fce3291b49 - std[617be2ca0a6fd877]::sys::backtrace::__rust_end_short_backtrace::<std[617be2ca0a6fd877]::panicking::panic_handler::{closure#0}, !>
[INFO] [stdout]    9:     0x57fce3299a3d - __rustc[ea4f61d10b84890b]::rust_begin_unwind
[INFO] [stdout]   10:     0x57fce32d150c - core[a373ad73a504971]::panicking::panic_fmt
[INFO] [stdout]   11:     0x57fce32d12e2 - core[a373ad73a504971]::result::unwrap_failed
[INFO] [stdout]   12:     0x57fce32294a0 - <level2[d7213de28ba7698]::lru_metadata_present::{closure#0} as core[a373ad73a504971]::ops::function::FnOnce<()>>::call_once
[INFO] [stdout]   13:     0x57fce3231e8b - test[aada8e7e76ba119b]::__rust_begin_short_backtrace::<core[a373ad73a504971]::result::Result<(), alloc[2e1b2a31b91974c5]::string::String>, fn() -> core[a373ad73a504971]::result::Result<(), alloc[2e1b2a31b91974c5]::string::String>>
[INFO] [stdout]   14:     0x57fce323f065 - test[aada8e7e76ba119b]::run_test::{closure#0}
[INFO] [stdout]   15:     0x57fce3238954 - std[617be2ca0a6fd877]::sys::backtrace::__rust_begin_short_backtrace::<test[aada8e7e76ba119b]::run_test::{closure#1}, ()>
[INFO] [stdout]   16:     0x57fce32420f2 - <std[617be2ca0a6fd877]::thread::lifecycle::spawn_unchecked<test[aada8e7e76ba119b]::run_test::{closure#1}, ()>::{closure#1} as core[a373ad73a504971]::ops::function::FnOnce<()>>::call_once::{shim:vtable#0}
[INFO] [stdout]   17:     0x57fce32bc30f - <std[617be2ca0a6fd877]::sys::thread::unix::Thread>::new::thread_start
[INFO] [stdout]   18:     0x743e85014dfa - <unknown>
[INFO] [stdout]   19:     0x743e850a83d4 - clone
[INFO] [stdout]   20:                0x0 - <unknown>
[INFO] [stdout] 
[INFO] [stdout] ---- parse_file_twice_returns_error stdout ----
[INFO] [stdout] 
[INFO] [stdout] thread 'parse_file_twice_returns_error' (373) panicked at tests/level2.rs:647:10:
[INFO] [stdout] first parse: Parser { code: 13, message: "[errcode=13] Failed to open RDB file `/opt/rustwide/workdir/../librdb-sys/librdb/test/dumps/empty.rdb`: No such file or directory\n\n" }
[INFO] [stdout] stack backtrace:
[INFO] [stdout]    0:     0x57fce32bcab1 - <<std[617be2ca0a6fd877]::sys::backtrace::BacktraceLock>::print::DisplayBacktrace as core[a373ad73a504971]::fmt::Display>::fmt
[INFO] [stdout]    1:     0x57fce32d0dda - core[a373ad73a504971]::fmt::write
[INFO] [stdout]    2:     0x57fce32c0ccc - <alloc[2e1b2a31b91974c5]::vec::Vec<u8> as core[a373ad73a504971]::io::write::Write>::write_fmt
[INFO] [stdout]    3:     0x57fce3298d86 - std[617be2ca0a6fd877]::panicking::default_hook::{closure#0}
[INFO] [stdout]    4:     0x57fce32b5149 - std[617be2ca0a6fd877]::panicking::default_hook
[INFO] [stdout]    5:     0x57fce323ea40 - test[aada8e7e76ba119b]::test_main_inner::{closure#0}
[INFO] [stdout]    6:     0x57fce32b5302 - std[617be2ca0a6fd877]::panicking::panic_with_hook
[INFO] [stdout]    7:     0x57fce3298e32 - std[617be2ca0a6fd877]::panicking::panic_handler::{closure#0}
[INFO] [stdout]    8:     0x57fce3291b49 - std[617be2ca0a6fd877]::sys::backtrace::__rust_end_short_backtrace::<std[617be2ca0a6fd877]::panicking::panic_handler::{closure#0}, !>
[INFO] [stdout]    9:     0x57fce3299a3d - __rustc[ea4f61d10b84890b]::rust_begin_unwind
[INFO] [stdout]   10:     0x57fce32d150c - core[a373ad73a504971]::panicking::panic_fmt
[INFO] [stdout]   11:     0x57fce32d12e2 - core[a373ad73a504971]::result::unwrap_failed
[INFO] [stdout]   12:     0x57fce322b766 - <level2[d7213de28ba7698]::parse_file_twice_returns_error::{closure#0} as core[a373ad73a504971]::ops::function::FnOnce<()>>::call_once
[INFO] [stdout]   13:     0x57fce3231e8b - test[aada8e7e76ba119b]::__rust_begin_short_backtrace::<core[a373ad73a504971]::result::Result<(), alloc[2e1b2a31b91974c5]::string::String>, fn() -> core[a373ad73a504971]::result::Result<(), alloc[2e1b2a31b91974c5]::string::String>>
[INFO] [stdout]   14:     0x57fce323f065 - test[aada8e7e76ba119b]::run_test::{closure#0}
[INFO] [stdout]   15:     0x57fce3238954 - std[617be2ca0a6fd877]::sys::backtrace::__rust_begin_short_backtrace::<test[aada8e7e76ba119b]::run_test::{closure#1}, ()>
[INFO] [stdout]   16:     0x57fce32420f2 - <std[617be2ca0a6fd877]::thread::lifecycle::spawn_unchecked<test[aada8e7e76ba119b]::run_test::{closure#1}, ()>::{closure#1} as core[a373ad73a504971]::ops::function::FnOnce<()>>::call_once::{shim:vtable#0}
[INFO] [stdout]   17:     0x57fce32bc30f - <std[617be2ca0a6fd877]::sys::thread::unix::Thread>::new::thread_start
[INFO] [stdout]   18:     0x743e85014dfa - <unknown>
[INFO] [stdout]   19:     0x743e850a83d4 - clone
[INFO] [stdout]   20:                0x0 - <unknown>
[INFO] [stdout] 
[INFO] [stdout] ---- set_members stdout ----
[INFO] [stdout] 
[INFO] [stdout] thread 'set_members' (374) panicked at tests/level2.rs:264:37:
[INFO] [stdout] parse: Parser { code: 13, message: "[errcode=13] Failed to open RDB file `/opt/rustwide/workdir/../librdb-sys/librdb/test/dumps/plain_set_v6.rdb`: No such file or directory\n\n" }
[INFO] [stdout] stack backtrace:
[INFO] [stdout]    0:     0x57fce32bcab1 - <<std[617be2ca0a6fd877]::sys::backtrace::BacktraceLock>::print::DisplayBacktrace as core[a373ad73a504971]::fmt::Display>::fmt
[INFO] [stdout]    1:     0x57fce32d0dda - core[a373ad73a504971]::fmt::write
[INFO] [stdout]    2:     0x57fce32c0ccc - <alloc[2e1b2a31b91974c5]::vec::Vec<u8> as core[a373ad73a504971]::io::write::Write>::write_fmt
[INFO] [stdout]    3:     0x57fce3298d86 - std[617be2ca0a6fd877]::panicking::default_hook::{closure#0}
[INFO] [stdout]    4:     0x57fce32b5149 - std[617be2ca0a6fd877]::panicking::default_hook
[INFO] [stdout]    5:     0x57fce323ea40 - test[aada8e7e76ba119b]::test_main_inner::{closure#0}
[INFO] [stdout]    6:     0x57fce32b5302 - std[617be2ca0a6fd877]::panicking::panic_with_hook
[INFO] [stdout]    7:     0x57fce3298e32 - std[617be2ca0a6fd877]::panicking::panic_handler::{closure#0}
[INFO] [stdout]    8:     0x57fce3291b49 - std[617be2ca0a6fd877]::sys::backtrace::__rust_end_short_backtrace::<std[617be2ca0a6fd877]::panicking::panic_handler::{closure#0}, !>
[INFO] [stdout]    9:     0x57fce3299a3d - __rustc[ea4f61d10b84890b]::rust_begin_unwind
[INFO] [stdout]   10:     0x57fce32d150c - core[a373ad73a504971]::panicking::panic_fmt
[INFO] [stdout]   11:     0x57fce32d12e2 - core[a373ad73a504971]::result::unwrap_failed
[INFO] [stdout]   12:     0x57fce3225465 - level2[d7213de28ba7698]::parse_collect
[INFO] [stdout]   13:     0x57fce3227a42 - <level2[d7213de28ba7698]::set_members::{closure#0} as core[a373ad73a504971]::ops::function::FnOnce<()>>::call_once
[INFO] [stdout]   14:     0x57fce3231e8b - test[aada8e7e76ba119b]::__rust_begin_short_backtrace::<core[a373ad73a504971]::result::Result<(), alloc[2e1b2a31b91974c5]::string::String>, fn() -> core[a373ad73a504971]::result::Result<(), alloc[2e1b2a31b91974c5]::string::String>>
[INFO] [stdout]   15:     0x57fce323f065 - test[aada8e7e76ba119b]::run_test::{closure#0}
[INFO] [stdout]   16:     0x57fce3238954 - std[617be2ca0a6fd877]::sys::backtrace::__rust_begin_short_backtrace::<test[aada8e7e76ba119b]::run_test::{closure#1}, ()>
[INFO] [stdout]   17:     0x57fce32420f2 - <std[617be2ca0a6fd877]::thread::lifecycle::spawn_unchecked<test[aada8e7e76ba119b]::run_test::{closure#1}, ()>::{closure#1} as core[a373ad73a504971]::ops::function::FnOnce<()>>::call_once::{shim:vtable#0}
[INFO] [stdout]   18:     0x57fce32bc30f - <std[617be2ca0a6fd877]::sys::thread::unix::Thread>::new::thread_start
[INFO] [stdout]   19:     0x743e85014dfa - <unknown>
[INFO] [stdout]   20:     0x743e850a83d4 - clone
[INFO] [stdout]   21:                0x0 - <unknown>
[INFO] [stdout] 
[INFO] [stdout] ---- parse_fd_single_key stdout ----
[INFO] [stdout] 
[INFO] [stdout] thread 'parse_fd_single_key' (372) panicked at tests/level2.rs:678:54:
[INFO] [stdout] open fixture: Os { code: 2, kind: NotFound, message: "No such file or directory" }
[INFO] [stdout] stack backtrace:
[INFO] [stdout]    0:     0x57fce32bcab1 - <<std[617be2ca0a6fd877]::sys::backtrace::BacktraceLock>::print::DisplayBacktrace as core[a373ad73a504971]::fmt::Display>::fmt
[INFO] [stdout]    1:     0x57fce32d0dda - core[a373ad73a504971]::fmt::write
[INFO] [stdout]    2:     0x57fce32c0ccc - <alloc[2e1b2a31b91974c5]::vec::Vec<u8> as core[a373ad73a504971]::io::write::Write>::write_fmt
[INFO] [stdout]    3:     0x57fce3298d86 - std[617be2ca0a6fd877]::panicking::default_hook::{closure#0}
[INFO] [stdout]    4:     0x57fce32b5149 - std[617be2ca0a6fd877]::panicking::default_hook
[INFO] [stdout]    5:     0x57fce323ea40 - test[aada8e7e76ba119b]::test_main_inner::{closure#0}
[INFO] [stdout]    6:     0x57fce32b5302 - std[617be2ca0a6fd877]::panicking::panic_with_hook
[INFO] [stdout]    7:     0x57fce3298e32 - std[617be2ca0a6fd877]::panicking::panic_handler::{closure#0}
[INFO] [stdout]    8:     0x57fce3291b49 - std[617be2ca0a6fd877]::sys::backtrace::__rust_end_short_backtrace::<std[617be2ca0a6fd877]::panicking::panic_handler::{closure#0}, !>
[INFO] [stdout]    9:     0x57fce3299a3d - __rustc[ea4f61d10b84890b]::rust_begin_unwind
[INFO] [stdout]   10:     0x57fce32d150c - core[a373ad73a504971]::panicking::panic_fmt
[INFO] [stdout]   11:     0x57fce32d12e2 - core[a373ad73a504971]::result::unwrap_failed
[INFO] [stdout]   12:     0x57fce3229189 - <level2[d7213de28ba7698]::parse_fd_single_key::{closure#0} as core[a373ad73a504971]::ops::function::FnOnce<()>>::call_once
[INFO] [stdout]   13:     0x57fce3231e8b - test[aada8e7e76ba119b]::__rust_begin_short_backtrace::<core[a373ad73a504971]::result::Result<(), alloc[2e1b2a31b91974c5]::string::String>, fn() -> core[a373ad73a504971]::result::Result<(), alloc[2e1b2a31b91974c5]::string::String>>
[INFO] [stdout]   14:     0x57fce323f065 - test[aada8e7e76ba119b]::run_test::{closure#0}
[INFO] [stdout]   15:     0x57fce3238954 - std[617be2ca0a6fd877]::sys::backtrace::__rust_begin_short_backtrace::<test[aada8e7e76ba119b]::run_test::{closure#1}, ()>
[INFO] [stdout]   16:     0x57fce32420f2 - <std[617be2ca0a6fd877]::thread::lifecycle::spawn_unchecked<test[aada8e7e76ba119b]::run_test::{closure#1}, ()>::{closure#1} as core[a373ad73a504971]::ops::function::FnOnce<()>>::call_once::{shim:vtable#0}
[INFO] [stdout]   17:     0x57fce32bc30f - <std[617be2ca0a6fd877]::sys::thread::unix::Thread>::new::thread_start
[INFO] [stdout]   18:     0x743e85014dfa - <unknown>
[INFO] [stdout]   19:     0x743e850a83d4 - clone
[INFO] [stdout]   20:                0x0 - <unknown>
[INFO] [stdout] 
[INFO] [stdout] ---- stream_entries stdout ----
[INFO] [stdout] 
[INFO] [stdout] thread 'stream_entries' (375) panicked at tests/level2.rs:264:37:
[INFO] [stdout] parse: Parser { code: 13, message: "[errcode=13] Failed to open RDB file `/opt/rustwide/workdir/../librdb-sys/librdb/test/dumps/stream_v11.rdb`: No such file or directory\n\n" }
[INFO] [stdout] stack backtrace:
[INFO] [stdout]    0:     0x57fce32bcab1 - <<std[617be2ca0a6fd877]::sys::backtrace::BacktraceLock>::print::DisplayBacktrace as core[a373ad73a504971]::fmt::Display>::fmt
[INFO] [stdout]    1:     0x57fce32d0dda - core[a373ad73a504971]::fmt::write
[INFO] [stdout]    2:     0x57fce32c0ccc - <alloc[2e1b2a31b91974c5]::vec::Vec<u8> as core[a373ad73a504971]::io::write::Write>::write_fmt
[INFO] [stdout]    3:     0x57fce3298d86 - std[617be2ca0a6fd877]::panicking::default_hook::{closure#0}
[INFO] [stdout]    4:     0x57fce32b5149 - std[617be2ca0a6fd877]::panicking::default_hook
[INFO] [stdout]    5:     0x57fce323ea40 - test[aada8e7e76ba119b]::test_main_inner::{closure#0}
[INFO] [stdout]    6:     0x57fce32b5302 - std[617be2ca0a6fd877]::panicking::panic_with_hook
[INFO] [stdout]    7:     0x57fce3298e32 - std[617be2ca0a6fd877]::panicking::panic_handler::{closure#0}
[INFO] [stdout]    8:     0x57fce3291b49 - std[617be2ca0a6fd877]::sys::backtrace::__rust_end_short_backtrace::<std[617be2ca0a6fd877]::panicking::panic_handler::{closure#0}, !>
[INFO] [stdout]    9:     0x57fce3299a3d - __rustc[ea4f61d10b84890b]::rust_begin_unwind
[INFO] [stdout]   10:     0x57fce32d150c - core[a373ad73a504971]::panicking::panic_fmt
[INFO] [stdout]   11:     0x57fce32d12e2 - core[a373ad73a504971]::result::unwrap_failed
[INFO] [stdout]   12:     0x57fce3225465 - level2[d7213de28ba7698]::parse_collect
[INFO] [stdout]   13:     0x57fce3227e06 - <level2[d7213de28ba7698]::stream_entries::{closure#0} as core[a373ad73a504971]::ops::function::FnOnce<()>>::call_once
[INFO] [stdout]   14:     0x57fce3231e8b - test[aada8e7e76ba119b]::__rust_begin_short_backtrace::<core[a373ad73a504971]::result::Result<(), alloc[2e1b2a31b91974c5]::string::String>, fn() -> core[a373ad73a504971]::result::Result<(), alloc[2e1b2a31b91974c5]::string::String>>
[INFO] [stdout]   15:     0x57fce323f065 - test[aada8e7e76ba119b]::run_test::{closure#0}
[INFO] [stdout]   16:     0x57fce3238954 - std[617be2ca0a6fd877]::sys::backtrace::__rust_begin_short_backtrace::<test[aada8e7e76ba119b]::run_test::{closure#1}, ()>
[INFO] [stdout]   17:     0x57fce32420f2 - <std[617be2ca0a6fd877]::thread::lifecycle::spawn_unchecked<test[aada8e7e76ba119b]::run_test::{closure#1}, ()>::{closure#1} as core[a373ad73a504971]::ops::function::FnOnce<()>>::call_once::{shim:vtable#0}
[INFO] [stdout]   18:     0x57fce32bc30f - <std[617be2ca0a6fd877]::sys::thread::unix::Thread>::new::thread_start
[INFO] [stdout]   19:     0x743e85014dfa - <unknown>
[INFO] [stdout]   20:     0x743e850a83d4 - clone
[INFO] [stdout]   21:                0x0 - <unknown>
[INFO] [stdout] 
[INFO] [stdout] ---- zset_members_with_scores stdout ----
[INFO] [stdout] 
[INFO] [stdout] thread 'zset_members_with_scores' (378) panicked at tests/level2.rs:264:37:
[INFO] [stdout] parse: Parser { code: 13, message: "[errcode=13] Failed to open RDB file `/opt/rustwide/workdir/../librdb-sys/librdb/test/dumps/plain_zset_v6.rdb`: No such file or directory\n\n" }
[INFO] [stdout] stack backtrace:
[INFO] [stdout]    0:     0x57fce32bcab1 - <<std[617be2ca0a6fd877]::sys::backtrace::BacktraceLock>::print::DisplayBacktrace as core[a373ad73a504971]::fmt::Display>::fmt
[INFO] [stdout]    1:     0x57fce32d0dda - core[a373ad73a504971]::fmt::write
[INFO] [stdout]    2:     0x57fce32c0ccc - <alloc[2e1b2a31b91974c5]::vec::Vec<u8> as core[a373ad73a504971]::io::write::Write>::write_fmt
[INFO] [stdout]    3:     0x57fce3298d86 - std[617be2ca0a6fd877]::panicking::default_hook::{closure#0}
[INFO] [stdout]    4:     0x57fce32b5149 - std[617be2ca0a6fd877]::panicking::default_hook
[INFO] [stdout]    5:     0x57fce323ea40 - test[aada8e7e76ba119b]::test_main_inner::{closure#0}
[INFO] [stdout]    6:     0x57fce32b5302 - std[617be2ca0a6fd877]::panicking::panic_with_hook
[INFO] [stdout]    7:     0x57fce3298e32 - std[617be2ca0a6fd877]::panicking::panic_handler::{closure#0}
[INFO] [stdout]    8:     0x57fce3291b49 - std[617be2ca0a6fd877]::sys::backtrace::__rust_end_short_backtrace::<std[617be2ca0a6fd877]::panicking::panic_handler::{closure#0}, !>
[INFO] [stdout]    9:     0x57fce3299a3d - __rustc[ea4f61d10b84890b]::rust_begin_unwind
[INFO] [stdout]   10:     0x57fce32d150c - core[a373ad73a504971]::panicking::panic_fmt
[INFO] [stdout]   11:     0x57fce32d12e2 - core[a373ad73a504971]::result::unwrap_failed
[INFO] [stdout]   12:     0x57fce3225465 - level2[d7213de28ba7698]::parse_collect
[INFO] [stdout]   13:     0x57fce322a072 - <level2[d7213de28ba7698]::zset_members_with_scores::{closure#0} as core[a373ad73a504971]::ops::function::FnOnce<()>>::call_once
[INFO] [stdout]   14:     0x57fce3231e8b - test[aada8e7e76ba119b]::__rust_begin_short_backtrace::<core[a373ad73a504971]::result::Result<(), alloc[2e1b2a31b91974c5]::string::String>, fn() -> core[a373ad73a504971]::result::Result<(), alloc[2e1b2a31b91974c5]::string::String>>
[INFO] [stdout]   15:     0x57fce323f065 - test[aada8e7e76ba119b]::run_test::{closure#0}
[INFO] [stdout]   16:     0x57fce3238954 - std[617be2ca0a6fd877]::sys::backtrace::__rust_begin_short_backtrace::<test[aada8e7e76ba119b]::run_test::{closure#1}, ()>
[INFO] [stdout]   17:     0x57fce32420f2 - <std[617be2ca0a6fd877]::thread::lifecycle::spawn_unchecked<test[aada8e7e76ba119b]::run_test::{closure#1}, ()>::{closure#1} as core[a373ad73a504971]::ops::function::FnOnce<()>>::call_once::{shim:vtable#0}
[INFO] [stdout]   18:     0x57fce32bc30f - <std[617be2ca0a6fd877]::sys::thread::unix::Thread>::new::thread_start
[INFO] [stdout]   19:     0x743e85014dfa - <unknown>
[INFO] [stdout]   20:     0x743e850a83d4 - clone
[INFO] [stdout]   21:                0x0 - <unknown>
[INFO] [stdout] 
[INFO] [stdout] ---- stream_xnack_zone_entries stdout ----
[INFO] [stdout] 
[INFO] [stdout] thread 'stream_xnack_zone_entries' (376) panicked at tests/level2.rs:264:37:
[INFO] [stdout] parse: Parser { code: 13, message: "[errcode=13] Failed to open RDB file `/opt/rustwide/workdir/../librdb-sys/librdb/test/dumps/stream_v14_xnack.rdb`: No such file or directory\n\n" }
[INFO] [stdout] stack backtrace:
[INFO] [stdout]    0:     0x57fce32bcab1 - <<std[617be2ca0a6fd877]::sys::backtrace::BacktraceLock>::print::DisplayBacktrace as core[a373ad73a504971]::fmt::Display>::fmt
[INFO] [stdout]    1:     0x57fce32d0dda - core[a373ad73a504971]::fmt::write
[INFO] [stdout]    2:     0x57fce32c0ccc - <alloc[2e1b2a31b91974c5]::vec::Vec<u8> as core[a373ad73a504971]::io::write::Write>::write_fmt
[INFO] [stdout]    3:     0x57fce3298d86 - std[617be2ca0a6fd877]::panicking::default_hook::{closure#0}
[INFO] [stdout]    4:     0x57fce32b5149 - std[617be2ca0a6fd877]::panicking::default_hook
[INFO] [stdout]    5:     0x57fce323ea40 - test[aada8e7e76ba119b]::test_main_inner::{closure#0}
[INFO] [stdout]    6:     0x57fce32b5302 - std[617be2ca0a6fd877]::panicking::panic_with_hook
[INFO] [stdout]    7:     0x57fce3298e32 - std[617be2ca0a6fd877]::panicking::panic_handler::{closure#0}
[INFO] [stdout]    8:     0x57fce3291b49 - std[617be2ca0a6fd877]::sys::backtrace::__rust_end_short_backtrace::<std[617be2ca0a6fd877]::panicking::panic_handler::{closure#0}, !>
[INFO] [stdout]    9:     0x57fce3299a3d - __rustc[ea4f61d10b84890b]::rust_begin_unwind
[INFO] [stdout]   10:     0x57fce32d150c - core[a373ad73a504971]::panicking::panic_fmt
[INFO] [stdout]   11:     0x57fce32d12e2 - core[a373ad73a504971]::result::unwrap_failed
[INFO] [stdout]   12:     0x57fce3225465 - level2[d7213de28ba7698]::parse_collect
[INFO] [stdout]   13:     0x57fce322a9d6 - <level2[d7213de28ba7698]::stream_xnack_zone_entries::{closure#0} as core[a373ad73a504971]::ops::function::FnOnce<()>>::call_once
[INFO] [stdout]   14:     0x57fce3231e8b - test[aada8e7e76ba119b]::__rust_begin_short_backtrace::<core[a373ad73a504971]::result::Result<(), alloc[2e1b2a31b91974c5]::string::String>, fn() -> core[a373ad73a504971]::result::Result<(), alloc[2e1b2a31b91974c5]::string::String>>
[INFO] [stdout]   15:     0x57fce323f065 - test[aada8e7e76ba119b]::run_test::{closure#0}
[INFO] [stdout]   16:     0x57fce3238954 - std[617be2ca0a6fd877]::sys::backtrace::__rust_begin_short_backtrace::<test[aada8e7e76ba119b]::run_test::{closure#1}, ()>
[INFO] [stdout]   17:     0x57fce32420f2 - <std[617be2ca0a6fd877]::thread::lifecycle::spawn_unchecked<test[aada8e7e76ba119b]::run_test::{closure#1}, ()>::{closure#1} as core[a373ad73a504971]::ops::function::FnOnce<()>>::call_once::{shim:vtable#0}
[INFO] [stdout]   18:     0x57fce32bc30f - <std[617be2ca0a6fd877]::sys::thread::unix::Thread>::new::thread_start
[INFO] [stdout]   19:     0x743e85014dfa - <unknown>
[INFO] [stdout]   20:     0x743e850a83d4 - clone
[INFO] [stdout]   21:                0x0 - <unknown>
[INFO] [stdout] 
[INFO] [stdout] ---- string_single_key stdout ----
[INFO] [stdout] 
[INFO] [stdout] thread 'string_single_key' (377) panicked at tests/level2.rs:264:37:
[INFO] [stdout] parse: Parser { code: 13, message: "[errcode=13] Failed to open RDB file `/opt/rustwide/workdir/../librdb-sys/librdb/test/dumps/single_key.rdb`: No such file or directory\n\n" }
[INFO] [stdout] stack backtrace:
[INFO] [stdout]    0:     0x57fce32bcab1 - <<std[617be2ca0a6fd877]::sys::backtrace::BacktraceLock>::print::DisplayBacktrace as core[a373ad73a504971]::fmt::Display>::fmt
[INFO] [stdout]    1:     0x57fce32d0dda - core[a373ad73a504971]::fmt::write
[INFO] [stdout]    2:     0x57fce32c0ccc - <alloc[2e1b2a31b91974c5]::vec::Vec<u8> as core[a373ad73a504971]::io::write::Write>::write_fmt
[INFO] [stdout]    3:     0x57fce3298d86 - std[617be2ca0a6fd877]::panicking::default_hook::{closure#0}
[INFO] [stdout]    4:     0x57fce32b5149 - std[617be2ca0a6fd877]::panicking::default_hook
[INFO] [stdout]    5:     0x57fce323ea40 - test[aada8e7e76ba119b]::test_main_inner::{closure#0}
[INFO] [stdout]    6:     0x57fce32b5302 - std[617be2ca0a6fd877]::panicking::panic_with_hook
[INFO] [stdout]    7:     0x57fce3298e32 - std[617be2ca0a6fd877]::panicking::panic_handler::{closure#0}
[INFO] [stdout]    8:     0x57fce3291b49 - std[617be2ca0a6fd877]::sys::backtrace::__rust_end_short_backtrace::<std[617be2ca0a6fd877]::panicking::panic_handler::{closure#0}, !>
[INFO] [stdout]    9:     0x57fce3299a3d - __rustc[ea4f61d10b84890b]::rust_begin_unwind
[INFO] [stdout]   10:     0x57fce32d150c - core[a373ad73a504971]::panicking::panic_fmt
[INFO] [stdout]   11:     0x57fce32d12e2 - core[a373ad73a504971]::result::unwrap_failed
[INFO] [stdout]   12:     0x57fce3225465 - level2[d7213de28ba7698]::parse_collect
[INFO] [stdout]   13:     0x57fce3228527 - <level2[d7213de28ba7698]::string_single_key::{closure#0} as core[a373ad73a504971]::ops::function::FnOnce<()>>::call_once
[INFO] [stdout]   14:     0x57fce3231e8b - test[aada8e7e76ba119b]::__rust_begin_short_backtrace::<core[a373ad73a504971]::result::Result<(), alloc[2e1b2a31b91974c5]::string::String>, fn() -> core[a373ad73a504971]::result::Result<(), alloc[2e1b2a31b91974c5]::string::String>>
[INFO] [stdout]   15:     0x57fce323f065 - test[aada8e7e76ba119b]::run_test::{closure#0}
[INFO] [stdout]   16:     0x57fce3238954 - std[617be2ca0a6fd877]::sys::backtrace::__rust_begin_short_backtrace::<test[aada8e7e76ba119b]::run_test::{closure#1}, ()>
[INFO] [stdout]   17:     0x57fce32420f2 - <std[617be2ca0a6fd877]::thread::lifecycle::spawn_unchecked<test[aada8e7e76ba119b]::run_test::{closure#1}, ()>::{closure#1} as core[a373ad73a504971]::ops::function::FnOnce<()>>::call_once::{shim:vtable#0}
[INFO] [stdout]   18:     0x57fce32bc30f - <std[617be2ca0a6fd877]::sys::thread::unix::Thread>::new::thread_start
[INFO] [stdout]   19:     0x743e85014dfa - <unknown>
[INFO] [stdout]   20:     0x743e850a83d4 - clone
[INFO] [stdout]   21:                0x0 - <unknown>
[INFO] [stdout] 
[INFO] [stdout] 
[INFO] [stdout] failures:
[INFO] [stdout]     array_basic_no_insert_idx
[INFO] [stdout]     array_insert_idx_boundary_is_not_sentinel
[INFO] [stdout]     array_mixed_value_encodings
[INFO] [stdout]     array_with_insert_idx
[INFO] [stdout]     callback_ordering
[INFO] [stdout]     callback_ordering_multi_key
[INFO] [stdout]     early_termination_no_further_callbacks
[INFO] [stdout]     empty_rdb
[INFO] [stdout]     expiry_none_when_not_set
[INFO] [stdout]     handler_accessible_after_failure
[INFO] [stdout]     handler_error_propagates
[INFO] [stdout]     handler_panic_is_caught
[INFO] [stdout]     hash_field_expiry
[INFO] [stdout]     hash_fields
[INFO] [stdout]     list_multiple
[INFO] [stdout]     lru_metadata_absent
[INFO] [stdout]     lru_metadata_present
[INFO] [stdout]     multiple_databases
[INFO] [stdout]     parse_fd_single_key
[INFO] [stdout]     parse_file_twice_returns_error
[INFO] [stdout]     set_members
[INFO] [stdout]     stream_entries
[INFO] [stdout]     stream_xnack_zone_entries
[INFO] [stdout]     string_single_key
[INFO] [stdout]     zset_members_with_scores
[INFO] [stdout] 
[INFO] [stdout] test result: FAILED. 1 passed; 25 failed; 0 ignored; 0 measured; 0 filtered out; finished in 0.03s
[INFO] [stdout] 
[INFO] [stdout] :: ERROR :: [errcode=13] Failed to open RDB file `/opt/rustwide/workdir/../librdb-sys/librdb/test/dumps/array_v14_basic.rdb`: No such file or directory
[INFO] [stdout] 
[INFO] [stdout] 
[INFO] [stdout] :: ERROR :: [errcode=13] Failed to open RDB file `/opt/rustwide/workdir/../librdb-sys/librdb/test/dumps/array_v14_insert_idx_boundary.rdb`: No such file or directory
[INFO] [stdout] 
[INFO] [stdout] 
[INFO] [stdout] :: ERROR :: [errcode=13] Failed to open RDB file `/opt/rustwide/workdir/../librdb-sys/librdb/test/dumps/single_key.rdb`: No such file or directory
[INFO] [stdout] 
[INFO] [stdout] 
[INFO] [stdout] :: ERROR :: [errcode=13] Failed to open RDB file `/opt/rustwide/workdir/../librdb-sys/librdb/test/dumps/array_v14_mixed_types.rdb`: No such file or directory
[INFO] [stdout] 
[INFO] [stdout] 
[INFO] [stdout] :: ERROR :: [errcode=13] Failed to open RDB file `/opt/rustwide/workdir/../librdb-sys/librdb/test/dumps/empty.rdb`: No such file or directory
[INFO] [stdout] 
[INFO] [stdout] 
[INFO] [stdout] :: ERROR :: [errcode=13] Failed to open RDB file `/opt/rustwide/workdir/../librdb-sys/librdb/test/dumps/array_v14_with_insert_idx.rdb`: No such file or directory
[INFO] [stdout] 
[INFO] [stdout] 
[INFO] [stdout] :: ERROR :: [errcode=13] Failed to open RDB file `/opt/rustwide/workdir/../librdb-sys/librdb/test/dumps/multiple_lists_strings.rdb`: No such file or directory
[INFO] [stdout] 
[INFO] [stdout] 
[INFO] [stdout] :: ERROR :: [errcode=13] Failed to open RDB file `/opt/rustwide/workdir/../librdb-sys/librdb/test/dumps/multiple_lists_strings.rdb`: No such file or directory
[INFO] [stdout] 
[INFO] [stdout] 
[INFO] [stdout] :: ERROR :: [errcode=13] Failed to open RDB file `/opt/rustwide/workdir/../librdb-sys/librdb/test/dumps/single_key.rdb`: No such file or directory
[INFO] [stdout] 
[INFO] [stdout] 
[INFO] [stdout] :: ERROR :: [errcode=13] Failed to open RDB file `/opt/rustwide/workdir/../librdb-sys/librdb/test/dumps/multiple_lists_strings.rdb`: No such file or directory
[INFO] [stdout] 
[INFO] [stdout] 
[INFO] [stdout] :: ERROR :: [errcode=13] Failed to open RDB file `/opt/rustwide/workdir/../librdb-sys/librdb/test/dumps/multiple_lists_strings.rdb`: No such file or directory
[INFO] [stdout] 
[INFO] [stdout] 
[INFO] [stdout] :: ERROR :: [errcode=13] Failed to open RDB file `/opt/rustwide/workdir/../librdb-sys/librdb/test/dumps/multiple_lists_strings.rdb`: No such file or directory
[INFO] [stdout] 
[INFO] [stdout] 
[INFO] [stdout] :: ERROR :: [errcode=13] Failed to open RDB file `/opt/rustwide/workdir/../librdb-sys/librdb/test/dumps/single_key.rdb`: No such file or directory
[INFO] [stdout] 
[INFO] [stdout] 
[INFO] [stdout] :: ERROR :: [errcode=13] Failed to open RDB file `/opt/rustwide/workdir/../librdb-sys/librdb/test/dumps/hash_with_expire_v12.rdb`: No such file or directory
[INFO] [stdout] 
[INFO] [stdout] 
[INFO] [stdout] :: ERROR :: [errcode=13] Failed to open RDB file `/opt/rustwide/workdir/../librdb-sys/librdb/test/dumps/hash_lp_v11.rdb`: No such file or directory
[INFO] [stdout] 
[INFO] [stdout] 
[INFO] [stdout] :: ERROR :: [errcode=13] Failed to open RDB file `/opt/rustwide/workdir/../librdb-sys/librdb/test/dumps/multiple_dbs.rdb`: No such file or directory
[INFO] [stdout] 
[INFO] [stdout] 
[INFO] [stdout] :: ERROR :: [errcode=13] Failed to open RDB file `/opt/rustwide/workdir/../librdb-sys/librdb/test/dumps/single_key.rdb`: No such file or directory
[INFO] [stdout] 
[INFO] [stdout] 
[INFO] [stdout] :: ERROR :: [errcode=13] Failed to open RDB file `/opt/rustwide/workdir/../librdb-sys/librdb/test/dumps/mem_policy_lru.rdb`: No such file or directory
[INFO] [stdout] 
[INFO] [stdout] 
[INFO] [stdout] :: ERROR :: [errcode=13] Failed to open RDB file `/opt/rustwide/workdir/../librdb-sys/librdb/test/dumps/empty.rdb`: No such file or directory
[INFO] [stdout] 
[INFO] [stdout] 
[INFO] [stdout] :: ERROR :: [errcode=13] Failed to open RDB file `/opt/rustwide/workdir/../librdb-sys/librdb/test/dumps/plain_set_v6.rdb`: No such file or directory
[INFO] [stdout] 
[INFO] [stdout] 
[INFO] [stdout] :: ERROR :: [errcode=13] Failed to open RDB file `/nonexistent/path.rdb`: No such file or directory
[INFO] [stdout] 
[INFO] [stdout] 
[INFO] [stdout] :: ERROR :: [errcode=13] Failed to open RDB file `/opt/rustwide/workdir/../librdb-sys/librdb/test/dumps/stream_v11.rdb`: No such file or directory
[INFO] [stdout] 
[INFO] [stdout] 
[INFO] [stdout] :: ERROR :: [errcode=13] Failed to open RDB file `/opt/rustwide/workdir/../librdb-sys/librdb/test/dumps/plain_zset_v6.rdb`: No such file or directory
[INFO] [stdout] 
[INFO] [stdout] 
[INFO] [stdout] :: ERROR :: [errcode=13] Failed to open RDB file `/opt/rustwide/workdir/../librdb-sys/librdb/test/dumps/stream_v14_xnack.rdb`: No such file or directory
[INFO] [stdout] 
[INFO] [stdout] 
[INFO] [stdout] :: ERROR :: [errcode=13] Failed to open RDB file `/opt/rustwide/workdir/../librdb-sys/librdb/test/dumps/single_key.rdb`: No such file or directory
[INFO] [stdout] 
[INFO] [stdout] 
[INFO] [stderr] error: test failed, to rerun pass `--test level2`
[INFO] running `Command { std: "docker" "inspect" "b1e969b42b060c920ed6f40b4be4f978cfc471612eda4689dd160428e5cefd28", kill_on_drop: false }`
[INFO] running `Command { std: "docker" "rm" "-f" "b1e969b42b060c920ed6f40b4be4f978cfc471612eda4689dd160428e5cefd28", kill_on_drop: false }`
[INFO] [stdout] b1e969b42b060c920ed6f40b4be4f978cfc471612eda4689dd160428e5cefd28
