[INFO] fetching crate librashader-presets 0.12.1...
[INFO] testing librashader-presets-0.12.1 against 1.100.0-beta.1+cargoflags=--release for beta-release-1.100-2
[INFO] extracting crate librashader-presets 0.12.1 into /workspace/builds/worker-0-tc2/source
[INFO] started tweaking crates.io crate librashader-presets 0.12.1
[INFO] removed 0 missing tests
[INFO] finished tweaking crates.io crate librashader-presets 0.12.1
[INFO] tweaked toml for crates.io crate librashader-presets 0.12.1 written to /workspace/builds/worker-0-tc2/source/Cargo.toml
[INFO] validating manifest of crates.io crate librashader-presets 0.12.1 on toolchain 1.100.0-beta.1
[INFO] running `Command { std: CARGO_HOME="/workspace/cargo-home" RUSTUP_HOME="/workspace/rustup-home" "/workspace/cargo-home/bin/cargo" "+1.100.0-beta.1" "metadata" "--manifest-path" "Cargo.toml" "--no-deps", kill_on_drop: false }`
[INFO] crate crates.io crate librashader-presets 0.12.1 already has a lockfile, it will not be regenerated
[INFO] running `Command { std: CARGO_HOME="/workspace/cargo-home" RUSTUP_HOME="/workspace/rustup-home" "/workspace/cargo-home/bin/cargo" "+1.100.0-beta.1" "fetch" "--manifest-path" "Cargo.toml", kill_on_drop: false }`
[INFO] running `Command { std: "docker" "create" "-v" "/var/lib/crater-agent-workspace/builds/worker-0-tc2/source:/opt/rustwide/workdir:ro,Z" "-v" "/var/lib/crater-agent-workspace/builds/worker-0-tc2/target:/opt/rustwide/target:rw,Z" "-v" "/var/lib/crater-agent-workspace/cargo-home:/opt/rustwide/cargo-home:ro,Z" "-v" "/var/lib/crater-agent-workspace/rustup-home:/opt/rustwide/rustup-home:ro,Z" "-m" "1610612736" "--network" "none" "ghcr.io/rust-lang/crates-build-env/linux@sha256:77db811e55d90add9212f6832c23229e3de5f1c1f9905e8cb07319ea15df73ac" "sleep" "infinity", kill_on_drop: false }`
[INFO] [stdout] 14ffca690e1d05613f5089d44428ee62f7b09fc4c69ae65e8a43ed7e4b1b08a2
[INFO] running `Command { std: "docker" "start" "14ffca690e1d05613f5089d44428ee62f7b09fc4c69ae65e8a43ed7e4b1b08a2", kill_on_drop: false }`
[INFO] running `Command { std: "docker" "inspect" "14ffca690e1d05613f5089d44428ee62f7b09fc4c69ae65e8a43ed7e4b1b08a2", kill_on_drop: false }`
[INFO] running `Command { std: "docker" "exec" "-e" "SOURCE_DIR=/opt/rustwide/workdir" "-e" "CARGO_HOME=/opt/rustwide/cargo-home" "-e" "RUSTUP_HOME=/opt/rustwide/rustup-home" "-e" "CARGO_TARGET_DIR=/opt/rustwide/target" "-w" "/opt/rustwide/workdir" "--user" "0:0" "14ffca690e1d05613f5089d44428ee62f7b09fc4c69ae65e8a43ed7e4b1b08a2" "/opt/rustwide/cargo-home/bin/cargo" "+1.100.0-beta.1" "metadata" "--no-deps" "--format-version=1", kill_on_drop: false }`
[INFO] running `Command { std: "docker" "inspect" "14ffca690e1d05613f5089d44428ee62f7b09fc4c69ae65e8a43ed7e4b1b08a2", kill_on_drop: false }`
[INFO] running `Command { std: "docker" "exec" "-e" "SOURCE_DIR=/opt/rustwide/workdir" "-e" "CARGO_HOME=/opt/rustwide/cargo-home" "-e" "RUSTUP_HOME=/opt/rustwide/rustup-home" "-e" "CARGO_TARGET_DIR=/opt/rustwide/target" "-e" "CARGO_INCREMENTAL=0" "-e" "RUST_BACKTRACE=full" "-e" "RUSTFLAGS=--cap-lints=warn" "-e" "RUSTDOCFLAGS=--cap-lints=warn" "-w" "/opt/rustwide/workdir" "--user" "0:0" "14ffca690e1d05613f5089d44428ee62f7b09fc4c69ae65e8a43ed7e4b1b08a2" "/opt/rustwide/cargo-home/bin/cargo" "+1.100.0-beta.1" "build" "--frozen" "--message-format=json" "--release", kill_on_drop: false }`
[INFO] [stderr]    Compiling memchr v2.8.1
[INFO] [stderr]    Compiling serde_core v1.0.228
[INFO] [stderr]    Compiling rustc-hash v2.1.2
[INFO] [stderr]    Compiling regex-syntax v0.8.10
[INFO] [stderr]    Compiling strumbra v0.6.0
[INFO] [stderr]    Compiling bytecount v0.6.9
[INFO] [stderr]    Compiling vec_extract_if_polyfill v0.1.0
[INFO] [stderr]    Compiling num-traits v0.2.19
[INFO] [stderr]    Compiling halfbrown v0.4.0
[INFO] [stderr]    Compiling syn v2.0.117
[INFO] [stderr]    Compiling nom v8.0.0
[INFO] [stderr]    Compiling aho-corasick v1.1.4
[INFO] [stderr]    Compiling regex-automata v0.4.14
[INFO] [stderr]    Compiling thiserror-impl v2.0.18
[INFO] [stderr]    Compiling thiserror v2.0.18
[INFO] [stderr]    Compiling bitflags v2.12.1
[INFO] [stderr]    Compiling librashader-common v0.12.1
[INFO] [stderr]    Compiling librashader-preprocess v0.12.1
[INFO] [stderr]    Compiling nom_locate v5.0.0
[INFO] [stderr]    Compiling regex v1.12.3
[INFO] [stderr]    Compiling librashader-presets v0.12.1 (/opt/rustwide/workdir)
[INFO] [stderr]     Finished `release` profile [optimized] target(s) in 24.93s
[INFO] running `Command { std: "docker" "inspect" "14ffca690e1d05613f5089d44428ee62f7b09fc4c69ae65e8a43ed7e4b1b08a2", kill_on_drop: false }`
[INFO] running `Command { std: "docker" "exec" "-e" "SOURCE_DIR=/opt/rustwide/workdir" "-e" "CARGO_HOME=/opt/rustwide/cargo-home" "-e" "RUSTUP_HOME=/opt/rustwide/rustup-home" "-e" "CARGO_TARGET_DIR=/opt/rustwide/target" "-e" "CARGO_INCREMENTAL=0" "-e" "RUST_BACKTRACE=full" "-e" "RUSTFLAGS=--cap-lints=warn" "-e" "RUSTDOCFLAGS=--cap-lints=warn" "-w" "/opt/rustwide/workdir" "--user" "0:0" "14ffca690e1d05613f5089d44428ee62f7b09fc4c69ae65e8a43ed7e4b1b08a2" "/opt/rustwide/cargo-home/bin/cargo" "+1.100.0-beta.1" "test" "--frozen" "--no-run" "--message-format=json" "--release", kill_on_drop: false }`
[INFO] [stderr]    Compiling glob v0.3.3
[INFO] [stderr]    Compiling librashader-presets v0.12.1 (/opt/rustwide/workdir)
[INFO] [stderr]     Finished `release` profile [optimized] target(s) in 3.82s
[INFO] running `Command { std: "docker" "inspect" "14ffca690e1d05613f5089d44428ee62f7b09fc4c69ae65e8a43ed7e4b1b08a2", kill_on_drop: false }`
[INFO] running `Command { std: "docker" "exec" "-e" "SOURCE_DIR=/opt/rustwide/workdir" "-e" "CARGO_HOME=/opt/rustwide/cargo-home" "-e" "RUSTUP_HOME=/opt/rustwide/rustup-home" "-e" "CARGO_TARGET_DIR=/opt/rustwide/target" "-e" "CARGO_INCREMENTAL=0" "-e" "RUST_BACKTRACE=full" "-e" "RUSTFLAGS=--cap-lints=warn" "-e" "RUSTDOCFLAGS=--cap-lints=warn" "-w" "/opt/rustwide/workdir" "--user" "0:0" "14ffca690e1d05613f5089d44428ee62f7b09fc4c69ae65e8a43ed7e4b1b08a2" "/opt/rustwide/cargo-home/bin/cargo" "+1.100.0-beta.1" "test" "--frozen" "--release", kill_on_drop: false }`
[INFO] [stderr]     Finished `release` profile [optimized] target(s) in 0.05s
[INFO] [stderr]      Running unittests src/lib.rs (/opt/rustwide/target/release/build/librashader-presets/d674b0c50c4a8491/out/librashader_presets-d674b0c50c4a8491)
[INFO] [stdout] 
[INFO] [stdout] running 4 tests
[INFO] [stdout] test parse::token::test::parses_single_line_comment ... ok
[INFO] [stdout] test parse::test::parse_preset ... FAILED
[INFO] [stdout] test parse::value::test::parse_basic ... FAILED
[INFO] [stdout] test parse::token::test::strips_extra_trailing_quote_in_reference ... ok
[INFO] [stderr] error: test failed, to rerun pass `--lib`
[INFO] [stdout] 
[INFO] [stdout] failures:
[INFO] [stdout] 
[INFO] [stdout] ---- parse::test::parse_preset stdout ----
[INFO] [stdout] Err(
[INFO] [stdout]     IOError(
[INFO] [stdout]         "../test/shaders_slang/ntsc/ntsc-256px-svideo.slangp",
[INFO] [stdout]         Os {
[INFO] [stdout]             code: 2,
[INFO] [stdout]             kind: NotFound,
[INFO] [stdout]             message: "No such file or directory",
[INFO] [stdout]         },
[INFO] [stdout]     ),
[INFO] [stdout] )
[INFO] [stdout] 
[INFO] [stdout] thread 'parse::test::parse_preset' (608) panicked at src/parse/mod.rs:77:9:
[INFO] [stdout] assertion failed: basic.is_ok()
[INFO] [stdout] stack backtrace:
[INFO] [stdout]    0:     0x57b22b080c91 - <<std[617be2ca0a6fd877]::sys::backtrace::BacktraceLock>::print::DisplayBacktrace as core[a373ad73a504971]::fmt::Display>::fmt
[INFO] [stdout]    1:     0x57b22b0973ea - core[a373ad73a504971]::fmt::write
[INFO] [stdout]    2:     0x57b22b084f7c - <alloc[2e1b2a31b91974c5]::vec::Vec<u8> as core[a373ad73a504971]::io::write::Write>::write_fmt
[INFO] [stdout]    3:     0x57b22b05c956 - std[617be2ca0a6fd877]::panicking::default_hook::{closure#0}
[INFO] [stdout]    4:     0x57b22b0790f9 - std[617be2ca0a6fd877]::panicking::default_hook
[INFO] [stdout]    5:     0x57b22af70bf0 - test[aada8e7e76ba119b]::test_main_inner::{closure#0}
[INFO] [stdout]    6:     0x57b22b0792b2 - std[617be2ca0a6fd877]::panicking::panic_with_hook
[INFO] [stdout]    7:     0x57b22b05ca34 - std[617be2ca0a6fd877]::panicking::panic_handler::{closure#0}
[INFO] [stdout]    8:     0x57b22b0556e9 - std[617be2ca0a6fd877]::sys::backtrace::__rust_end_short_backtrace::<std[617be2ca0a6fd877]::panicking::panic_handler::{closure#0}, !>
[INFO] [stdout]    9:     0x57b22b05d60d - __rustc[ea4f61d10b84890b]::rust_begin_unwind
[INFO] [stdout]   10:     0x57b22b097bcc - core[a373ad73a504971]::panicking::panic_fmt
[INFO] [stdout]   11:     0x57b22b097b92 - core[a373ad73a504971]::panicking::panic
[INFO] [stdout]   12:     0x57b22af5d6d8 - <librashader_presets[ce972e076d03fcdc]::parse::test::parse_preset::{closure#0} as core[a373ad73a504971]::ops::function::FnOnce<()>>::call_once
[INFO] [stdout]   13:     0x57b22af6403b - test[aada8e7e76ba119b]::__rust_begin_short_backtrace::<core[a373ad73a504971]::result::Result<(), alloc[2e1b2a31b91974c5]::string::String>, fn() -> core[a373ad73a504971]::result::Result<(), alloc[2e1b2a31b91974c5]::string::String>>
[INFO] [stdout]   14:     0x57b22af71215 - test[aada8e7e76ba119b]::run_test::{closure#0}
[INFO] [stdout]   15:     0x57b22af6ab04 - std[617be2ca0a6fd877]::sys::backtrace::__rust_begin_short_backtrace::<test[aada8e7e76ba119b]::run_test::{closure#1}, ()>
[INFO] [stdout]   16:     0x57b22af742a2 - <std[617be2ca0a6fd877]::thread::lifecycle::spawn_unchecked<test[aada8e7e76ba119b]::run_test::{closure#1}, ()>::{closure#1} as core[a373ad73a504971]::ops::function::FnOnce<()>>::call_once::{shim:vtable#0}
[INFO] [stdout]   17:     0x57b22b0804bf - <std[617be2ca0a6fd877]::sys::thread::unix::Thread>::new::thread_start
[INFO] [stdout]   18:     0x70099a440dfa - <unknown>
[INFO] [stdout]   19:     0x70099a4d43d4 - clone
[INFO] [stdout]   20:                0x0 - <unknown>
[INFO] [stdout] 
[INFO] [stdout] ---- parse::value::test::parse_basic stdout ----
[INFO] [stdout] Err(IOError("../test/shaders_slang/bezel/Mega_Bezel/Presets/Base_CRT_Presets/MBZ__3__STD__MEGATRON-NTSC.slangp", Os { code: 2, kind: NotFound, message: "No such file or directory" }))
[INFO] [stdout] 
[INFO] [stdout] thread 'parse::value::test::parse_basic' (611) panicked at src/parse/value.rs:645:9:
[INFO] [stdout] assertion failed: basic.is_ok()
[INFO] [stdout] stack backtrace:
[INFO] [stdout]    0:     0x57b22b080c91 - <<std[617be2ca0a6fd877]::sys::backtrace::BacktraceLock>::print::DisplayBacktrace as core[a373ad73a504971]::fmt::Display>::fmt
[INFO] [stdout]    1:     0x57b22b0973ea - core[a373ad73a504971]::fmt::write
[INFO] [stdout]    2:     0x57b22b084f7c - <alloc[2e1b2a31b91974c5]::vec::Vec<u8> as core[a373ad73a504971]::io::write::Write>::write_fmt
[INFO] [stdout]    3:     0x57b22b05c956 - std[617be2ca0a6fd877]::panicking::default_hook::{closure#0}
[INFO] [stdout]    4:     0x57b22b0790f9 - std[617be2ca0a6fd877]::panicking::default_hook
[INFO] [stdout]    5:     0x57b22af70bf0 - test[aada8e7e76ba119b]::test_main_inner::{closure#0}
[INFO] [stdout]    6:     0x57b22b0792b2 - std[617be2ca0a6fd877]::panicking::panic_with_hook
[INFO] [stdout]    7:     0x57b22b05ca34 - std[617be2ca0a6fd877]::panicking::panic_handler::{closure#0}
[INFO] [stdout]    8:     0x57b22b0556e9 - std[617be2ca0a6fd877]::sys::backtrace::__rust_end_short_backtrace::<std[617be2ca0a6fd877]::panicking::panic_handler::{closure#0}, !>
[INFO] [stdout]    9:     0x57b22b05d60d - __rustc[ea4f61d10b84890b]::rust_begin_unwind
[INFO] [stdout]   10:     0x57b22b097bcc - core[a373ad73a504971]::panicking::panic_fmt
[INFO] [stdout]   11:     0x57b22b097b92 - core[a373ad73a504971]::panicking::panic
[INFO] [stdout]   12:     0x57b22af5811f - <librashader_presets[ce972e076d03fcdc]::parse::value::test::parse_basic::{closure#0} as core[a373ad73a504971]::ops::function::FnOnce<()>>::call_once
[INFO] [stdout]   13:     0x57b22af6403b - test[aada8e7e76ba119b]::__rust_begin_short_backtrace::<core[a373ad73a504971]::result::Result<(), alloc[2e1b2a31b91974c5]::string::String>, fn() -> core[a373ad73a504971]::result::Result<(), alloc[2e1b2a31b91974c5]::string::String>>
[INFO] [stdout]   14:     0x57b22af71215 - test[aada8e7e76ba119b]::run_test::{closure#0}
[INFO] [stdout]   15:     0x57b22af6ab04 - std[617be2ca0a6fd877]::sys::backtrace::__rust_begin_short_backtrace::<test[aada8e7e76ba119b]::run_test::{closure#1}, ()>
[INFO] [stdout]   16:     0x57b22af742a2 - <std[617be2ca0a6fd877]::thread::lifecycle::spawn_unchecked<test[aada8e7e76ba119b]::run_test::{closure#1}, ()>::{closure#1} as core[a373ad73a504971]::ops::function::FnOnce<()>>::call_once::{shim:vtable#0}
[INFO] [stdout]   17:     0x57b22b0804bf - <std[617be2ca0a6fd877]::sys::thread::unix::Thread>::new::thread_start
[INFO] [stdout]   18:     0x70099a440dfa - <unknown>
[INFO] [stdout]   19:     0x70099a4d43d4 - clone
[INFO] [stdout]   20:                0x0 - <unknown>
[INFO] [stdout] 
[INFO] [stdout] 
[INFO] [stdout] failures:
[INFO] [stdout]     parse::test::parse_preset
[INFO] [stdout]     parse::value::test::parse_basic
[INFO] [stdout] 
[INFO] [stdout] test result: FAILED. 2 passed; 2 failed; 0 ignored; 0 measured; 0 filtered out; finished in 0.01s
[INFO] [stdout] 
[INFO] running `Command { std: "docker" "inspect" "14ffca690e1d05613f5089d44428ee62f7b09fc4c69ae65e8a43ed7e4b1b08a2", kill_on_drop: false }`
[INFO] running `Command { std: "docker" "rm" "-f" "14ffca690e1d05613f5089d44428ee62f7b09fc4c69ae65e8a43ed7e4b1b08a2", kill_on_drop: false }`
[INFO] [stdout] 14ffca690e1d05613f5089d44428ee62f7b09fc4c69ae65e8a43ed7e4b1b08a2
