[INFO] fetching crate librashader-preprocess 0.12.1...
[INFO] testing librashader-preprocess-0.12.1 against 1.100.0-beta.1+cargoflags=--release for beta-release-1.100-2
[INFO] extracting crate librashader-preprocess 0.12.1 into /workspace/builds/worker-3-tc2/source
[INFO] started tweaking crates.io crate librashader-preprocess 0.12.1
[INFO] finished tweaking crates.io crate librashader-preprocess 0.12.1
[INFO] tweaked toml for crates.io crate librashader-preprocess 0.12.1 written to /workspace/builds/worker-3-tc2/source/Cargo.toml
[INFO] validating manifest of crates.io crate librashader-preprocess 0.12.1 on toolchain 1.100.0-beta.1
[INFO] running `Command { std: CARGO_HOME="/workspace/cargo-home" RUSTUP_HOME="/workspace/rustup-home" "/workspace/cargo-home/bin/cargo" "+1.100.0-beta.1" "metadata" "--manifest-path" "Cargo.toml" "--no-deps", kill_on_drop: false }`
[INFO] crate crates.io crate librashader-preprocess 0.12.1 already has a lockfile, it will not be regenerated
[INFO] running `Command { std: CARGO_HOME="/workspace/cargo-home" RUSTUP_HOME="/workspace/rustup-home" "/workspace/cargo-home/bin/cargo" "+1.100.0-beta.1" "fetch" "--manifest-path" "Cargo.toml", kill_on_drop: false }`
[INFO] running `Command { std: "docker" "create" "-v" "/var/lib/crater-agent-workspace/builds/worker-3-tc2/source:/opt/rustwide/workdir:ro,Z" "-v" "/var/lib/crater-agent-workspace/builds/worker-3-tc2/target:/opt/rustwide/target:rw,Z" "-v" "/var/lib/crater-agent-workspace/cargo-home:/opt/rustwide/cargo-home:ro,Z" "-v" "/var/lib/crater-agent-workspace/rustup-home:/opt/rustwide/rustup-home:ro,Z" "-m" "1610612736" "--network" "none" "ghcr.io/rust-lang/crates-build-env/linux@sha256:77db811e55d90add9212f6832c23229e3de5f1c1f9905e8cb07319ea15df73ac" "sleep" "infinity", kill_on_drop: false }`
[INFO] [stdout] a4ff6da6ac78991fb399521753fcea75e310c15c7902d865ada3c514e9ca9853
[INFO] running `Command { std: "docker" "start" "a4ff6da6ac78991fb399521753fcea75e310c15c7902d865ada3c514e9ca9853", kill_on_drop: false }`
[INFO] running `Command { std: "docker" "inspect" "a4ff6da6ac78991fb399521753fcea75e310c15c7902d865ada3c514e9ca9853", kill_on_drop: false }`
[INFO] running `Command { std: "docker" "exec" "-e" "SOURCE_DIR=/opt/rustwide/workdir" "-e" "CARGO_HOME=/opt/rustwide/cargo-home" "-e" "RUSTUP_HOME=/opt/rustwide/rustup-home" "-e" "CARGO_TARGET_DIR=/opt/rustwide/target" "-w" "/opt/rustwide/workdir" "--user" "0:0" "a4ff6da6ac78991fb399521753fcea75e310c15c7902d865ada3c514e9ca9853" "/opt/rustwide/cargo-home/bin/cargo" "+1.100.0-beta.1" "metadata" "--no-deps" "--format-version=1", kill_on_drop: false }`
[INFO] running `Command { std: "docker" "inspect" "a4ff6da6ac78991fb399521753fcea75e310c15c7902d865ada3c514e9ca9853", kill_on_drop: false }`
[INFO] running `Command { std: "docker" "exec" "-e" "SOURCE_DIR=/opt/rustwide/workdir" "-e" "CARGO_HOME=/opt/rustwide/cargo-home" "-e" "RUSTUP_HOME=/opt/rustwide/rustup-home" "-e" "CARGO_TARGET_DIR=/opt/rustwide/target" "-e" "CARGO_INCREMENTAL=0" "-e" "RUST_BACKTRACE=full" "-e" "RUSTFLAGS=--cap-lints=warn" "-e" "RUSTDOCFLAGS=--cap-lints=warn" "-w" "/opt/rustwide/workdir" "--user" "0:0" "a4ff6da6ac78991fb399521753fcea75e310c15c7902d865ada3c514e9ca9853" "/opt/rustwide/cargo-home/bin/cargo" "+1.100.0-beta.1" "build" "--frozen" "--message-format=json" "--release", kill_on_drop: false }`
[INFO] [stderr]    Compiling serde_core v1.0.228
[INFO] [stderr]    Compiling strumbra v0.6.0
[INFO] [stderr]    Compiling nom v8.0.0
[INFO] [stderr]    Compiling halfbrown v0.4.0
[INFO] [stderr]    Compiling syn v2.0.117
[INFO] [stderr]    Compiling thiserror-impl v2.0.18
[INFO] [stderr]    Compiling thiserror v2.0.18
[INFO] [stderr]    Compiling bitflags v2.12.1
[INFO] [stderr]    Compiling librashader-common v0.12.1
[INFO] [stderr]    Compiling librashader-preprocess v0.12.1 (/opt/rustwide/workdir)
[INFO] [stderr]     Finished `release` profile [optimized] target(s) in 6.23s
[INFO] running `Command { std: "docker" "inspect" "a4ff6da6ac78991fb399521753fcea75e310c15c7902d865ada3c514e9ca9853", kill_on_drop: false }`
[INFO] running `Command { std: "docker" "exec" "-e" "SOURCE_DIR=/opt/rustwide/workdir" "-e" "CARGO_HOME=/opt/rustwide/cargo-home" "-e" "RUSTUP_HOME=/opt/rustwide/rustup-home" "-e" "CARGO_TARGET_DIR=/opt/rustwide/target" "-e" "CARGO_INCREMENTAL=0" "-e" "RUST_BACKTRACE=full" "-e" "RUSTFLAGS=--cap-lints=warn" "-e" "RUSTDOCFLAGS=--cap-lints=warn" "-w" "/opt/rustwide/workdir" "--user" "0:0" "a4ff6da6ac78991fb399521753fcea75e310c15c7902d865ada3c514e9ca9853" "/opt/rustwide/cargo-home/bin/cargo" "+1.100.0-beta.1" "test" "--frozen" "--no-run" "--message-format=json" "--release", kill_on_drop: false }`
[INFO] [stderr]    Compiling either v1.16.0
[INFO] [stderr]    Compiling glob v0.3.3
[INFO] [stderr]    Compiling rayon v1.12.0
[INFO] [stderr]    Compiling librashader-preprocess v0.12.1 (/opt/rustwide/workdir)
[INFO] [stderr]     Finished `release` profile [optimized] target(s) in 4.80s
[INFO] running `Command { std: "docker" "inspect" "a4ff6da6ac78991fb399521753fcea75e310c15c7902d865ada3c514e9ca9853", kill_on_drop: false }`
[INFO] running `Command { std: "docker" "exec" "-e" "SOURCE_DIR=/opt/rustwide/workdir" "-e" "CARGO_HOME=/opt/rustwide/cargo-home" "-e" "RUSTUP_HOME=/opt/rustwide/rustup-home" "-e" "CARGO_TARGET_DIR=/opt/rustwide/target" "-e" "CARGO_INCREMENTAL=0" "-e" "RUST_BACKTRACE=full" "-e" "RUSTFLAGS=--cap-lints=warn" "-e" "RUSTDOCFLAGS=--cap-lints=warn" "-w" "/opt/rustwide/workdir" "--user" "0:0" "a4ff6da6ac78991fb399521753fcea75e310c15c7902d865ada3c514e9ca9853" "/opt/rustwide/cargo-home/bin/cargo" "+1.100.0-beta.1" "test" "--frozen" "--release", kill_on_drop: false }`
[INFO] [stderr]     Finished `release` profile [optimized] target(s) in 0.05s
[INFO] [stdout] 
[INFO] [stdout] running 8 tests
[INFO] [stderr]      Running unittests src/lib.rs (/opt/rustwide/target/release/build/librashader-preprocess/d302b408eaa8b403/out/librashader_preprocess-d302b408eaa8b403)
[INFO] [stdout] test pragma::test::parses_parameter_pragma ... ok
[INFO] [stdout] test pragma::test::parses_parameter_pragma_with_comment ... ok
[INFO] [stdout] test test::include_optional ... FAILED
[INFO] [stdout] test test::preprocess_file ... FAILED
[INFO] [stdout] test pragma::test::parses_parameter_pragma_test ... ok
[INFO] [stdout] test test::get_param_pragmas ... FAILED
[INFO] [stdout] test pragma::test::parses_parameter_pragma_with_no_step ... ok
[INFO] [stdout] test test::load_file ... FAILED
[INFO] [stdout] 
[INFO] [stdout] failures:
[INFO] [stdout] 
[INFO] [stdout] ---- test::include_optional stdout ----
[INFO] [stdout] 
[INFO] [stdout] thread 'test::include_optional' (349) panicked at src/lib.rs:147:86:
[INFO] [stdout] called `Result::unwrap()` on an `Err` value: IOError("../test/include_optional/pass.slang", Os { code: 2, kind: NotFound, message: "No such file or directory" })
[INFO] [stdout] stack backtrace:
[INFO] [stdout]    0:     0x5cdb8f82ce81 - <<std[617be2ca0a6fd877]::sys::backtrace::BacktraceLock>::print::DisplayBacktrace as core[a373ad73a504971]::fmt::Display>::fmt
[INFO] [stdout]    1:     0x5cdb8f84214a - core[a373ad73a504971]::fmt::write
[INFO] [stdout]    2:     0x5cdb8f83109c - <alloc[2e1b2a31b91974c5]::vec::Vec<u8> as core[a373ad73a504971]::io::write::Write>::write_fmt
[INFO] [stdout]    3:     0x5cdb8f809166 - std[617be2ca0a6fd877]::panicking::default_hook::{closure#0}
[INFO] [stdout]    4:     0x5cdb8f825519 - std[617be2ca0a6fd877]::panicking::default_hook
[INFO] [stdout]    5:     0x5cdb8f7b90a0 - test[aada8e7e76ba119b]::test_main_inner::{closure#0}
[INFO] [stdout]    6:     0x5cdb8f8256d2 - std[617be2ca0a6fd877]::panicking::panic_with_hook
[INFO] [stdout]    7:     0x5cdb8f809212 - std[617be2ca0a6fd877]::panicking::panic_handler::{closure#0}
[INFO] [stdout]    8:     0x5cdb8f801f29 - std[617be2ca0a6fd877]::sys::backtrace::__rust_end_short_backtrace::<std[617be2ca0a6fd877]::panicking::panic_handler::{closure#0}, !>
[INFO] [stdout]    9:     0x5cdb8f809e1d - __rustc[ea4f61d10b84890b]::rust_begin_unwind
[INFO] [stdout]   10:     0x5cdb8f84287c - core[a373ad73a504971]::panicking::panic_fmt
[INFO] [stdout]   11:     0x5cdb8f842652 - core[a373ad73a504971]::result::unwrap_failed
[INFO] [stdout]   12:     0x5cdb8f7aa310 - <librashader_preprocess[30a837c10e6aaa99]::test::include_optional::{closure#0} as core[a373ad73a504971]::ops::function::FnOnce<()>>::call_once
[INFO] [stdout]   13:     0x5cdb8f7ac4eb - test[aada8e7e76ba119b]::__rust_begin_short_backtrace::<core[a373ad73a504971]::result::Result<(), alloc[2e1b2a31b91974c5]::string::String>, fn() -> core[a373ad73a504971]::result::Result<(), alloc[2e1b2a31b91974c5]::string::String>>
[INFO] [stdout]   14:     0x5cdb8f7b96c5 - test[aada8e7e76ba119b]::run_test::{closure#0}
[INFO] [stdout]   15:     0x5cdb8f7b2fb4 - std[617be2ca0a6fd877]::sys::backtrace::__rust_begin_short_backtrace::<test[aada8e7e76ba119b]::run_test::{closure#1}, ()>
[INFO] [stdout]   16:     0x5cdb8f7bc752 - <std[617be2ca0a6fd877]::thread::lifecycle::spawn_unchecked<test[aada8e7e76ba119b]::run_test::{closure#1}, ()>::{closure#1} as core[a373ad73a504971]::ops::function::FnOnce<()>>::call_once::{shim:vtable#0}
[INFO] [stdout]   17:     0x5cdb8f82c6df - <std[617be2ca0a6fd877]::sys::thread::unix::Thread>::new::thread_start
[INFO] [stdout]   18:     0x7d9b22bd7dfa - <unknown>
[INFO] [stdout]   19:     0x7d9b22c6b3d4 - clone
[INFO] [stdout]   20:                0x0 - <unknown>
[INFO] [stdout] 
[INFO] [stdout] ---- test::preprocess_file stdout ----
[INFO] [stdout] 
[INFO] [stdout] thread 'test::preprocess_file' (351) panicked at src/lib.rs:128:10:
[INFO] [stdout] called `Result::unwrap()` on an `Err` value: IOError("../test/slang-shaders/blurs/shaders/royale/blur3x3-last-pass.slang", Os { code: 2, kind: NotFound, message: "No such file or directory" })
[INFO] [stdout] stack backtrace:
[INFO] [stdout]    0:     0x5cdb8f82ce81 - <<std[617be2ca0a6fd877]::sys::backtrace::BacktraceLock>::print::DisplayBacktrace as core[a373ad73a504971]::fmt::Display>::fmt
[INFO] [stdout]    1:     0x5cdb8f84214a - core[a373ad73a504971]::fmt::write
[INFO] [stdout]    2:     0x5cdb8f83109c - <alloc[2e1b2a31b91974c5]::vec::Vec<u8> as core[a373ad73a504971]::io::write::Write>::write_fmt
[INFO] [stdout]    3:     0x5cdb8f809166 - std[617be2ca0a6fd877]::panicking::default_hook::{closure#0}
[INFO] [stdout]    4:     0x5cdb8f825519 - std[617be2ca0a6fd877]::panicking::default_hook
[INFO] [stdout]    5:     0x5cdb8f7b90a0 - test[aada8e7e76ba119b]::test_main_inner::{closure#0}
[INFO] [stdout]    6:     0x5cdb8f8256d2 - std[617be2ca0a6fd877]::panicking::panic_with_hook
[INFO] [stdout]    7:     0x5cdb8f809212 - std[617be2ca0a6fd877]::panicking::panic_handler::{closure#0}
[INFO] [stdout]    8:     0x5cdb8f801f29 - std[617be2ca0a6fd877]::sys::backtrace::__rust_end_short_backtrace::<std[617be2ca0a6fd877]::panicking::panic_handler::{closure#0}, !>
[INFO] [stdout]    9:     0x5cdb8f809e1d - __rustc[ea4f61d10b84890b]::rust_begin_unwind
[INFO] [stdout]   10:     0x5cdb8f84287c - core[a373ad73a504971]::panicking::panic_fmt
[INFO] [stdout]   11:     0x5cdb8f842652 - core[a373ad73a504971]::result::unwrap_failed
[INFO] [stdout]   12:     0x5cdb8f7aa210 - <librashader_preprocess[30a837c10e6aaa99]::test::preprocess_file::{closure#0} as core[a373ad73a504971]::ops::function::FnOnce<()>>::call_once
[INFO] [stdout]   13:     0x5cdb8f7ac4eb - test[aada8e7e76ba119b]::__rust_begin_short_backtrace::<core[a373ad73a504971]::result::Result<(), alloc[2e1b2a31b91974c5]::string::String>, fn() -> core[a373ad73a504971]::result::Result<(), alloc[2e1b2a31b91974c5]::string::String>>
[INFO] [stdout]   14:     0x5cdb8f7b96c5 - test[aada8e7e76ba119b]::run_test::{closure#0}
[INFO] [stdout]   15:     0x5cdb8f7b2fb4 - std[617be2ca0a6fd877]::sys::backtrace::__rust_begin_short_backtrace::<test[aada8e7e76ba119b]::run_test::{closure#1}, ()>
[INFO] [stdout]   16:     0x5cdb8f7bc752 - <std[617be2ca0a6fd877]::thread::lifecycle::spawn_unchecked<test[aada8e7e76ba119b]::run_test::{closure#1}, ()>::{closure#1} as core[a373ad73a504971]::ops::function::FnOnce<()>>::call_once::{shim:vtable#0}
[INFO] [stdout]   17:     0x5cdb8f82c6df - <std[617be2ca0a6fd877]::sys::thread::unix::Thread>::new::thread_start
[INFO] [stdout]   18:     0x7d9b22bd7dfa - <unknown>
[INFO] [stdout]   19:     0x7d9b22c6b3d4 - clone
[INFO] [stdout]   20:                0x0 - <unknown>
[INFO] [stdout] 
[INFO] [stdout] ---- test::get_param_pragmas stdout ----
[INFO] [stdout] 
[INFO] [stdout] thread 'test::get_param_pragmas' (348) panicked at src/lib.rs:138:10:
[INFO] [stdout] called `Result::unwrap()` on an `Err` value: IOError("../test/slang-shaders/crt/shaders/crt-maximus-royale/src/ntsc_pass1.slang", Os { code: 2, kind: NotFound, message: "No such file or directory" })
[INFO] [stdout] stack backtrace:
[INFO] [stdout]    0:     0x5cdb8f82ce81 - <<std[617be2ca0a6fd877]::sys::backtrace::BacktraceLock>::print::DisplayBacktrace as core[a373ad73a504971]::fmt::Display>::fmt
[INFO] [stdout]    1:     0x5cdb8f84214a - core[a373ad73a504971]::fmt::write
[INFO] [stdout]    2:     0x5cdb8f83109c - <alloc[2e1b2a31b91974c5]::vec::Vec<u8> as core[a373ad73a504971]::io::write::Write>::write_fmt
[INFO] [stdout]    3:     0x5cdb8f809166 - std[617be2ca0a6fd877]::panicking::default_hook::{closure#0}
[INFO] [stdout]    4:     0x5cdb8f825519 - std[617be2ca0a6fd877]::panicking::default_hook
[INFO] [stdout]    5:     0x5cdb8f7b90a0 - test[aada8e7e76ba119b]::test_main_inner::{closure#0}
[INFO] [stdout]    6:     0x5cdb8f8256d2 - std[617be2ca0a6fd877]::panicking::panic_with_hook
[INFO] [stdout]    7:     0x5cdb8f809212 - std[617be2ca0a6fd877]::panicking::panic_handler::{closure#0}
[INFO] [stdout]    8:     0x5cdb8f801f29 - std[617be2ca0a6fd877]::sys::backtrace::__rust_end_short_backtrace::<std[617be2ca0a6fd877]::panicking::panic_handler::{closure#0}, !>
[INFO] [stdout]    9:     0x5cdb8f809e1d - __rustc[ea4f61d10b84890b]::rust_begin_unwind
[INFO] [stdout]   10:     0x5cdb8f84287c - core[a373ad73a504971]::panicking::panic_fmt
[INFO] [stdout]   11:     0x5cdb8f842652 - core[a373ad73a504971]::result::unwrap_failed
[INFO] [stdout]   12:     0x5cdb8f7aa475 - <librashader_preprocess[30a837c10e6aaa99]::test::get_param_pragmas::{closure#0} as core[a373ad73a504971]::ops::function::FnOnce<()>>::call_once
[INFO] [stdout]   13:     0x5cdb8f7ac4eb - test[aada8e7e76ba119b]::__rust_begin_short_backtrace::<core[a373ad73a504971]::result::Result<(), alloc[2e1b2a31b91974c5]::string::String>, fn() -> core[a373ad73a504971]::result::Result<(), alloc[2e1b2a31b91974c5]::string::String>>
[INFO] [stdout]   14:     0x5cdb8f7b96c5 - test[aada8e7e76ba119b]::run_test::{closure#0}
[INFO] [stdout]   15:     0x5cdb8f7b2fb4 - std[617be2ca0a6fd877]::sys::backtrace::__rust_begin_short_backtrace::<test[aada8e7e76ba119b]::run_test::{closure#1}, ()>
[INFO] [stdout]   16:     0x5cdb8f7bc752 - <std[617be2ca0a6fd877]::thread::lifecycle::spawn_unchecked<test[aada8e7e76ba119b]::run_test::{closure#1}, ()>::{closure#1} as core[a373ad73a504971]::ops::function::FnOnce<()>>::call_once::{shim:vtable#0}
[INFO] [stdout]   17:     0x5cdb8f82c6df - <std[617be2ca0a6fd877]::sys::thread::unix::Thread>::new::thread_start
[INFO] [stdout]   18:     0x7d9b22bd7dfa - <unknown>
[INFO] [stdout]   19:     0x7d9b22c6b3d4 - clone
[INFO] [stdout]   20:                0x0 - <unknown>
[INFO] [stdout] 
[INFO] [stdout] ---- test::load_file stdout ----
[INFO] [stdout] 
[INFO] [stdout] thread 'test::load_file' (350) panicked at src/lib.rs:118:10:
[INFO] [stdout] called `Result::unwrap()` on an `Err` value: IOError("../test/shaders_slang/blurs/shaders/royale/blur3x3-last-pass.slang", Os { code: 2, kind: NotFound, message: "No such file or directory" })
[INFO] [stdout] stack backtrace:
[INFO] [stdout]    0:     0x5cdb8f82ce81 - <<std[617be2ca0a6fd877]::sys::backtrace::BacktraceLock>::print::DisplayBacktrace as core[a373ad73a504971]::fmt::Display>::fmt
[INFO] [stdout]    1:     0x5cdb8f84214a - core[a373ad73a504971]::fmt::write
[INFO] [stdout]    2:     0x5cdb8f83109c - <alloc[2e1b2a31b91974c5]::vec::Vec<u8> as core[a373ad73a504971]::io::write::Write>::write_fmt
[INFO] [stdout]    3:     0x5cdb8f809166 - std[617be2ca0a6fd877]::panicking::default_hook::{closure#0}
[INFO] [stdout]    4:     0x5cdb8f825519 - std[617be2ca0a6fd877]::panicking::default_hook
[INFO] [stdout]    5:     0x5cdb8f7b90a0 - test[aada8e7e76ba119b]::test_main_inner::{closure#0}
[INFO] [stdout]    6:     0x5cdb8f8256d2 - std[617be2ca0a6fd877]::panicking::panic_with_hook
[INFO] [stdout]    7:     0x5cdb8f809212 - std[617be2ca0a6fd877]::panicking::panic_handler::{closure#0}
[INFO] [stdout]    8:     0x5cdb8f801f29 - std[617be2ca0a6fd877]::sys::backtrace::__rust_end_short_backtrace::<std[617be2ca0a6fd877]::panicking::panic_handler::{closure#0}, !>
[INFO] [stdout]    9:     0x5cdb8f809e1d - __rustc[ea4f61d10b84890b]::rust_begin_unwind
[INFO] [stdout]   10:     0x5cdb8f84287c - core[a373ad73a504971]::panicking::panic_fmt
[INFO] [stdout]   11:     0x5cdb8f842652 - core[a373ad73a504971]::result::unwrap_failed
[INFO] [stdout]   12:     0x5cdb8f7ab121 - <librashader_preprocess[30a837c10e6aaa99]::test::load_file::{closure#0} as core[a373ad73a504971]::ops::function::FnOnce<()>>::call_once
[INFO] [stdout]   13:     0x5cdb8f7ac4eb - test[aada8e7e76ba119b]::__rust_begin_short_backtrace::<core[a373ad73a504971]::result::Result<(), alloc[2e1b2a31b91974c5]::string::String>, fn() -> core[a373ad73a504971]::result::Result<(), alloc[2e1b2a31b91974c5]::string::String>>
[INFO] [stdout]   14:     0x5cdb8f7b96c5 - test[aada8e7e76ba119b]::run_test::{closure#0}
[INFO] [stdout]   15:     0x5cdb8f7b2fb4 - std[617be2ca0a6fd877]::sys::backtrace::__rust_begin_short_backtrace::<test[aada8e7e76ba119b]::run_test::{closure#1}, ()>
[INFO] [stdout]   16:     0x5cdb8f7bc752 - <std[617be2ca0a6fd877]::thread::lifecycle::spawn_unchecked<test[aada8e7e76ba119b]::run_test::{closure#1}, ()>::{closure#1} as core[a373ad73a504971]::ops::function::FnOnce<()>>::call_once::{shim:vtable#0}
[INFO] [stdout]   17:     0x5cdb8f82c6df - <std[617be2ca0a6fd877]::sys::thread::unix::Thread>::new::thread_start
[INFO] [stdout]   18:     0x7d9b22bd7dfa - <unknown>
[INFO] [stdout]   19:     0x7d9b22c6b3d4 - clone
[INFO] [stdout]   20:                0x0 - <unknown>
[INFO] [stdout] 
[INFO] [stdout] 
[INFO] [stdout] failures:
[INFO] [stdout]     test::get_param_pragmas
[INFO] [stdout]     test::include_optional
[INFO] [stdout]     test::load_file
[INFO] [stdout]     test::preprocess_file
[INFO] [stdout] 
[INFO] [stdout] test result: FAILED. 4 passed; 4 failed; 0 ignored; 0 measured; 0 filtered out; finished in 0.00s
[INFO] [stdout] 
[INFO] [stderr] error: test failed, to rerun pass `--lib`
[INFO] running `Command { std: "docker" "inspect" "a4ff6da6ac78991fb399521753fcea75e310c15c7902d865ada3c514e9ca9853", kill_on_drop: false }`
[INFO] running `Command { std: "docker" "rm" "-f" "a4ff6da6ac78991fb399521753fcea75e310c15c7902d865ada3c514e9ca9853", kill_on_drop: false }`
[INFO] [stdout] a4ff6da6ac78991fb399521753fcea75e310c15c7902d865ada3c514e9ca9853
