[INFO] fetching crate librarys 0.1.1...
[INFO] testing librarys-0.1.1 against 1.99.0-beta.8+cargoflags=--release for beta-release-1.100-2
[INFO] extracting crate librarys 0.1.1 into /workspace/builds/worker-1-tc1/source
[INFO] removed /workspace/builds/worker-1-tc1/source/rust-toolchain.toml
[INFO] started tweaking crates.io crate librarys 0.1.1
[INFO] removed 0 missing examples
[INFO] removed 0 missing tests
[INFO] finished tweaking crates.io crate librarys 0.1.1
[INFO] tweaked toml for crates.io crate librarys 0.1.1 written to /workspace/builds/worker-1-tc1/source/Cargo.toml
[INFO] validating manifest of crates.io crate librarys 0.1.1 on toolchain 1.99.0-beta.8
[INFO] running `Command { std: CARGO_HOME="/workspace/cargo-home" RUSTUP_HOME="/workspace/rustup-home" "/workspace/cargo-home/bin/cargo" "+1.99.0-beta.8" "metadata" "--manifest-path" "Cargo.toml" "--no-deps", kill_on_drop: false }`
[INFO] crate crates.io crate librarys 0.1.1 already has a lockfile, it will not be regenerated
[INFO] running `Command { std: CARGO_HOME="/workspace/cargo-home" RUSTUP_HOME="/workspace/rustup-home" "/workspace/cargo-home/bin/cargo" "+1.99.0-beta.8" "fetch" "--manifest-path" "Cargo.toml", kill_on_drop: false }`
[INFO] [stderr]     Updating crates.io index
[INFO] [stderr]  Downloading crates ...
[INFO] [stderr]   Downloaded cc v1.2.36
[INFO] [stderr]   Downloaded wit-bindgen v0.45.1
[INFO] [stderr]   Downloaded wasi v0.14.4+wasi-0.2.4
[INFO] [stderr]   Downloaded wasm-bindgen-futures v0.4.51
[INFO] [stderr]   Downloaded web-sys v0.3.78
[INFO] [stderr]   Downloaded rand_regex v0.15.1
[INFO] running `Command { std: "docker" "create" "-v" "/var/lib/crater-agent-workspace/builds/worker-1-tc1/source:/opt/rustwide/workdir:ro,Z" "-v" "/var/lib/crater-agent-workspace/builds/worker-1-tc1/target:/opt/rustwide/target:rw,Z" "-v" "/var/lib/crater-agent-workspace/cargo-home:/opt/rustwide/cargo-home:ro,Z" "-v" "/var/lib/crater-agent-workspace/rustup-home:/opt/rustwide/rustup-home:ro,Z" "-m" "1610612736" "--network" "none" "ghcr.io/rust-lang/crates-build-env/linux@sha256:77db811e55d90add9212f6832c23229e3de5f1c1f9905e8cb07319ea15df73ac" "sleep" "infinity", kill_on_drop: false }`
[INFO] [stdout] 307fe7162dc894f2c716b5462d6e46f4bbd5f344b0fa1810e4a4afe755504daa
[INFO] running `Command { std: "docker" "start" "307fe7162dc894f2c716b5462d6e46f4bbd5f344b0fa1810e4a4afe755504daa", kill_on_drop: false }`
[INFO] running `Command { std: "docker" "inspect" "307fe7162dc894f2c716b5462d6e46f4bbd5f344b0fa1810e4a4afe755504daa", kill_on_drop: false }`
[INFO] running `Command { std: "docker" "exec" "-e" "SOURCE_DIR=/opt/rustwide/workdir" "-e" "CARGO_HOME=/opt/rustwide/cargo-home" "-e" "RUSTUP_HOME=/opt/rustwide/rustup-home" "-e" "CARGO_TARGET_DIR=/opt/rustwide/target" "-w" "/opt/rustwide/workdir" "--user" "0:0" "307fe7162dc894f2c716b5462d6e46f4bbd5f344b0fa1810e4a4afe755504daa" "/opt/rustwide/cargo-home/bin/cargo" "+1.99.0-beta.8" "metadata" "--no-deps" "--format-version=1", kill_on_drop: false }`
[INFO] running `Command { std: "docker" "inspect" "307fe7162dc894f2c716b5462d6e46f4bbd5f344b0fa1810e4a4afe755504daa", kill_on_drop: false }`
[INFO] running `Command { std: "docker" "exec" "-e" "SOURCE_DIR=/opt/rustwide/workdir" "-e" "CARGO_HOME=/opt/rustwide/cargo-home" "-e" "RUSTUP_HOME=/opt/rustwide/rustup-home" "-e" "CARGO_TARGET_DIR=/opt/rustwide/target" "-e" "CARGO_INCREMENTAL=0" "-e" "RUST_BACKTRACE=full" "-e" "RUSTFLAGS=--cap-lints=warn" "-e" "RUSTDOCFLAGS=--cap-lints=warn" "-w" "/opt/rustwide/workdir" "--user" "0:0" "307fe7162dc894f2c716b5462d6e46f4bbd5f344b0fa1810e4a4afe755504daa" "/opt/rustwide/cargo-home/bin/cargo" "+1.99.0-beta.8" "build" "--frozen" "--message-format=json" "--release", kill_on_drop: false }`
[INFO] [stderr]    Compiling proc-macro2 v1.0.101
[INFO] [stderr]    Compiling unicode-ident v1.0.18
[INFO] [stderr]    Compiling libc v0.2.175
[INFO] [stderr]    Compiling cfg-if v1.0.3
[INFO] [stderr]    Compiling zerocopy v0.8.27
[INFO] [stderr]    Compiling autocfg v1.5.0
[INFO] [stderr]    Compiling memchr v2.7.5
[INFO] [stderr]    Compiling serde v1.0.219
[INFO] [stderr]    Compiling getrandom v0.3.3
[INFO] [stderr]    Compiling thiserror v1.0.69
[INFO] [stderr]    Compiling anyhow v1.0.99
[INFO] [stderr]    Compiling regex-syntax v0.8.6
[INFO] [stderr]    Compiling serde_json v1.0.143
[INFO] [stderr]    Compiling itoa v1.0.15
[INFO] [stderr]    Compiling iana-time-zone v0.1.63
[INFO] [stderr]    Compiling ryu v1.0.20
[INFO] [stderr]    Compiling base64 v0.21.7
[INFO] [stderr]    Compiling once_cell v1.21.3
[INFO] [stderr]    Compiling num-traits v0.2.19
[INFO] [stderr]    Compiling aho-corasick v1.1.3
[INFO] [stderr]    Compiling quote v1.0.40
[INFO] [stderr]    Compiling syn v2.0.106
[INFO] [stderr]    Compiling getrandom v0.2.16
[INFO] [stderr]    Compiling num_cpus v1.17.0
[INFO] [stderr]    Compiling uuid v1.18.1
[INFO] [stderr]    Compiling rand_core v0.6.4
[INFO] [stderr]    Compiling regex-automata v0.4.10
[INFO] [stderr]    Compiling ppv-lite86 v0.2.21
[INFO] [stderr]    Compiling rand_chacha v0.3.1
[INFO] [stderr]    Compiling serde_derive v1.0.219
[INFO] [stderr]    Compiling thiserror-impl v1.0.69
[INFO] [stderr]    Compiling rand v0.8.5
[INFO] [stderr]    Compiling regex v1.11.2
[INFO] [stderr]    Compiling chrono v0.4.42
[INFO] [stderr]    Compiling librarys v0.1.1 (/opt/rustwide/workdir)
[INFO] [stderr]     Finished `release` profile [optimized] target(s) in 21.00s
[INFO] running `Command { std: "docker" "inspect" "307fe7162dc894f2c716b5462d6e46f4bbd5f344b0fa1810e4a4afe755504daa", kill_on_drop: false }`
[INFO] running `Command { std: "docker" "exec" "-e" "SOURCE_DIR=/opt/rustwide/workdir" "-e" "CARGO_HOME=/opt/rustwide/cargo-home" "-e" "RUSTUP_HOME=/opt/rustwide/rustup-home" "-e" "CARGO_TARGET_DIR=/opt/rustwide/target" "-e" "CARGO_INCREMENTAL=0" "-e" "RUST_BACKTRACE=full" "-e" "RUSTFLAGS=--cap-lints=warn" "-e" "RUSTDOCFLAGS=--cap-lints=warn" "-w" "/opt/rustwide/workdir" "--user" "0:0" "307fe7162dc894f2c716b5462d6e46f4bbd5f344b0fa1810e4a4afe755504daa" "/opt/rustwide/cargo-home/bin/cargo" "+1.99.0-beta.8" "test" "--frozen" "--no-run" "--message-format=json" "--release", kill_on_drop: false }`
[INFO] [stderr]    Compiling cfg-if v1.0.3
[INFO] [stderr]    Compiling libc v0.2.175
[INFO] [stderr]    Compiling serde v1.0.219
[INFO] [stderr]    Compiling memchr v2.7.5
[INFO] [stderr]    Compiling crossbeam-utils v0.8.21
[INFO] [stderr]    Compiling ryu v1.0.20
[INFO] [stderr]    Compiling rayon-core v1.13.0
[INFO] [stderr]    Compiling regex-syntax v0.8.6
[INFO] [stderr]    Compiling itoa v1.0.15
[INFO] [stderr]    Compiling either v1.15.0
[INFO] [stderr]    Compiling num-traits v0.2.19
[INFO] [stderr]    Compiling plotters-backend v0.3.7
[INFO] [stderr]    Compiling zerocopy v0.8.27
[INFO] [stderr]    Compiling once_cell v1.21.3
[INFO] [stderr]    Compiling rustix v1.0.8
[INFO] [stderr]    Compiling ciborium-io v0.2.2
[INFO] [stderr]    Compiling half v2.6.0
[INFO] [stderr]    Compiling clap_lex v0.7.5
[INFO] [stderr]    Compiling anstyle v1.0.11
[INFO] [stderr]    Compiling linux-raw-sys v0.9.4
[INFO] [stderr]    Compiling bitflags v2.9.4
[INFO] [stderr]    Compiling iana-time-zone v0.1.63
[INFO] [stderr]    Compiling itertools v0.10.5
[INFO] [stderr]    Compiling plotters-svg v0.3.7
[INFO] [stderr]    Compiling clap_builder v4.5.47
[INFO] [stderr]    Compiling ciborium-ll v0.2.2
[INFO] [stderr]    Compiling cast v0.3.0
[INFO] [stderr]    Compiling same-file v1.0.6
[INFO] [stderr]    Compiling walkdir v2.5.0
[INFO] [stderr]    Compiling anyhow v1.0.99
[INFO] [stderr]    Compiling thiserror v1.0.69
[INFO] [stderr]    Compiling base64 v0.21.7
[INFO] [stderr]    Compiling oorandom v11.1.5
[INFO] [stderr]    Compiling fastrand v2.3.0
[INFO] [stderr]    Compiling anes v0.1.6
[INFO] [stderr]    Compiling getrandom v0.2.16
[INFO] [stderr]    Compiling getrandom v0.3.3
[INFO] [stderr]    Compiling num_cpus v1.17.0
[INFO] [stderr]    Compiling is-terminal v0.4.16
[INFO] [stderr]    Compiling aho-corasick v1.1.3
[INFO] [stderr]    Compiling rand_core v0.6.4
[INFO] [stderr]    Compiling crossbeam-epoch v0.9.18
[INFO] [stderr]    Compiling uuid v1.18.1
[INFO] [stderr]    Compiling plotters v0.3.7
[INFO] [stderr]    Compiling crossbeam-deque v0.8.6
[INFO] [stderr]    Compiling rayon v1.11.0
[INFO] [stderr]    Compiling criterion-plot v0.5.0
[INFO] [stderr]    Compiling regex-automata v0.4.10
[INFO] [stderr]    Compiling ppv-lite86 v0.2.21
[INFO] [stderr]    Compiling tempfile v3.21.0
[INFO] [stderr]    Compiling rand_chacha v0.3.1
[INFO] [stderr]    Compiling rand v0.8.5
[INFO] [stderr]    Compiling clap v4.5.47
[INFO] [stderr]    Compiling serde_json v1.0.143
[INFO] [stderr]    Compiling chrono v0.4.42
[INFO] [stderr]    Compiling ciborium v0.2.2
[INFO] [stderr]    Compiling tinytemplate v1.2.1
[INFO] [stderr]    Compiling regex v1.11.2
[INFO] [stderr]    Compiling librarys v0.1.1 (/opt/rustwide/workdir)
[INFO] [stderr]    Compiling criterion v0.5.1
[INFO] [stderr]     Finished `release` profile [optimized] target(s) in 1m 14s
[INFO] running `Command { std: "docker" "inspect" "307fe7162dc894f2c716b5462d6e46f4bbd5f344b0fa1810e4a4afe755504daa", kill_on_drop: false }`
[INFO] running `Command { std: "docker" "exec" "-e" "SOURCE_DIR=/opt/rustwide/workdir" "-e" "CARGO_HOME=/opt/rustwide/cargo-home" "-e" "RUSTUP_HOME=/opt/rustwide/rustup-home" "-e" "CARGO_TARGET_DIR=/opt/rustwide/target" "-e" "CARGO_INCREMENTAL=0" "-e" "RUST_BACKTRACE=full" "-e" "RUSTFLAGS=--cap-lints=warn" "-e" "RUSTDOCFLAGS=--cap-lints=warn" "-w" "/opt/rustwide/workdir" "--user" "0:0" "307fe7162dc894f2c716b5462d6e46f4bbd5f344b0fa1810e4a4afe755504daa" "/opt/rustwide/cargo-home/bin/cargo" "+1.99.0-beta.8" "test" "--frozen" "--release", kill_on_drop: false }`
[INFO] [stderr]     Finished `release` profile [optimized] target(s) in 0.15s
[INFO] [stderr]      Running unittests src/lib.rs (/opt/rustwide/target/release/deps/librarys-ca7ca796ccf07878)
[INFO] [stdout] 
[INFO] [stdout] running 32 tests
[INFO] [stdout] test core::string_utils::tests::test_naming_conversion ... ok
[INFO] [stdout] test core::validation::tests::test_utility_functions ... ok
[INFO] [stdout] test core::validation::tests::test_email_validation ... ok
[INFO] [stdout] test datetime::date_utils::tests::test_date_comparison ... ok
[INFO] [stdout] test core::string_utils::tests::test_number_validation ... ok
[INFO] [stdout] test core::string_utils::tests::test_type_conversion ... ok
[INFO] [stdout] test core::validation::tests::test_masking ... ok
[INFO] [stdout] test core::validation::tests::test_basic_validation ... ok
[INFO] [stdout] test core::validation::tests::test_phone_validation ... ok
[INFO] [stdout] test datetime::date_utils::tests::test_current_functions ... ok
[INFO] [stdout] test datetime::date_utils::tests::test_date_validation ... ok
[INFO] [stdout] test datetime::date_utils::tests::test_days_of_month ... ok
[INFO] [stdout] test datetime::date_utils::tests::test_leap_year ... ok
[INFO] [stdout] test datetime::date_utils::tests::test_friendly_format ... ok
[INFO] [stdout] test core::string_utils::tests::test_is_chinese ... ok
[INFO] [stdout] test system::memory_utils::tests::test_format_memory_size ... ok
[INFO] [stdout] test datetime::date_utils::tests::test_same_day ... ok
[INFO] [stdout] test core::string_utils::tests::test_case_conversion ... ok
[INFO] [stdout] test core::string_utils::tests::test_is_garbled ... ok
[INFO] [stdout] test core::validation::tests::test_format_validation ... ok
[INFO] [stdout] test core::validation::tests::test_date_validation ... ok
[INFO] [stdout] test core::validation::tests::test_number_validation ... ok
[INFO] [stdout] test core::validation::tests::test_continuous_validation ... ok
[INFO] [stdout] test core::validation::tests::test_string_type_validation ... ok
[INFO] [stdout] test datetime::date_utils::tests::test_parse_and_format ... ok
[INFO] [stdout] test datetime::date_utils::tests::test_timestamp_conversion ... ok
[INFO] [stdout] test system::memory_utils::tests::test_get_memory_info ... ok
[INFO] [stdout] test datetime::date_utils::tests::test_zodiac_and_chinese_zodiac ... ok
[INFO] [stdout] test system::memory_utils::tests::test_memory_info_consistency ... ok
[INFO] [stdout] test core::string_utils::tests::test_is_empty ... ok
[INFO] [stdout] test tests::test_version ... ok
[INFO] [stdout] test system::memory_utils::tests::test_get_memory_usage ... ok
[INFO] [stdout] 
[INFO] [stdout] test result: ok. 32 passed; 0 failed; 0 ignored; 0 measured; 0 filtered out; finished in 0.02s
[INFO] [stdout] 
[INFO] [stderr]      Running tests/mod.rs (/opt/rustwide/target/release/deps/mod-ab66c6ef60e4a569)
[INFO] [stdout] 
[INFO] [stderr]    Doc-tests librarys
[INFO] [stdout] running 0 tests
[INFO] [stdout] 
[INFO] [stdout] test result: ok. 0 passed; 0 failed; 0 ignored; 0 measured; 0 filtered out; finished in 0.00s
[INFO] [stdout] 
[INFO] [stdout] 
[INFO] [stdout] running 82 tests
[INFO] [stdout] test src/core/string_utils.rs - core::string_utils::is_all_chinese (line 47) ... FAILED
[INFO] [stdout] test src/core/string_utils.rs - core::string_utils::is_chinese_char (line 64) ... FAILED
[INFO] [stdout] test src/core/string_utils.rs - core::string_utils::is_garbled (line 424) ... FAILED
[INFO] [stdout] test src/core/string_utils.rs - core::string_utils::compile_regex (line 77) ... FAILED
[INFO] [stdout] test src/core/string_utils.rs - core::string_utils::camel_case_to_underscore (line 168) ... FAILED
[INFO] [stdout] test src/core/string_utils.rs - core::string_utils::concat (line 192) ... FAILED
[INFO] [stdout] test src/core/string_utils.rs - core::string_utils::is_not_empty (line 34) ... FAILED
[INFO] [stdout] test src/core/string_utils.rs - core::string_utils::is_empty (line 20) ... FAILED
[INFO] [stdout] test src/core/string_utils.rs - core::string_utils::is_number (line 261) ... FAILED
[INFO] [stdout] test src/core/string_utils.rs - core::string_utils::is_boolean (line 313) ... FAILED
[INFO] [stdout] test src/core/string_utils.rs - core::string_utils::is_float (line 294) ... FAILED
[INFO] [stdout] test src/core/string_utils.rs - core::string_utils::is_integer (line 275) ... FAILED
[INFO] [stdout] test src/core/string_utils.rs - core::string_utils::contains_chinese (line 248) ... FAILED
[INFO] [stdout] test src/core/string_utils.rs - core::string_utils::match_first (line 407) ... FAILED
[INFO] [stdout] test src/core/string_utils.rs - core::string_utils::concat_with_separator (line 205) ... FAILED
[INFO] [stdout] test src/core/string_utils.rs - core::string_utils::to_int_or_default (line 329) ... FAILED
[INFO] [stdout] test src/core/string_utils.rs - core::string_utils::to_ascii_hex (line 218) ... FAILED
[INFO] [stdout] test src/core/string_utils.rs - core::string_utils::to_double_or_default (line 381) ... FAILED
[INFO] [stdout] test src/core/string_utils.rs - core::string_utils::to_int (line 342) ... FAILED
[INFO] [stdout] test src/core/string_utils.rs - core::string_utils::to_long (line 368) ... FAILED
[INFO] [stdout] test src/core/string_utils.rs - core::string_utils::to_double (line 394) ... FAILED
[INFO] [stdout] test src/core/string_utils.rs - core::string_utils::to_uppercase_first (line 119) ... FAILED
[INFO] [stdout] test src/core/string_utils.rs - core::string_utils::to_long_or_default (line 355) ... FAILED
[INFO] [stdout] test src/core/string_utils.rs - core::string_utils::to_unicode (line 233) ... FAILED
[INFO] [stdout] test src/core/string_utils.rs - core::string_utils::to_lowercase_first (line 98) ... FAILED
[INFO] [stdout] test src/core/validation.rs - core::validation::generate_uuid (line 524) ... FAILED
[INFO] [stdout] test src/core/validation.rs - core::validation::has_special_character (line 394) ... FAILED
[INFO] [stdout] test src/core/string_utils.rs - core::string_utils::underscore_to_camel_case (line 140) ... FAILED
[INFO] [stdout] test src/core/validation.rs - core::validation::is_chinese (line 301) ... FAILED
[INFO] [stdout] test src/core/validation.rs - core::validation::is_alphanumeric (line 285) ... FAILED
[INFO] [stdout] test src/core/validation.rs - core::validation::is_continuous_letters (line 456) ... FAILED
[INFO] [stdout] test src/core/validation.rs - core::validation::is_continuous_numbers (line 426) ... FAILED
[INFO] [stdout] test src/core/validation.rs - core::validation::is_bank_card (line 378) ... FAILED
[INFO] [stdout] test src/core/validation.rs - core::validation::is_empty (line 69) ... FAILED
[INFO] [stdout] test src/core/validation.rs - core::validation::is_email (line 98) ... FAILED
[INFO] [stdout] test src/core/validation.rs - core::validation::is_float (line 254) ... FAILED
[INFO] [stdout] test src/core/validation.rs - core::validation::is_number (line 204) ... FAILED
[INFO] [stdout] test src/core/validation.rs - core::validation::is_id_card (line 128) ... FAILED
[INFO] [stdout] test src/core/validation.rs - core::validation::is_ip_address (line 174) ... FAILED
[INFO] [stdout] test src/core/validation.rs - core::validation::is_integer (line 238) ... FAILED
[INFO] [stdout] test src/core/validation.rs - core::validation::is_letter (line 269) ... FAILED
[INFO] [stdout] test src/core/validation.rs - core::validation::is_length_in_range (line 410) ... FAILED
[INFO] [stdout] test src/core/validation.rs - core::validation::is_positive_integer (line 219) ... FAILED
[INFO] [stdout] test src/core/validation.rs - core::validation::is_postal_code (line 363) ... FAILED
[INFO] [stdout] test src/core/validation.rs - core::validation::is_phone (line 113) ... FAILED
[INFO] [stdout] test src/core/validation.rs - core::validation::is_valid_date_string (line 488) ... FAILED
[INFO] [stdout] test src/core/validation.rs - core::validation::is_not_empty (line 84) ... FAILED
[INFO] [stdout] test src/core/validation.rs - core::validation::is_url (line 189) ... FAILED
[INFO] [stdout] test src/core/validation.rs - core::validation::mask_id_card (line 555) ... FAILED
[INFO] [stdout] test src/core/validation.rs - core::validation::is_username (line 316) ... FAILED
[INFO] [stdout] test src/core/validation.rs - core::validation::is_real_name (line 332) ... FAILED
[INFO] [stdout] test src/datetime/date_utils.rs - datetime::date_utils::current_timestamp (line 26) ... FAILED
[INFO] [stdout] test src/core/validation.rs - core::validation::mask_bank_card (line 571) ... FAILED
[INFO] [stdout] test src/datetime/date_utils.rs - datetime::date_utils::days_of_month (line 317) ... FAILED
[INFO] [stdout] test src/core/validation.rs - core::validation::is_vehicle_number (line 348) ... FAILED
[INFO] [stdout] test src/datetime/date_utils.rs - datetime::date_utils::format_datetime (line 111) ... FAILED
[INFO] [stdout] test src/datetime/date_utils.rs - datetime::date_utils::datetime_to_timestamp (line 213) ... FAILED
[INFO] [stdout] test src/core/validation.rs - core::validation::mask_phone (line 538) ... FAILED
[INFO] [stdout] test src/datetime/date_utils.rs - datetime::date_utils::get_date_with_offset (line 389) ... FAILED
[INFO] [stdout] test src/datetime/date_utils.rs - datetime::date_utils::get_day (line 151) ... FAILED
[INFO] [stdout] test src/datetime/date_utils.rs - datetime::date_utils::current_timestamp_millis (line 42) ... FAILED
[INFO] [stdout] test src/datetime/date_utils.rs - datetime::date_utils::get_month (line 138) ... FAILED
[INFO] [stdout] test src/datetime/date_utils.rs - datetime::date_utils::get_weekday (line 164) ... FAILED
[INFO] [stdout] test src/datetime/date_utils.rs - datetime::date_utils::format_friendly (line 336) ... FAILED
[INFO] [stdout] test src/datetime/date_utils.rs - datetime::date_utils::get_chinese_zodiac (line 267) ... FAILED
[INFO] [stdout] test src/datetime/date_utils.rs - datetime::date_utils::is_same_day (line 404) ... FAILED
[INFO] [stdout] test src/datetime/date_utils.rs - datetime::date_utils::get_week_of_year (line 185) ... FAILED
[INFO] [stdout] test src/datetime/date_utils.rs - datetime::date_utils::get_zodiac (line 281) ... FAILED
[INFO] [stdout] test src/datetime/date_utils.rs - datetime::date_utils::is_date_before (line 227) ... FAILED
[INFO] [stdout] test src/datetime/date_utils.rs - datetime::date_utils::get_year (line 125) ... FAILED
[INFO] [stdout] test src/datetime/date_utils.rs - datetime::date_utils::minutes_between (line 247) ... FAILED
[INFO] [stdout] test src/datetime/date_utils.rs - datetime::date_utils::is_valid_date (line 367) ... FAILED
[INFO] [stdout] test src/datetime/date_utils.rs - datetime::date_utils::parse_datetime (line 97) ... FAILED
[INFO] [stdout] test src/datetime/date_utils.rs - datetime::date_utils::is_leap_year (line 304) ... FAILED
[INFO] [stdout] test src/datetime/date_utils.rs - datetime::date_utils::today_hh_mm_ss (line 71) ... FAILED
[INFO] [stdout] test src/datetime/date_utils.rs - datetime::date_utils::today_yyyy_mm_dd_hh_mm_ss (line 84) ... ok
[INFO] [stdout] test src/datetime/date_utils.rs - datetime::date_utils::today_yyyy_mm_dd (line 58) ... ok
[INFO] [stdout] test src/datetime/date_utils.rs - datetime::date_utils::timestamp_to_datetime (line 199) ... ok
[INFO] [stdout] test src/system/memory_utils.rs - system::memory_utils::format_memory_size (line 256) ... ok
[INFO] [stdout] test src/system/memory_utils.rs - system::memory_utils::get_memory_info (line 51) ... ok
[INFO] [stdout] test src/system/memory_utils.rs - system::memory_utils::get_memory_usage (line 36) ... ok
[INFO] [stdout] test src/lib.rs - (line 18) ... ok
[INFO] [stdout] 
[INFO] [stdout] failures:
[INFO] [stdout] 
[INFO] [stdout] ---- src/core/string_utils.rs - core::string_utils::is_all_chinese (line 47) stdout ----
[INFO] [stdout] Couldn't compile the test.
[INFO] [stdout] ---- src/core/string_utils.rs - core::string_utils::is_chinese_char (line 64) stdout ----
[INFO] [stdout] Couldn't compile the test.
[INFO] [stdout] ---- src/core/string_utils.rs - core::string_utils::is_garbled (line 424) stdout ----
[INFO] [stdout] Couldn't compile the test.
[INFO] [stdout] ---- src/core/string_utils.rs - core::string_utils::compile_regex (line 77) stdout ----
[INFO] [stdout] Couldn't compile the test.
[INFO] [stdout] ---- src/core/string_utils.rs - core::string_utils::camel_case_to_underscore (line 168) stdout ----
[INFO] [stdout] Couldn't compile the test.
[INFO] [stdout] ---- src/core/string_utils.rs - core::string_utils::concat (line 192) stdout ----
[INFO] [stdout] Couldn't compile the test.
[INFO] [stdout] ---- src/core/string_utils.rs - core::string_utils::is_not_empty (line 34) stdout ----
[INFO] [stdout] Couldn't compile the test.
[INFO] [stdout] ---- src/core/string_utils.rs - core::string_utils::is_empty (line 20) stdout ----
[INFO] [stdout] Couldn't compile the test.
[INFO] [stdout] ---- src/core/string_utils.rs - core::string_utils::is_number (line 261) stdout ----
[INFO] [stdout] Couldn't compile the test.
[INFO] [stdout] ---- src/core/string_utils.rs - core::string_utils::is_boolean (line 313) stdout ----
[INFO] [stdout] Couldn't compile the test.
[INFO] [stdout] ---- src/core/string_utils.rs - core::string_utils::is_float (line 294) stdout ----
[INFO] [stdout] Couldn't compile the test.
[INFO] [stdout] ---- src/core/string_utils.rs - core::string_utils::is_integer (line 275) stdout ----
[INFO] [stdout] Couldn't compile the test.
[INFO] [stdout] ---- src/core/string_utils.rs - core::string_utils::contains_chinese (line 248) stdout ----
[INFO] [stdout] Couldn't compile the test.
[INFO] [stdout] ---- src/core/string_utils.rs - core::string_utils::match_first (line 407) stdout ----
[INFO] [stdout] Couldn't compile the test.
[INFO] [stdout] ---- src/core/string_utils.rs - core::string_utils::concat_with_separator (line 205) stdout ----
[INFO] [stdout] Couldn't compile the test.
[INFO] [stdout] ---- src/core/string_utils.rs - core::string_utils::to_int_or_default (line 329) stdout ----
[INFO] [stdout] Couldn't compile the test.
[INFO] [stdout] ---- src/core/string_utils.rs - core::string_utils::to_ascii_hex (line 218) stdout ----
[INFO] [stdout] Couldn't compile the test.
[INFO] [stdout] ---- src/core/string_utils.rs - core::string_utils::to_double_or_default (line 381) stdout ----
[INFO] [stdout] Couldn't compile the test.
[INFO] [stdout] ---- src/core/string_utils.rs - core::string_utils::to_int (line 342) stdout ----
[INFO] [stdout] Couldn't compile the test.
[INFO] [stdout] ---- src/core/string_utils.rs - core::string_utils::to_long (line 368) stdout ----
[INFO] [stdout] Couldn't compile the test.
[INFO] [stdout] ---- src/core/string_utils.rs - core::string_utils::to_double (line 394) stdout ----
[INFO] [stdout] Couldn't compile the test.
[INFO] [stdout] ---- src/core/string_utils.rs - core::string_utils::to_uppercase_first (line 119) stdout ----
[INFO] [stdout] Couldn't compile the test.
[INFO] [stdout] ---- src/core/string_utils.rs - core::string_utils::to_long_or_default (line 355) stdout ----
[INFO] [stdout] Couldn't compile the test.
[INFO] [stdout] ---- src/core/string_utils.rs - core::string_utils::to_unicode (line 233) stdout ----
[INFO] [stdout] Couldn't compile the test.
[INFO] [stdout] ---- src/core/string_utils.rs - core::string_utils::to_lowercase_first (line 98) stdout ----
[INFO] [stdout] Couldn't compile the test.
[INFO] [stdout] ---- src/core/validation.rs - core::validation::generate_uuid (line 524) stdout ----
[INFO] [stdout] Couldn't compile the test.
[INFO] [stdout] ---- src/core/validation.rs - core::validation::has_special_character (line 394) stdout ----
[INFO] [stdout] Couldn't compile the test.
[INFO] [stdout] ---- src/core/string_utils.rs - core::string_utils::underscore_to_camel_case (line 140) stdout ----
[INFO] [stdout] Couldn't compile the test.
[INFO] [stdout] ---- src/core/validation.rs - core::validation::is_chinese (line 301) stdout ----
[INFO] [stdout] Couldn't compile the test.
[INFO] [stdout] ---- src/core/validation.rs - core::validation::is_alphanumeric (line 285) stdout ----
[INFO] [stdout] Couldn't compile the test.
[INFO] [stdout] ---- src/core/validation.rs - core::validation::is_continuous_letters (line 456) stdout ----
[INFO] [stdout] Couldn't compile the test.
[INFO] [stdout] ---- src/core/validation.rs - core::validation::is_continuous_numbers (line 426) stdout ----
[INFO] [stdout] Couldn't compile the test.
[INFO] [stdout] ---- src/core/validation.rs - core::validation::is_bank_card (line 378) stdout ----
[INFO] [stdout] Couldn't compile the test.
[INFO] [stdout] ---- src/core/validation.rs - core::validation::is_empty (line 69) stdout ----
[INFO] [stdout] Couldn't compile the test.
[INFO] [stdout] ---- src/core/validation.rs - core::validation::is_email (line 98) stdout ----
[INFO] [stdout] Couldn't compile the test.
[INFO] [stdout] ---- src/core/validation.rs - core::validation::is_float (line 254) stdout ----
[INFO] [stdout] Couldn't compile the test.
[INFO] [stdout] ---- src/core/validation.rs - core::validation::is_number (line 204) stdout ----
[INFO] [stdout] Couldn't compile the test.
[INFO] [stdout] ---- src/core/validation.rs - core::validation::is_id_card (line 128) stdout ----
[INFO] [stdout] Couldn't compile the test.
[INFO] [stdout] ---- src/core/validation.rs - core::validation::is_ip_address (line 174) stdout ----
[INFO] [stdout] Couldn't compile the test.
[INFO] [stdout] ---- src/core/validation.rs - core::validation::is_integer (line 238) stdout ----
[INFO] [stdout] Couldn't compile the test.
[INFO] [stdout] ---- src/core/validation.rs - core::validation::is_letter (line 269) stdout ----
[INFO] [stdout] Couldn't compile the test.
[INFO] [stdout] ---- src/core/validation.rs - core::validation::is_length_in_range (line 410) stdout ----
[INFO] [stdout] Couldn't compile the test.
[INFO] [stdout] ---- src/core/validation.rs - core::validation::is_positive_integer (line 219) stdout ----
[INFO] [stdout] Couldn't compile the test.
[INFO] [stdout] ---- src/core/validation.rs - core::validation::is_postal_code (line 363) stdout ----
[INFO] [stdout] Couldn't compile the test.
[INFO] [stdout] ---- src/core/validation.rs - core::validation::is_phone (line 113) stdout ----
[INFO] [stdout] Couldn't compile the test.
[INFO] [stdout] ---- src/core/validation.rs - core::validation::is_valid_date_string (line 488) stdout ----
[INFO] [stdout] Couldn't compile the test.
[INFO] [stdout] ---- src/core/validation.rs - core::validation::is_not_empty (line 84) stdout ----
[INFO] [stdout] Couldn't compile the test.
[INFO] [stdout] ---- src/core/validation.rs - core::validation::is_url (line 189) stdout ----
[INFO] [stdout] Couldn't compile the test.
[INFO] [stdout] ---- src/core/validation.rs - core::validation::mask_id_card (line 555) stdout ----
[INFO] [stdout] Couldn't compile the test.
[INFO] [stdout] ---- src/core/validation.rs - core::validation::is_username (line 316) stdout ----
[INFO] [stdout] Couldn't compile the test.
[INFO] [stdout] ---- src/core/validation.rs - core::validation::is_real_name (line 332) stdout ----
[INFO] [stdout] Couldn't compile the test.
[INFO] [stdout] ---- src/datetime/date_utils.rs - datetime::date_utils::current_timestamp (line 26) stdout ----
[INFO] [stdout] Couldn't compile the test.
[INFO] [stdout] ---- src/core/validation.rs - core::validation::mask_bank_card (line 571) stdout ----
[INFO] [stdout] Couldn't compile the test.
[INFO] [stdout] ---- src/datetime/date_utils.rs - datetime::date_utils::days_of_month (line 317) stdout ----
[INFO] [stdout] Couldn't compile the test.
[INFO] [stdout] ---- src/core/validation.rs - core::validation::is_vehicle_number (line 348) stdout ----
[INFO] [stdout] Couldn't compile the test.
[INFO] [stdout] ---- src/datetime/date_utils.rs - datetime::date_utils::format_datetime (line 111) stdout ----
[INFO] [stdout] Couldn't compile the test.
[INFO] [stdout] ---- src/datetime/date_utils.rs - datetime::date_utils::datetime_to_timestamp (line 213) stdout ----
[INFO] [stdout] Couldn't compile the test.
[INFO] [stdout] ---- src/core/validation.rs - core::validation::mask_phone (line 538) stdout ----
[INFO] [stdout] Couldn't compile the test.
[INFO] [stdout] ---- src/datetime/date_utils.rs - datetime::date_utils::get_date_with_offset (line 389) stdout ----
[INFO] [stdout] Couldn't compile the test.
[INFO] [stdout] ---- src/datetime/date_utils.rs - datetime::date_utils::get_day (line 151) stdout ----
[INFO] [stdout] Couldn't compile the test.
[INFO] [stdout] ---- src/datetime/date_utils.rs - datetime::date_utils::current_timestamp_millis (line 42) stdout ----
[INFO] [stdout] Couldn't compile the test.
[INFO] [stdout] ---- src/datetime/date_utils.rs - datetime::date_utils::get_month (line 138) stdout ----
[INFO] [stdout] Couldn't compile the test.
[INFO] [stdout] ---- src/datetime/date_utils.rs - datetime::date_utils::get_weekday (line 164) stdout ----
[INFO] [stdout] Couldn't compile the test.
[INFO] [stdout] ---- src/datetime/date_utils.rs - datetime::date_utils::format_friendly (line 336) stdout ----
[INFO] [stdout] Couldn't compile the test.
[INFO] [stdout] ---- src/datetime/date_utils.rs - datetime::date_utils::get_chinese_zodiac (line 267) stdout ----
[INFO] [stdout] Couldn't compile the test.
[INFO] [stdout] ---- src/datetime/date_utils.rs - datetime::date_utils::is_same_day (line 404) stdout ----
[INFO] [stdout] Couldn't compile the test.
[INFO] [stdout] ---- src/datetime/date_utils.rs - datetime::date_utils::get_week_of_year (line 185) stdout ----
[INFO] [stdout] Couldn't compile the test.
[INFO] [stdout] ---- src/datetime/date_utils.rs - datetime::date_utils::get_zodiac (line 281) stdout ----
[INFO] [stdout] Couldn't compile the test.
[INFO] [stdout] ---- src/datetime/date_utils.rs - datetime::date_utils::is_date_before (line 227) stdout ----
[INFO] [stdout] Couldn't compile the test.
[INFO] [stdout] ---- src/datetime/date_utils.rs - datetime::date_utils::get_year (line 125) stdout ----
[INFO] [stdout] Couldn't compile the test.
[INFO] [stdout] ---- src/datetime/date_utils.rs - datetime::date_utils::minutes_between (line 247) stdout ----
[INFO] [stdout] Couldn't compile the test.
[INFO] [stdout] ---- src/datetime/date_utils.rs - datetime::date_utils::is_valid_date (line 367) stdout ----
[INFO] [stdout] Couldn't compile the test.
[INFO] [stdout] ---- src/datetime/date_utils.rs - datetime::date_utils::parse_datetime (line 97) stdout ----
[INFO] [stdout] Couldn't compile the test.
[INFO] [stdout] ---- src/datetime/date_utils.rs - datetime::date_utils::is_leap_year (line 304) stdout ----
[INFO] [stdout] Couldn't compile the test.
[INFO] [stdout] ---- src/datetime/date_utils.rs - datetime::date_utils::today_hh_mm_ss (line 71) stdout ----
[INFO] [stdout] Couldn't compile the test.
[INFO] [stdout] 
[INFO] [stdout] failures:
[INFO] [stdout]     src/core/string_utils.rs - core::string_utils::camel_case_to_underscore (line 168)
[INFO] [stdout]     src/core/string_utils.rs - core::string_utils::compile_regex (line 77)
[INFO] [stdout]     src/core/string_utils.rs - core::string_utils::concat (line 192)
[INFO] [stdout]     src/core/string_utils.rs - core::string_utils::concat_with_separator (line 205)
[INFO] [stdout]     src/core/string_utils.rs - core::string_utils::contains_chinese (line 248)
[INFO] [stdout]     src/core/string_utils.rs - core::string_utils::is_all_chinese (line 47)
[INFO] [stdout]     src/core/string_utils.rs - core::string_utils::is_boolean (line 313)
[INFO] [stdout]     src/core/string_utils.rs - core::string_utils::is_chinese_char (line 64)
[INFO] [stdout]     src/core/string_utils.rs - core::string_utils::is_empty (line 20)
[INFO] [stdout]     src/core/string_utils.rs - core::string_utils::is_float (line 294)
[INFO] [stdout]     src/core/string_utils.rs - core::string_utils::is_garbled (line 424)
[INFO] [stdout]     src/core/string_utils.rs - core::string_utils::is_integer (line 275)
[INFO] [stdout]     src/core/string_utils.rs - core::string_utils::is_not_empty (line 34)
[INFO] [stdout]     src/core/string_utils.rs - core::string_utils::is_number (line 261)
[INFO] [stdout]     src/core/string_utils.rs - core::string_utils::match_first (line 407)
[INFO] [stdout]     src/core/string_utils.rs - core::string_utils::to_ascii_hex (line 218)
[INFO] [stdout]     src/core/string_utils.rs - core::string_utils::to_double (line 394)
[INFO] [stdout]     src/core/string_utils.rs - core::string_utils::to_double_or_default (line 381)
[INFO] [stdout]     src/core/string_utils.rs - core::string_utils::to_int (line 342)
[INFO] [stdout]     src/core/string_utils.rs - core::string_utils::to_int_or_default (line 329)
[INFO] [stdout]     src/core/string_utils.rs - core::string_utils::to_long (line 368)
[INFO] [stdout]     src/core/string_utils.rs - core::string_utils::to_long_or_default (line 355)
[INFO] [stdout]     src/core/string_utils.rs - core::string_utils::to_lowercase_first (line 98)
[INFO] [stdout]     src/core/string_utils.rs - core::string_utils::to_unicode (line 233)
[INFO] [stdout]     src/core/string_utils.rs - core::string_utils::to_uppercase_first (line 119)
[INFO] [stdout]     src/core/string_utils.rs - core::string_utils::underscore_to_camel_case (line 140)
[INFO] [stdout]     src/core/validation.rs - core::validation::generate_uuid (line 524)
[INFO] [stdout]     src/core/validation.rs - core::validation::has_special_character (line 394)
[INFO] [stdout]     src/core/validation.rs - core::validation::is_alphanumeric (line 285)
[INFO] [stdout]     src/core/validation.rs - core::validation::is_bank_card (line 378)
[INFO] [stdout]     src/core/validation.rs - core::validation::is_chinese (line 301)
[INFO] [stdout]     src/core/validation.rs - core::validation::is_continuous_letters (line 456)
[INFO] [stdout]     src/core/validation.rs - core::validation::is_continuous_numbers (line 426)
[INFO] [stdout]     src/core/validation.rs - core::validation::is_email (line 98)
[INFO] [stdout]     src/core/validation.rs - core::validation::is_empty (line 69)
[INFO] [stdout]     src/core/validation.rs - core::validation::is_float (line 254)
[INFO] [stdout]     src/core/validation.rs - core::validation::is_id_card (line 128)
[INFO] [stdout]     src/core/validation.rs - core::validation::is_integer (line 238)
[INFO] [stdout]     src/core/validation.rs - core::validation::is_ip_address (line 174)
[INFO] [stdout]     src/core/validation.rs - core::validation::is_length_in_range (line 410)
[INFO] [stdout]     src/core/validation.rs - core::validation::is_letter (line 269)
[INFO] [stdout]     src/core/validation.rs - core::validation::is_not_empty (line 84)
[INFO] [stdout]     src/core/validation.rs - core::validation::is_number (line 204)
[INFO] [stdout]     src/core/validation.rs - core::validation::is_phone (line 113)
[INFO] [stdout]     src/core/validation.rs - core::validation::is_positive_integer (line 219)
[INFO] [stdout]     src/core/validation.rs - core::validation::is_postal_code (line 363)
[INFO] [stdout]     src/core/validation.rs - core::validation::is_real_name (line 332)
[INFO] [stdout]     src/core/validation.rs - core::validation::is_url (line 189)
[INFO] [stdout]     src/core/validation.rs - core::validation::is_username (line 316)
[INFO] [stdout]     src/core/validation.rs - core::validation::is_valid_date_string (line 488)
[INFO] [stdout]     src/core/validation.rs - core::validation::is_vehicle_number (line 348)
[INFO] [stdout]     src/core/validation.rs - core::validation::mask_bank_card (line 571)
[INFO] [stdout]     src/core/validation.rs - core::validation::mask_id_card (line 555)
[INFO] [stdout]     src/core/validation.rs - core::validation::mask_phone (line 538)
[INFO] [stdout]     src/datetime/date_utils.rs - datetime::date_utils::current_timestamp (line 26)
[INFO] [stdout]     src/datetime/date_utils.rs - datetime::date_utils::current_timestamp_millis (line 42)
[INFO] [stdout]     src/datetime/date_utils.rs - datetime::date_utils::datetime_to_timestamp (line 213)
[INFO] [stdout]     src/datetime/date_utils.rs - datetime::date_utils::days_of_month (line 317)
[INFO] [stdout]     src/datetime/date_utils.rs - datetime::date_utils::format_datetime (line 111)
[INFO] [stdout]     src/datetime/date_utils.rs - datetime::date_utils::format_friendly (line 336)
[INFO] [stdout]     src/datetime/date_utils.rs - datetime::date_utils::get_chinese_zodiac (line 267)
[INFO] [stdout]     src/datetime/date_utils.rs - datetime::date_utils::get_date_with_offset (line 389)
[INFO] [stdout]     src/datetime/date_utils.rs - datetime::date_utils::get_day (line 151)
[INFO] [stdout]     src/datetime/date_utils.rs - datetime::date_utils::get_month (line 138)
[INFO] [stdout]     src/datetime/date_utils.rs - datetime::date_utils::get_week_of_year (line 185)
[INFO] [stdout]     src/datetime/date_utils.rs - datetime::date_utils::get_weekday (line 164)
[INFO] [stdout]     src/datetime/date_utils.rs - datetime::date_utils::get_year (line 125)
[INFO] [stdout]     src/datetime/date_utils.rs - datetime::date_utils::get_zodiac (line 281)
[INFO] [stdout]     src/datetime/date_utils.rs - datetime::date_utils::is_date_before (line 227)
[INFO] [stdout]     src/datetime/date_utils.rs - datetime::date_utils::is_leap_year (line 304)
[INFO] [stdout]     src/datetime/date_utils.rs - datetime::date_utils::is_same_day (line 404)
[INFO] [stdout]     src/datetime/date_utils.rs - datetime::date_utils::is_valid_date (line 367)
[INFO] [stdout]     src/datetime/date_utils.rs - datetime::date_utils::minutes_between (line 247)
[INFO] [stdout]     src/datetime/date_utils.rs - datetime::date_utils::parse_datetime (line 97)
[INFO] [stdout]     src/datetime/date_utils.rs - datetime::date_utils::today_hh_mm_ss (line 71)
[INFO] [stdout] 
[INFO] [stdout] test result: FAILED. 7 passed; 75 failed; 0 ignored; 0 measured; 0 filtered out; finished in 52.40s
[INFO] [stdout] 
[INFO] [stderr] error: doctest failed, to rerun pass `--doc`
[INFO] running `Command { std: "docker" "inspect" "307fe7162dc894f2c716b5462d6e46f4bbd5f344b0fa1810e4a4afe755504daa", kill_on_drop: false }`
[INFO] running `Command { std: "docker" "rm" "-f" "307fe7162dc894f2c716b5462d6e46f4bbd5f344b0fa1810e4a4afe755504daa", kill_on_drop: false }`
[INFO] [stdout] 307fe7162dc894f2c716b5462d6e46f4bbd5f344b0fa1810e4a4afe755504daa
