[INFO] fetching crate libproc 0.14.11...
[INFO] testing libproc-0.14.11 against 1.100.0-beta.1+cargoflags=--release for beta-release-1.100-2
[INFO] extracting crate libproc 0.14.11 into /workspace/builds/worker-0-tc2/source
[INFO] started tweaking crates.io crate libproc 0.14.11
[INFO] removed 0 missing examples
[INFO] finished tweaking crates.io crate libproc 0.14.11
[INFO] tweaked toml for crates.io crate libproc 0.14.11 written to /workspace/builds/worker-0-tc2/source/Cargo.toml
[INFO] validating manifest of crates.io crate libproc 0.14.11 on toolchain 1.100.0-beta.1
[INFO] running `Command { std: CARGO_HOME="/workspace/cargo-home" RUSTUP_HOME="/workspace/rustup-home" "/workspace/cargo-home/bin/cargo" "+1.100.0-beta.1" "metadata" "--manifest-path" "Cargo.toml" "--no-deps", kill_on_drop: false }`
[INFO] crate crates.io crate libproc 0.14.11 already has a lockfile, it will not be regenerated
[INFO] running `Command { std: CARGO_HOME="/workspace/cargo-home" RUSTUP_HOME="/workspace/rustup-home" "/workspace/cargo-home/bin/cargo" "+1.100.0-beta.1" "fetch" "--manifest-path" "Cargo.toml", kill_on_drop: false }`
[INFO] running `Command { std: "docker" "create" "-v" "/var/lib/crater-agent-workspace/builds/worker-0-tc2/source:/opt/rustwide/workdir:ro,Z" "-v" "/var/lib/crater-agent-workspace/builds/worker-0-tc2/target:/opt/rustwide/target:rw,Z" "-v" "/var/lib/crater-agent-workspace/cargo-home:/opt/rustwide/cargo-home:ro,Z" "-v" "/var/lib/crater-agent-workspace/rustup-home:/opt/rustwide/rustup-home:ro,Z" "-m" "1610612736" "--network" "none" "ghcr.io/rust-lang/crates-build-env/linux@sha256:77db811e55d90add9212f6832c23229e3de5f1c1f9905e8cb07319ea15df73ac" "sleep" "infinity", kill_on_drop: false }`
[INFO] [stdout] e768b0e44185d9ca08d599fc27ae026018b0d582e3874497bfbd031a062d0c70
[INFO] running `Command { std: "docker" "start" "e768b0e44185d9ca08d599fc27ae026018b0d582e3874497bfbd031a062d0c70", kill_on_drop: false }`
[INFO] running `Command { std: "docker" "inspect" "e768b0e44185d9ca08d599fc27ae026018b0d582e3874497bfbd031a062d0c70", kill_on_drop: false }`
[INFO] running `Command { std: "docker" "exec" "-e" "SOURCE_DIR=/opt/rustwide/workdir" "-e" "CARGO_HOME=/opt/rustwide/cargo-home" "-e" "RUSTUP_HOME=/opt/rustwide/rustup-home" "-e" "CARGO_TARGET_DIR=/opt/rustwide/target" "-w" "/opt/rustwide/workdir" "--user" "0:0" "e768b0e44185d9ca08d599fc27ae026018b0d582e3874497bfbd031a062d0c70" "/opt/rustwide/cargo-home/bin/cargo" "+1.100.0-beta.1" "metadata" "--no-deps" "--format-version=1", kill_on_drop: false }`
[INFO] running `Command { std: "docker" "inspect" "e768b0e44185d9ca08d599fc27ae026018b0d582e3874497bfbd031a062d0c70", kill_on_drop: false }`
[INFO] running `Command { std: "docker" "exec" "-e" "SOURCE_DIR=/opt/rustwide/workdir" "-e" "CARGO_HOME=/opt/rustwide/cargo-home" "-e" "RUSTUP_HOME=/opt/rustwide/rustup-home" "-e" "CARGO_TARGET_DIR=/opt/rustwide/target" "-e" "CARGO_INCREMENTAL=0" "-e" "RUST_BACKTRACE=full" "-e" "RUSTFLAGS=--cap-lints=warn" "-e" "RUSTDOCFLAGS=--cap-lints=warn" "-w" "/opt/rustwide/workdir" "--user" "0:0" "e768b0e44185d9ca08d599fc27ae026018b0d582e3874497bfbd031a062d0c70" "/opt/rustwide/cargo-home/bin/cargo" "+1.100.0-beta.1" "build" "--frozen" "--message-format=json" "--release", kill_on_drop: false }`
[INFO] [stderr]    Compiling libc v0.2.176
[INFO] [stderr]    Compiling glob v0.3.2
[INFO] [stderr]    Compiling regex-syntax v0.8.5
[INFO] [stderr]    Compiling memchr v2.7.4
[INFO] [stderr]    Compiling bindgen v0.72.1
[INFO] [stderr]    Compiling rustc-hash v2.1.1
[INFO] [stderr]    Compiling bitflags v2.9.0
[INFO] [stderr]    Compiling libloading v0.8.6
[INFO] [stderr]    Compiling syn v2.0.101
[INFO] [stderr]    Compiling clang-sys v1.8.1
[INFO] [stderr]    Compiling nom v7.1.3
[INFO] [stderr]    Compiling errno v0.3.14
[INFO] [stderr]    Compiling regex-automata v0.4.9
[INFO] [stderr]    Compiling cexpr v0.6.0
[INFO] [stderr]    Compiling regex v1.11.1
[INFO] [stderr]    Compiling libproc v0.14.11 (/opt/rustwide/workdir)
[INFO] [stderr]     Finished `release` profile [optimized] target(s) in 15.59s
[INFO] running `Command { std: "docker" "inspect" "e768b0e44185d9ca08d599fc27ae026018b0d582e3874497bfbd031a062d0c70", kill_on_drop: false }`
[INFO] running `Command { std: "docker" "exec" "-e" "SOURCE_DIR=/opt/rustwide/workdir" "-e" "CARGO_HOME=/opt/rustwide/cargo-home" "-e" "RUSTUP_HOME=/opt/rustwide/rustup-home" "-e" "CARGO_TARGET_DIR=/opt/rustwide/target" "-e" "CARGO_INCREMENTAL=0" "-e" "RUST_BACKTRACE=full" "-e" "RUSTFLAGS=--cap-lints=warn" "-e" "RUSTDOCFLAGS=--cap-lints=warn" "-w" "/opt/rustwide/workdir" "--user" "0:0" "e768b0e44185d9ca08d599fc27ae026018b0d582e3874497bfbd031a062d0c70" "/opt/rustwide/cargo-home/bin/cargo" "+1.100.0-beta.1" "test" "--frozen" "--no-run" "--message-format=json" "--release", kill_on_drop: false }`
[INFO] [stderr]    Compiling bitflags v2.9.0
[INFO] [stderr]    Compiling rustix v1.0.7
[INFO] [stderr]    Compiling num-traits v0.2.19
[INFO] [stderr]    Compiling adler2 v2.0.0
[INFO] [stderr]    Compiling linux-raw-sys v0.9.4
[INFO] [stderr]    Compiling crc32fast v1.4.2
[INFO] [stderr]    Compiling procfs v0.18.0
[INFO] [stderr]    Compiling getrandom v0.3.2
[INFO] [stderr]    Compiling miniz_oxide v0.8.8
[INFO] [stderr]    Compiling flate2 v1.1.1
[INFO] [stderr]    Compiling chrono v0.4.41
[INFO] [stderr]    Compiling procfs-core v0.18.0
[INFO] [stderr]    Compiling tempfile v3.19.1
[INFO] [stderr]    Compiling libproc v0.14.11 (/opt/rustwide/workdir)
[INFO] [stderr]     Finished `release` profile [optimized] target(s) in 23.61s
[INFO] running `Command { std: "docker" "inspect" "e768b0e44185d9ca08d599fc27ae026018b0d582e3874497bfbd031a062d0c70", kill_on_drop: false }`
[INFO] running `Command { std: "docker" "exec" "-e" "SOURCE_DIR=/opt/rustwide/workdir" "-e" "CARGO_HOME=/opt/rustwide/cargo-home" "-e" "RUSTUP_HOME=/opt/rustwide/rustup-home" "-e" "CARGO_TARGET_DIR=/opt/rustwide/target" "-e" "CARGO_INCREMENTAL=0" "-e" "RUST_BACKTRACE=full" "-e" "RUSTFLAGS=--cap-lints=warn" "-e" "RUSTDOCFLAGS=--cap-lints=warn" "-w" "/opt/rustwide/workdir" "--user" "0:0" "e768b0e44185d9ca08d599fc27ae026018b0d582e3874497bfbd031a062d0c70" "/opt/rustwide/cargo-home/bin/cargo" "+1.100.0-beta.1" "test" "--frozen" "--release", kill_on_drop: false }`
[INFO] [stderr]     Finished `release` profile [optimized] target(s) in 0.09s
[INFO] [stderr]      Running unittests src/lib.rs (/opt/rustwide/target/release/build/libproc/8bb88f54ca46f97f/out/libproc-8bb88f54ca46f97f)
[INFO] [stdout] 
[INFO] [stdout] running 25 tests
[INFO] [stdout] test libproc::helpers::test::linux::test_invalid_memory_string_units ... ok
[INFO] [stdout] test libproc::helpers::test::linux::test_invalid_memory_string ... ok
[INFO] [stdout] test libproc::helpers::test::linux::test_valid_memory_string ... ok
[INFO] [stdout] test libproc::proc_pid::test::am_root_test ... ok
[INFO] [stdout] test libproc::helpers::test::invalid_utf8 ... ok
[INFO] [stdout] test libproc::helpers::test::linux::test_invalid_memory_string_empty ... ok
[INFO] [stdout] test libproc::helpers::test::negative_ret ... ok
[INFO] [stdout] test libproc::proc_pid::test::pidpath_test_unknown_pid_test ... ok
[INFO] [stdout] test libproc::proc_pid::test::name_test ... ok
[INFO] [stdout] test libproc::helpers::test::linux::test_valid_memory_string_spaces ... ok
[INFO] [stdout] test libproc::proc_pid::test::pidcwd_of_self_test ... ok
[INFO] [stdout] test libproc::helpers::test::positive_ret ... ok
[INFO] [stdout] test libproc::helpers::test::zero_ret ... ok
[INFO] [stdout] test libproc::sys::linux::test::test_listpids_all ... ok
[INFO] [stdout] test libproc::sys::linux::test::test_listpids_pgid ... ok
[INFO] [stdout] test libproc::pid_rusage::test::pidrusage_test ... ok
[INFO] [stdout] test libproc::sys::linux::test::test_proc_stat_field_errors ... ok
[INFO] [stdout] test libproc::proc_pid::test::procfile_field_test ... ok
[INFO] [stdout] test libproc::sys::linux::test::test_listpids_real_uid ... ok
[INFO] [stdout] test libproc::sys::linux::test::test_proc_stat_field ... ok
[INFO] [stdout] test libproc::sys::linux::test::test_listpids_tty ... ok
[INFO] [stdout] test libproc::proc_pid::test::cwd_self_test ... ok
[INFO] [stdout] test libproc::sys::linux::test::test_listpids_parent_pid ... ok
[INFO] [stdout] test libproc::sys::linux::test::test_listpids_uid ... ok
[INFO] [stdout] test libproc::kmesg_buffer::test::kmessage_buffer_test ... FAILED
[INFO] [stdout] 
[INFO] [stdout] failures:
[INFO] [stdout] 
[INFO] [stdout] ---- libproc::kmesg_buffer::test::kmessage_buffer_test stdout ----
[INFO] [stdout] 
[INFO] [stdout] thread 'libproc::kmesg_buffer::test::kmessage_buffer_test' (887) panicked at src/libproc/kmesg_buffer.rs:116:33:
[INFO] [stdout] Could not open /dev/kmsg nor /dev/console file '{}'
[INFO] [stdout] stack backtrace:
[INFO] [stdout]    0:     0x634408a87981 - <<std[617be2ca0a6fd877]::sys::backtrace::BacktraceLock>::print::DisplayBacktrace as core[a373ad73a504971]::fmt::Display>::fmt
[INFO] [stdout]    1:     0x634408a9beaa - core[a373ad73a504971]::fmt::write
[INFO] [stdout]    2:     0x634408a8bf3c - <alloc[2e1b2a31b91974c5]::vec::Vec<u8> as core[a373ad73a504971]::io::write::Write>::write_fmt
[INFO] [stdout]    3:     0x634408a62356 - std[617be2ca0a6fd877]::panicking::default_hook::{closure#0}
[INFO] [stdout]    4:     0x634408a7f269 - std[617be2ca0a6fd877]::panicking::default_hook
[INFO] [stdout]    5:     0x634408a1a270 - test[aada8e7e76ba119b]::test_main_inner::{closure#0}
[INFO] [stdout]    6:     0x634408a7f422 - std[617be2ca0a6fd877]::panicking::panic_with_hook
[INFO] [stdout]    7:     0x634408a62402 - std[617be2ca0a6fd877]::panicking::panic_handler::{closure#0}
[INFO] [stdout]    8:     0x634408a5ad99 - std[617be2ca0a6fd877]::sys::backtrace::__rust_end_short_backtrace::<std[617be2ca0a6fd877]::panicking::panic_handler::{closure#0}, !>
[INFO] [stdout]    9:     0x634408a6300d - __rustc[ea4f61d10b84890b]::rust_begin_unwind
[INFO] [stdout]   10:     0x634408a9c61c - core[a373ad73a504971]::panicking::panic_fmt
[INFO] [stdout]   11:     0x6344089e8fdf - <libproc[e999ae0b98df878d]::libproc::kmesg_buffer::test::kmessage_buffer_test::{closure#0} as core[a373ad73a504971]::ops::function::FnOnce<()>>::call_once
[INFO] [stdout]   12:     0x634408a0d6bb - test[aada8e7e76ba119b]::__rust_begin_short_backtrace::<core[a373ad73a504971]::result::Result<(), alloc[2e1b2a31b91974c5]::string::String>, fn() -> core[a373ad73a504971]::result::Result<(), alloc[2e1b2a31b91974c5]::string::String>>
[INFO] [stdout]   13:     0x634408a1a895 - test[aada8e7e76ba119b]::run_test::{closure#0}
[INFO] [stdout]   14:     0x634408a14184 - std[617be2ca0a6fd877]::sys::backtrace::__rust_begin_short_backtrace::<test[aada8e7e76ba119b]::run_test::{closure#1}, ()>
[INFO] [stdout]   15:     0x634408a1d922 - <std[617be2ca0a6fd877]::thread::lifecycle::spawn_unchecked<test[aada8e7e76ba119b]::run_test::{closure#1}, ()>::{closure#1} as core[a373ad73a504971]::ops::function::FnOnce<()>>::call_once::{shim:vtable#0}
[INFO] [stdout]   16:     0x634408a86e7f - <std[617be2ca0a6fd877]::sys::thread::unix::Thread>::new::thread_start
[INFO] [stdout]   17:     0x7d69c449edfa - <unknown>
[INFO] [stdout]   18:     0x7d69c45323d4 - clone
[INFO] [stdout]   19:                0x0 - <unknown>
[INFO] [stdout] 
[INFO] [stdout] 
[INFO] [stdout] failures:
[INFO] [stdout]     libproc::kmesg_buffer::test::kmessage_buffer_test
[INFO] [stdout] 
[INFO] [stdout] test result: FAILED. 24 passed; 1 failed; 0 ignored; 0 measured; 0 filtered out; finished in 0.01s
[INFO] [stdout] 
[INFO] [stderr] error: test failed, to rerun pass `--lib`
[INFO] running `Command { std: "docker" "inspect" "e768b0e44185d9ca08d599fc27ae026018b0d582e3874497bfbd031a062d0c70", kill_on_drop: false }`
[INFO] running `Command { std: "docker" "rm" "-f" "e768b0e44185d9ca08d599fc27ae026018b0d582e3874497bfbd031a062d0c70", kill_on_drop: false }`
[INFO] [stdout] e768b0e44185d9ca08d599fc27ae026018b0d582e3874497bfbd031a062d0c70
