[INFO] fetching crate libmoshpit 0.12.0...
[INFO] testing libmoshpit-0.12.0 against 1.100.0-beta.1+cargoflags=--release for beta-release-1.100-2
[INFO] extracting crate libmoshpit 0.12.0 into /workspace/builds/worker-4-tc2/source
[INFO] started tweaking crates.io crate libmoshpit 0.12.0
[INFO] removed 0 missing tests
[INFO] finished tweaking crates.io crate libmoshpit 0.12.0
[INFO] tweaked toml for crates.io crate libmoshpit 0.12.0 written to /workspace/builds/worker-4-tc2/source/Cargo.toml
[INFO] validating manifest of crates.io crate libmoshpit 0.12.0 on toolchain 1.100.0-beta.1
[INFO] running `Command { std: CARGO_HOME="/workspace/cargo-home" RUSTUP_HOME="/workspace/rustup-home" "/workspace/cargo-home/bin/cargo" "+1.100.0-beta.1" "metadata" "--manifest-path" "Cargo.toml" "--no-deps", kill_on_drop: false }`
[INFO] crate crates.io crate libmoshpit 0.12.0 already has a lockfile, it will not be regenerated
[INFO] running `Command { std: CARGO_HOME="/workspace/cargo-home" RUSTUP_HOME="/workspace/rustup-home" "/workspace/cargo-home/bin/cargo" "+1.100.0-beta.1" "fetch" "--manifest-path" "Cargo.toml", kill_on_drop: false }`
[INFO] running `Command { std: "docker" "create" "-v" "/var/lib/crater-agent-workspace/builds/worker-4-tc2/source:/opt/rustwide/workdir:ro,Z" "-v" "/var/lib/crater-agent-workspace/builds/worker-4-tc2/target:/opt/rustwide/target:rw,Z" "-v" "/var/lib/crater-agent-workspace/cargo-home:/opt/rustwide/cargo-home:ro,Z" "-v" "/var/lib/crater-agent-workspace/rustup-home:/opt/rustwide/rustup-home:ro,Z" "-m" "1610612736" "--network" "none" "ghcr.io/rust-lang/crates-build-env/linux@sha256:77db811e55d90add9212f6832c23229e3de5f1c1f9905e8cb07319ea15df73ac" "sleep" "infinity", kill_on_drop: false }`
[INFO] [stdout] 99d8073edb60da137014d283f969ea95447265605b2828b3f474b49f1f3ce98c
[INFO] running `Command { std: "docker" "start" "99d8073edb60da137014d283f969ea95447265605b2828b3f474b49f1f3ce98c", kill_on_drop: false }`
[INFO] running `Command { std: "docker" "inspect" "99d8073edb60da137014d283f969ea95447265605b2828b3f474b49f1f3ce98c", kill_on_drop: false }`
[INFO] running `Command { std: "docker" "exec" "-e" "SOURCE_DIR=/opt/rustwide/workdir" "-e" "CARGO_HOME=/opt/rustwide/cargo-home" "-e" "RUSTUP_HOME=/opt/rustwide/rustup-home" "-e" "CARGO_TARGET_DIR=/opt/rustwide/target" "-w" "/opt/rustwide/workdir" "--user" "0:0" "99d8073edb60da137014d283f969ea95447265605b2828b3f474b49f1f3ce98c" "/opt/rustwide/cargo-home/bin/cargo" "+1.100.0-beta.1" "metadata" "--no-deps" "--format-version=1", kill_on_drop: false }`
[INFO] running `Command { std: "docker" "inspect" "99d8073edb60da137014d283f969ea95447265605b2828b3f474b49f1f3ce98c", kill_on_drop: false }`
[INFO] running `Command { std: "docker" "exec" "-e" "SOURCE_DIR=/opt/rustwide/workdir" "-e" "CARGO_HOME=/opt/rustwide/cargo-home" "-e" "RUSTUP_HOME=/opt/rustwide/rustup-home" "-e" "CARGO_TARGET_DIR=/opt/rustwide/target" "-e" "CARGO_INCREMENTAL=0" "-e" "RUST_BACKTRACE=full" "-e" "RUSTFLAGS=--cap-lints=warn" "-e" "RUSTDOCFLAGS=--cap-lints=warn" "-w" "/opt/rustwide/workdir" "--user" "0:0" "99d8073edb60da137014d283f969ea95447265605b2828b3f474b49f1f3ce98c" "/opt/rustwide/cargo-home/bin/cargo" "+1.100.0-beta.1" "build" "--frozen" "--message-format=json" "--release", kill_on_drop: false }`
[INFO] [stderr]    Compiling regex-automata v0.4.18
[INFO] [stderr]    Compiling tinyvec_macros v0.1.1
[INFO] [stderr]    Compiling fastrand v2.5.0
[INFO] [stderr]    Compiling gix-trace v0.1.21
[INFO] [stderr]    Compiling smallvec v1.15.2
[INFO] [stderr]    Compiling thiserror v2.0.20
[INFO] [stderr]    Compiling getrandom v0.4.3
[INFO] [stderr]    Compiling crc32fast v1.5.1
[INFO] [stderr]    Compiling bitflags v2.13.1
[INFO] [stderr]    Compiling typenum v1.20.1
[INFO] [stderr]    Compiling heapless v0.8.0
[INFO] [stderr]    Compiling byteorder v1.5.0
[INFO] [stderr]    Compiling stable_deref_trait v1.2.1
[INFO] [stderr]    Compiling syn v3.0.4
[INFO] [stderr]    Compiling rustix v1.1.4
[INFO] [stderr]    Compiling crossbeam-utils v0.8.22
[INFO] [stderr]    Compiling errno v0.3.14
[INFO] [stderr]    Compiling tinyvec v1.12.0
[INFO] [stderr]    Compiling foldhash v0.2.0
[INFO] [stderr]    Compiling signal-hook v0.4.4
[INFO] [stderr]    Compiling allocator-api2 v0.2.21
[INFO] [stderr]    Compiling jiff-core v0.1.0
[INFO] [stderr]    Compiling parking_lot_core v0.9.12
[INFO] [stderr]    Compiling shell-words v1.1.1
[INFO] [stderr]    Compiling hash32 v0.3.1
[INFO] [stderr]    Compiling signal-hook-registry v1.4.8
[INFO] [stderr]    Compiling parking_lot v0.12.5
[INFO] [stderr]    Compiling hashbrown v0.14.5
[INFO] [stderr]    Compiling memmap2 v0.9.11
[INFO] [stderr]    Compiling nonempty v0.12.0
[INFO] [stderr]    Compiling unicode-bom v2.0.3
[INFO] [stderr]    Compiling find-msvc-tools v0.1.11
[INFO] [stderr]    Compiling prodash v31.0.0
[INFO] [stderr]    Compiling gix-sec v0.14.2
[INFO] [stderr]    Compiling filetime v0.2.29
[INFO] [stderr]    Compiling prettyplease v0.3.0
[INFO] [stderr]    Compiling percent-encoding v2.3.2
[INFO] [stderr]    Compiling hashbrown v0.17.1
[INFO] [stderr]    Compiling cc v1.4.4
[INFO] [stderr]    Compiling encoding_rs v0.8.35
[INFO] [stderr]    Compiling unicode-normalization v0.1.25
[INFO] [stderr]    Compiling hashbrown v0.16.1
[INFO] [stderr]    Compiling zlib-rs v0.6.7
[INFO] [stderr]    Compiling anyhow v1.0.104
[INFO] [stderr]    Compiling vergen-lib v10.0.3
[INFO] [stderr]    Compiling getrandom v0.2.17
[INFO] [stderr]    Compiling faster-hex v0.10.0
[INFO] [stderr]    Compiling typeid v1.0.3
[INFO] [stderr]    Compiling const-random-macro v0.1.16
[INFO] [stderr]    Compiling pest v2.9.0
[INFO] [stderr]    Compiling generic-array v0.14.7
[INFO] [stderr]    Compiling hybrid-array v0.4.14
[INFO] [stderr]    Compiling dashmap v6.2.1
[INFO] [stderr]    Compiling clru v0.6.3
[INFO] [stderr]    Compiling arc-swap v1.9.2
[INFO] [stderr]    Compiling vergen v10.0.3
[INFO] [stderr]    Compiling bstr v1.13.1
[INFO] [stderr]    Compiling jiff v0.2.35
[INFO] [stderr]    Compiling cmake v0.1.58
[INFO] [stderr]    Compiling gix-macros v0.1.6
[INFO] [stderr]    Compiling io-close v0.3.7
[INFO] [stderr]    Compiling block-buffer v0.10.4
[INFO] [stderr]    Compiling crypto-common v0.1.7
[INFO] [stderr]    Compiling powerfmt v0.2.0
[INFO] [stderr]    Compiling deranged v0.5.8
[INFO] [stderr]    Compiling num_threads v0.1.7
[INFO] [stderr]    Compiling digest v0.10.7
[INFO] [stderr]    Compiling const-random v0.1.18
[INFO] [stderr]    Compiling sha1 v0.10.7
[INFO] [stderr]    Compiling vergen-gix v10.0.3
[INFO] [stderr]    Compiling sysinfo v0.39.6
[INFO] [stderr]    Compiling erased-serde v0.4.10
[INFO] [stderr]    Compiling time v0.3.55
[INFO] [stderr]    Compiling pest_meta v2.9.0
[INFO] [stderr]    Compiling sha1-checked v0.10.0
[INFO] [stderr]    Compiling crypto-common v0.2.2
[INFO] [stderr]    Compiling gix-validate v0.11.4
[INFO] [stderr]    Compiling gix-utils v0.3.6
[INFO] [stderr]    Compiling gix-error v0.3.1
[INFO] [stderr]    Compiling gix-imara-diff v0.2.5
[INFO] [stderr]    Compiling gix-quote v0.8.0
[INFO] [stderr]    Compiling gix-chunk v0.8.0
[INFO] [stderr]    Compiling gix-bitmap v0.4.0
[INFO] [stderr]    Compiling tempfile v3.27.0
[INFO] [stderr]    Compiling zstd-sys v2.0.16+zstd.1.5.7
[INFO] [stderr]    Compiling aws-lc-sys v0.44.0
[INFO] [stderr]    Compiling block-buffer v0.12.1
[INFO] [stderr]    Compiling tracing v0.1.44
[INFO] [stderr]    Compiling dlv-list v0.5.2
[INFO] [stderr]    Compiling zstd-safe v7.2.4
[INFO] [stderr]    Compiling aws-lc-rs v1.18.0
[INFO] [stderr]    Compiling phc v0.6.1
[INFO] [stderr]    Compiling toml_parser v1.1.3+spec-1.1.0
[INFO] [stderr]    Compiling digest v0.11.3
[INFO] [stderr]    Compiling ordered-multimap v0.7.3
[INFO] [stderr]    Compiling pest_generator v2.9.0
[INFO] [stderr]    Compiling hashlink v0.11.1
[INFO] [stderr]    Compiling gix-date v0.16.0
[INFO] [stderr]    Compiling toml_datetime v1.1.1+spec-1.1.0
[INFO] [stderr]    Compiling gix-actor v0.42.0
[INFO] [stderr]    Compiling pest_derive v2.9.0
[INFO] [stderr]    Compiling serde_spanned v1.1.1
[INFO] [stderr]    Compiling mio v1.2.2
[INFO] [stderr]    Compiling tracing-subscriber-init v0.2.7
[INFO] [stderr]    Compiling thiserror-impl v1.0.69
[INFO] [stderr]    Compiling zeroize_derive v1.5.0
[INFO] [stderr]    Compiling bincode-next v3.1.1
[INFO] [stderr]    Compiling arraydeque v0.5.1
[INFO] [stderr]    Compiling darling_core v0.24.1
[INFO] [stderr]    Compiling virtue-next v0.1.3
[INFO] [stderr]    Compiling convert_case v0.6.0
[INFO] [stderr]    Compiling zeroize v1.9.0
[INFO] [stderr]    Compiling yaml-rust2 v0.11.1
[INFO] [stderr]    Compiling serde-untagged v0.1.9
[INFO] [stderr]    Compiling vte v0.15.0
[INFO] [stderr]    Compiling toml v1.1.4+spec-1.1.0
[INFO] [stderr]    Compiling serde_json v1.0.151
[INFO] [stderr]    Compiling crossbeam-channel v0.5.16
[INFO] [stderr]    Compiling rust-ini v0.21.3
[INFO] [stderr]    Compiling password-hash v0.6.1
[INFO] [stderr]    Compiling bincode_derive-next v3.1.1
[INFO] [stderr]    Compiling blake2 v0.11.0
[INFO] [stderr]    Compiling dirs-sys v0.3.7
[INFO] [stderr]    Compiling matchers v0.2.0
[INFO] [stderr]    Compiling thiserror v1.0.69
[INFO] [stderr]    Compiling rapidhash v4.5.1
[INFO] [stderr]    Compiling tracing-subscriber v0.3.23
[INFO] [stderr]    Compiling unty-next v0.1.2
[INFO] [stderr]    Compiling symlink v0.1.0
[INFO] [stderr]    Compiling cfg-if v0.1.10
[INFO] [stderr]    Compiling argon2 v0.6.0
[INFO] [stderr]    Compiling bishop v1.0.0
[INFO] [stderr]    Compiling dirs2 v3.0.1
[INFO] [stderr]    Compiling vt100 v0.16.2
[INFO] [stderr]    Compiling regex v1.13.1
[INFO] [stderr]    Compiling uuid v1.26.0
[INFO] [stderr]    Compiling thiserror-impl v2.0.20
[INFO] [stderr]    Compiling serde_derive v1.0.229
[INFO] [stderr]    Compiling tokio-macros v2.7.2
[INFO] [stderr]    Compiling async-trait v0.1.92
[INFO] [stderr]    Compiling clap_derive v4.6.4
[INFO] [stderr]    Compiling tokio v1.53.1
[INFO] [stderr]    Compiling whoami v2.1.3
[INFO] [stderr]    Compiling getset v0.1.7
[INFO] [stderr]    Compiling gix-path v0.12.5
[INFO] [stderr]    Compiling gix-packetline v0.22.2
[INFO] [stderr]    Compiling gix-zlib v0.1.0
[INFO] [stderr]    Compiling ansi-control-codes v1.0.1
[INFO] [stderr]    Compiling tracing-appender v0.2.5
[INFO] [stderr]    Compiling gix-features v0.49.1
[INFO] [stderr]    Compiling gix-command v0.10.0
[INFO] [stderr]    Compiling gix-config-value v0.19.1
[INFO] [stderr]    Compiling gix-hash v0.26.2
[INFO] [stderr]    Compiling gix-fs v0.22.1
[INFO] [stderr]    Compiling gix-glob v0.27.1
[INFO] [stderr]    Compiling gix-hashtable v0.16.0
[INFO] [stderr]    Compiling gix-commitgraph v0.39.0
[INFO] [stderr]    Compiling gix-tempfile v24.0.0
[INFO] [stderr]    Compiling darling_macro v0.24.1
[INFO] [stderr]    Compiling gix-object v0.64.1
[INFO] [stderr]    Compiling gix-lock v24.0.0
[INFO] [stderr]    Compiling gix-attributes v0.35.0
[INFO] [stderr]    Compiling gix-ignore v0.22.1
[INFO] [stderr]    Compiling darling v0.24.1
[INFO] [stderr]    Compiling gix-url v0.38.0
[INFO] [stderr]    Compiling bon-macros v3.10.0
[INFO] [stderr]    Compiling gix-refspec v0.45.1
[INFO] [stderr]    Compiling gix-prompt v0.17.0
[INFO] [stderr]    Compiling gix-shallow v0.13.0
[INFO] [stderr]    Compiling clap v4.6.6
[INFO] [stderr]    Compiling gix-transport v0.59.1
[INFO] [stderr]    Compiling gix-pathspec v0.20.0
[INFO] [stderr]    Compiling gix-credentials v0.40.0
[INFO] [stderr]    Compiling serde v1.0.229
[INFO] [stderr]    Compiling gix-revwalk v0.35.0
[INFO] [stderr]    Compiling gix-ref v0.67.1
[INFO] [stderr]    Compiling gix-filter v0.34.0
[INFO] [stderr]    Compiling gix-pack v0.74.2
[INFO] [stderr]    Compiling gix-traverse v0.61.0
[INFO] [stderr]    Compiling gix-negotiate v0.35.1
[INFO] [stderr]    Compiling gix-revision v0.49.1
[INFO] [stderr]    Compiling json5 v0.4.1
[INFO] [stderr]    Compiling ron v0.12.2
[INFO] [stderr]    Compiling gix-index v0.55.0
[INFO] [stderr]    Compiling gix-discover v0.55.0
[INFO] [stderr]    Compiling gix-config v0.60.0
[INFO] [stderr]    Compiling gix-protocol v0.65.1
[INFO] [stderr]    Compiling gix-odb v0.84.0
[INFO] [stderr]    Compiling gix-worktree v0.56.0
[INFO] [stderr]    Compiling gix-dir v0.29.1
[INFO] [stderr]    Compiling gix-diff v0.67.1
[INFO] [stderr]    Compiling gix-submodule v0.34.0
[INFO] [stderr]    Compiling gix-worktree-state v0.34.1
[INFO] [stderr]    Compiling tokio-util v0.7.19
[INFO] [stderr]    Compiling config v0.15.25
[INFO] [stderr]    Compiling gix-status v0.34.1
[INFO] [stderr]    Compiling bon v3.10.0
[INFO] [stderr]    Compiling gix v0.87.1
[INFO] [stderr]    Compiling libmoshpit v0.12.0 (/opt/rustwide/workdir)
[INFO] [stderr]    Compiling zstd v0.13.3
[INFO] [stderr] warning: libmoshpit@0.12.0: Could not find a git repository in '/opt/rustwide/workdir' or in any of its parents within device limits below '/opt/rustwide'
[INFO] [stderr] warning: libmoshpit@0.12.0: Unable to set VERGEN_GIT_BRANCH
[INFO] [stderr] warning: libmoshpit@0.12.0: Unable to set VERGEN_GIT_COMMIT_AUTHOR_EMAIL
[INFO] [stderr] warning: libmoshpit@0.12.0: Unable to set VERGEN_GIT_COMMIT_AUTHOR_NAME
[INFO] [stderr] warning: libmoshpit@0.12.0: Unable to set VERGEN_GIT_COMMIT_COUNT
[INFO] [stderr] warning: libmoshpit@0.12.0: Unable to set VERGEN_GIT_COMMIT_DATE
[INFO] [stderr] warning: libmoshpit@0.12.0: Unable to set VERGEN_GIT_COMMIT_MESSAGE
[INFO] [stderr] warning: libmoshpit@0.12.0: Unable to set VERGEN_GIT_COMMIT_TIMESTAMP
[INFO] [stderr] warning: libmoshpit@0.12.0: Unable to set VERGEN_GIT_DESCRIBE
[INFO] [stderr] warning: libmoshpit@0.12.0: Unable to set VERGEN_GIT_SHA
[INFO] [stderr] warning: libmoshpit@0.12.0: Unable to set VERGEN_GIT_DIRTY
[INFO] [stderr]     Finished `release` profile [optimized] target(s) in 2m 58s
[INFO] running `Command { std: "docker" "inspect" "99d8073edb60da137014d283f969ea95447265605b2828b3f474b49f1f3ce98c", kill_on_drop: false }`
[INFO] running `Command { std: "docker" "exec" "-e" "SOURCE_DIR=/opt/rustwide/workdir" "-e" "CARGO_HOME=/opt/rustwide/cargo-home" "-e" "RUSTUP_HOME=/opt/rustwide/rustup-home" "-e" "CARGO_TARGET_DIR=/opt/rustwide/target" "-e" "CARGO_INCREMENTAL=0" "-e" "RUST_BACKTRACE=full" "-e" "RUSTFLAGS=--cap-lints=warn" "-e" "RUSTDOCFLAGS=--cap-lints=warn" "-w" "/opt/rustwide/workdir" "--user" "0:0" "99d8073edb60da137014d283f969ea95447265605b2828b3f474b49f1f3ce98c" "/opt/rustwide/cargo-home/bin/cargo" "+1.100.0-beta.1" "test" "--frozen" "--no-run" "--message-format=json" "--release", kill_on_drop: false }`
[INFO] [stderr]    Compiling bitflags v2.13.1
[INFO] [stderr]    Compiling zerocopy v0.8.56
[INFO] [stderr] warning: libmoshpit@0.12.0: Could not find a git repository in '/opt/rustwide/workdir' or in any of its parents within device limits below '/opt/rustwide'
[INFO] [stderr] warning: libmoshpit@0.12.0: Unable to set VERGEN_GIT_BRANCH
[INFO] [stderr] warning: libmoshpit@0.12.0: Unable to set VERGEN_GIT_COMMIT_AUTHOR_EMAIL
[INFO] [stderr] warning: libmoshpit@0.12.0: Unable to set VERGEN_GIT_COMMIT_AUTHOR_NAME
[INFO] [stderr] warning: libmoshpit@0.12.0: Unable to set VERGEN_GIT_COMMIT_COUNT
[INFO] [stderr] warning: libmoshpit@0.12.0: Unable to set VERGEN_GIT_COMMIT_DATE
[INFO] [stderr] warning: libmoshpit@0.12.0: Unable to set VERGEN_GIT_COMMIT_MESSAGE
[INFO] [stderr] warning: libmoshpit@0.12.0: Unable to set VERGEN_GIT_COMMIT_TIMESTAMP
[INFO] [stderr] warning: libmoshpit@0.12.0: Unable to set VERGEN_GIT_DESCRIBE
[INFO] [stderr] warning: libmoshpit@0.12.0: Unable to set VERGEN_GIT_SHA
[INFO] [stderr] warning: libmoshpit@0.12.0: Unable to set VERGEN_GIT_DIRTY
[INFO] [stderr]    Compiling rand v0.9.5
[INFO] [stderr]    Compiling rustix v1.1.4
[INFO] [stderr]    Compiling ron v0.12.2
[INFO] [stderr]    Compiling config v0.15.25
[INFO] [stderr]    Compiling tempfile v3.27.0
[INFO] [stderr]    Compiling rusty-fork v0.3.1
[INFO] [stderr]    Compiling libmoshpit v0.12.0 (/opt/rustwide/workdir)
[INFO] [stderr]    Compiling ppv-lite86 v0.2.21
[INFO] [stderr]    Compiling rand_chacha v0.9.0
[INFO] [stderr]    Compiling proptest v1.11.0
[INFO] [stderr]     Finished `release` profile [optimized] target(s) in 1m 05s
[INFO] running `Command { std: "docker" "inspect" "99d8073edb60da137014d283f969ea95447265605b2828b3f474b49f1f3ce98c", kill_on_drop: false }`
[INFO] running `Command { std: "docker" "exec" "-e" "SOURCE_DIR=/opt/rustwide/workdir" "-e" "CARGO_HOME=/opt/rustwide/cargo-home" "-e" "RUSTUP_HOME=/opt/rustwide/rustup-home" "-e" "CARGO_TARGET_DIR=/opt/rustwide/target" "-e" "CARGO_INCREMENTAL=0" "-e" "RUST_BACKTRACE=full" "-e" "RUSTFLAGS=--cap-lints=warn" "-e" "RUSTDOCFLAGS=--cap-lints=warn" "-w" "/opt/rustwide/workdir" "--user" "0:0" "99d8073edb60da137014d283f969ea95447265605b2828b3f474b49f1f3ce98c" "/opt/rustwide/cargo-home/bin/cargo" "+1.100.0-beta.1" "test" "--frozen" "--release", kill_on_drop: false }`
[INFO] [stderr] warning: libmoshpit@0.12.0: Could not find a git repository in '/opt/rustwide/workdir' or in any of its parents within device limits below '/opt/rustwide'
[INFO] [stderr] warning: libmoshpit@0.12.0: Unable to set VERGEN_GIT_BRANCH
[INFO] [stderr] warning: libmoshpit@0.12.0: Unable to set VERGEN_GIT_COMMIT_AUTHOR_EMAIL
[INFO] [stderr] warning: libmoshpit@0.12.0: Unable to set VERGEN_GIT_COMMIT_AUTHOR_NAME
[INFO] [stderr] warning: libmoshpit@0.12.0: Unable to set VERGEN_GIT_COMMIT_COUNT
[INFO] [stderr] warning: libmoshpit@0.12.0: Unable to set VERGEN_GIT_COMMIT_DATE
[INFO] [stderr] warning: libmoshpit@0.12.0: Unable to set VERGEN_GIT_COMMIT_MESSAGE
[INFO] [stderr] warning: libmoshpit@0.12.0: Unable to set VERGEN_GIT_COMMIT_TIMESTAMP
[INFO] [stderr] warning: libmoshpit@0.12.0: Unable to set VERGEN_GIT_DESCRIBE
[INFO] [stderr] warning: libmoshpit@0.12.0: Unable to set VERGEN_GIT_SHA
[INFO] [stderr] warning: libmoshpit@0.12.0: Unable to set VERGEN_GIT_DIRTY
[INFO] [stderr]     Finished `release` profile [optimized] target(s) in 0.40s
[INFO] [stderr]      Running unittests src/lib.rs (/opt/rustwide/target/release/build/libmoshpit/fe8dc6ba1f05176f/out/libmoshpit-fe8dc6ba1f05176f)
[INFO] [stdout] 
[INFO] [stdout] running 365 tests
[INFO] [stdout] test config::tests::kex_config_agent_socket_default_is_none ... ok
[INFO] [stdout] test agent::protocol::tests::roundtrip_response_ok ... ok
[INFO] [stdout] test config::tests::default_config_file_path_ends_with_toml ... ok
[INFO] [stdout] test config::tests::kex_config_allow_tcp_transport_default_is_false ... ok
[INFO] [stdout] test agent::protocol::tests::roundtrip_request_shutdown ... ok
[INFO] [stdout] test agent::protocol::tests::agent_identity_info_clone_and_debug ... ok
[INFO] [stdout] test agent::protocol::tests::roundtrip_request_unlock ... ok
[INFO] [stdout] test config::tests::kex_config_resume_session_uuid_default_is_none ... ok
[INFO] [stdout] test config::tests::config_file_path_uses_absolute_path_when_provided ... ok
[INFO] [stdout] test agent::client::tests::status_unlocked_with_identities ... ok
[INFO] [stdout] test agent::client::tests::status_locked_no_identities ... ok
[INFO] [stdout] test config::tests::kex_config_session_registry_default_is_none ... ok
[INFO] [stdout] test config::tests::kex_config_server_id_default_is_none ... ok
[INFO] [stdout] test config::tests::protocol_support_default_uses_build_range ... ok
[INFO] [stdout] test config::tests::kex_config_transport_preference_default_is_udp ... ok
[INFO] [stdout] test agent::protocol::tests::roundtrip_request_remove_all ... ok
[INFO] [stdout] test config::tests::kex_config_send_path_default_is_empty ... ok
[INFO] [stdout] test error::test::clap_or_error_is_help ... ok
[INFO] [stdout] test agent::client::tests::status_propagates_agent_error ... ok
[INFO] [stdout] test config::tests::load_sets_flat_multi_word_field_via_single_underscore_env_var ... ok
[INFO] [stdout] test config::tests::load_leaves_defaults_when_env_unset ... ok
[INFO] [stdout] test agent::protocol::tests::roundtrip_request_lock ... ok
[INFO] [stdout] test config::tracing::tests::file_layer_tracing_config_defaults ... ok
[INFO] [stdout] test config::tracing::tests::file_layer_tracing_config_ext_defaults ... ok
[INFO] [stdout] test config::tracing::tests::layer_defaults_all_false ... ok
[INFO] [stdout] test error::test::clap_or_error_is_other_clap_error ... ok
[INFO] [stdout] test error::test::clap_or_error_is_error ... ok
[INFO] [stdout] test config::tests::load_sets_nested_table_field_via_double_underscore_env_var ... ok
[INFO] [stdout] test config::tests::protocol_support_clamps_configured_min ... ok
[INFO] [stdout] test agent::client::tests::status_unexpected_response_errors ... ok
[INFO] [stdout] test error::test::test_success ... ok
[INFO] [stdout] test frames::frame::tests::test_get_bytes ... ok
[INFO] [stdout] test frames::frame::tests::test_get_bytes_incomplete ... ok
[INFO] [stdout] test frames::encframe::tests::parse_truncated_returns_none ... ok
[INFO] [stdout] test config::tracing::tests::file_layer_level_default_is_info ... FAILED
[INFO] [stdout] test frames::frame::tests::kex_init_display_includes_proto_range ... ok
[INFO] [stdout] test error::test::clap_or_error_is_version ... ok
[INFO] [stdout] test frames::frame::tests::test_get_usize_incomplete ... ok
[INFO] [stdout] test config::tracing::tests::file_layer_is_distinct_from_stdout_layer ... ok
[INFO] [stdout] test frames::frame::tests::test_get_u8_incomplete ... ok
[INFO] [stdout] test frames::frame::tests::test_identity_proof_display ... ok
[INFO] [stdout] test frames::frame::tests::test_identity_proof_round_trips ... ok
[INFO] [stdout] test frames::frame::tests::test_get_usize ... ok
[INFO] [stdout] test frames::frame::tests::test_get_u8 ... ok
[INFO] [stdout] test frames::frame::tests::test_parse ... ok
[INFO] [stdout] test frames::frame::tests::test_parse_error ... ok
[INFO] [stdout] test frames::frame::tests::test_parse_incomplete ... ok
[INFO] [stdout] test frames::frame::tests::test_parse_oversized ... ok
[INFO] [stdout] test kex::negotiate::tests::negotiate_current_stack_succeeds ... ok
[INFO] [stdout] test frames::frame::tests::test_parse_unknown_frame_id_returns_none ... ok
[INFO] [stdout] test kex::negotiate::tests::negotiate_empty_client_list_returns_error ... ok
[INFO] [stdout] test frames::frame::tests::test_transport_preference_display ... ok
[INFO] [stdout] test frames::encframe::tests::frame_id_variants_are_correct ... ok
[INFO] [stdout] test kex::negotiate::tests::negotiate_no_common_aead_returns_error ... ok
[INFO] [stdout] test kex::negotiate::tests::negotiate_preference_ordering_respected ... ok
[INFO] [stdout] test kex::negotiate::tests::negotiate_protocol_version_backward_compatible ... ok
[INFO] [stdout] test kex::negotiate::tests::negotiate_no_common_kex_returns_error ... ok
[INFO] [stdout] test kex::negotiate::tests::negotiate_falls_back_from_ml_kem_to_ecdh ... ok
[INFO] [stdout] test frames::frame::tests::test_kex_init_round_trips ... ok
[INFO] [stdout] test kex::negotiate::tests::local_protocol_support_uses_build_constants ... ok
[INFO] [stdout] test frames::frame::tests::test_transport_preference_round_trips ... ok
[INFO] [stdout] test kex::negotiate::tests::negotiate_picks_first_common_kex ... ok
[INFO] [stdout] test kex::negotiate::tests::negotiate_picks_ml_kem_when_preferred_and_supported ... ok
[INFO] [stdout] test kex::negotiate::tests::negotiate_protocol_version_equal_ranges ... ok
[INFO] [stdout] test kex::negotiate::tests::negotiate_protocol_version_no_overlap_client_too_old ... ok
[INFO] [stdout] test kex::negotiate::tests::negotiate_protocol_version_no_overlap_client_too_new ... ok
[INFO] [stdout] test kex::negotiate::tests::negotiate_protocol_version_picks_min_of_maxes ... ok
[INFO] [stdout] test kex::reader::tests::check_authorized_keys_match ... ok
[INFO] [stdout] test kex::reader::tests::check_authorized_keys_bad_perms ... ok
[INFO] [stdout] test kex::reader::tests::check_authorized_keys_mismatch ... ok
[INFO] [stdout] test kex::negotiate::tests::negotiate_server_preference_order_wins ... ok
[INFO] [stdout] test kex::negotiate::tests::negotiate_sets_placeholder_protocol_version ... ok
[INFO] [stdout] test kex::negotiate::tests::protocol_support_is_ordered_and_hashable ... ok
[INFO] [stdout] test kex::negotiate::tests::supported_algorithms_contains_all_known_algorithms ... ok
[INFO] [stdout] test kex::reader::tests::check_known_hosts_match ... ok
[INFO] [stdout] test kex::reader::tests::check_known_hosts_mismatch ... ok
[INFO] [stdout] test kex::reader::tests::check_known_hosts_tofu_accept ... ok
[INFO] [stdout] test kex::reader::tests::check_known_hosts_tofu_reject ... ok
[INFO] [stdout] test kex::reader::tests::client_kex_incompatible_protocol_version_fails ... ok
[INFO] [stdout] test kex::reader::tests::client_kex_kex_failure_before_kex_init_returns_no_common_algorithm ... ok
[INFO] [stdout] test kex::reader::tests::check_known_hosts_no_tofu ... ok
[INFO] [stdout] test kex::reader::tests::client_kex_server_closes_immediately_returns_error ... ok
[INFO] [stdout] test kex::reader::tests::check_known_hosts_mismatch_replace_reject_keeps_old_key ... ok
[INFO] [stdout] test kex::reader::tests::check_known_hosts_mismatch_replace_accept ... ok
[INFO] [stdout] test kex::reader::tests::client_kex_unexpected_initial_frame_returns_key_not_established ... ok
[INFO] [stdout] test config::tests::kex_config_send_env_default_is_empty ... ok
[INFO] [stdout] test kex::reader::tests::handle_check_invalid_payload_returns_decryption_failed ... ok
[INFO] [stdout] test kex::reader::tests::handle_udp_setup_empty_pool_returns_error ... ok
[INFO] [stdout] test kex::reader::tests::handle_udp_setup_skips_in_use_port ... ok
[INFO] [stdout] test kex::reader::tests::handle_udp_setup_uses_first_available_port ... ok
[INFO] [stdout] test kex::reader::tests::key_fingerprint_from_b64_handles_invalid_input ... ok
[INFO] [stdout] test frames::encframe::tests::parse_wrong_uuid_returns_error ... ok
[INFO] [stdout] test frames::encframe::tests::parse_round_trip_osc52_clipboard ... ok
[INFO] [stdout] test frames::encframe::tests::test_parse_oversized_encframe ... ok
[INFO] [stdout] test frames::encframe::tests::parse_round_trip_window_title ... ok
[INFO] [stdout] test frames::encframe::tests::parse_round_trip_keepalive ... ok
[INFO] [stdout] test kex::reader::tests::handle_check_valid_yoda_payload_succeeds ... ok
[INFO] [stdout] test frames::encframe::tests::parse_round_trip_shutdown ... ok
[INFO] [stdout] test kex::reader::tests::client_kex_server_closes_before_session_token_returns_error ... ok
[INFO] [stdout] test kex::reader::tests::client_kex_wrong_frame_instead_of_session_token_returns_key_not_established ... ok
[INFO] [stdout] test kex::reader::tests::client_kex_happy_path_sends_all_events ... ok
[INFO] [stdout] test kex::reader::tests::resolve_kex_alg_all_known_variants ... ok
[INFO] [stdout] test kex::reader::tests::client_kex_wrong_frame_after_peer_initialize_returns_key_not_established ... ok
[INFO] [stdout] test kex::reader::tests::ml_kem_round_trip_derives_same_session_keys ... ok
[INFO] [stdout] test frames::encframe::tests::parse_round_trip_all_aead_algorithms_separate_key_instances ... ok
[INFO] [stdout] test kex::reader::tests::client_kex_server_closes_after_peer_initialize_returns_error ... ok
[INFO] [stdout] test kex::reader::tests::client_kex_server_closes_before_moshpits_addr_returns_error ... ok
[INFO] [stdout] test kex::reader::tests::ml_kem_rejects_mismatched_or_malformed_inputs ... ok
[INFO] [stdout] test kex::reader::tests::resolve_kex_alg_unknown_returns_error ... ok
[INFO] [stdout] test kex::reader::tests::server_kex_incompatible_protocol_version_fails ... ok
[INFO] [stdout] test kex::tests::build_aead_key_aes256_gcm ... ok
[INFO] [stdout] test kex::reader::tests::resolve_kex_alg_kem_algorithms_succeed ... ok
[INFO] [stdout] test kex::reader::tests::resolve_kex_alg_dh_algorithms_succeed ... ok
[INFO] [stdout] test kex::sender::tests::kex_sender_stops_on_channel_close ... ok
[INFO] [stdout] test kex::reader::tests::resolve_hkdf_alg_all_supported_succeed ... ok
[INFO] [stdout] test kex::tests::build_aead_key_aes128_gcm_siv ... ok
[INFO] [stdout] test kex::sender::tests::kex_sender_relays_frame ... ok
[INFO] [stdout] test kex::tests::build_aead_key_aes256_gcm_siv ... ok
[INFO] [stdout] test kex::reader::tests::resolve_aead_alg_all_supported_succeed ... ok
[INFO] [stdout] test kex::reader::tests::resolve_hmac_key_type_all_supported_succeed ... ok
[INFO] [stdout] test kex::tests::build_aead_key_chacha20_poly1305 ... ok
[INFO] [stdout] test kex::tests::build_aead_key_unknown_returns_err ... ok
[INFO] [stdout] test kex::tests::build_hmac_sha512_produces_key ... ok
[INFO] [stdout] test kex::tests::build_hmac_sha256_produces_key ... ok
[INFO] [stdout] test kex::tests::env_var_matches_empty_patterns ... ok
[INFO] [stdout] test kex::tests::mac_tag_len_sha256_is_32 ... ok
[INFO] [stdout] test keygen::tests::algorithm_strength_rank_ordering ... ok
[INFO] [stdout] test kex::tests::kex_mode_display_formatting ... ok
[INFO] [stdout] test keygen::tests::test_generate_key_pair_client_requires_passphrase ... ok
[INFO] [stdout] test kex::tests::env_var_matches_no_match ... ok
[INFO] [stdout] test kex::tests::env_var_matches_wildcard ... ok
[INFO] [stdout] test kex::tests::kex_state_machine_client_mode_full_sequence ... ok
[INFO] [stdout] test keygen::tests::test_generate_key_pair_p256 ... ok
[INFO] [stdout] test keygen::tests::test_generate_key_pair_unknown_algorithm ... ok
[INFO] [stdout] test kex::tests::kex_default_has_empty_keys_and_nil_uuid ... ok
[INFO] [stdout] test keygen::tests::test_generate_key_pair_p384 ... ok
[INFO] [stdout] test keygen::tests::test_get_val_by_len_rejects_overrunning_length ... ok
[INFO] [stdout] test kex::tests::env_var_matches_exact ... ok
[INFO] [stdout] test kex::tests::mac_tag_len_sha512_is_64 ... ok
[INFO] [stdout] test keygen::tests::test_load_identity_key_enc_no_passphrase ... ok
[INFO] [stdout] test kex::tests::kex_state_machine_client_mode_tcp_transport ... ok
[INFO] [stdout] test kex::tests::kex_state_machine_channel_dropped_returns_invalid_state ... ok
[INFO] [stdout] test kex::tests::kex_state_machine_wrong_event_order_returns_invalid_state ... ok
[INFO] [stdout] test keygen::tests::test_get_val_by_len_rejects_short_length_prefix ... ok
[INFO] [stdout] test keygen::tests::test_generate_key_pair_unencrypted ... ok
[INFO] [stdout] test kex::tests::kex_protocol_version_returns_negotiated ... ok
[INFO] [stdout] test kex::tests::kex_state_machine_no_common_algorithm_returns_error ... ok
[INFO] [stdout] test kex::tests::server_kex_protocol_version_returns_negotiated ... ok
[INFO] [stdout] test kex::tests::kex_state_machine_server_mode_completes_after_uuid ... ok
[INFO] [stdout] test keygen::tests::test_load_identity_key_enc_x25519 ... ok
[INFO] [stdout] test keygen::tests::test_load_identity_key_invalid_header ... ok
[INFO] [stdout] test keygen::tests::test_load_private_key_unenc ... ok
[INFO] [stdout] test keygen::tests::test_validate_identity_key_pair_mismatch ... ok
[INFO] [stdout] test keygen::tests::test_load_identity_key_enc_wrong_passphrase ... ok
[INFO] [stdout] test tcp::reader::tests::decode_data_length_rejects_over_cap ... ok
[INFO] [stdout] test session::tests::new_session_registry_insert_and_lookup ... ok
[INFO] [stdout] test keygen::tests::test_validate_identity_key_pair_unsupported_alg ... ok
[INFO] [stdout] test resolve::test::resolve_addr_literal_returns_single_candidate ... ok
[INFO] [stdout] test tcp::reader::tests::read_data_eof_returns_none ... ok
[INFO] [stdout] test tcp::reader::tests::read_data_round_trips ... ok
[INFO] [stdout] test tcp::reader::tests::read_frame_eof_returns_none ... ok
[INFO] [stdout] test tcp::reader::tests::read_frame_round_trip ... ok
[INFO] [stdout] test keygen::tests::test_load_identity_key_unenc_x25519 ... ok
[INFO] [stdout] test session::tests::new_session_registry_starts_empty ... ok
[INFO] [stdout] test tcp::writer::tests::write_bytes_succeeds ... ok
[INFO] [stdout] test tcp::writer::tests::write_data_round_trips ... ok
[INFO] [stdout] test tcp::writer::tests::write_frame_succeeds ... ok
[INFO] [stdout] test keygen::tests::test_load_private_key_rejects_short_magic_header ... ok
[INFO] [stdout] test resolve::test::resolve_addr_literal_ipv6_returns_single_candidate ... ok
[INFO] [stdout] test tcp_transport::tests::intercept_queries_uses_configured_terminal_colors ... ok
[INFO] [stdout] test tcp_transport::tests::client_frame_loop_shutdown_signals_reconnect ... ok
[INFO] [stdout] test tcp_transport::tests::sender_frame_loop_rewrites_keepalive_timestamp ... ok
[INFO] [stdout] test tcp_transport::tests::intercept_queries_da1_sends_response_to_server ... ok
[INFO] [stdout] test tcp_transport::tests::server_frame_loop_forwards_input_and_resize ... ok
[INFO] [stdout] test tcp_transport::tests::intercept_queries_plain_bytes_pass_through_without_response ... ok
[INFO] [stdout] test tcp_transport::tests::sender_frame_loop_delivers_data_frames_in_order ... ok
[INFO] [stdout] test tcp_transport::tests::server_frame_loop_consumes_keepalive_and_forwards_control ... ok
[INFO] [stdout] test tcp_transport::tests::client_frame_loop_echoes_keepalive ... ok
[INFO] [stdout] test tcp_transport::tests::server_frame_loop_returns_on_eof ... ok
[INFO] [stdout] test tcp_transport::tests::signal_reconnect_or_exit_sends_on_reconnect_tx ... ok
[INFO] [stdout] test tcp::reader::tests::decode_data_length_accepts_up_to_cap ... ok
[INFO] [stdout] test resolve::test::resolve_localhost_hostname_succeeds ... ok
[INFO] [stdout] test term::emulator::tests::emulator_new_initial_size ... ok
[INFO] [stdout] test tcp_transport::tests::client_frame_loop_state_chunk_reassembles_full_state ... ok
[INFO] [stdout] test tcp_transport::tests::client_frame_loop_statesync_diff_acks_and_renders ... ok
[INFO] [stdout] test term::emulator::tests::emulator_debug_format_contains_struct_name ... ok
[INFO] [stdout] test resolve::test::resolve_unresolvable_hostname_fails ... ok
[INFO] [stdout] test term::emulator::tests::emulator_process_bytes_moves_cursor ... ok
[INFO] [stdout] test term::emulator::tests::hvp_rewritten_to_cup ... ok
[INFO] [stdout] test tcp_transport::tests::client_frame_loop_statesync_diff_before_full_state_requests_repaint ... ok
[INFO] [stdout] test term::emulator::tests::emulator_process_normalizes_hvp ... ok
[INFO] [stdout] test keygen::tests::test_load_private_key_enc ... ok
[INFO] [stdout] test keygen::tests::test_generate_key_pair_encrypted_x25519 ... ok
[INFO] [stdout] test tcp_transport::tests::client_frame_loop_pty_exit_sets_message_and_cancels ... ok
[INFO] [stdout] test tcp_transport::tests::client_frame_loop_renders_bytes_to_stdout ... ok
[INFO] [stdout] test term::emulator::tests::cup_left_untouched ... ok
[INFO] [stdout] test term::emulator::tests::marker_prefixed_f_left_untouched ... ok
[INFO] [stdout] test term::emulator::tests::other_terminators_left_untouched ... ok
[INFO] [stdout] test term::emulator::tests::replace_parser_swaps_in_authoritative_state ... ok
[INFO] [stdout] test term::emulator::tests::multi_widget_hvp_placement_does_not_collapse ... ok
[INFO] [stdout] test term::prediction::tests::apply_always_cursor_overlay_present ... ok
[INFO] [stdout] test term::emulator::tests::lone_trailing_escape_carried ... ok
[INFO] [stdout] test term::prediction::tests::enter_does_not_flash_unechoed_password_predictions ... ok
[INFO] [stdout] test term::prediction::tests::cull_confirmed_prediction_removed ... ok
[INFO] [stdout] test term::emulator::tests::set_size_updates_screen_dimensions ... ok
[INFO] [stdout] test term::emulator::tests::overlong_param_list_falls_back_to_passthrough ... ok
[INFO] [stdout] test term::emulator::tests::hvp_with_empty_params_rewritten ... ok
[INFO] [stdout] test term::emulator::tests::hvp_split_across_two_calls ... ok
[INFO] [stdout] test term::prediction::tests::apply_never_returns_empty ... ok
[INFO] [stdout] test term::prediction::tests::is_active_adaptive_starts_inactive ... ok
[INFO] [stdout] test term::prediction::tests::is_active_never_returns_false ... ok
[INFO] [stdout] test term::prediction::tests::new_user_byte_backspace_stores_original_as_string ... ok
[INFO] [stdout] test term::prediction::tests::reset_clears_all_overlays ... ok
[INFO] [stdout] test term::prediction::tests::set_send_interval_above_high_threshold_activates_srtt_trigger ... ok
[INFO] [stdout] test term::renderer::tests::batched_multi_line_scroll_is_detected_in_one_render ... ok
[INFO] [stdout] test term::prediction::tests::set_send_interval_below_low_threshold_deactivates_adaptive ... ok
[INFO] [stdout] test term::renderer::tests::detect_scroll_up_ignores_unchanged_and_blank ... ok
[INFO] [stdout] test term::emulator::tests::plain_text_f_untouched ... ok
[INFO] [stdout] test term::prediction::tests::new_user_byte_esc_marks_unknown ... ok
[INFO] [stdout] test term::prediction::tests::inflight_prediction_survives_same_epoch_confirmation ... ok
[INFO] [stdout] test term::prediction::tests::new_user_byte_printable_stores_original_as_string ... ok
[INFO] [stdout] test term::prediction::tests::apply_always_with_prediction_returns_overlay ... ok
[INFO] [stdout] test term::prediction::tests::is_active_always_returns_true ... ok
[INFO] [stdout] test term::renderer::tests::alt_screen_scroll_does_not_touch_scrollback ... ok
[INFO] [stdout] test term::renderer::tests::apt_fancy_progress_does_not_scroll_local_scrollback ... ok
[INFO] [stdout] test term::prediction::tests::display_preference_default_is_adaptive ... ok
[INFO] [stdout] test term::renderer::tests::paint_overlays_to_ansi_with_cell_contains_escape_sequences ... ok
[INFO] [stdout] test term::renderer::tests::render_culled_prediction_self_heals ... ok
[INFO] [stdout] test term::renderer::tests::detect_scroll_up_recognizes_clean_shift ... ok
[INFO] [stdout] test term::renderer::tests::render_second_call_with_no_change_produces_minimal_output ... ok
[INFO] [stdout] test term::renderer::tests::render_size_change_triggers_full_refresh ... ok
[INFO] [stdout] test term::renderer::tests::render_no_sgr_bleed_after_flagged_overlay ... ok
[INFO] [stdout] test term::renderer::tests::render_with_content_produces_nonempty_output ... ok
[INFO] [stdout] test term::renderer::tests::render_server_update_culls_stale_predictions ... ok
[INFO] [stdout] test term::renderer::tests::render_prediction_update_paints_keystroke_once_confirmed ... ok
[INFO] [stdout] test term::renderer::tests::render_server_update_without_predictions_skips_overlays ... ok
[INFO] [stdout] test term::renderer::tests::render_server_update_paints_emulator_screen ... ok
[INFO] [stdout] test term::renderer::tests::render_emits_alt_screen_enter_on_transition ... ok
[INFO] [stdout] test term::renderer::tests::render_prediction_update_does_not_cull_between_keystrokes ... ok
[INFO] [stdout] test term::renderer::tests::renderer_invalidate_clears_initialized ... ok
[INFO] [stdout] test term::renderer::tests::render_with_overlay_cell_paints_overlay_character ... ok
[INFO] [stdout] test term::renderer::tests::render_emits_alt_screen_exit_on_transition ... ok
[INFO] [stdout] test term::renderer::tests::paint_overlays_to_ansi_empty_returns_empty ... ok
[INFO] [stdout] test term::renderer::tests::renderer_first_render_sets_initialized ... ok
[INFO] [stdout] test tracing::test::init_tracing_works_with_directives ... ok
[INFO] [stdout] test tracing::test::init_tracing_works_with_directives_and_stdout ... ok
[INFO] [stdout] test term::renderer::tests::render_with_cursor_override_positions_cursor_at_override ... ok
[INFO] [stdout] test tracing::test::init_tracing_works ... ok
[INFO] [stdout] test term::renderer::tests::single_linefeed_scroll_is_detected ... ok
[INFO] [stdout] test udp::reader::tests::check_nak_timeouts_multiple_gaps_sends_single_nak ... ok
[INFO] [stdout] test udp::reader::tests::check_nak_timeouts_window_give_up_advances_next_seq ... ok
[INFO] [stdout] test udp::reader::tests::client_frame_loop_nak_deadline_parked_in_datagram_mode ... ok
[INFO] [stdout] test udp::reader::tests::decode_all_capped_rejects_non_zstd_garbage ... ok
[INFO] [stdout] test tracing::test::test_directives ... ok
[INFO] [stdout] test term::renderer::tests::render_with_flagged_overlay_underlines_the_cell ... ok
[INFO] [stdout] test term::renderer::tests::renderer_new_is_not_initialized ... ok
[INFO] [stdout] test term::renderer::tests::set_size_resets_renderer_and_updates_dimensions ... ok
[INFO] [stdout] test udp::reader::tests::handle_arrival_burst_triggers_repaint_request_at_threshold ... ok
[INFO] [stdout] test udp::reader::tests::handle_arrival_nak_routed_to_retransmit_tx ... ok
[INFO] [stdout] test term::renderer::tests::paint_overlays_to_ansi_with_cursor_positions_cursor ... ok
[INFO] [stdout] test udp::reader::tests::decode_all_capped_round_trips_small_payload ... ok
[INFO] [stdout] test udp::reader::tests::handle_arrival_no_duplicate_immediate_nak_for_known_gaps ... ok
[INFO] [stdout] test udp::reader::tests::handle_arrival_new_gap_triggers_immediate_nak ... ok
[INFO] [stdout] test udp::reader::tests::handle_arrival_screen_state_compressed_also_obsoletes_gaps ... ok
[INFO] [stdout] test udp::reader::tests::handle_arrival_screen_state_drains_following_buffered_frames ... ok
[INFO] [stdout] test udp::reader::tests::handle_state_chunk_out_of_order_clears_and_requests_repaint ... ok
[INFO] [stdout] test udp::reader::tests::handle_arrival_sends_immediate_nak_for_new_gaps ... ok
[INFO] [stdout] test udp::reader::tests::handle_arrival_measures_rtt_on_gap_close ... ok
[INFO] [stdout] test udp::reader::tests::handle_state_chunk_single_chunk_completes_assembly ... ok
[INFO] [stdout] test udp::reader::tests::handle_arrival_screen_state_obsoletes_gaps ... ok
[INFO] [stdout] test udp::reader::tests::apply_full_state_statesync_refreshes_ack_bookkeeping ... ok
[INFO] [stdout] test udp::reader::tests::intercept_core_da1_da2_da3 ... ok
[INFO] [stdout] test udp::reader::tests::check_nak_timeouts_give_up_clears_gap_nak_sent_at ... ok
[INFO] [stdout] test udp::reader::tests::drain_given_up_seqs_consecutive_give_ups_with_buffered_frames ... ok
[INFO] [stdout] test udp::reader::tests::intercept_core_dsr_cursor_position ... ok
[INFO] [stdout] test udp::reader::tests::intercept_core_dsr_device_status ... ok
[INFO] [stdout] test udp::reader::tests::intercept_core_normalizes_vt_and_ff ... ok
[INFO] [stdout] test udp::reader::tests::intercept_core_osc_color_query_st_terminated ... ok
[INFO] [stdout] test udp::reader::tests::intercept_core_plain_bytes_fast_path ... ok
[INFO] [stdout] test udp::reader::tests::intercept_core_unknown_osc_passes_through ... ok
[INFO] [stdout] test udp::reader::tests::intercept_core_osc_color_queries_bel_terminated ... ok
[INFO] [stdout] test udp::reader::tests::intercept_queries_csi_da2_sends_response ... ok
[INFO] [stdout] test udp::reader::tests::intercept_core_strips_query_but_keeps_surrounding_text ... ok
[INFO] [stdout] test udp::reader::tests::intercept_core_xtwinops_pixel_sizes ... ok
[INFO] [stdout] test udp::reader::tests::intercept_core_xtversion ... ok
[INFO] [stdout] test udp::reader::tests::intercept_queries_csi_dsr_status_sends_device_ok ... ok
[INFO] [stdout] test udp::reader::tests::intercept_queries_csi_unrecognised_passes_through ... ok
[INFO] [stdout] test udp::reader::tests::intercept_queries_csi_xtversion_sends_identity ... ok
[INFO] [stdout] test term::renderer::tests::native_scroll_pushes_rows_into_local_scrollback ... ok
[INFO] [stdout] test udp::reader::tests::intercept_queries_csi_xtwinops_18_sends_terminal_size ... ok
[INFO] [stdout] test udp::reader::tests::intercept_core_xtwinops_text_area_size ... ok
[INFO] [stdout] test udp::reader::tests::intercept_queries_csi_da1_empty_param_sends_response ... ok
[INFO] [stdout] test udp::reader::tests::intercept_queries_csi_da1_sends_response ... ok
[INFO] [stdout] test udp::reader::tests::intercept_queries_csi_da3_sends_response ... ok
[INFO] [stdout] test udp::reader::tests::intercept_queries_csi_dsr_sends_response_and_strips_from_stdout ... ok
[INFO] [stdout] test udp::reader::tests::intercept_queries_csi_xtwinops_pixel_sizes_return_zeros ... ok
[INFO] [stdout] test udp::reader::tests::intercept_queries_ff_normalized_to_crlf ... ok
[INFO] [stdout] test udp::reader::tests::intercept_queries_multiple_vt_ff ... ok
[INFO] [stdout] test udp::reader::tests::intercept_queries_osc10_fg_color_sends_response ... ok
[INFO] [stdout] test udp::reader::tests::intercept_queries_osc11_bg_color_sends_response ... ok
[INFO] [stdout] test udp::reader::tests::intercept_queries_osc12_cursor_color_sends_response ... ok
[INFO] [stdout] test udp::reader::tests::intercept_queries_osc_st_terminator_recognized ... ok
[INFO] [stdout] test udp::reader::tests::intercept_queries_osc_unrecognised_passes_through ... ok
[INFO] [stdout] test udp::reader::tests::intercept_queries_plain_bytes_passthrough ... ok
[INFO] [stdout] test udp::reader::tests::intercept_queries_unknown_esc_passthrough ... ok
[INFO] [stdout] test udp::reader::tests::intercept_queries_vt_normalized_to_crlf ... ok
[INFO] [stdout] test udp::reader::tests::intercept_queries_empty_passthrough ... ok
[INFO] [stdout] test udp::reader::tests::process_bytes_with_prediction_passthrough_forwards_raw_bytes ... ok
[INFO] [stdout] test udp::reader::tests::process_bytes_with_prediction_rendered_path_emits_rendered_output ... ok
[INFO] [stdout] test udp::reader::tests::process_bytes_with_prediction_resets_osc_started_on_alt_screen_entry ... ok
[INFO] [stdout] test udp::reader::tests::client_frame_loop_parks_nak_deadline_when_no_gaps ... ok
[INFO] [stdout] test udp::reader::tests::handle_arrival_passes_through_osc52_and_window_title_unchanged ... ok
[INFO] [stdout] test udp::reader::tests::process_bytes_with_prediction_scrollback_absorbs_silently ... ok
[INFO] [stdout] test udp::reader::tests::nak_check_interval_default_uses_nak_timeout_quarter ... ok
[INFO] [stdout] test udp::reader::tests::repaint_request_threshold_is_one ... ok
[INFO] [stdout] test udp::reader::tests::route_or_deliver_nak_increments_received_count ... ok
[INFO] [stdout] test udp::reader::tests::process_bytes_with_prediction_clears_in_alt_screen_on_exit ... ok
[INFO] [stdout] test udp::reader::tests::process_bytes_with_prediction_sets_in_alt_screen_on_entry ... ok
[INFO] [stdout] test udp::reader::tests::test_handle_arrival_seq_jump ... ok
[INFO] [stdout] test udp::reader::tests::update_rtt_estimate_ceiling_scales_with_current_nak_timeout ... ok
[INFO] [stdout] test term::renderer::tests::scrolled_off_line_is_retrievable_from_local_scrollback ... ok
[INFO] [stdout] test udp::reader::tests::apply_full_state_datagram_does_not_touch_ack_bookkeeping ... ok
[INFO] [stdout] test udp::reader::tests::update_rtt_estimate_accepts_sample_just_within_ceiling ... ok
[INFO] [stdout] test udp::reader::tests::server_frame_loop_parks_nak_when_no_gaps ... ok
[INFO] [stdout] test udp::reader::tests::apply_full_state_preserves_alt_screen_across_snapshot ... ok
[INFO] [stdout] test udp::reader::tests::apply_full_state_resyncs_emulator_and_returns_repaint ... ok
[INFO] [stdout] test udp::reader::tests::update_rtt_estimate_clamps_outlier_to_ceiling ... ok
[INFO] [stdout] test udp::reader::tests::nak_check_interval_scales_with_nak_timeout ... ok
[INFO] [stdout] test udp::reader::tests::nak_check_interval_clamped_to_min ... ok
[INFO] [stdout] test udp::reader::tests::update_rtt_estimate_clamped_to_max ... ok
[INFO] [stdout] test udp::reader::tests::update_rtt_estimate_low_jitter_path_converges_rto_down ... ok
[INFO] [stdout] test udp::reader::tests::update_rtt_estimate_sample_at_exact_ceiling_is_not_clamped ... ok
[INFO] [stdout] test udp::reader::tests::update_rtt_estimate_second_sample_updates_variance ... ok
[INFO] [stdout] test udp::sender::tests::keepalive_is_restamped_at_send_time ... ok
[INFO] [stdout] test udp::reader::tests::update_rtt_estimate_high_jitter_inflates_rto ... ok
[INFO] [stdout] test udp::reader::tests::update_rtt_estimate_clamped_to_min ... ok
[INFO] [stdout] test udp::reader::tests::update_rtt_estimate_leaves_silence_timeout_none_when_unset ... ok
[INFO] [stdout] test udp::reader::tests::update_rtt_estimate_first_sample_jacobson_karels ... ok
[INFO] [stdout] test utils::test::bare_ipv6_without_brackets_is_rejected ... ok
[INFO] [stdout] test utils::test::bracketed_ipv6_destination_is_parsed ... ok
[INFO] [stdout] test udp::reader::tests::decode_all_capped_allows_exactly_cap ... ok
[INFO] [stdout] test utils::test::bad_server_destination_is_err ... ok
[INFO] [stdout] test utils::test::hostname_destination_is_parsed ... ok
[INFO] [stdout] test udp::sender::tests::sender_adopts_roamed_peer_addr ... ok
[INFO] [stdout] test udp::reader::tests::decode_all_capped_rejects_over_cap_bomb ... ok
[INFO] [stdout] test utils::test::invalid_hostname_is_rejected ... ok
[INFO] [stdout] test utils::test::port_out_of_range_is_rejected ... ok
[INFO] [stdout] test utils::test::leading_zero_ipv4_octet_is_rejected ... ok
[INFO] [stdout] test utils::test::out_of_range_ipv4_octet_is_rejected ... ok
[INFO] [stdout] test utils::test::server_destination_is_parsed ... ok
[INFO] [stdout] test udp::reader::tests::update_rtt_estimate_nat_death_spiral_self_heals ... ok
[INFO] [stdout] test utils::test::malformed_bracket_ipv6_is_rejected ... ok
[INFO] [stdout] test uuid::tests::uuid_wrapper_bincode_round_trip ... ok
[INFO] [stdout] test uuid::tests::uuid_wrapper_display_matches_hyphenated ... ok
[INFO] [stdout] test utils::test::test_to_path_buf ... ok
[INFO] [stdout] test uuid::tests::uuid_wrapper_decode_non_ascii_errors_without_panic ... ok
[INFO] [stdout] test udp::sender::tests::retransmit_deadline_fires_after_nak_request ... ok
[INFO] [stdout] test udp::reader::tests::update_rtt_estimate_updates_silence_timeout_when_set ... ok
[INFO] [stdout] test uuid::tests::uuid_wrapper_from_uuid ... ok
[INFO] [stdout] test udp::sender::tests::control_channel_close_does_not_break_loop ... ok
[INFO] [stdout] test udp::reader::tests::prop_in_order_delivery ... ok
[INFO] [stdout] test udp::reader::tests::prop_replay_rejected ... ok
[INFO] [stdout] test udp::reader::tests::prop_seq_jump_rejected ... ok
[INFO] [stdout] test udp::reader::tests::prop_recv_buffer_bounded ... ok
[INFO] [stdout] test udp::reader::tests::prop_single_gap_reorder ... ok
[INFO] [stdout] 
[INFO] [stdout] failures:
[INFO] [stdout] 
[INFO] [stdout] ---- config::tracing::tests::file_layer_level_default_is_info stdout ----
[INFO] [stdout] 
[INFO] [stdout] thread 'config::tracing::tests::file_layer_level_default_is_info' (4922) panicked at src/config/tracing.rs:151:9:
[INFO] [stdout] assertion `left == right` failed
[INFO] [stdout]   left: Level(Error)
[INFO] [stdout]  right: Level(Info)
[INFO] [stdout] stack backtrace:
[INFO] [stdout]    0:     0x5f9ccf447a21 - <<std[617be2ca0a6fd877]::sys::backtrace::BacktraceLock>::print::DisplayBacktrace as core[a373ad73a504971]::fmt::Display>::fmt
[INFO] [stdout]    1:     0x5f9ccf461c4a - core[a373ad73a504971]::fmt::write
[INFO] [stdout]    2:     0x5f9ccf44d38c - <alloc[2e1b2a31b91974c5]::vec::Vec<u8> as core[a373ad73a504971]::io::write::Write>::write_fmt
[INFO] [stdout]    3:     0x5f9ccf41f046 - std[617be2ca0a6fd877]::panicking::default_hook::{closure#0}
[INFO] [stdout]    4:     0x5f9ccf43e1c9 - std[617be2ca0a6fd877]::panicking::default_hook
[INFO] [stdout]    5:     0x5f9ccef59440 - test[aada8e7e76ba119b]::test_main_inner::{closure#0}
[INFO] [stdout]    6:     0x5f9ccf43e4f2 - std[617be2ca0a6fd877]::panicking::panic_with_hook
[INFO] [stdout]    7:     0x5f9ccf41f0f2 - std[617be2ca0a6fd877]::panicking::panic_handler::{closure#0}
[INFO] [stdout]    8:     0x5f9ccf417259 - std[617be2ca0a6fd877]::sys::backtrace::__rust_end_short_backtrace::<std[617be2ca0a6fd877]::panicking::panic_handler::{closure#0}, !>
[INFO] [stdout]    9:     0x5f9ccf42030d - __rustc[ea4f61d10b84890b]::rust_begin_unwind
[INFO] [stdout]   10:     0x5f9ccf46246c - core[a373ad73a504971]::panicking::panic_fmt
[INFO] [stdout]   11:     0x5f9ccf462383 - core[a373ad73a504971]::panicking::assert_failed_inner
[INFO] [stdout]   12:     0x5f9ccede15dc - core[a373ad73a504971]::panicking::assert_failed::<tracing_core[cb62e674a0210bf4]::metadata::Level, tracing_core[cb62e674a0210bf4]::metadata::Level>
[INFO] [stdout]   13:     0x5f9ccee658d3 - libmoshpit[5f0c64e0b6c3b11c]::config::tracing::tests::file_layer_level_default_is_info
[INFO] [stdout]   14:     0x5f9ccee6e5d6 - <libmoshpit[5f0c64e0b6c3b11c]::config::tracing::tests::file_layer_level_default_is_info::{closure#0} as core[a373ad73a504971]::ops::function::FnOnce<()>>::call_once
[INFO] [stdout]   15:     0x5f9ccef4c88b - test[aada8e7e76ba119b]::__rust_begin_short_backtrace::<core[a373ad73a504971]::result::Result<(), alloc[2e1b2a31b91974c5]::string::String>, fn() -> core[a373ad73a504971]::result::Result<(), alloc[2e1b2a31b91974c5]::string::String>>
[INFO] [stdout]   16:     0x5f9ccef59a65 - test[aada8e7e76ba119b]::run_test::{closure#0}
[INFO] [stdout]   17:     0x5f9ccef53354 - std[617be2ca0a6fd877]::sys::backtrace::__rust_begin_short_backtrace::<test[aada8e7e76ba119b]::run_test::{closure#1}, ()>
[INFO] [stdout]   18:     0x5f9ccef5caf2 - <std[617be2ca0a6fd877]::thread::lifecycle::spawn_unchecked<test[aada8e7e76ba119b]::run_test::{closure#1}, ()>::{closure#1} as core[a373ad73a504971]::ops::function::FnOnce<()>>::call_once::{shim:vtable#0}
[INFO] [stdout]   19:     0x5f9ccf44656f - <std[617be2ca0a6fd877]::sys::thread::unix::Thread>::new::thread_start
[INFO] [stdout]   20:     0x7428d4319dfa - <unknown>
[INFO] [stdout]   21:     0x7428d43ad3d4 - clone
[INFO] [stdout]   22:                0x0 - <unknown>
[INFO] [stdout] 
[INFO] [stdout] 
[INFO] [stdout] failures:
[INFO] [stdout]     config::tracing::tests::file_layer_level_default_is_info
[INFO] [stdout] 
[INFO] [stdout] test result: FAILED. 364 passed; 1 failed; 0 ignored; 0 measured; 0 filtered out; finished in 5.54s
[INFO] [stdout] 
[INFO] [stderr] error: test failed, to rerun pass `--lib`
[INFO] running `Command { std: "docker" "inspect" "99d8073edb60da137014d283f969ea95447265605b2828b3f474b49f1f3ce98c", kill_on_drop: false }`
[INFO] running `Command { std: "docker" "rm" "-f" "99d8073edb60da137014d283f969ea95447265605b2828b3f474b49f1f3ce98c", kill_on_drop: false }`
[INFO] [stdout] 99d8073edb60da137014d283f969ea95447265605b2828b3f474b49f1f3ce98c
