[INFO] fetching crate libkv 0.1.0...
[INFO] testing libkv-0.1.0 against 1.100.0-beta.1+cargoflags=--release for beta-release-1.100-2
[INFO] extracting crate libkv 0.1.0 into /workspace/builds/worker-4-tc2/source
[INFO] started tweaking crates.io crate libkv 0.1.0
[INFO] finished tweaking crates.io crate libkv 0.1.0
[INFO] tweaked toml for crates.io crate libkv 0.1.0 written to /workspace/builds/worker-4-tc2/source/Cargo.toml
[INFO] validating manifest of crates.io crate libkv 0.1.0 on toolchain 1.100.0-beta.1
[INFO] running `Command { std: CARGO_HOME="/workspace/cargo-home" RUSTUP_HOME="/workspace/rustup-home" "/workspace/cargo-home/bin/cargo" "+1.100.0-beta.1" "metadata" "--manifest-path" "Cargo.toml" "--no-deps", kill_on_drop: false }`
[INFO] running `Command { std: CARGO_HOME="/workspace/cargo-home" RUSTUP_HOME="/workspace/rustup-home" "/workspace/cargo-home/bin/cargo" "+1.100.0-beta.1" "generate-lockfile" "--manifest-path" "Cargo.toml", kill_on_drop: false }`
[INFO] [stderr]     Updating crates.io index
[INFO] [stderr]      Locking 13 packages to highest compatible versions
[INFO] [stderr]       Adding thiserror v1.0.69 (available: v2.0.21)
[INFO] running `Command { std: CARGO_HOME="/workspace/cargo-home" RUSTUP_HOME="/workspace/rustup-home" "/workspace/cargo-home/bin/cargo" "+1.100.0-beta.1" "fetch" "--manifest-path" "Cargo.toml", kill_on_drop: false }`
[INFO] running `Command { std: "docker" "create" "-v" "/var/lib/crater-agent-workspace/builds/worker-4-tc2/source:/opt/rustwide/workdir:ro,Z" "-v" "/var/lib/crater-agent-workspace/builds/worker-4-tc2/target:/opt/rustwide/target:rw,Z" "-v" "/var/lib/crater-agent-workspace/cargo-home:/opt/rustwide/cargo-home:ro,Z" "-v" "/var/lib/crater-agent-workspace/rustup-home:/opt/rustwide/rustup-home:ro,Z" "-m" "1610612736" "--network" "none" "ghcr.io/rust-lang/crates-build-env/linux@sha256:77db811e55d90add9212f6832c23229e3de5f1c1f9905e8cb07319ea15df73ac" "sleep" "infinity", kill_on_drop: false }`
[INFO] [stdout] 6e7167926b4fdbc265b6cb13c108197925637660b50d512a0db5a4126340c480
[INFO] running `Command { std: "docker" "start" "6e7167926b4fdbc265b6cb13c108197925637660b50d512a0db5a4126340c480", kill_on_drop: false }`
[INFO] running `Command { std: "docker" "inspect" "6e7167926b4fdbc265b6cb13c108197925637660b50d512a0db5a4126340c480", kill_on_drop: false }`
[INFO] running `Command { std: "docker" "exec" "-e" "SOURCE_DIR=/opt/rustwide/workdir" "-e" "CARGO_HOME=/opt/rustwide/cargo-home" "-e" "RUSTUP_HOME=/opt/rustwide/rustup-home" "-e" "CARGO_TARGET_DIR=/opt/rustwide/target" "-w" "/opt/rustwide/workdir" "--user" "0:0" "6e7167926b4fdbc265b6cb13c108197925637660b50d512a0db5a4126340c480" "/opt/rustwide/cargo-home/bin/cargo" "+1.100.0-beta.1" "metadata" "--no-deps" "--format-version=1", kill_on_drop: false }`
[INFO] running `Command { std: "docker" "inspect" "6e7167926b4fdbc265b6cb13c108197925637660b50d512a0db5a4126340c480", kill_on_drop: false }`
[INFO] running `Command { std: "docker" "exec" "-e" "SOURCE_DIR=/opt/rustwide/workdir" "-e" "CARGO_HOME=/opt/rustwide/cargo-home" "-e" "RUSTUP_HOME=/opt/rustwide/rustup-home" "-e" "CARGO_TARGET_DIR=/opt/rustwide/target" "-e" "CARGO_INCREMENTAL=0" "-e" "RUST_BACKTRACE=full" "-e" "RUSTFLAGS=--cap-lints=warn" "-e" "RUSTDOCFLAGS=--cap-lints=warn" "-w" "/opt/rustwide/workdir" "--user" "0:0" "6e7167926b4fdbc265b6cb13c108197925637660b50d512a0db5a4126340c480" "/opt/rustwide/cargo-home/bin/cargo" "+1.100.0-beta.1" "build" "--frozen" "--message-format=json" "--release", kill_on_drop: false }`
[INFO] [stderr]    Compiling syn v2.0.119
[INFO] [stderr]    Compiling thiserror-impl v1.0.69
[INFO] [stderr]    Compiling thiserror v1.0.69
[INFO] [stderr]    Compiling libkv v0.1.0 (/opt/rustwide/workdir)
[INFO] [stdout] warning: hiding a lifetime that's elided elsewhere is confusing
[INFO] [stdout]   --> src/storage.rs:34:9
[INFO] [stdout]    |
[INFO] [stdout] 34 |         &self,
[INFO] [stdout]    |         ^^^^^ the lifetime is elided here
[INFO] [stdout] ...
[INFO] [stdout] 38 |     ) -> Result<Iter<Vec<u8>>, KeySerializeError>;
[INFO] [stdout]    |                 ^^^^^^^^^^^^^ the same lifetime is hidden here
[INFO] [stdout]    |
[INFO] [stdout]    = help: the same lifetime is referred to in inconsistent ways, making the signature confusing
[INFO] [stdout]    = note: `#[warn(mismatched_lifetime_syntaxes)]` on by default
[INFO] [stdout] help: use `'_` for type paths
[INFO] [stdout]    |
[INFO] [stdout] 38 |     ) -> Result<Iter<'_, Vec<u8>>, KeySerializeError>;
[INFO] [stdout]    |                      +++
[INFO] [stdout] 
[INFO] [stdout] 
[INFO] [stdout] warning: hiding a lifetime that's elided elsewhere is confusing
[INFO] [stdout]   --> src/storage.rs:42:9
[INFO] [stdout]    |
[INFO] [stdout] 42 |         &self,
[INFO] [stdout]    |         ^^^^^ the lifetime is elided here
[INFO] [stdout] ...
[INFO] [stdout] 46 |     ) -> Result<Iter<(Vec<u8>, Vec<u8>)>, KeySerializeError>;
[INFO] [stdout]    |                 ^^^^^^^^^^^^^^^^^^^^^^^^ the same lifetime is hidden here
[INFO] [stdout]    |
[INFO] [stdout]    = help: the same lifetime is referred to in inconsistent ways, making the signature confusing
[INFO] [stdout] help: use `'_` for type paths
[INFO] [stdout]    |
[INFO] [stdout] 46 |     ) -> Result<Iter<'_, (Vec<u8>, Vec<u8>)>, KeySerializeError>;
[INFO] [stdout]    |                      +++
[INFO] [stdout] 
[INFO] [stdout] 
[INFO] [stdout] warning: hiding a lifetime that's elided elsewhere is confusing
[INFO] [stdout]    --> src/storage.rs:117:9
[INFO] [stdout]     |
[INFO] [stdout] 117 |         &self,
[INFO] [stdout]     |         ^^^^^ the lifetime is elided here
[INFO] [stdout] ...
[INFO] [stdout] 121 |     ) -> Result<Iter<Vec<u8>>, KeySerializeError> {
[INFO] [stdout]     |                 ^^^^^^^^^^^^^ the same lifetime is hidden here
[INFO] [stdout]     |
[INFO] [stdout]     = help: the same lifetime is referred to in inconsistent ways, making the signature confusing
[INFO] [stdout] help: use `'_` for type paths
[INFO] [stdout]     |
[INFO] [stdout] 121 |     ) -> Result<Iter<'_, Vec<u8>>, KeySerializeError> {
[INFO] [stdout]     |                      +++
[INFO] [stdout] 
[INFO] [stdout] 
[INFO] [stdout] warning: hiding a lifetime that's elided elsewhere is confusing
[INFO] [stdout]    --> src/storage.rs:138:9
[INFO] [stdout]     |
[INFO] [stdout] 138 |         &self,
[INFO] [stdout]     |         ^^^^^ the lifetime is elided here
[INFO] [stdout] ...
[INFO] [stdout] 142 |     ) -> Result<Iter<(Vec<u8>, Vec<u8>)>, KeySerializeError> {
[INFO] [stdout]     |                 ^^^^^^^^^^^^^^^^^^^^^^^^ the same lifetime is hidden here
[INFO] [stdout]     |
[INFO] [stdout]     = help: the same lifetime is referred to in inconsistent ways, making the signature confusing
[INFO] [stdout] help: use `'_` for type paths
[INFO] [stdout]     |
[INFO] [stdout] 142 |     ) -> Result<Iter<'_, (Vec<u8>, Vec<u8>)>, KeySerializeError> {
[INFO] [stdout]     |                      +++
[INFO] [stdout] 
[INFO] [stdout] 
[INFO] [stderr]     Finished `release` profile [optimized] target(s) in 4.61s
[INFO] running `Command { std: "docker" "inspect" "6e7167926b4fdbc265b6cb13c108197925637660b50d512a0db5a4126340c480", kill_on_drop: false }`
[INFO] running `Command { std: "docker" "exec" "-e" "SOURCE_DIR=/opt/rustwide/workdir" "-e" "CARGO_HOME=/opt/rustwide/cargo-home" "-e" "RUSTUP_HOME=/opt/rustwide/rustup-home" "-e" "CARGO_TARGET_DIR=/opt/rustwide/target" "-e" "CARGO_INCREMENTAL=0" "-e" "RUST_BACKTRACE=full" "-e" "RUSTFLAGS=--cap-lints=warn" "-e" "RUSTDOCFLAGS=--cap-lints=warn" "-w" "/opt/rustwide/workdir" "--user" "0:0" "6e7167926b4fdbc265b6cb13c108197925637660b50d512a0db5a4126340c480" "/opt/rustwide/cargo-home/bin/cargo" "+1.100.0-beta.1" "test" "--frozen" "--no-run" "--message-format=json" "--release", kill_on_drop: false }`
[INFO] [stdout] warning: hiding a lifetime that's elided elsewhere is confusing
[INFO] [stdout]   --> src/storage.rs:34:9
[INFO] [stdout]    |
[INFO] [stdout] 34 |         &self,
[INFO] [stdout]    |         ^^^^^ the lifetime is elided here
[INFO] [stdout] ...
[INFO] [stdout] 38 |     ) -> Result<Iter<Vec<u8>>, KeySerializeError>;
[INFO] [stdout]    |                 ^^^^^^^^^^^^^ the same lifetime is hidden here
[INFO] [stdout]    |
[INFO] [stdout]    = help: the same lifetime is referred to in inconsistent ways, making the signature confusing
[INFO] [stdout]    = note: `#[warn(mismatched_lifetime_syntaxes)]` on by default
[INFO] [stdout] help: use `'_` for type paths
[INFO] [stdout]    |
[INFO] [stdout] 38 |     ) -> Result<Iter<'_, Vec<u8>>, KeySerializeError>;
[INFO] [stdout]    |                      +++
[INFO] [stdout] 
[INFO] [stdout] 
[INFO] [stdout] warning: hiding a lifetime that's elided elsewhere is confusing
[INFO] [stdout]   --> src/storage.rs:42:9
[INFO] [stdout]    |
[INFO] [stdout] 42 |         &self,
[INFO] [stdout]    |         ^^^^^ the lifetime is elided here
[INFO] [stdout] ...
[INFO] [stdout] 46 |     ) -> Result<Iter<(Vec<u8>, Vec<u8>)>, KeySerializeError>;
[INFO] [stdout]    |                 ^^^^^^^^^^^^^^^^^^^^^^^^ the same lifetime is hidden here
[INFO] [stdout]    |
[INFO] [stdout]    = help: the same lifetime is referred to in inconsistent ways, making the signature confusing
[INFO] [stdout] help: use `'_` for type paths
[INFO] [stdout]    |
[INFO] [stdout] 46 |     ) -> Result<Iter<'_, (Vec<u8>, Vec<u8>)>, KeySerializeError>;
[INFO] [stdout]    |                      +++
[INFO] [stdout] 
[INFO] [stdout] 
[INFO] [stdout] warning: hiding a lifetime that's elided elsewhere is confusing
[INFO] [stdout]    --> src/storage.rs:117:9
[INFO] [stdout]     |
[INFO] [stdout] 117 |         &self,
[INFO] [stdout]     |         ^^^^^ the lifetime is elided here
[INFO] [stdout] ...
[INFO] [stdout] 121 |     ) -> Result<Iter<Vec<u8>>, KeySerializeError> {
[INFO] [stdout]     |                 ^^^^^^^^^^^^^ the same lifetime is hidden here
[INFO] [stdout]     |
[INFO] [stdout]     = help: the same lifetime is referred to in inconsistent ways, making the signature confusing
[INFO] [stdout] help: use `'_` for type paths
[INFO] [stdout]     |
[INFO] [stdout] 121 |     ) -> Result<Iter<'_, Vec<u8>>, KeySerializeError> {
[INFO] [stdout]     |                      +++
[INFO] [stdout] 
[INFO] [stdout] 
[INFO] [stdout] warning: hiding a lifetime that's elided elsewhere is confusing
[INFO] [stdout]    --> src/storage.rs:138:9
[INFO] [stdout]     |
[INFO] [stdout] 138 |         &self,
[INFO] [stdout]     |         ^^^^^ the lifetime is elided here
[INFO] [stdout] ...
[INFO] [stdout] 142 |     ) -> Result<Iter<(Vec<u8>, Vec<u8>)>, KeySerializeError> {
[INFO] [stdout]     |                 ^^^^^^^^^^^^^^^^^^^^^^^^ the same lifetime is hidden here
[INFO] [stdout]     |
[INFO] [stdout]     = help: the same lifetime is referred to in inconsistent ways, making the signature confusing
[INFO] [stdout] help: use `'_` for type paths
[INFO] [stdout]     |
[INFO] [stdout] 142 |     ) -> Result<Iter<'_, (Vec<u8>, Vec<u8>)>, KeySerializeError> {
[INFO] [stdout]     |                      +++
[INFO] [stdout] 
[INFO] [stdout] 
[INFO] [stderr]    Compiling libkv v0.1.0 (/opt/rustwide/workdir)
[INFO] [stdout] warning: hiding a lifetime that's elided elsewhere is confusing
[INFO] [stdout]   --> src/storage.rs:34:9
[INFO] [stdout]    |
[INFO] [stdout] 34 |         &self,
[INFO] [stdout]    |         ^^^^^ the lifetime is elided here
[INFO] [stdout] ...
[INFO] [stdout] 38 |     ) -> Result<Iter<Vec<u8>>, KeySerializeError>;
[INFO] [stdout]    |                 ^^^^^^^^^^^^^ the same lifetime is hidden here
[INFO] [stdout]    |
[INFO] [stdout]    = help: the same lifetime is referred to in inconsistent ways, making the signature confusing
[INFO] [stdout]    = note: `#[warn(mismatched_lifetime_syntaxes)]` on by default
[INFO] [stdout] help: use `'_` for type paths
[INFO] [stdout]    |
[INFO] [stdout] 38 |     ) -> Result<Iter<'_, Vec<u8>>, KeySerializeError>;
[INFO] [stdout]    |                      +++
[INFO] [stdout] 
[INFO] [stdout] 
[INFO] [stdout] warning: hiding a lifetime that's elided elsewhere is confusing
[INFO] [stdout]   --> src/storage.rs:42:9
[INFO] [stdout]    |
[INFO] [stdout] 42 |         &self,
[INFO] [stdout]    |         ^^^^^ the lifetime is elided here
[INFO] [stdout] ...
[INFO] [stdout] 46 |     ) -> Result<Iter<(Vec<u8>, Vec<u8>)>, KeySerializeError>;
[INFO] [stdout]    |                 ^^^^^^^^^^^^^^^^^^^^^^^^ the same lifetime is hidden here
[INFO] [stdout]    |
[INFO] [stdout]    = help: the same lifetime is referred to in inconsistent ways, making the signature confusing
[INFO] [stdout] help: use `'_` for type paths
[INFO] [stdout]    |
[INFO] [stdout] 46 |     ) -> Result<Iter<'_, (Vec<u8>, Vec<u8>)>, KeySerializeError>;
[INFO] [stdout]    |                      +++
[INFO] [stdout] 
[INFO] [stdout] 
[INFO] [stdout] warning: hiding a lifetime that's elided elsewhere is confusing
[INFO] [stdout]    --> src/storage.rs:117:9
[INFO] [stdout]     |
[INFO] [stdout] 117 |         &self,
[INFO] [stdout]     |         ^^^^^ the lifetime is elided here
[INFO] [stdout] ...
[INFO] [stdout] 121 |     ) -> Result<Iter<Vec<u8>>, KeySerializeError> {
[INFO] [stdout]     |                 ^^^^^^^^^^^^^ the same lifetime is hidden here
[INFO] [stdout]     |
[INFO] [stdout]     = help: the same lifetime is referred to in inconsistent ways, making the signature confusing
[INFO] [stdout] help: use `'_` for type paths
[INFO] [stdout]     |
[INFO] [stdout] 121 |     ) -> Result<Iter<'_, Vec<u8>>, KeySerializeError> {
[INFO] [stdout]     |                      +++
[INFO] [stdout] 
[INFO] [stdout] 
[INFO] [stdout] warning: hiding a lifetime that's elided elsewhere is confusing
[INFO] [stdout]    --> src/storage.rs:138:9
[INFO] [stdout]     |
[INFO] [stdout] 138 |         &self,
[INFO] [stdout]     |         ^^^^^ the lifetime is elided here
[INFO] [stdout] ...
[INFO] [stdout] 142 |     ) -> Result<Iter<(Vec<u8>, Vec<u8>)>, KeySerializeError> {
[INFO] [stdout]     |                 ^^^^^^^^^^^^^^^^^^^^^^^^ the same lifetime is hidden here
[INFO] [stdout]     |
[INFO] [stdout]     = help: the same lifetime is referred to in inconsistent ways, making the signature confusing
[INFO] [stdout] help: use `'_` for type paths
[INFO] [stdout]     |
[INFO] [stdout] 142 |     ) -> Result<Iter<'_, (Vec<u8>, Vec<u8>)>, KeySerializeError> {
[INFO] [stdout]     |                      +++
[INFO] [stdout] 
[INFO] [stdout] 
[INFO] [stderr]     Finished `release` profile [optimized] target(s) in 2.51s
[INFO] running `Command { std: "docker" "inspect" "6e7167926b4fdbc265b6cb13c108197925637660b50d512a0db5a4126340c480", kill_on_drop: false }`
[INFO] running `Command { std: "docker" "exec" "-e" "SOURCE_DIR=/opt/rustwide/workdir" "-e" "CARGO_HOME=/opt/rustwide/cargo-home" "-e" "RUSTUP_HOME=/opt/rustwide/rustup-home" "-e" "CARGO_TARGET_DIR=/opt/rustwide/target" "-e" "CARGO_INCREMENTAL=0" "-e" "RUST_BACKTRACE=full" "-e" "RUSTFLAGS=--cap-lints=warn" "-e" "RUSTDOCFLAGS=--cap-lints=warn" "-w" "/opt/rustwide/workdir" "--user" "0:0" "6e7167926b4fdbc265b6cb13c108197925637660b50d512a0db5a4126340c480" "/opt/rustwide/cargo-home/bin/cargo" "+1.100.0-beta.1" "test" "--frozen" "--release", kill_on_drop: false }`
[INFO] [stderr] warning: hiding a lifetime that's elided elsewhere is confusing
[INFO] [stderr]   --> src/storage.rs:34:9
[INFO] [stderr]    |
[INFO] [stderr] 34 |         &self,
[INFO] [stderr]    |         ^^^^^ the lifetime is elided here
[INFO] [stderr] ...
[INFO] [stderr] 38 |     ) -> Result<Iter<Vec<u8>>, KeySerializeError>;
[INFO] [stderr]    |                 ^^^^^^^^^^^^^ the same lifetime is hidden here
[INFO] [stderr]    |
[INFO] [stderr]    = help: the same lifetime is referred to in inconsistent ways, making the signature confusing
[INFO] [stderr]    = note: `#[warn(mismatched_lifetime_syntaxes)]` on by default
[INFO] [stderr] help: use `'_` for type paths
[INFO] [stderr]    |
[INFO] [stderr] 38 |     ) -> Result<Iter<'_, Vec<u8>>, KeySerializeError>;
[INFO] [stderr]    |                      +++
[INFO] [stderr] 
[INFO] [stderr] warning: hiding a lifetime that's elided elsewhere is confusing
[INFO] [stderr]   --> src/storage.rs:42:9
[INFO] [stderr]    |
[INFO] [stderr] 42 |         &self,
[INFO] [stderr]    |         ^^^^^ the lifetime is elided here
[INFO] [stderr] ...
[INFO] [stderr] 46 |     ) -> Result<Iter<(Vec<u8>, Vec<u8>)>, KeySerializeError>;
[INFO] [stderr]    |                 ^^^^^^^^^^^^^^^^^^^^^^^^ the same lifetime is hidden here
[INFO] [stderr]    |
[INFO] [stderr]    = help: the same lifetime is referred to in inconsistent ways, making the signature confusing
[INFO] [stderr] help: use `'_` for type paths
[INFO] [stderr]    |
[INFO] [stderr] 46 |     ) -> Result<Iter<'_, (Vec<u8>, Vec<u8>)>, KeySerializeError>;
[INFO] [stderr]    |                      +++
[INFO] [stderr] 
[INFO] [stderr] warning: hiding a lifetime that's elided elsewhere is confusing
[INFO] [stderr]    --> src/storage.rs:117:9
[INFO] [stderr]     |
[INFO] [stderr] 117 |         &self,
[INFO] [stderr]     |         ^^^^^ the lifetime is elided here
[INFO] [stderr] ...
[INFO] [stderr] 121 |     ) -> Result<Iter<Vec<u8>>, KeySerializeError> {
[INFO] [stderr]     |                 ^^^^^^^^^^^^^ the same lifetime is hidden here
[INFO] [stderr]     |
[INFO] [stderr]     = help: the same lifetime is referred to in inconsistent ways, making the signature confusing
[INFO] [stderr] help: use `'_` for type paths
[INFO] [stderr]     |
[INFO] [stderr] 121 |     ) -> Result<Iter<'_, Vec<u8>>, KeySerializeError> {
[INFO] [stderr]     |                      +++
[INFO] [stderr] 
[INFO] [stderr] warning: hiding a lifetime that's elided elsewhere is confusing
[INFO] [stderr]    --> src/storage.rs:138:9
[INFO] [stderr]     |
[INFO] [stderr] 138 |         &self,
[INFO] [stderr]     |         ^^^^^ the lifetime is elided here
[INFO] [stderr] ...
[INFO] [stderr] 142 |     ) -> Result<Iter<(Vec<u8>, Vec<u8>)>, KeySerializeError> {
[INFO] [stderr]     |                 ^^^^^^^^^^^^^^^^^^^^^^^^ the same lifetime is hidden here
[INFO] [stderr]     |
[INFO] [stderr]     = help: the same lifetime is referred to in inconsistent ways, making the signature confusing
[INFO] [stderr] help: use `'_` for type paths
[INFO] [stderr]     |
[INFO] [stderr] 142 |     ) -> Result<Iter<'_, (Vec<u8>, Vec<u8>)>, KeySerializeError> {
[INFO] [stderr]     |                      +++
[INFO] [stderr] 
[INFO] [stderr] warning: `libkv` (lib) generated 4 warnings (run `cargo fix --lib -p libkv` to apply 4 suggestions)
[INFO] [stderr] warning: `libkv` (lib test) generated 4 warnings (4 duplicates)
[INFO] [stderr]     Finished `release` profile [optimized] target(s) in 0.04s
[INFO] [stderr]      Running unittests src/lib.rs (/opt/rustwide/target/release/build/libkv/5c2d74953e733397/out/libkv-5c2d74953e733397)
[INFO] [stdout] 
[INFO] [stdout] running 6 tests
[INFO] [stdout] test structures::vector::test::test_vector ... FAILED
[INFO] [stdout] test structures::queue::tests::test_priority_queue ... ok
[INFO] [stdout] test key_serialization::test::test_keyserde ... ok
[INFO] [stdout] test structures::item::test::test_item ... ok
[INFO] [stdout] test structures::map::test::test_map_iter ... ok
[INFO] [stdout] test structures::map::test::test_map ... ok
[INFO] [stdout] 
[INFO] [stdout] failures:
[INFO] [stdout] 
[INFO] [stdout] ---- structures::vector::test::test_vector stdout ----
[INFO] [stdout] 
[INFO] [stdout] thread 'structures::vector::test::test_vector' (213) panicked at src/structures/vector.rs:115:9:
[INFO] [stdout] assertion `left == right` failed
[INFO] [stdout]   left: Ok(0)
[INFO] [stdout]  right: Ok(1)
[INFO] [stdout] stack backtrace:
[INFO] [stdout]    0:     0x55b3b0396351 - <<std[617be2ca0a6fd877]::sys::backtrace::BacktraceLock>::print::DisplayBacktrace as core[a373ad73a504971]::fmt::Display>::fmt
[INFO] [stdout]    1:     0x55b3b03aa7fa - core[a373ad73a504971]::fmt::write
[INFO] [stdout]    2:     0x55b3b039a56c - <alloc[2e1b2a31b91974c5]::vec::Vec<u8> as core[a373ad73a504971]::io::write::Write>::write_fmt
[INFO] [stdout]    3:     0x55b3b03727b6 - std[617be2ca0a6fd877]::panicking::default_hook::{closure#0}
[INFO] [stdout]    4:     0x55b3b038e9e9 - std[617be2ca0a6fd877]::panicking::default_hook
[INFO] [stdout]    5:     0x55b3b032b090 - test[aada8e7e76ba119b]::test_main_inner::{closure#0}
[INFO] [stdout]    6:     0x55b3b038eba2 - std[617be2ca0a6fd877]::panicking::panic_with_hook
[INFO] [stdout]    7:     0x55b3b0372862 - std[617be2ca0a6fd877]::panicking::panic_handler::{closure#0}
[INFO] [stdout]    8:     0x55b3b036b579 - std[617be2ca0a6fd877]::sys::backtrace::__rust_end_short_backtrace::<std[617be2ca0a6fd877]::panicking::panic_handler::{closure#0}, !>
[INFO] [stdout]    9:     0x55b3b037346d - __rustc[ea4f61d10b84890b]::rust_begin_unwind
[INFO] [stdout]   10:     0x55b3b03aaf2c - core[a373ad73a504971]::panicking::panic_fmt
[INFO] [stdout]   11:     0x55b3b03aae43 - core[a373ad73a504971]::panicking::assert_failed_inner
[INFO] [stdout]   12:     0x55b3b031604f - core[a373ad73a504971]::panicking::assert_failed::<core[a373ad73a504971]::result::Result<usize, libkv[7455318a280b9ed]::error::StorageError<libkv[7455318a280b9ed]::serialization::KeyEncoding>>, core[a373ad73a504971]::result::Result<usize, libkv[7455318a280b9ed]::error::StorageError<libkv[7455318a280b9ed]::serialization::KeyEncoding>>>
[INFO] [stdout]   13:     0x55b3b031e366 - <libkv[7455318a280b9ed]::structures::vector::test::test_vector::{closure#0} as core[a373ad73a504971]::ops::function::FnOnce<()>>::call_once
[INFO] [stdout]   14:     0x55b3b031e4db - test[aada8e7e76ba119b]::__rust_begin_short_backtrace::<core[a373ad73a504971]::result::Result<(), alloc[2e1b2a31b91974c5]::string::String>, fn() -> core[a373ad73a504971]::result::Result<(), alloc[2e1b2a31b91974c5]::string::String>>
[INFO] [stdout]   15:     0x55b3b032b6b5 - test[aada8e7e76ba119b]::run_test::{closure#0}
[INFO] [stdout]   16:     0x55b3b0324fa4 - std[617be2ca0a6fd877]::sys::backtrace::__rust_begin_short_backtrace::<test[aada8e7e76ba119b]::run_test::{closure#1}, ()>
[INFO] [stdout]   17:     0x55b3b032e742 - <std[617be2ca0a6fd877]::thread::lifecycle::spawn_unchecked<test[aada8e7e76ba119b]::run_test::{closure#1}, ()>::{closure#1} as core[a373ad73a504971]::ops::function::FnOnce<()>>::call_once::{shim:vtable#0}
[INFO] [stdout]   18:     0x55b3b0395baf - <std[617be2ca0a6fd877]::sys::thread::unix::Thread>::new::thread_start
[INFO] [stdout]   19:     0x7cdfb423edfa - <unknown>
[INFO] [stdout]   20:     0x7cdfb42d23d4 - clone
[INFO] [stdout]   21:                0x0 - <unknown>
[INFO] [stdout] 
[INFO] [stdout] 
[INFO] [stdout] failures:
[INFO] [stdout]     structures::vector::test::test_vector
[INFO] [stdout] 
[INFO] [stdout] test result: FAILED. 5 passed; 1 failed; 0 ignored; 0 measured; 0 filtered out; finished in 0.01s
[INFO] [stdout] 
[INFO] [stderr] error: test failed, to rerun pass `--lib`
[INFO] running `Command { std: "docker" "inspect" "6e7167926b4fdbc265b6cb13c108197925637660b50d512a0db5a4126340c480", kill_on_drop: false }`
[INFO] running `Command { std: "docker" "rm" "-f" "6e7167926b4fdbc265b6cb13c108197925637660b50d512a0db5a4126340c480", kill_on_drop: false }`
[INFO] [stdout] 6e7167926b4fdbc265b6cb13c108197925637660b50d512a0db5a4126340c480
