[INFO] fetching crate libjpeg-turbo-rs-capi 0.1.2...
[INFO] testing libjpeg-turbo-rs-capi-0.1.2 against 1.99.0-beta.8+cargoflags=--release for beta-release-1.100-2
[INFO] extracting crate libjpeg-turbo-rs-capi 0.1.2 into /workspace/builds/worker-4-tc1/source
[INFO] started tweaking crates.io crate libjpeg-turbo-rs-capi 0.1.2
[INFO] removed 0 missing tests
[INFO] finished tweaking crates.io crate libjpeg-turbo-rs-capi 0.1.2
[INFO] tweaked toml for crates.io crate libjpeg-turbo-rs-capi 0.1.2 written to /workspace/builds/worker-4-tc1/source/Cargo.toml
[INFO] validating manifest of crates.io crate libjpeg-turbo-rs-capi 0.1.2 on toolchain 1.99.0-beta.8
[INFO] running `Command { std: CARGO_HOME="/workspace/cargo-home" RUSTUP_HOME="/workspace/rustup-home" "/workspace/cargo-home/bin/cargo" "+1.99.0-beta.8" "metadata" "--manifest-path" "Cargo.toml" "--no-deps", kill_on_drop: false }`
[INFO] crate crates.io crate libjpeg-turbo-rs-capi 0.1.2 already has a lockfile, it will not be regenerated
[INFO] running `Command { std: CARGO_HOME="/workspace/cargo-home" RUSTUP_HOME="/workspace/rustup-home" "/workspace/cargo-home/bin/cargo" "+1.99.0-beta.8" "fetch" "--manifest-path" "Cargo.toml", kill_on_drop: false }`
[INFO] [stderr]     Updating crates.io index
[INFO] [stderr]  Downloading crates ...
[INFO] [stderr]   Downloaded libjpeg-turbo-rs v0.8.0
[INFO] running `Command { std: "docker" "create" "-v" "/var/lib/crater-agent-workspace/builds/worker-4-tc1/source:/opt/rustwide/workdir:ro,Z" "-v" "/var/lib/crater-agent-workspace/builds/worker-4-tc1/target:/opt/rustwide/target:rw,Z" "-v" "/var/lib/crater-agent-workspace/cargo-home:/opt/rustwide/cargo-home:ro,Z" "-v" "/var/lib/crater-agent-workspace/rustup-home:/opt/rustwide/rustup-home:ro,Z" "-m" "1610612736" "--network" "none" "ghcr.io/rust-lang/crates-build-env/linux@sha256:77db811e55d90add9212f6832c23229e3de5f1c1f9905e8cb07319ea15df73ac" "sleep" "infinity", kill_on_drop: false }`
[INFO] [stdout] bdfebc128daf1dfcaf1236595ae2d1a5cbfcc8f6df60d694891afc2144779ead
[INFO] running `Command { std: "docker" "start" "bdfebc128daf1dfcaf1236595ae2d1a5cbfcc8f6df60d694891afc2144779ead", kill_on_drop: false }`
[INFO] running `Command { std: "docker" "inspect" "bdfebc128daf1dfcaf1236595ae2d1a5cbfcc8f6df60d694891afc2144779ead", kill_on_drop: false }`
[INFO] running `Command { std: "docker" "exec" "-e" "SOURCE_DIR=/opt/rustwide/workdir" "-e" "CARGO_HOME=/opt/rustwide/cargo-home" "-e" "RUSTUP_HOME=/opt/rustwide/rustup-home" "-e" "CARGO_TARGET_DIR=/opt/rustwide/target" "-w" "/opt/rustwide/workdir" "--user" "0:0" "bdfebc128daf1dfcaf1236595ae2d1a5cbfcc8f6df60d694891afc2144779ead" "/opt/rustwide/cargo-home/bin/cargo" "+1.99.0-beta.8" "metadata" "--no-deps" "--format-version=1", kill_on_drop: false }`
[INFO] running `Command { std: "docker" "inspect" "bdfebc128daf1dfcaf1236595ae2d1a5cbfcc8f6df60d694891afc2144779ead", kill_on_drop: false }`
[INFO] running `Command { std: "docker" "exec" "-e" "SOURCE_DIR=/opt/rustwide/workdir" "-e" "CARGO_HOME=/opt/rustwide/cargo-home" "-e" "RUSTUP_HOME=/opt/rustwide/rustup-home" "-e" "CARGO_TARGET_DIR=/opt/rustwide/target" "-e" "CARGO_INCREMENTAL=0" "-e" "RUST_BACKTRACE=full" "-e" "RUSTFLAGS=--cap-lints=warn" "-e" "RUSTDOCFLAGS=--cap-lints=warn" "-w" "/opt/rustwide/workdir" "--user" "0:0" "bdfebc128daf1dfcaf1236595ae2d1a5cbfcc8f6df60d694891afc2144779ead" "/opt/rustwide/cargo-home/bin/cargo" "+1.99.0-beta.8" "build" "--frozen" "--message-format=json" "--release", kill_on_drop: false }`
[INFO] [stderr]    Compiling thiserror v2.0.18
[INFO] [stderr]    Compiling libjpeg-turbo-rs-capi v0.1.2 (/opt/rustwide/workdir)
[INFO] [stderr]    Compiling libjpeg-turbo-rs v0.8.0
[INFO] [stderr]     Finished `release` profile [optimized] target(s) in 28.02s
[INFO] running `Command { std: "docker" "inspect" "bdfebc128daf1dfcaf1236595ae2d1a5cbfcc8f6df60d694891afc2144779ead", kill_on_drop: false }`
[INFO] running `Command { std: "docker" "exec" "-e" "SOURCE_DIR=/opt/rustwide/workdir" "-e" "CARGO_HOME=/opt/rustwide/cargo-home" "-e" "RUSTUP_HOME=/opt/rustwide/rustup-home" "-e" "CARGO_TARGET_DIR=/opt/rustwide/target" "-e" "CARGO_INCREMENTAL=0" "-e" "RUST_BACKTRACE=full" "-e" "RUSTFLAGS=--cap-lints=warn" "-e" "RUSTDOCFLAGS=--cap-lints=warn" "-w" "/opt/rustwide/workdir" "--user" "0:0" "bdfebc128daf1dfcaf1236595ae2d1a5cbfcc8f6df60d694891afc2144779ead" "/opt/rustwide/cargo-home/bin/cargo" "+1.99.0-beta.8" "test" "--frozen" "--no-run" "--message-format=json" "--release", kill_on_drop: false }`
[INFO] [stderr]    Compiling libc v0.2.183
[INFO] [stderr]    Compiling getrandom v0.3.4
[INFO] [stderr]    Compiling tempfile v3.27.0
[INFO] [stderr]    Compiling libjpeg-turbo-rs-capi v0.1.2 (/opt/rustwide/workdir)
[INFO] [stderr]     Finished `release` profile [optimized] target(s) in 17.43s
[INFO] running `Command { std: "docker" "inspect" "bdfebc128daf1dfcaf1236595ae2d1a5cbfcc8f6df60d694891afc2144779ead", kill_on_drop: false }`
[INFO] running `Command { std: "docker" "exec" "-e" "SOURCE_DIR=/opt/rustwide/workdir" "-e" "CARGO_HOME=/opt/rustwide/cargo-home" "-e" "RUSTUP_HOME=/opt/rustwide/rustup-home" "-e" "CARGO_TARGET_DIR=/opt/rustwide/target" "-e" "CARGO_INCREMENTAL=0" "-e" "RUST_BACKTRACE=full" "-e" "RUSTFLAGS=--cap-lints=warn" "-e" "RUSTDOCFLAGS=--cap-lints=warn" "-w" "/opt/rustwide/workdir" "--user" "0:0" "bdfebc128daf1dfcaf1236595ae2d1a5cbfcc8f6df60d694891afc2144779ead" "/opt/rustwide/cargo-home/bin/cargo" "+1.99.0-beta.8" "test" "--frozen" "--release", kill_on_drop: false }`
[INFO] [stderr]     Finished `release` profile [optimized] target(s) in 0.06s
[INFO] [stdout] 
[INFO] [stderr]      Running unittests src/lib.rs (/opt/rustwide/target/release/deps/libjpeg_turbo_rs_capi-6e6dd5d516178588)
[INFO] [stdout] running 23 tests
[INFO] [stderr]      Running tests/abi_offsets.rs (/opt/rustwide/target/release/deps/abi_offsets-75e88d3c3212f258)
[INFO] [stdout] test decompress::tests::gray_to_xrgb_sets_padding_byte_opaque ... ok
[INFO] [stderr]      Running tests/alloc_and_errors.rs (/opt/rustwide/target/release/deps/alloc_and_errors-992466bac7afc925)
[INFO] [stdout] test jpeglib::marker_scan_tests::tables_only_has_no_sos ... ok
[INFO] [stderr]      Running tests/arith_code_flag.rs (/opt/rustwide/target/release/deps/arith_code_flag-d534bbc148067e77)
[INFO] [stdout] test decompress::tests::gray_to_rgb_replicates_luma_into_three_channels ... ok
[INFO] [stderr]      Running tests/capi_alloc_sarray_precision.rs (/opt/rustwide/target/release/deps/capi_alloc_sarray_precision-1c45657c0c2c84b7)
[INFO] [stdout] test decompress::tests::gray_to_rgba_sets_alpha_opaque ... ok
[INFO] [stderr]      Running tests/capi_classic_decode_ext.rs (/opt/rustwide/target/release/deps/capi_classic_decode_ext-083c631de1f32516)
[INFO] [stdout] test jpeglib::marker_scan_tests::truncated_sos_header_needs_more ... ok
[INFO] [stderr]      Running tests/capi_classic_lifecycle.rs (/opt/rustwide/target/release/deps/capi_classic_lifecycle-ad5579a7b2c6dc69)
[INFO] [stdout] test decompress::tests::gray_to_abgr_handles_alpha_first_layout ... ok
[INFO] [stdout] test jpeglib::marker_scan_tests::unterminated_entropy_needs_more ... ok
[INFO] [stdout] test decompress::tests::gray_to_bgr_replicates_luma_into_three_channels ... ok
[INFO] [stdout] test jpeglib::marker_scan_tests::boundary_skips_tem_marker ... ok
[INFO] [stdout] test jpeglib::tables_only_tests::arithmetic_datastream_omits_dht_and_dac ... ok
[INFO] [stdout] test jpeglib::marker_scan_tests::first_sos_on_minimal_baseline ... ok
[INFO] [stdout] test memmgr::tests::mm3_sarray_read_write ... ok
[INFO] [stdout] test jpeglib::marker_scan_tests::needmore_resume_offset_avoids_rescan ... ok
[INFO] [stdout] test jpeglib::marker_scan_tests::not_a_jpeg_returns_none ... ok
[INFO] [stdout] test jpeglib::tables_only_tests::datastream_well_formed_at_quality_extremes ... ok
[INFO] [stdout] test jpeglib::tables_only_tests::huffman_datastream_emits_both_quant_and_all_huffman_tables ... ok
[INFO] [stdout] test memmgr::tests::mm4_virt_barray_roundtrip ... ok
[INFO] [stdout] test memmgr::tests::mm4_virt_sarray_roundtrip ... ok
[INFO] [stdout] test decompress::tests::gray_to_rgb_with_padded_pitch_writes_only_within_row_bytes ... ok
[INFO] [stdout] test jpeglib::marker_scan_tests::two_scan_progressive_walks_each_boundary ... ok
[INFO] [stdout] test memmgr::tests::mm1_create_destroy_no_leak_via_drop_counter ... ok
[INFO] [stdout] test memmgr::tests::mm2_pool_isolation ... ok
[INFO] [stdout] test jpeglib::marker_scan_tests::boundary_skips_restart_and_stuffing ... ok
[INFO] [stdout] 
[INFO] [stdout] test result: ok. 23 passed; 0 failed; 0 ignored; 0 measured; 0 filtered out; finished in 0.01s
[INFO] [stdout] 
[INFO] [stdout] 
[INFO] [stdout] running 6 tests
[INFO] [stdout] test rust_offsets_match_upstream_jpeglib_h_at_lib_version_80 ... ok
[INFO] [stdout] test rust_offsets_match_jpeg_marker_struct_at_lib_version_80 ... ok
[INFO] [stdout] test rust_offsets_match_jpeg_destination_mgr_at_lib_version_80 ... ok
[INFO] [stdout] test rust_offsets_match_jpeg_compress_struct_at_lib_version_80 ... ok
[INFO] [stdout] test rust_offsets_match_jpeg_error_mgr_at_lib_version_80 ... ok
[INFO] [stdout] test rust_offsets_match_jpeg_source_mgr_at_lib_version_80 ... ok
[INFO] [stdout] 
[INFO] [stdout] test result: ok. 6 passed; 0 failed; 0 ignored; 0 measured; 0 filtered out; finished in 0.00s
[INFO] [stdout] 
[INFO] [stdout] 
[INFO] [stdout] running 2 tests
[INFO] [stdout] test tj3_alloc_free_round_trips_through_malloc ... ok
[INFO] [stdout] test tj3_get_error_str_and_code_reflect_last_call ... ok
[INFO] [stdout] 
[INFO] [stdout] test result: ok. 2 passed; 0 failed; 0 ignored; 0 measured; 0 filtered out; finished in 0.00s
[INFO] [stdout] 
[INFO] [stdout] 
[INFO] [stdout] running 3 tests
[INFO] [stdout] test arith_code_is_0_for_huffman_coded_jpeg ... ok
[INFO] [stdout] test arith_code_is_1_for_arithmetic_coded_jpeg ... ok
[INFO] [stdout] test arith_code_is_0_for_baseline_sof0 ... ok
[INFO] [stdout] 
[INFO] [stdout] test result: ok. 3 passed; 0 failed; 0 ignored; 0 measured; 0 filtered out; finished in 0.00s
[INFO] [stdout] 
[INFO] [stdout] 
[INFO] [stdout] running 3 tests
[INFO] [stdout] test sarray_rows_are_two_bytes_per_sample_at_12_bit ... ok
[INFO] [stdout] test sarray_rows_are_two_bytes_per_sample_at_16_bit ... ok
[INFO] [stdout] test sarray_rows_stay_compact_at_8_bit ... ok
[INFO] [stdout] 
[INFO] [stdout] test result: ok. 3 passed; 0 failed; 0 ignored; 0 measured; 0 filtered out; finished in 0.00s
[INFO] [stdout] 
[INFO] [stdout] 
[INFO] [stdout] running 8 tests
[INFO] [stdout] test jpeg12_scanlines_and_skip_roundtrip ... ok
[INFO] [stdout] test core_output_dimensions_mirrors_calc_output_dimensions ... ok
[INFO] [stdout] test read_icc_profile_returns_embedded_profile ... ok
[INFO] [stdout] test crop_scanline_narrows_emitted_window ... ok
[INFO] [stdout] test save_markers_and_read_icc_profile_populates_when_present ... ok
[INFO] [stdout] test read_coefficients_returns_non_null_handle_and_copy_params_is_noop_safe ... ok
[INFO] [stdout] test skip_scanlines_advances_cursor_and_returns_count ... ok
[INFO] [stdout] test jpeg16_read_scanlines_roundtrip ... ok
[INFO] [stdout] 
[INFO] [stdout] test result: ok. 8 passed; 0 failed; 0 ignored; 0 measured; 0 filtered out; finished in 0.00s
[INFO] [stdout] 
[INFO] [stdout] 
[INFO] [stdout] running 8 tests
[INFO] [stderr]      Running tests/capi_classic_lifecycle_pathological.rs (/opt/rustwide/target/release/deps/capi_classic_lifecycle_pathological-a482846fa2ee59aa)
[INFO] [stdout] test pattern_2_custom_jpeg_destination_mgr_drives_empty_output_buffer ... ok
[INFO] [stdout] test pattern_3_source_suspension_returns_control_to_consumer ... ok
[INFO] [stdout] test pattern_6_jpeg_abort_compress_then_reuse ... ok
[INFO] [stdout] test pattern_4_destination_suspension_partial_flush ... ok
[INFO] [stdout] test pattern_1_custom_jpeg_source_mgr_drives_fill_input_buffer ... ok
[INFO] [stdout] test pattern_7_buffered_image_multi_pass_progressive ... ok
[INFO] [stdout] test pattern_8_setjmp_longjmp_error_cleanup ... ok
[INFO] [stdout] test pattern_5_jpeg_abort_decompress_then_reuse ... ok
[INFO] [stdout] 
[INFO] [stdout] test result: ok. 8 passed; 0 failed; 0 ignored; 0 measured; 0 filtered out; finished in 0.02s
[INFO] [stdout] 
[INFO] [stdout] 
[INFO] [stdout] running 4 tests
[INFO] [stdout] test consume_input_suspends_through_progressive_body ... ok
[INFO] [stdout] test source_mgr_suspends_every_byte ... ok
[INFO] [stdout] test save_markers_truncates_multichunk_icc ... ok
[INFO] [stdout] test dest_mgr_rejects_first_flush ... ok
[INFO] [stderr]      Running tests/capi_decompress_struct_abi.rs (/opt/rustwide/target/release/deps/capi_decompress_struct_abi-bb695930bc0cea9b)
[INFO] [stdout] 
[INFO] [stdout] test result: ok. 4 passed; 0 failed; 0 ignored; 0 measured; 0 filtered out; finished in 0.01s
[INFO] [stdout] 
[INFO] [stdout] 
[INFO] [stdout] running 1 test
[INFO] [stdout] test data_precision_is_at_libjpeg_offset_296_after_read_header ... ok
[INFO] [stdout] 
[INFO] [stdout] test result: ok. 1 passed; 0 failed; 0 ignored; 0 measured; 0 filtered out; finished in 0.00s
[INFO] [stdout] 
[INFO] [stderr]      Running tests/capi_ffmpeg_compat.rs (/opt/rustwide/target/release/deps/capi_ffmpeg_compat-08f6a071e7fd596f)
[INFO] [stdout] 
[INFO] [stdout] running 1 test
[INFO] [stdout] test ffmpeg_roundtrips_through_our_cdylib ... ok
[INFO] [stdout] 
[INFO] [stdout] test result: ok. 1 passed; 0 failed; 0 ignored; 0 measured; 0 filtered out; finished in 0.00s
[INFO] [stdout] 
[INFO] [stderr]      Running tests/capi_foreign_coef_arrays.rs (/opt/rustwide/target/release/deps/capi_foreign_coef_arrays-c2c78356049505fe)
[INFO] [stdout] 
[INFO] [stdout] running 3 tests
[INFO] [stdout] test foreign_coef_arrays_full_round_trip_pixel_exact ... ok
[INFO] [stdout] test jpeg_read_header_populates_jfif_density ... ok
[INFO] [stdout] test finish_decompress_clears_coef_cache_for_reuse ... ok
[INFO] [stdout] 
[INFO] [stdout] test result: ok. 3 passed; 0 failed; 0 ignored; 0 measured; 0 filtered out; finished in 0.01s
[INFO] [stderr]      Running tests/capi_gd_compat.rs (/opt/rustwide/target/release/deps/capi_gd_compat-72d527345aa11b41)
[INFO] [stdout] 
[INFO] [stdout] 
[INFO] [stdout] running 1 test
[INFO] [stdout] test libgd_roundtrips_through_our_cdylib ... FAILED
[INFO] [stdout] 
[INFO] [stdout] failures:
[INFO] [stdout] 
[INFO] [stdout] ---- libgd_roundtrips_through_our_cdylib stdout ----
[INFO] [stdout] 
[INFO] [stdout] thread 'libgd_roundtrips_through_our_cdylib' (1650) panicked at tests/capi_gd_compat.rs:97:5:
[INFO] [stdout] missing /opt/examples/gd_smoke/build.sh
[INFO] [stdout] stack backtrace:
[INFO] [stdout]    0:     0x5e2c507c0ae1 - <<std[70759c8f55707aa4]::sys::backtrace::BacktraceLock>::print::DisplayBacktrace as core[df12db4294e9bfd3]::fmt::Display>::fmt
[INFO] [stdout]    1:     0x5e2c507d500a - core[df12db4294e9bfd3]::fmt::write
[INFO] [stdout]    2:     0x5e2c507c51fc - <alloc[2182bb758b4b3781]::vec::Vec<u8> as core[df12db4294e9bfd3]::io::write::Write>::write_fmt
[INFO] [stdout]    3:     0x5e2c5079b8b6 - std[70759c8f55707aa4]::panicking::default_hook::{closure#0}
[INFO] [stdout]    4:     0x5e2c507b8949 - std[70759c8f55707aa4]::panicking::default_hook
[INFO] [stdout]    5:     0x5e2c50753cc0 - test[9d35eded1c95d3be]::test_main_inner::<test[9d35eded1c95d3be]::test_main_static::{closure#0}>::{closure#0}
[INFO] [stdout]    6:     0x5e2c507b8b02 - std[70759c8f55707aa4]::panicking::panic_with_hook
[INFO] [stdout]    7:     0x5e2c5079b962 - std[70759c8f55707aa4]::panicking::panic_handler::{closure#0}
[INFO] [stdout]    8:     0x5e2c507945c9 - std[70759c8f55707aa4]::sys::backtrace::__rust_end_short_backtrace::<std[70759c8f55707aa4]::panicking::panic_handler::{closure#0}, !>
[INFO] [stdout]    9:     0x5e2c5079c55d - __rustc[8fa7c3cbc660c2b3]::rust_begin_unwind
[INFO] [stdout]   10:     0x5e2c507d573c - core[df12db4294e9bfd3]::panicking::panic_fmt
[INFO] [stdout]   11:     0x5e2c507450d6 - <capi_gd_compat[8149ed88062467d7]::libgd_roundtrips_through_our_cdylib::{closure#0} as core[df12db4294e9bfd3]::ops::function::FnOnce<()>>::call_once
[INFO] [stdout]   12:     0x5e2c50746fab - test[9d35eded1c95d3be]::__rust_begin_short_backtrace::<core[df12db4294e9bfd3]::result::Result<(), alloc[2182bb758b4b3781]::string::String>, fn() -> core[df12db4294e9bfd3]::result::Result<(), alloc[2182bb758b4b3781]::string::String>>
[INFO] [stderr] error: test failed, to rerun pass `--test capi_gd_compat`
[INFO] [stdout]   13:     0x5e2c50754615 - test[9d35eded1c95d3be]::run_test::{closure#0}
[INFO] [stdout]   14:     0x5e2c5074ded4 - std[70759c8f55707aa4]::sys::backtrace::__rust_begin_short_backtrace::<test[9d35eded1c95d3be]::run_test::{closure#1}, ()>
[INFO] [stdout]   15:     0x5e2c50757772 - <std[70759c8f55707aa4]::thread::lifecycle::spawn_unchecked<test[9d35eded1c95d3be]::run_test::{closure#1}, ()>::{closure#1} as core[df12db4294e9bfd3]::ops::function::FnOnce<()>>::call_once::{shim:vtable#0}
[INFO] [stdout]   16:     0x5e2c507c01c9 - <std[70759c8f55707aa4]::sys::thread::unix::Thread>::new::thread_start
[INFO] [stdout]   17:     0x73e885ed2dfa - <unknown>
[INFO] [stdout]   18:     0x73e885f663d4 - clone
[INFO] [stdout]   19:                0x0 - <unknown>
[INFO] [stdout] 
[INFO] [stdout] 
[INFO] [stdout] failures:
[INFO] [stdout]     libgd_roundtrips_through_our_cdylib
[INFO] [stdout] 
[INFO] [stdout] test result: FAILED. 0 passed; 1 failed; 0 ignored; 0 measured; 0 filtered out; finished in 0.00s
[INFO] [stdout] 
[INFO] running `Command { std: "docker" "inspect" "bdfebc128daf1dfcaf1236595ae2d1a5cbfcc8f6df60d694891afc2144779ead", kill_on_drop: false }`
[INFO] running `Command { std: "docker" "rm" "-f" "bdfebc128daf1dfcaf1236595ae2d1a5cbfcc8f6df60d694891afc2144779ead", kill_on_drop: false }`
[INFO] [stdout] bdfebc128daf1dfcaf1236595ae2d1a5cbfcc8f6df60d694891afc2144779ead
