[INFO] fetching crate libjmap 0.2.0...
[INFO] testing libjmap-0.2.0 against 1.99.0-beta.8+cargoflags=--release for beta-release-1.100-2
[INFO] extracting crate libjmap 0.2.0 into /workspace/builds/worker-6-tc1/source
[INFO] started tweaking crates.io crate libjmap 0.2.0
[INFO] finished tweaking crates.io crate libjmap 0.2.0
[INFO] tweaked toml for crates.io crate libjmap 0.2.0 written to /workspace/builds/worker-6-tc1/source/Cargo.toml
[INFO] validating manifest of crates.io crate libjmap 0.2.0 on toolchain 1.99.0-beta.8
[INFO] running `Command { std: CARGO_HOME="/workspace/cargo-home" RUSTUP_HOME="/workspace/rustup-home" "/workspace/cargo-home/bin/cargo" "+1.99.0-beta.8" "metadata" "--manifest-path" "Cargo.toml" "--no-deps", kill_on_drop: false }`
[INFO] crate crates.io crate libjmap 0.2.0 already has a lockfile, it will not be regenerated
[INFO] running `Command { std: CARGO_HOME="/workspace/cargo-home" RUSTUP_HOME="/workspace/rustup-home" "/workspace/cargo-home/bin/cargo" "+1.99.0-beta.8" "fetch" "--manifest-path" "Cargo.toml", kill_on_drop: false }`
[INFO] [stderr]  Downloading crates ...
[INFO] [stderr]   Downloaded slab v0.4.11
[INFO] [stderr]   Downloaded quote v1.0.41
[INFO] [stderr]   Downloaded bitflags v2.9.4
[INFO] [stderr]   Downloaded find-msvc-tools v0.1.3
[INFO] [stderr]   Downloaded thiserror v2.0.17
[INFO] [stderr]   Downloaded security-framework-sys v2.15.0
[INFO] [stderr]   Downloaded schannel v0.1.28
[INFO] [stderr]   Downloaded thiserror-impl v2.0.17
[INFO] [stderr]   Downloaded log v0.4.28
[INFO] [stderr]   Downloaded cc v1.2.40
[INFO] [stderr]   Downloaded security-framework v3.5.1
[INFO] [stderr]   Downloaded io-uring v0.7.10
[INFO] [stderr]   Downloaded rustls-webpki v0.103.14
[INFO] [stderr]   Downloaded aws-lc-rs v1.18.0
[INFO] [stderr]   Downloaded rustls v0.23.32
[INFO] [stderr]   Downloaded libc v0.2.176
[INFO] [stderr]   Downloaded aws-lc-sys v0.44.0
[INFO] running `Command { std: "docker" "create" "-v" "/var/lib/crater-agent-workspace/builds/worker-6-tc1/source:/opt/rustwide/workdir:ro,Z" "-v" "/var/lib/crater-agent-workspace/builds/worker-6-tc1/target:/opt/rustwide/target:rw,Z" "-v" "/var/lib/crater-agent-workspace/cargo-home:/opt/rustwide/cargo-home:ro,Z" "-v" "/var/lib/crater-agent-workspace/rustup-home:/opt/rustwide/rustup-home:ro,Z" "-m" "1610612736" "--network" "none" "ghcr.io/rust-lang/crates-build-env/linux@sha256:77db811e55d90add9212f6832c23229e3de5f1c1f9905e8cb07319ea15df73ac" "sleep" "infinity", kill_on_drop: false }`
[INFO] [stdout] 9b8f7a7a8de9a72e0564efb0794e6f5bd8720ffffe8b1872f32843d02920f09e
[INFO] running `Command { std: "docker" "start" "9b8f7a7a8de9a72e0564efb0794e6f5bd8720ffffe8b1872f32843d02920f09e", kill_on_drop: false }`
[INFO] running `Command { std: "docker" "inspect" "9b8f7a7a8de9a72e0564efb0794e6f5bd8720ffffe8b1872f32843d02920f09e", kill_on_drop: false }`
[INFO] running `Command { std: "docker" "exec" "-e" "SOURCE_DIR=/opt/rustwide/workdir" "-e" "CARGO_HOME=/opt/rustwide/cargo-home" "-e" "RUSTUP_HOME=/opt/rustwide/rustup-home" "-e" "CARGO_TARGET_DIR=/opt/rustwide/target" "-w" "/opt/rustwide/workdir" "--user" "0:0" "9b8f7a7a8de9a72e0564efb0794e6f5bd8720ffffe8b1872f32843d02920f09e" "/opt/rustwide/cargo-home/bin/cargo" "+1.99.0-beta.8" "metadata" "--no-deps" "--format-version=1", kill_on_drop: false }`
[INFO] running `Command { std: "docker" "inspect" "9b8f7a7a8de9a72e0564efb0794e6f5bd8720ffffe8b1872f32843d02920f09e", kill_on_drop: false }`
[INFO] running `Command { std: "docker" "exec" "-e" "SOURCE_DIR=/opt/rustwide/workdir" "-e" "CARGO_HOME=/opt/rustwide/cargo-home" "-e" "RUSTUP_HOME=/opt/rustwide/rustup-home" "-e" "CARGO_TARGET_DIR=/opt/rustwide/target" "-e" "CARGO_INCREMENTAL=0" "-e" "RUST_BACKTRACE=full" "-e" "RUSTFLAGS=--cap-lints=warn" "-e" "RUSTDOCFLAGS=--cap-lints=warn" "-w" "/opt/rustwide/workdir" "--user" "0:0" "9b8f7a7a8de9a72e0564efb0794e6f5bd8720ffffe8b1872f32843d02920f09e" "/opt/rustwide/cargo-home/bin/cargo" "+1.99.0-beta.8" "build" "--frozen" "--message-format=json" "--release", kill_on_drop: false }`
[INFO] [stderr]    Compiling proc-macro2 v1.0.101
[INFO] [stderr]    Compiling quote v1.0.41
[INFO] [stderr]    Compiling unicode-ident v1.0.19
[INFO] [stderr]    Compiling bytes v1.12.1
[INFO] [stderr]    Compiling serde_core v1.0.228
[INFO] [stderr]    Compiling serde_json v1.0.145
[INFO] [stderr]    Compiling thiserror v2.0.17
[INFO] [stderr]    Compiling serde v1.0.228
[INFO] [stderr]    Compiling memchr v2.7.6
[INFO] [stderr]    Compiling futures-core v0.3.31
[INFO] [stderr]    Compiling log v0.4.28
[INFO] [stderr]    Compiling tokio v1.47.1
[INFO] [stderr]    Compiling http v1.3.1
[INFO] [stderr]    Compiling syn v2.0.106
[INFO] [stderr]    Compiling http-body v1.0.1
[INFO] [stderr]    Compiling hyper v1.8.1
[INFO] [stderr]    Compiling http-body-util v0.1.3
[INFO] [stderr]    Compiling serde_derive v1.0.228
[INFO] [stderr]    Compiling thiserror-impl v2.0.17
[INFO] [stderr]    Compiling libjmap v0.2.0 (/opt/rustwide/workdir)
[INFO] [stderr]     Finished `release` profile [optimized] target(s) in 14.13s
[INFO] running `Command { std: "docker" "inspect" "9b8f7a7a8de9a72e0564efb0794e6f5bd8720ffffe8b1872f32843d02920f09e", kill_on_drop: false }`
[INFO] running `Command { std: "docker" "exec" "-e" "SOURCE_DIR=/opt/rustwide/workdir" "-e" "CARGO_HOME=/opt/rustwide/cargo-home" "-e" "RUSTUP_HOME=/opt/rustwide/rustup-home" "-e" "CARGO_TARGET_DIR=/opt/rustwide/target" "-e" "CARGO_INCREMENTAL=0" "-e" "RUST_BACKTRACE=full" "-e" "RUSTFLAGS=--cap-lints=warn" "-e" "RUSTDOCFLAGS=--cap-lints=warn" "-w" "/opt/rustwide/workdir" "--user" "0:0" "9b8f7a7a8de9a72e0564efb0794e6f5bd8720ffffe8b1872f32843d02920f09e" "/opt/rustwide/cargo-home/bin/cargo" "+1.99.0-beta.8" "test" "--frozen" "--no-run" "--message-format=json" "--release", kill_on_drop: false }`
[INFO] [stderr]    Compiling libc v0.2.176
[INFO] [stderr]    Compiling find-msvc-tools v0.1.3
[INFO] [stderr]    Compiling pkg-config v0.3.34
[INFO] [stderr]    Compiling fs_extra v1.3.0
[INFO] [stderr]    Compiling dunce v1.0.5
[INFO] [stderr]    Compiling aws-lc-rs v1.18.0
[INFO] [stderr]    Compiling zeroize v1.8.2
[INFO] [stderr]    Compiling futures-channel v0.3.31
[INFO] [stderr]    Compiling rustls v0.23.32
[INFO] [stderr]    Compiling syn v2.0.106
[INFO] [stderr]    Compiling futures-task v0.3.31
[INFO] [stderr]    Compiling tracing v0.1.41
[INFO] [stderr]    Compiling http-body-util v0.1.3
[INFO] [stderr]    Compiling bitflags v2.9.4
[INFO] [stderr]    Compiling futures-util v0.3.31
[INFO] [stderr]    Compiling rustls-pki-types v1.12.0
[INFO] [stderr]    Compiling tower-http v0.6.6
[INFO] [stderr]    Compiling rustls-native-certs v0.8.1
[INFO] [stderr]    Compiling mio v1.0.4
[INFO] [stderr]    Compiling socket2 v0.6.0
[INFO] [stderr]    Compiling jobserver v0.1.34
[INFO] [stderr]    Compiling cc v1.2.40
[INFO] [stderr]    Compiling cmake v0.1.54
[INFO] [stderr]    Compiling aws-lc-sys v0.44.0
[INFO] [stderr]    Compiling tokio-macros v2.5.0
[INFO] [stderr]    Compiling serde_derive v1.0.228
[INFO] [stderr]    Compiling thiserror-impl v2.0.17
[INFO] [stderr]    Compiling tokio v1.47.1
[INFO] [stderr]    Compiling thiserror v2.0.17
[INFO] [stderr]    Compiling serde v1.0.228
[INFO] [stderr]    Compiling hyper v1.8.1
[INFO] [stderr]    Compiling hyper-util v0.1.20
[INFO] [stderr]    Compiling libjmap v0.2.0 (/opt/rustwide/workdir)
[INFO] [stderr]    Compiling rustls-webpki v0.103.14
[INFO] [stderr]    Compiling tokio-rustls v0.26.4
[INFO] [stderr]    Compiling hyper-rustls v0.27.7
[INFO] [stderr]     Finished `release` profile [optimized] target(s) in 1m 43s
[INFO] running `Command { std: "docker" "inspect" "9b8f7a7a8de9a72e0564efb0794e6f5bd8720ffffe8b1872f32843d02920f09e", kill_on_drop: false }`
[INFO] running `Command { std: "docker" "exec" "-e" "SOURCE_DIR=/opt/rustwide/workdir" "-e" "CARGO_HOME=/opt/rustwide/cargo-home" "-e" "RUSTUP_HOME=/opt/rustwide/rustup-home" "-e" "CARGO_TARGET_DIR=/opt/rustwide/target" "-e" "CARGO_INCREMENTAL=0" "-e" "RUST_BACKTRACE=full" "-e" "RUSTFLAGS=--cap-lints=warn" "-e" "RUSTDOCFLAGS=--cap-lints=warn" "-w" "/opt/rustwide/workdir" "--user" "0:0" "9b8f7a7a8de9a72e0564efb0794e6f5bd8720ffffe8b1872f32843d02920f09e" "/opt/rustwide/cargo-home/bin/cargo" "+1.99.0-beta.8" "test" "--frozen" "--release", kill_on_drop: false }`
[INFO] [stderr]     Finished `release` profile [optimized] target(s) in 0.11s
[INFO] [stderr]      Running unittests src/lib.rs (/opt/rustwide/target/release/deps/libjmap-10d191fa3027dd4a)
[INFO] [stdout] 
[INFO] [stdout] running 8 tests
[INFO] [stdout] test test::test_address_book_methods ... ignored, Cyrus returns internal error
[INFO] [stdout] test test::parse_error_response_unknown_method ... ok
[INFO] [stdout] test test::parse_error_response_state_mismatch ... ok
[INFO] [stdout] test test::parse_get_calendar_success ... ok
[INFO] [stdout] test test::get_session_resource ... FAILED
[INFO] [stdout] test test::test_collection_methods ... FAILED
[INFO] [stdout] test test::test_record_methods ... FAILED
[INFO] [stdout] test test::changes ... FAILED
[INFO] [stdout] 
[INFO] [stdout] failures:
[INFO] [stdout] 
[INFO] [stdout] ---- test::get_session_resource stdout ----
[INFO] [stdout] 
[INFO] [stdout] thread 'test::get_session_resource' (2485) panicked at src/lib.rs:1043:14:
[INFO] [stdout] called `Result::unwrap()` on an `Err` value: ClientError(hyper_util::client::legacy::Error(Connect, ConnectError("tcp connect error", 127.0.0.1:8080, Os { code: 111, kind: ConnectionRefused, message: "Connection refused" })))
[INFO] [stdout] stack backtrace:
[INFO] [stdout]    0:     0x5ccc125844b1 - <<std[70759c8f55707aa4]::sys::backtrace::BacktraceLock>::print::DisplayBacktrace as core[df12db4294e9bfd3]::fmt::Display>::fmt
[INFO] [stdout]    1:     0x5ccc1259a51a - core[df12db4294e9bfd3]::fmt::write
[INFO] [stdout]    2:     0x5ccc1258912c - <alloc[2182bb758b4b3781]::vec::Vec<u8> as core[df12db4294e9bfd3]::io::write::Write>::write_fmt
[INFO] [stdout]    3:     0x5ccc1255f3a6 - std[70759c8f55707aa4]::panicking::default_hook::{closure#0}
[INFO] [stdout]    4:     0x5ccc1257c2e9 - std[70759c8f55707aa4]::panicking::default_hook
[INFO] [stdout]    5:     0x5ccc1222e930 - test[9d35eded1c95d3be]::test_main_inner::<test[9d35eded1c95d3be]::test_main_static::{closure#0}>::{closure#0}
[INFO] [stdout]    6:     0x5ccc1257c612 - std[70759c8f55707aa4]::panicking::panic_with_hook
[INFO] [stdout]    7:     0x5ccc1255f452 - std[70759c8f55707aa4]::panicking::panic_handler::{closure#0}
[INFO] [stdout]    8:     0x5ccc12558059 - std[70759c8f55707aa4]::sys::backtrace::__rust_end_short_backtrace::<std[70759c8f55707aa4]::panicking::panic_handler::{closure#0}, !>
[INFO] [stdout]    9:     0x5ccc1256023d - __rustc[8fa7c3cbc660c2b3]::rust_begin_unwind
[INFO] [stdout]   10:     0x5ccc1259ac7c - core[df12db4294e9bfd3]::panicking::panic_fmt
[INFO] [stdout]   11:     0x5ccc1259aa52 - core[df12db4294e9bfd3]::result::unwrap_failed
[INFO] [stdout]   12:     0x5ccc12199b91 - libjmap[28468ef56b73f475]::test::setup_test_client::{closure#0}
[INFO] [stdout]   13:     0x5ccc1219ce78 - libjmap[28468ef56b73f475]::test::get_session_resource::{closure#0}
[INFO] [stdout]   14:     0x5ccc121e40e3 - <tokio[3765f8666da63f39]::runtime::scheduler::current_thread::Context>::enter::<core[df12db4294e9bfd3]::task::poll::Poll<()>, <tokio[3765f8666da63f39]::runtime::scheduler::current_thread::CoreGuard>::block_on<core[df12db4294e9bfd3]::pin::Pin<&mut core[df12db4294e9bfd3]::pin::Pin<&mut dyn core[df12db4294e9bfd3]::future::future::Future<Output = ()>>>>::{closure#0}::{closure#0}>
[INFO] [stdout]   15:     0x5ccc1220e2ac - <tokio[3765f8666da63f39]::runtime::context::scoped::Scoped<tokio[3765f8666da63f39]::runtime::scheduler::Context>>::set::<<tokio[3765f8666da63f39]::runtime::scheduler::current_thread::CoreGuard>::enter<<tokio[3765f8666da63f39]::runtime::scheduler::current_thread::CoreGuard>::block_on<core[df12db4294e9bfd3]::pin::Pin<&mut core[df12db4294e9bfd3]::pin::Pin<&mut dyn core[df12db4294e9bfd3]::future::future::Future<Output = ()>>>>::{closure#0}, core[df12db4294e9bfd3]::option::Option<()>>::{closure#0}, (alloc[2182bb758b4b3781]::boxed::Box<tokio[3765f8666da63f39]::runtime::scheduler::current_thread::Core>, core[df12db4294e9bfd3]::option::Option<()>)>
[INFO] [stdout]   16:     0x5ccc121e4525 - <tokio[3765f8666da63f39]::runtime::scheduler::current_thread::CoreGuard>::block_on::<core[df12db4294e9bfd3]::pin::Pin<&mut core[df12db4294e9bfd3]::pin::Pin<&mut dyn core[df12db4294e9bfd3]::future::future::Future<Output = ()>>>>
[INFO] [stdout]   17:     0x5ccc12204c28 - tokio[3765f8666da63f39]::runtime::context::runtime::enter_runtime::<<tokio[3765f8666da63f39]::runtime::scheduler::current_thread::CurrentThread>::block_on<core[df12db4294e9bfd3]::pin::Pin<&mut dyn core[df12db4294e9bfd3]::future::future::Future<Output = ()>>>::{closure#0}, ()>
[INFO] [stdout]   18:     0x5ccc121e3fdb - <tokio[3765f8666da63f39]::runtime::runtime::Runtime>::block_on::<core[df12db4294e9bfd3]::pin::Pin<&mut dyn core[df12db4294e9bfd3]::future::future::Future<Output = ()>>>
[INFO] [stdout]   19:     0x5ccc121a2a48 - libjmap[28468ef56b73f475]::test::get_session_resource
[INFO] [stdout]   20:     0x5ccc121ead29 - <libjmap[28468ef56b73f475]::test::get_session_resource::{closure#0} as core[df12db4294e9bfd3]::ops::function::FnOnce<()>>::call_once
[INFO] [stdout]   21:     0x5ccc12221c1b - test[9d35eded1c95d3be]::__rust_begin_short_backtrace::<core[df12db4294e9bfd3]::result::Result<(), alloc[2182bb758b4b3781]::string::String>, fn() -> core[df12db4294e9bfd3]::result::Result<(), alloc[2182bb758b4b3781]::string::String>>
[INFO] [stdout]   22:     0x5ccc1222f285 - test[9d35eded1c95d3be]::run_test::{closure#0}
[INFO] [stdout]   23:     0x5ccc12228b44 - std[70759c8f55707aa4]::sys::backtrace::__rust_begin_short_backtrace::<test[9d35eded1c95d3be]::run_test::{closure#1}, ()>
[INFO] [stdout]   24:     0x5ccc122323e2 - <std[70759c8f55707aa4]::thread::lifecycle::spawn_unchecked<test[9d35eded1c95d3be]::run_test::{closure#1}, ()>::{closure#1} as core[df12db4294e9bfd3]::ops::function::FnOnce<()>>::call_once::{shim:vtable#0}
[INFO] [stdout]   25:     0x5ccc125839d9 - <std[70759c8f55707aa4]::sys::thread::unix::Thread>::new::thread_start
[INFO] [stdout]   26:     0x771902ce2dfa - <unknown>
[INFO] [stdout]   27:     0x771902d763d4 - clone
[INFO] [stdout]   28:                0x0 - <unknown>
[INFO] [stdout] 
[INFO] [stdout] ---- test::test_collection_methods stdout ----
[INFO] [stdout] 
[INFO] [stdout] thread 'test::test_collection_methods' (2489) panicked at src/lib.rs:1043:14:
[INFO] [stdout] called `Result::unwrap()` on an `Err` value: ClientError(hyper_util::client::legacy::Error(Connect, ConnectError("tcp connect error", 127.0.0.1:8080, Os { code: 111, kind: ConnectionRefused, message: "Connection refused" })))
[INFO] [stdout] stack backtrace:
[INFO] [stdout]    0:     0x5ccc125844b1 - <<std[70759c8f55707aa4]::sys::backtrace::BacktraceLock>::print::DisplayBacktrace as core[df12db4294e9bfd3]::fmt::Display>::fmt
[INFO] [stdout]    1:     0x5ccc1259a51a - core[df12db4294e9bfd3]::fmt::write
[INFO] [stdout]    2:     0x5ccc1258912c - <alloc[2182bb758b4b3781]::vec::Vec<u8> as core[df12db4294e9bfd3]::io::write::Write>::write_fmt
[INFO] [stdout]    3:     0x5ccc1255f3a6 - std[70759c8f55707aa4]::panicking::default_hook::{closure#0}
[INFO] [stdout]    4:     0x5ccc1257c2e9 - std[70759c8f55707aa4]::panicking::default_hook
[INFO] [stdout]    5:     0x5ccc1222e930 - test[9d35eded1c95d3be]::test_main_inner::<test[9d35eded1c95d3be]::test_main_static::{closure#0}>::{closure#0}
[INFO] [stdout]    6:     0x5ccc1257c612 - std[70759c8f55707aa4]::panicking::panic_with_hook
[INFO] [stdout]    7:     0x5ccc1255f452 - std[70759c8f55707aa4]::panicking::panic_handler::{closure#0}
[INFO] [stdout]    8:     0x5ccc12558059 - std[70759c8f55707aa4]::sys::backtrace::__rust_end_short_backtrace::<std[70759c8f55707aa4]::panicking::panic_handler::{closure#0}, !>
[INFO] [stdout]    9:     0x5ccc1256023d - __rustc[8fa7c3cbc660c2b3]::rust_begin_unwind
[INFO] [stdout]   10:     0x5ccc1259ac7c - core[df12db4294e9bfd3]::panicking::panic_fmt
[INFO] [stdout]   11:     0x5ccc1259aa52 - core[df12db4294e9bfd3]::result::unwrap_failed
[INFO] [stdout]   12:     0x5ccc12199b91 - libjmap[28468ef56b73f475]::test::setup_test_client::{closure#0}
[INFO] [stdout]   13:     0x5ccc1219e20f - libjmap[28468ef56b73f475]::test::test_collection_methods::{closure#0}
[INFO] [stdout]   14:     0x5ccc121e40e3 - <tokio[3765f8666da63f39]::runtime::scheduler::current_thread::Context>::enter::<core[df12db4294e9bfd3]::task::poll::Poll<()>, <tokio[3765f8666da63f39]::runtime::scheduler::current_thread::CoreGuard>::block_on<core[df12db4294e9bfd3]::pin::Pin<&mut core[df12db4294e9bfd3]::pin::Pin<&mut dyn core[df12db4294e9bfd3]::future::future::Future<Output = ()>>>>::{closure#0}::{closure#0}>
[INFO] [stdout]   15:     0x5ccc1220e2ac - <tokio[3765f8666da63f39]::runtime::context::scoped::Scoped<tokio[3765f8666da63f39]::runtime::scheduler::Context>>::set::<<tokio[3765f8666da63f39]::runtime::scheduler::current_thread::CoreGuard>::enter<<tokio[3765f8666da63f39]::runtime::scheduler::current_thread::CoreGuard>::block_on<core[df12db4294e9bfd3]::pin::Pin<&mut core[df12db4294e9bfd3]::pin::Pin<&mut dyn core[df12db4294e9bfd3]::future::future::Future<Output = ()>>>>::{closure#0}, core[df12db4294e9bfd3]::option::Option<()>>::{closure#0}, (alloc[2182bb758b4b3781]::boxed::Box<tokio[3765f8666da63f39]::runtime::scheduler::current_thread::Core>, core[df12db4294e9bfd3]::option::Option<()>)>
[INFO] [stdout]   16:     0x5ccc121e4525 - <tokio[3765f8666da63f39]::runtime::scheduler::current_thread::CoreGuard>::block_on::<core[df12db4294e9bfd3]::pin::Pin<&mut core[df12db4294e9bfd3]::pin::Pin<&mut dyn core[df12db4294e9bfd3]::future::future::Future<Output = ()>>>>
[INFO] [stdout]   17:     0x5ccc12204c28 - tokio[3765f8666da63f39]::runtime::context::runtime::enter_runtime::<<tokio[3765f8666da63f39]::runtime::scheduler::current_thread::CurrentThread>::block_on<core[df12db4294e9bfd3]::pin::Pin<&mut dyn core[df12db4294e9bfd3]::future::future::Future<Output = ()>>>::{closure#0}, ()>
[INFO] [stdout]   18:     0x5ccc121e3fdb - <tokio[3765f8666da63f39]::runtime::runtime::Runtime>::block_on::<core[df12db4294e9bfd3]::pin::Pin<&mut dyn core[df12db4294e9bfd3]::future::future::Future<Output = ()>>>
[INFO] [stdout]   19:     0x5ccc121a2b88 - libjmap[28468ef56b73f475]::test::test_collection_methods
[INFO] [stdout]   20:     0x5ccc121ead49 - <libjmap[28468ef56b73f475]::test::test_collection_methods::{closure#0} as core[df12db4294e9bfd3]::ops::function::FnOnce<()>>::call_once
[INFO] [stdout]   21:     0x5ccc12221c1b - test[9d35eded1c95d3be]::__rust_begin_short_backtrace::<core[df12db4294e9bfd3]::result::Result<(), alloc[2182bb758b4b3781]::string::String>, fn() -> core[df12db4294e9bfd3]::result::Result<(), alloc[2182bb758b4b3781]::string::String>>
[INFO] [stdout]   22:     0x5ccc1222f285 - test[9d35eded1c95d3be]::run_test::{closure#0}
[INFO] [stdout]   23:     0x5ccc12228b44 - std[70759c8f55707aa4]::sys::backtrace::__rust_begin_short_backtrace::<test[9d35eded1c95d3be]::run_test::{closure#1}, ()>
[INFO] [stdout]   24:     0x5ccc122323e2 - <std[70759c8f55707aa4]::thread::lifecycle::spawn_unchecked<test[9d35eded1c95d3be]::run_test::{closure#1}, ()>::{closure#1} as core[df12db4294e9bfd3]::ops::function::FnOnce<()>>::call_once::{shim:vtable#0}
[INFO] [stdout]   25:     0x5ccc125839d9 - <std[70759c8f55707aa4]::sys::thread::unix::Thread>::new::thread_start
[INFO] [stdout]   26:     0x771902ce2dfa - <unknown>
[INFO] [stdout]   27:     0x771902d763d4 - clone
[INFO] [stdout]   28:                0x0 - <unknown>
[INFO] [stdout] 
[INFO] [stdout] ---- test::test_record_methods stdout ----
[INFO] [stdout] 
[INFO] [stdout] thread 'test::test_record_methods' (2490) panicked at src/lib.rs:1043:14:
[INFO] [stdout] called `Result::unwrap()` on an `Err` value: ClientError(hyper_util::client::legacy::Error(Connect, ConnectError("tcp connect error", 127.0.0.1:8080, Os { code: 111, kind: ConnectionRefused, message: "Connection refused" })))
[INFO] [stdout] stack backtrace:
[INFO] [stdout]    0:     0x5ccc125844b1 - <<std[70759c8f55707aa4]::sys::backtrace::BacktraceLock>::print::DisplayBacktrace as core[df12db4294e9bfd3]::fmt::Display>::fmt
[INFO] [stdout]    1:     0x5ccc1259a51a - core[df12db4294e9bfd3]::fmt::write
[INFO] [stdout]    2:     0x5ccc1258912c - <alloc[2182bb758b4b3781]::vec::Vec<u8> as core[df12db4294e9bfd3]::io::write::Write>::write_fmt
[INFO] [stdout]    3:     0x5ccc1255f3a6 - std[70759c8f55707aa4]::panicking::default_hook::{closure#0}
[INFO] [stdout]    4:     0x5ccc1257c2e9 - std[70759c8f55707aa4]::panicking::default_hook
[INFO] [stdout]    5:     0x5ccc1222e930 - test[9d35eded1c95d3be]::test_main_inner::<test[9d35eded1c95d3be]::test_main_static::{closure#0}>::{closure#0}
[INFO] [stdout]    6:     0x5ccc1257c612 - std[70759c8f55707aa4]::panicking::panic_with_hook
[INFO] [stdout]    7:     0x5ccc1255f452 - std[70759c8f55707aa4]::panicking::panic_handler::{closure#0}
[INFO] [stdout]    8:     0x5ccc12558059 - std[70759c8f55707aa4]::sys::backtrace::__rust_end_short_backtrace::<std[70759c8f55707aa4]::panicking::panic_handler::{closure#0}, !>
[INFO] [stdout]    9:     0x5ccc1256023d - __rustc[8fa7c3cbc660c2b3]::rust_begin_unwind
[INFO] [stdout]   10:     0x5ccc1259ac7c - core[df12db4294e9bfd3]::panicking::panic_fmt
[INFO] [stdout]   11:     0x5ccc1259aa52 - core[df12db4294e9bfd3]::result::unwrap_failed
[INFO] [stdout]   12:     0x5ccc12199b91 - libjmap[28468ef56b73f475]::test::setup_test_client::{closure#0}
[INFO] [stdout]   13:     0x5ccc1219a1cf - libjmap[28468ef56b73f475]::test::test_record_methods::{closure#0}
[INFO] [stdout]   14:     0x5ccc121e40e3 - <tokio[3765f8666da63f39]::runtime::scheduler::current_thread::Context>::enter::<core[df12db4294e9bfd3]::task::poll::Poll<()>, <tokio[3765f8666da63f39]::runtime::scheduler::current_thread::CoreGuard>::block_on<core[df12db4294e9bfd3]::pin::Pin<&mut core[df12db4294e9bfd3]::pin::Pin<&mut dyn core[df12db4294e9bfd3]::future::future::Future<Output = ()>>>>::{closure#0}::{closure#0}>
[INFO] [stdout]   15:     0x5ccc1220e2ac - <tokio[3765f8666da63f39]::runtime::context::scoped::Scoped<tokio[3765f8666da63f39]::runtime::scheduler::Context>>::set::<<tokio[3765f8666da63f39]::runtime::scheduler::current_thread::CoreGuard>::enter<<tokio[3765f8666da63f39]::runtime::scheduler::current_thread::CoreGuard>::block_on<core[df12db4294e9bfd3]::pin::Pin<&mut core[df12db4294e9bfd3]::pin::Pin<&mut dyn core[df12db4294e9bfd3]::future::future::Future<Output = ()>>>>::{closure#0}, core[df12db4294e9bfd3]::option::Option<()>>::{closure#0}, (alloc[2182bb758b4b3781]::boxed::Box<tokio[3765f8666da63f39]::runtime::scheduler::current_thread::Core>, core[df12db4294e9bfd3]::option::Option<()>)>
[INFO] [stdout]   16:     0x5ccc121e4525 - <tokio[3765f8666da63f39]::runtime::scheduler::current_thread::CoreGuard>::block_on::<core[df12db4294e9bfd3]::pin::Pin<&mut core[df12db4294e9bfd3]::pin::Pin<&mut dyn core[df12db4294e9bfd3]::future::future::Future<Output = ()>>>>
[INFO] [stdout]   17:     0x5ccc12204c28 - tokio[3765f8666da63f39]::runtime::context::runtime::enter_runtime::<<tokio[3765f8666da63f39]::runtime::scheduler::current_thread::CurrentThread>::block_on<core[df12db4294e9bfd3]::pin::Pin<&mut dyn core[df12db4294e9bfd3]::future::future::Future<Output = ()>>>::{closure#0}, ()>
[INFO] [stdout]   18:     0x5ccc121e3fdb - <tokio[3765f8666da63f39]::runtime::runtime::Runtime>::block_on::<core[df12db4294e9bfd3]::pin::Pin<&mut dyn core[df12db4294e9bfd3]::future::future::Future<Output = ()>>>
[INFO] [stdout]   19:     0x5ccc121a2908 - libjmap[28468ef56b73f475]::test::test_record_methods
[INFO] [stdout]   20:     0x5ccc121ead09 - <libjmap[28468ef56b73f475]::test::test_record_methods::{closure#0} as core[df12db4294e9bfd3]::ops::function::FnOnce<()>>::call_once
[INFO] [stdout]   21:     0x5ccc12221c1b - test[9d35eded1c95d3be]::__rust_begin_short_backtrace::<core[df12db4294e9bfd3]::result::Result<(), alloc[2182bb758b4b3781]::string::String>, fn() -> core[df12db4294e9bfd3]::result::Result<(), alloc[2182bb758b4b3781]::string::String>>
[INFO] [stdout]   22:     0x5ccc1222f285 - test[9d35eded1c95d3be]::run_test::{closure#0}
[INFO] [stdout]   23:     0x5ccc12228b44 - std[70759c8f55707aa4]::sys::backtrace::__rust_begin_short_backtrace::<test[9d35eded1c95d3be]::run_test::{closure#1}, ()>
[INFO] [stdout]   24:     0x5ccc122323e2 - <std[70759c8f55707aa4]::thread::lifecycle::spawn_unchecked<test[9d35eded1c95d3be]::run_test::{closure#1}, ()>::{closure#1} as core[df12db4294e9bfd3]::ops::function::FnOnce<()>>::call_once::{shim:vtable#0}
[INFO] [stdout]   25:     0x5ccc125839d9 - <std[70759c8f55707aa4]::sys::thread::unix::Thread>::new::thread_start
[INFO] [stdout]   26:     0x771902ce2dfa - <unknown>
[INFO] [stdout]   27:     0x771902d763d4 - clone
[INFO] [stdout]   28:                0x0 - <unknown>
[INFO] [stdout] 
[INFO] [stdout] ---- test::changes stdout ----
[INFO] [stdout] 
[INFO] [stdout] thread 'test::changes' (2484) panicked at src/lib.rs:1043:14:
[INFO] [stdout] called `Result::unwrap()` on an `Err` value: ClientError(hyper_util::client::legacy::Error(Connect, ConnectError("tcp connect error", 127.0.0.1:8080, Os { code: 111, kind: ConnectionRefused, message: "Connection refused" })))
[INFO] [stdout] stack backtrace:
[INFO] [stdout]    0:     0x5ccc125844b1 - <<std[70759c8f55707aa4]::sys::backtrace::BacktraceLock>::print::DisplayBacktrace as core[df12db4294e9bfd3]::fmt::Display>::fmt
[INFO] [stdout]    1:     0x5ccc1259a51a - core[df12db4294e9bfd3]::fmt::write
[INFO] [stdout]    2:     0x5ccc1258912c - <alloc[2182bb758b4b3781]::vec::Vec<u8> as core[df12db4294e9bfd3]::io::write::Write>::write_fmt
[INFO] [stdout]    3:     0x5ccc1255f3a6 - std[70759c8f55707aa4]::panicking::default_hook::{closure#0}
[INFO] [stdout]    4:     0x5ccc1257c2e9 - std[70759c8f55707aa4]::panicking::default_hook
[INFO] [stdout]    5:     0x5ccc1222e930 - test[9d35eded1c95d3be]::test_main_inner::<test[9d35eded1c95d3be]::test_main_static::{closure#0}>::{closure#0}
[INFO] [stdout]    6:     0x5ccc1257c612 - std[70759c8f55707aa4]::panicking::panic_with_hook
[INFO] [stdout]    7:     0x5ccc1255f452 - std[70759c8f55707aa4]::panicking::panic_handler::{closure#0}
[INFO] [stdout]    8:     0x5ccc12558059 - std[70759c8f55707aa4]::sys::backtrace::__rust_end_short_backtrace::<std[70759c8f55707aa4]::panicking::panic_handler::{closure#0}, !>
[INFO] [stdout]    9:     0x5ccc1256023d - __rustc[8fa7c3cbc660c2b3]::rust_begin_unwind
[INFO] [stdout]   10:     0x5ccc1259ac7c - core[df12db4294e9bfd3]::panicking::panic_fmt
[INFO] [stdout]   11:     0x5ccc1259aa52 - core[df12db4294e9bfd3]::result::unwrap_failed
[INFO] [stdout]   12:     0x5ccc12199b91 - libjmap[28468ef56b73f475]::test::setup_test_client::{closure#0}
[INFO] [stdout]   13:     0x5ccc121a079f - libjmap[28468ef56b73f475]::test::changes::{closure#0}
[INFO] [stdout]   14:     0x5ccc121e40e3 - <tokio[3765f8666da63f39]::runtime::scheduler::current_thread::Context>::enter::<core[df12db4294e9bfd3]::task::poll::Poll<()>, <tokio[3765f8666da63f39]::runtime::scheduler::current_thread::CoreGuard>::block_on<core[df12db4294e9bfd3]::pin::Pin<&mut core[df12db4294e9bfd3]::pin::Pin<&mut dyn core[df12db4294e9bfd3]::future::future::Future<Output = ()>>>>::{closure#0}::{closure#0}>
[INFO] [stdout]   15:     0x5ccc1220e2ac - <tokio[3765f8666da63f39]::runtime::context::scoped::Scoped<tokio[3765f8666da63f39]::runtime::scheduler::Context>>::set::<<tokio[3765f8666da63f39]::runtime::scheduler::current_thread::CoreGuard>::enter<<tokio[3765f8666da63f39]::runtime::scheduler::current_thread::CoreGuard>::block_on<core[df12db4294e9bfd3]::pin::Pin<&mut core[df12db4294e9bfd3]::pin::Pin<&mut dyn core[df12db4294e9bfd3]::future::future::Future<Output = ()>>>>::{closure#0}, core[df12db4294e9bfd3]::option::Option<()>>::{closure#0}, (alloc[2182bb758b4b3781]::boxed::Box<tokio[3765f8666da63f39]::runtime::scheduler::current_thread::Core>, core[df12db4294e9bfd3]::option::Option<()>)>
[INFO] [stdout]   16:     0x5ccc121e4525 - <tokio[3765f8666da63f39]::runtime::scheduler::current_thread::CoreGuard>::block_on::<core[df12db4294e9bfd3]::pin::Pin<&mut core[df12db4294e9bfd3]::pin::Pin<&mut dyn core[df12db4294e9bfd3]::future::future::Future<Output = ()>>>>
[INFO] [stdout]   17:     0x5ccc12204c28 - tokio[3765f8666da63f39]::runtime::context::runtime::enter_runtime::<<tokio[3765f8666da63f39]::runtime::scheduler::current_thread::CurrentThread>::block_on<core[df12db4294e9bfd3]::pin::Pin<&mut dyn core[df12db4294e9bfd3]::future::future::Future<Output = ()>>>::{closure#0}, ()>
[INFO] [stdout]   18:     0x5ccc121e3fdb - <tokio[3765f8666da63f39]::runtime::runtime::Runtime>::block_on::<core[df12db4294e9bfd3]::pin::Pin<&mut dyn core[df12db4294e9bfd3]::future::future::Future<Output = ()>>>
[INFO] [stdout]   19:     0x5ccc121a43b8 - libjmap[28468ef56b73f475]::test::changes
[INFO] [stdout]   20:     0x5ccc121eade9 - <libjmap[28468ef56b73f475]::test::changes::{closure#0} as core[df12db4294e9bfd3]::ops::function::FnOnce<()>>::call_once
[INFO] [stdout]   21:     0x5ccc12221c1b - test[9d35eded1c95d3be]::__rust_begin_short_backtrace::<core[df12db4294e9bfd3]::result::Result<(), alloc[2182bb758b4b3781]::string::String>, fn() -> core[df12db4294e9bfd3]::result::Result<(), alloc[2182bb758b4b3781]::string::String>>
[INFO] [stdout]   22:     0x5ccc1222f285 - test[9d35eded1c95d3be]::run_test::{closure#0}
[INFO] [stdout]   23:     0x5ccc12228b44 - std[70759c8f55707aa4]::sys::backtrace::__rust_begin_short_backtrace::<test[9d35eded1c95d3be]::run_test::{closure#1}, ()>
[INFO] [stdout]   24:     0x5ccc122323e2 - <std[70759c8f55707aa4]::thread::lifecycle::spawn_unchecked<test[9d35eded1c95d3be]::run_test::{closure#1}, ()>::{closure#1} as core[df12db4294e9bfd3]::ops::function::FnOnce<()>>::call_once::{shim:vtable#0}
[INFO] [stdout]   25:     0x5ccc125839d9 - <std[70759c8f55707aa4]::sys::thread::unix::Thread>::new::thread_start
[INFO] [stdout]   26:     0x771902ce2dfa - <unknown>
[INFO] [stdout]   27:     0x771902d763d4 - clone
[INFO] [stdout]   28:                0x0 - <unknown>
[INFO] [stdout] 
[INFO] [stdout] 
[INFO] [stdout] failures:
[INFO] [stdout]     test::changes
[INFO] [stdout]     test::get_session_resource
[INFO] [stdout]     test::test_collection_methods
[INFO] [stdout]     test::test_record_methods
[INFO] [stdout] 
[INFO] [stdout] test result: FAILED. 3 passed; 4 failed; 1 ignored; 0 measured; 0 filtered out; finished in 0.25s
[INFO] [stdout] 
[INFO] [stderr] error: test failed, to rerun pass `--lib`
[INFO] running `Command { std: "docker" "inspect" "9b8f7a7a8de9a72e0564efb0794e6f5bd8720ffffe8b1872f32843d02920f09e", kill_on_drop: false }`
[INFO] running `Command { std: "docker" "rm" "-f" "9b8f7a7a8de9a72e0564efb0794e6f5bd8720ffffe8b1872f32843d02920f09e", kill_on_drop: false }`
[INFO] [stdout] 9b8f7a7a8de9a72e0564efb0794e6f5bd8720ffffe8b1872f32843d02920f09e
