[INFO] fetching crate libglycin-rebind-sys 0.2.0...
[INFO] testing libglycin-rebind-sys-0.2.0 against 1.100.0-beta.1+cargoflags=--release for beta-release-1.100-2
[INFO] extracting crate libglycin-rebind-sys 0.2.0 into /workspace/builds/worker-6-tc2/source
[INFO] started tweaking crates.io crate libglycin-rebind-sys 0.2.0
[INFO] removed 0 missing tests
[INFO] finished tweaking crates.io crate libglycin-rebind-sys 0.2.0
[INFO] tweaked toml for crates.io crate libglycin-rebind-sys 0.2.0 written to /workspace/builds/worker-6-tc2/source/Cargo.toml
[INFO] validating manifest of crates.io crate libglycin-rebind-sys 0.2.0 on toolchain 1.100.0-beta.1
[INFO] running `Command { std: CARGO_HOME="/workspace/cargo-home" RUSTUP_HOME="/workspace/rustup-home" "/workspace/cargo-home/bin/cargo" "+1.100.0-beta.1" "metadata" "--manifest-path" "Cargo.toml" "--no-deps", kill_on_drop: false }`
[INFO] crate crates.io crate libglycin-rebind-sys 0.2.0 already has a lockfile, it will not be regenerated
[INFO] running `Command { std: CARGO_HOME="/workspace/cargo-home" RUSTUP_HOME="/workspace/rustup-home" "/workspace/cargo-home/bin/cargo" "+1.100.0-beta.1" "fetch" "--manifest-path" "Cargo.toml", kill_on_drop: false }`
[INFO] running `Command { std: "docker" "create" "-v" "/var/lib/crater-agent-workspace/builds/worker-6-tc2/source:/opt/rustwide/workdir:ro,Z" "-v" "/var/lib/crater-agent-workspace/builds/worker-6-tc2/target:/opt/rustwide/target:rw,Z" "-v" "/var/lib/crater-agent-workspace/cargo-home:/opt/rustwide/cargo-home:ro,Z" "-v" "/var/lib/crater-agent-workspace/rustup-home:/opt/rustwide/rustup-home:ro,Z" "-m" "1610612736" "--network" "none" "ghcr.io/rust-lang/crates-build-env/linux@sha256:77db811e55d90add9212f6832c23229e3de5f1c1f9905e8cb07319ea15df73ac" "sleep" "infinity", kill_on_drop: false }`
[INFO] [stdout] bcdd21dcf8600767942494d92d71f2379c5812c78c3bb84b40ba5948df41335b
[INFO] running `Command { std: "docker" "start" "bcdd21dcf8600767942494d92d71f2379c5812c78c3bb84b40ba5948df41335b", kill_on_drop: false }`
[INFO] running `Command { std: "docker" "inspect" "bcdd21dcf8600767942494d92d71f2379c5812c78c3bb84b40ba5948df41335b", kill_on_drop: false }`
[INFO] running `Command { std: "docker" "exec" "-e" "SOURCE_DIR=/opt/rustwide/workdir" "-e" "CARGO_HOME=/opt/rustwide/cargo-home" "-e" "RUSTUP_HOME=/opt/rustwide/rustup-home" "-e" "CARGO_TARGET_DIR=/opt/rustwide/target" "-w" "/opt/rustwide/workdir" "--user" "0:0" "bcdd21dcf8600767942494d92d71f2379c5812c78c3bb84b40ba5948df41335b" "/opt/rustwide/cargo-home/bin/cargo" "+1.100.0-beta.1" "metadata" "--no-deps" "--format-version=1", kill_on_drop: false }`
[INFO] running `Command { std: "docker" "inspect" "bcdd21dcf8600767942494d92d71f2379c5812c78c3bb84b40ba5948df41335b", kill_on_drop: false }`
[INFO] running `Command { std: "docker" "exec" "-e" "SOURCE_DIR=/opt/rustwide/workdir" "-e" "CARGO_HOME=/opt/rustwide/cargo-home" "-e" "RUSTUP_HOME=/opt/rustwide/rustup-home" "-e" "CARGO_TARGET_DIR=/opt/rustwide/target" "-e" "CARGO_INCREMENTAL=0" "-e" "RUST_BACKTRACE=full" "-e" "RUSTFLAGS=--cap-lints=warn" "-e" "RUSTDOCFLAGS=--cap-lints=warn" "-w" "/opt/rustwide/workdir" "--user" "0:0" "bcdd21dcf8600767942494d92d71f2379c5812c78c3bb84b40ba5948df41335b" "/opt/rustwide/cargo-home/bin/cargo" "+1.100.0-beta.1" "build" "--frozen" "--message-format=json" "--release", kill_on_drop: false }`
[INFO] [stderr]    Compiling target-lexicon v0.13.5
[INFO] [stderr]    Compiling winnow v1.0.4
[INFO] [stderr]    Compiling smallvec v1.15.2
[INFO] [stderr]    Compiling serde_spanned v1.1.1
[INFO] [stderr]    Compiling toml_datetime v1.1.1+spec-1.1.0
[INFO] [stderr]    Compiling version-compare v0.2.1
[INFO] [stderr]    Compiling heck v0.5.0
[INFO] [stderr]    Compiling pkg-config v0.3.33
[INFO] [stderr]    Compiling toml_parser v1.1.3+spec-1.1.0
[INFO] [stderr]    Compiling cfg-expr v0.20.8
[INFO] [stderr]    Compiling toml v1.1.4+spec-1.1.0
[INFO] [stderr]    Compiling system-deps v7.0.8
[INFO] [stderr]    Compiling glib-sys v0.22.8
[INFO] [stderr]    Compiling gobject-sys v0.22.6
[INFO] [stderr]    Compiling gio-sys v0.22.8
[INFO] [stderr]    Compiling libglycin-rebind-sys v0.2.0 (/opt/rustwide/workdir)
[INFO] [stderr] warning: unused dependency `system-deps`
[INFO] [stderr]   --> Cargo.toml:19:15
[INFO] [stderr]    |
[INFO] [stderr] 19 | [dependencies.system-deps]
[INFO] [stderr]    |               ^^^^^^^^^^^^
[INFO] [stderr]    |
[INFO] [stderr]    = note: `cargo::unused_dependencies` is set to `warn` by default
[INFO] [stderr] help: consider removing the dependency on `system-deps`
[INFO] [stderr] warning: `libglycin-rebind-sys` (manifest) generated 1 warning
[INFO] [stderr]     Finished `release` profile [optimized] target(s) in 7.76s
[INFO] running `Command { std: "docker" "inspect" "bcdd21dcf8600767942494d92d71f2379c5812c78c3bb84b40ba5948df41335b", kill_on_drop: false }`
[INFO] running `Command { std: "docker" "exec" "-e" "SOURCE_DIR=/opt/rustwide/workdir" "-e" "CARGO_HOME=/opt/rustwide/cargo-home" "-e" "RUSTUP_HOME=/opt/rustwide/rustup-home" "-e" "CARGO_TARGET_DIR=/opt/rustwide/target" "-e" "CARGO_INCREMENTAL=0" "-e" "RUST_BACKTRACE=full" "-e" "RUSTFLAGS=--cap-lints=warn" "-e" "RUSTDOCFLAGS=--cap-lints=warn" "-w" "/opt/rustwide/workdir" "--user" "0:0" "bcdd21dcf8600767942494d92d71f2379c5812c78c3bb84b40ba5948df41335b" "/opt/rustwide/cargo-home/bin/cargo" "+1.100.0-beta.1" "test" "--frozen" "--no-run" "--message-format=json" "--release", kill_on_drop: false }`
[INFO] [stderr]    Compiling shell-words v1.1.1
[INFO] [stderr]    Compiling tempfile v3.27.0
[INFO] [stderr]    Compiling libglycin-rebind-sys v0.2.0 (/opt/rustwide/workdir)
[INFO] [stderr] warning: unused dependency `system-deps`
[INFO] [stderr]   --> Cargo.toml:19:15
[INFO] [stderr]    |
[INFO] [stderr] 19 | [dependencies.system-deps]
[INFO] [stderr]    |               ^^^^^^^^^^^^
[INFO] [stderr]    |
[INFO] [stderr]    = note: `cargo::unused_dependencies` is set to `warn` by default
[INFO] [stderr] help: consider removing the dependency on `system-deps`
[INFO] [stderr] warning: `libglycin-rebind-sys` (manifest) generated 1 warning
[INFO] [stderr]     Finished `release` profile [optimized] target(s) in 1.67s
[INFO] running `Command { std: "docker" "inspect" "bcdd21dcf8600767942494d92d71f2379c5812c78c3bb84b40ba5948df41335b", kill_on_drop: false }`
[INFO] running `Command { std: "docker" "exec" "-e" "SOURCE_DIR=/opt/rustwide/workdir" "-e" "CARGO_HOME=/opt/rustwide/cargo-home" "-e" "RUSTUP_HOME=/opt/rustwide/rustup-home" "-e" "CARGO_TARGET_DIR=/opt/rustwide/target" "-e" "CARGO_INCREMENTAL=0" "-e" "RUST_BACKTRACE=full" "-e" "RUSTFLAGS=--cap-lints=warn" "-e" "RUSTDOCFLAGS=--cap-lints=warn" "-w" "/opt/rustwide/workdir" "--user" "0:0" "bcdd21dcf8600767942494d92d71f2379c5812c78c3bb84b40ba5948df41335b" "/opt/rustwide/cargo-home/bin/cargo" "+1.100.0-beta.1" "test" "--frozen" "--release", kill_on_drop: false }`
[INFO] [stderr] warning: unused dependency `system-deps`
[INFO] [stderr]   --> Cargo.toml:19:15
[INFO] [stderr]    |
[INFO] [stderr] 19 | [dependencies.system-deps]
[INFO] [stderr]    |               ^^^^^^^^^^^^
[INFO] [stderr]    |
[INFO] [stderr]    = note: `cargo::unused_dependencies` is set to `warn` by default
[INFO] [stderr] help: consider removing the dependency on `system-deps`
[INFO] [stderr] warning: `libglycin-rebind-sys` (manifest) generated 1 warning
[INFO] [stderr]     Finished `release` profile [optimized] target(s) in 0.07s
[INFO] [stderr]      Running unittests src/lib.rs (/opt/rustwide/target/release/build/libglycin-rebind-sys/257c749ba0084493/out/libglycin_rebind_sys-257c749ba0084493)
[INFO] [stdout] 
[INFO] [stdout] running 0 tests
[INFO] [stdout] 
[INFO] [stdout] test result: ok. 0 passed; 0 failed; 0 ignored; 0 measured; 0 filtered out; finished in 0.00s
[INFO] [stdout] 
[INFO] [stderr]      Running tests/abi.rs (/opt/rustwide/target/release/build/libglycin-rebind-sys/f8a6b7bb25770f74/out/abi-f8a6b7bb25770f74)
[INFO] [stdout] 
[INFO] [stdout] running 2 tests
[INFO] [stderr] tests/layout.c: In function 'main':
[INFO] [stderr] tests/layout.c:12:51: error: 'GlyColorMode' undeclared (first use in this function)
[INFO] [stderr]    12 |     printf("%s;%zu;%zu\n", "GlyColorMode", sizeof(GlyColorMode), alignof(GlyColorMode));
[INFO] [stderr]       |                                                   ^~~~~~~~~~~~
[INFO] [stderr] tests/layout.c:12:51: note: each undeclared identifier is reported only once for each function it appears in
[INFO] [stderr] tests/layout.c:16:59: error: 'GlyFrameDetailsClass' undeclared (first use in this function); did you mean 'GlyFrameRequestClass'?
[INFO] [stderr]    16 |     printf("%s;%zu;%zu\n", "GlyFrameDetailsClass", sizeof(GlyFrameDetailsClass), alignof(GlyFrameDetailsClass));
[INFO] [stderr]       |                                                           ^~~~~~~~~~~~~~~~~~~~
[INFO] [stderr]       |                                                           GlyFrameRequestClass
[INFO] [stderr] tests/constant.c: In function 'main':
[INFO] [stderr] tests/constant.c:32:27: error: 'GLY_COLOR_MODE_CICP' undeclared (first use in this function)
[INFO] [stderr]    32 |     PRINT_CONSTANT((gint) GLY_COLOR_MODE_CICP);
[INFO] [stderr]       |                           ^~~~~~~~~~~~~~~~~~~
[INFO] [stderr] tests/constant.c:11:22: note: in definition of macro 'PRINT_CONSTANT'
[INFO] [stderr]    11 |     printf(_Generic((CONSTANT_NAME), \
[INFO] [stderr]       |                      ^~~~~~~~~~~~~
[INFO] [stderr] tests/constant.c:32:27: note: each undeclared identifier is reported only once for each function it appears in
[INFO] [stderr]    32 |     PRINT_CONSTANT((gint) GLY_COLOR_MODE_CICP);
[INFO] [stderr]       |                           ^~~~~~~~~~~~~~~~~~~
[INFO] [stderr] tests/constant.c:11:22: note: in definition of macro 'PRINT_CONSTANT'
[INFO] [stderr]    11 |     printf(_Generic((CONSTANT_NAME), \
[INFO] [stderr]       |                      ^~~~~~~~~~~~~
[INFO] [stderr] tests/layout.c:24:63: error: 'GlyPhysicalDimensionUnit' undeclared (first use in this function)
[INFO] [stderr]    24 |     printf("%s;%zu;%zu\n", "GlyPhysicalDimensionUnit", sizeof(GlyPhysicalDimensionUnit), alignof(GlyPhysicalDimensionUnit));
[INFO] [stderr]       |                                                               ^~~~~~~~~~~~~~~~~~~~~~~~
[INFO] [stderr] tests/constant.c:33:27: error: 'GLY_COLOR_MODE_ICC_PROFILE' undeclared (first use in this function)
[INFO] [stderr]    33 |     PRINT_CONSTANT((gint) GLY_COLOR_MODE_ICC_PROFILE);
[INFO] [stderr]       |                           ^~~~~~~~~~~~~~~~~~~~~~~~~~
[INFO] [stderr] tests/constant.c:11:22: note: in definition of macro 'PRINT_CONSTANT'
[INFO] [stderr]    11 |     printf(_Generic((CONSTANT_NAME), \
[INFO] [stderr]       |                      ^~~~~~~~~~~~~
[INFO] [stderr] tests/layout.c:25:59: error: 'GlyPixelDensityClass' undeclared (first use in this function)
[INFO] [stderr]    25 |     printf("%s;%zu;%zu\n", "GlyPixelDensityClass", sizeof(GlyPixelDensityClass), alignof(GlyPixelDensityClass));
[INFO] [stderr]       |                                                           ^~~~~~~~~~~~~~~~~~~~
[INFO] [stderr] tests/constant.c:34:27: error: 'GLY_COLOR_MODE_SRGB' undeclared (first use in this function)
[INFO] [stderr]    34 |     PRINT_CONSTANT((gint) GLY_COLOR_MODE_SRGB);
[INFO] [stderr]       |                           ^~~~~~~~~~~~~~~~~~~
[INFO] [stderr] tests/constant.c:11:22: note: in definition of macro 'PRINT_CONSTANT'
[INFO] [stderr]    11 |     printf(_Generic((CONSTANT_NAME), \
[INFO] [stderr]       |                      ^~~~~~~~~~~~~
[INFO] [stdout] test cross_validate_layout_with_c ... FAILED
[INFO] [stderr] tests/constant.c:84:27: error: 'GLY_PHYSICAL_DIMENSION_UNIT_CENTIMETER' undeclared (first use in this function)
[INFO] [stderr]    84 |     PRINT_CONSTANT((gint) GLY_PHYSICAL_DIMENSION_UNIT_CENTIMETER);
[INFO] [stderr]       |                           ^~~~~~~~~~~~~~~~~~~~~~~~~~~~~~~~~~~~~~
[INFO] [stderr] tests/constant.c:11:22: note: in definition of macro 'PRINT_CONSTANT'
[INFO] [stderr]    11 |     printf(_Generic((CONSTANT_NAME), \
[INFO] [stderr]       |                      ^~~~~~~~~~~~~
[INFO] [stderr] tests/constant.c:85:27: error: 'GLY_PHYSICAL_DIMENSION_UNIT_INCH' undeclared (first use in this function)
[INFO] [stderr]    85 |     PRINT_CONSTANT((gint) GLY_PHYSICAL_DIMENSION_UNIT_INCH);
[INFO] [stderr]       |                           ^~~~~~~~~~~~~~~~~~~~~~~~~~~~~~~~
[INFO] [stderr] tests/constant.c:11:22: note: in definition of macro 'PRINT_CONSTANT'
[INFO] [stderr]    11 |     printf(_Generic((CONSTANT_NAME), \
[INFO] [stderr]       |                      ^~~~~~~~~~~~~
[INFO] [stderr] tests/constant.c:86:27: error: 'GLY_PHYSICAL_DIMENSION_UNIT_METER' undeclared (first use in this function)
[INFO] [stderr]    86 |     PRINT_CONSTANT((gint) GLY_PHYSICAL_DIMENSION_UNIT_METER);
[INFO] [stderr]       |                           ^~~~~~~~~~~~~~~~~~~~~~~~~~~~~~~~~
[INFO] [stderr] tests/constant.c:11:22: note: in definition of macro 'PRINT_CONSTANT'
[INFO] [stderr]    11 |     printf(_Generic((CONSTANT_NAME), \
[INFO] [stderr]       |                      ^~~~~~~~~~~~~
[INFO] [stderr] tests/constant.c:87:27: error: 'GLY_PHYSICAL_DIMENSION_UNIT_MILLIMETER' undeclared (first use in this function)
[INFO] [stderr]    87 |     PRINT_CONSTANT((gint) GLY_PHYSICAL_DIMENSION_UNIT_MILLIMETER);
[INFO] [stderr]       |                           ^~~~~~~~~~~~~~~~~~~~~~~~~~~~~~~~~~~~~~
[INFO] [stderr] tests/constant.c:11:22: note: in definition of macro 'PRINT_CONSTANT'
[INFO] [stderr]    11 |     printf(_Generic((CONSTANT_NAME), \
[INFO] [stderr]       |                      ^~~~~~~~~~~~~
[INFO] [stderr] tests/constant.c:88:27: error: 'GLY_PHYSICAL_DIMENSION_UNIT_PICA' undeclared (first use in this function)
[INFO] [stderr]    88 |     PRINT_CONSTANT((gint) GLY_PHYSICAL_DIMENSION_UNIT_PICA);
[INFO] [stderr]       |                           ^~~~~~~~~~~~~~~~~~~~~~~~~~~~~~~~
[INFO] [stderr] tests/constant.c:11:22: note: in definition of macro 'PRINT_CONSTANT'
[INFO] [stderr]    11 |     printf(_Generic((CONSTANT_NAME), \
[INFO] [stderr]       |                      ^~~~~~~~~~~~~
[INFO] [stderr] tests/constant.c:89:27: error: 'GLY_PHYSICAL_DIMENSION_UNIT_POINT' undeclared (first use in this function)
[INFO] [stderr]    89 |     PRINT_CONSTANT((gint) GLY_PHYSICAL_DIMENSION_UNIT_POINT);
[INFO] [stderr]       |                           ^~~~~~~~~~~~~~~~~~~~~~~~~~~~~~~~~
[INFO] [stderr] tests/constant.c:11:22: note: in definition of macro 'PRINT_CONSTANT'
[INFO] [stderr]    11 |     printf(_Generic((CONSTANT_NAME), \
[INFO] [stderr]       |                      ^~~~~~~~~~~~~
[INFO] [stdout] test cross_validate_constants_with_c ... FAILED
[INFO] [stdout] 
[INFO] [stdout] failures:
[INFO] [stdout] 
[INFO] [stdout] ---- cross_validate_layout_with_c stdout ----
[INFO] [stdout] 
[INFO] [stdout] thread 'cross_validate_layout_with_c' (622) panicked at tests/abi.rs:155:37:
[INFO] [stdout] called `Result::unwrap()` on an `Err` value: "compilation command \"cc\" \"-Wno-deprecated-declarations\" \"-std=c11\" \"-D__USE_MINGW_ANSI_STDIO\" \"-I/usr/include/glycin-2\" \"-I/usr/include/freetype2\" \"-I/usr/include/libpng16\" \"-I/usr/include/glib-2.0\" \"-I/usr/lib/x86_64-linux-gnu/glib-2.0/include\" \"-I/usr/include/libmount\" \"-I/usr/include/blkid\" \"-I/usr/include/sysprof-6\" \"-pthread\" \"tests/layout.c\" \"-o\" \"/tmp/abiXpLT5Z/layout\" failed, exit status: 1"
[INFO] [stdout] stack backtrace:
[INFO] [stdout]    0:     0x643d815b5d81 - <<std[617be2ca0a6fd877]::sys::backtrace::BacktraceLock>::print::DisplayBacktrace as core[a373ad73a504971]::fmt::Display>::fmt
[INFO] [stdout]    1:     0x643d815cbaca - core[a373ad73a504971]::fmt::write
[INFO] [stdout]    2:     0x643d815bb72c - <alloc[2e1b2a31b91974c5]::vec::Vec<u8> as core[a373ad73a504971]::io::write::Write>::write_fmt
[INFO] [stdout]    3:     0x643d81590b06 - std[617be2ca0a6fd877]::panicking::default_hook::{closure#0}
[INFO] [stdout]    4:     0x643d815adc79 - std[617be2ca0a6fd877]::panicking::default_hook
[INFO] [stdout]    5:     0x643d815478b0 - test[aada8e7e76ba119b]::test_main_inner::{closure#0}
[INFO] [stdout]    6:     0x643d815ade32 - std[617be2ca0a6fd877]::panicking::panic_with_hook
[INFO] [stdout]    7:     0x643d81590bb2 - std[617be2ca0a6fd877]::panicking::panic_handler::{closure#0}
[INFO] [stdout]    8:     0x643d815897a9 - std[617be2ca0a6fd877]::sys::backtrace::__rust_end_short_backtrace::<std[617be2ca0a6fd877]::panicking::panic_handler::{closure#0}, !>
[INFO] [stdout]    9:     0x643d815917bd - __rustc[ea4f61d10b84890b]::rust_begin_unwind
[INFO] [stdout]   10:     0x643d815cc1fc - core[a373ad73a504971]::panicking::panic_fmt
[INFO] [stdout]   11:     0x643d815cbfd2 - core[a373ad73a504971]::result::unwrap_failed
[INFO] [stdout]   12:     0x643d81538998 - <abi[5893bbf022fdfc2]::cross_validate_layout_with_c::{closure#0} as core[a373ad73a504971]::ops::function::FnOnce<()>>::call_once
[INFO] [stdout]   13:     0x643d8153acfb - test[aada8e7e76ba119b]::__rust_begin_short_backtrace::<core[a373ad73a504971]::result::Result<(), alloc[2e1b2a31b91974c5]::string::String>, fn() -> core[a373ad73a504971]::result::Result<(), alloc[2e1b2a31b91974c5]::string::String>>
[INFO] [stdout]   14:     0x643d81547ed5 - test[aada8e7e76ba119b]::run_test::{closure#0}
[INFO] [stdout]   15:     0x643d815417c4 - std[617be2ca0a6fd877]::sys::backtrace::__rust_begin_short_backtrace::<test[aada8e7e76ba119b]::run_test::{closure#1}, ()>
[INFO] [stdout]   16:     0x643d8154af62 - <std[617be2ca0a6fd877]::thread::lifecycle::spawn_unchecked<test[aada8e7e76ba119b]::run_test::{closure#1}, ()>::{closure#1} as core[a373ad73a504971]::ops::function::FnOnce<()>>::call_once::{shim:vtable#0}
[INFO] [stdout]   17:     0x643d815b555f - <std[617be2ca0a6fd877]::sys::thread::unix::Thread>::new::thread_start
[INFO] [stdout]   18:     0x73cd2bdb8dfa - <unknown>
[INFO] [stdout]   19:     0x73cd2be4c3d4 - clone
[INFO] [stdout]   20:                0x0 - <unknown>
[INFO] [stdout] 
[INFO] [stdout] ---- cross_validate_constants_with_c stdout ----
[INFO] [stdout] 
[INFO] [stdout] thread 'cross_validate_constants_with_c' (621) panicked at tests/abi.rs:121:39:
[INFO] [stdout] called `Result::unwrap()` on an `Err` value: "compilation command \"cc\" \"-Wno-deprecated-declarations\" \"-std=c11\" \"-D__USE_MINGW_ANSI_STDIO\" \"-I/usr/include/glycin-2\" \"-I/usr/include/freetype2\" \"-I/usr/include/libpng16\" \"-I/usr/include/glib-2.0\" \"-I/usr/lib/x86_64-linux-gnu/glib-2.0/include\" \"-I/usr/include/libmount\" \"-I/usr/include/blkid\" \"-I/usr/include/sysprof-6\" \"-pthread\" \"tests/constant.c\" \"-o\" \"/tmp/abiVt2lW4/constant\" failed, exit status: 1"
[INFO] [stdout] stack backtrace:
[INFO] [stdout]    0:     0x643d815b5d81 - <<std[617be2ca0a6fd877]::sys::backtrace::BacktraceLock>::print::DisplayBacktrace as core[a373ad73a504971]::fmt::Display>::fmt
[INFO] [stdout]    1:     0x643d815cbaca - core[a373ad73a504971]::fmt::write
[INFO] [stdout]    2:     0x643d815bb72c - <alloc[2e1b2a31b91974c5]::vec::Vec<u8> as core[a373ad73a504971]::io::write::Write>::write_fmt
[INFO] [stdout]    3:     0x643d81590b06 - std[617be2ca0a6fd877]::panicking::default_hook::{closure#0}
[INFO] [stdout]    4:     0x643d815adc79 - std[617be2ca0a6fd877]::panicking::default_hook
[INFO] [stdout]    5:     0x643d815478b0 - test[aada8e7e76ba119b]::test_main_inner::{closure#0}
[INFO] [stdout]    6:     0x643d815ade32 - std[617be2ca0a6fd877]::panicking::panic_with_hook
[INFO] [stdout]    7:     0x643d81590bb2 - std[617be2ca0a6fd877]::panicking::panic_handler::{closure#0}
[INFO] [stdout]    8:     0x643d815897a9 - std[617be2ca0a6fd877]::sys::backtrace::__rust_end_short_backtrace::<std[617be2ca0a6fd877]::panicking::panic_handler::{closure#0}, !>
[INFO] [stdout]    9:     0x643d815917bd - __rustc[ea4f61d10b84890b]::rust_begin_unwind
[INFO] [stdout]   10:     0x643d815cc1fc - core[a373ad73a504971]::panicking::panic_fmt
[INFO] [stdout]   11:     0x643d815cbfd2 - core[a373ad73a504971]::result::unwrap_failed
[INFO] [stdout]   12:     0x643d81539136 - <abi[5893bbf022fdfc2]::cross_validate_constants_with_c::{closure#0} as core[a373ad73a504971]::ops::function::FnOnce<()>>::call_once
[INFO] [stdout]   13:     0x643d8153acfb - test[aada8e7e76ba119b]::__rust_begin_short_backtrace::<core[a373ad73a504971]::result::Result<(), alloc[2e1b2a31b91974c5]::string::String>, fn() -> core[a373ad73a504971]::result::Result<(), alloc[2e1b2a31b91974c5]::string::String>>
[INFO] [stdout]   14:     0x643d81547ed5 - test[aada8e7e76ba119b]::run_test::{closure#0}
[INFO] [stdout]   15:     0x643d815417c4 - std[617be2ca0a6fd877]::sys::backtrace::__rust_begin_short_backtrace::<test[aada8e7e76ba119b]::run_test::{closure#1}, ()>
[INFO] [stdout]   16:     0x643d8154af62 - <std[617be2ca0a6fd877]::thread::lifecycle::spawn_unchecked<test[aada8e7e76ba119b]::run_test::{closure#1}, ()>::{closure#1} as core[a373ad73a504971]::ops::function::FnOnce<()>>::call_once::{shim:vtable#0}
[INFO] [stdout]   17:     0x643d815b555f - <std[617be2ca0a6fd877]::sys::thread::unix::Thread>::new::thread_start
[INFO] [stdout]   18:     0x73cd2bdb8dfa - <unknown>
[INFO] [stdout]   19:     0x73cd2be4c3d4 - clone
[INFO] [stdout]   20:                0x0 - <unknown>
[INFO] [stdout] 
[INFO] [stdout] 
[INFO] [stdout] failures:
[INFO] [stdout]     cross_validate_constants_with_c
[INFO] [stdout]     cross_validate_layout_with_c
[INFO] [stdout] 
[INFO] [stdout] test result: FAILED. 0 passed; 2 failed; 0 ignored; 0 measured; 0 filtered out; finished in 0.57s
[INFO] [stdout] 
[INFO] [stderr] error: test failed, to rerun pass `--test abi`
[INFO] running `Command { std: "docker" "inspect" "bcdd21dcf8600767942494d92d71f2379c5812c78c3bb84b40ba5948df41335b", kill_on_drop: false }`
[INFO] running `Command { std: "docker" "rm" "-f" "bcdd21dcf8600767942494d92d71f2379c5812c78c3bb84b40ba5948df41335b", kill_on_drop: false }`
[INFO] [stdout] bcdd21dcf8600767942494d92d71f2379c5812c78c3bb84b40ba5948df41335b
