[INFO] fetching crate libfw-server 0.4.5...
[INFO] testing libfw-server-0.4.5 against 1.99.0-beta.8+cargoflags=--release for beta-release-1.100-2
[INFO] extracting crate libfw-server 0.4.5 into /workspace/builds/worker-7-tc1/source
[INFO] started tweaking crates.io crate libfw-server 0.4.5
[INFO] removed 0 missing tests
[INFO] finished tweaking crates.io crate libfw-server 0.4.5
[INFO] tweaked toml for crates.io crate libfw-server 0.4.5 written to /workspace/builds/worker-7-tc1/source/Cargo.toml
[INFO] validating manifest of crates.io crate libfw-server 0.4.5 on toolchain 1.99.0-beta.8
[INFO] running `Command { std: CARGO_HOME="/workspace/cargo-home" RUSTUP_HOME="/workspace/rustup-home" "/workspace/cargo-home/bin/cargo" "+1.99.0-beta.8" "metadata" "--manifest-path" "Cargo.toml" "--no-deps", kill_on_drop: false }`
[INFO] crate crates.io crate libfw-server 0.4.5 already has a lockfile, it will not be regenerated
[INFO] running `Command { std: CARGO_HOME="/workspace/cargo-home" RUSTUP_HOME="/workspace/rustup-home" "/workspace/cargo-home/bin/cargo" "+1.99.0-beta.8" "fetch" "--manifest-path" "Cargo.toml", kill_on_drop: false }`
[INFO] [stderr]     Updating crates.io index
[INFO] [stderr]  Downloading crates ...
[INFO] [stderr]   Downloaded zrip-core v0.9.1
[INFO] [stderr]   Downloaded zrip-decode v0.8.4
[INFO] [stderr]   Downloaded libfw-core v0.4.5
[INFO] [stderr]   Downloaded zrip v0.8.4
[INFO] [stderr]   Downloaded zrip-encode v0.8.4
[INFO] [stderr]   Downloaded fearless_simd v0.6.0
[INFO] running `Command { std: "docker" "create" "-v" "/var/lib/crater-agent-workspace/builds/worker-7-tc1/source:/opt/rustwide/workdir:ro,Z" "-v" "/var/lib/crater-agent-workspace/builds/worker-7-tc1/target:/opt/rustwide/target:rw,Z" "-v" "/var/lib/crater-agent-workspace/cargo-home:/opt/rustwide/cargo-home:ro,Z" "-v" "/var/lib/crater-agent-workspace/rustup-home:/opt/rustwide/rustup-home:ro,Z" "-m" "1610612736" "--network" "none" "ghcr.io/rust-lang/crates-build-env/linux@sha256:77db811e55d90add9212f6832c23229e3de5f1c1f9905e8cb07319ea15df73ac" "sleep" "infinity", kill_on_drop: false }`
[INFO] [stdout] 21d864329d284344a65035852209eb7da1e02239f74dbc71f8e9bc5881d563d1
[INFO] running `Command { std: "docker" "start" "21d864329d284344a65035852209eb7da1e02239f74dbc71f8e9bc5881d563d1", kill_on_drop: false }`
[INFO] running `Command { std: "docker" "inspect" "21d864329d284344a65035852209eb7da1e02239f74dbc71f8e9bc5881d563d1", kill_on_drop: false }`
[INFO] running `Command { std: "docker" "exec" "-e" "SOURCE_DIR=/opt/rustwide/workdir" "-e" "CARGO_HOME=/opt/rustwide/cargo-home" "-e" "RUSTUP_HOME=/opt/rustwide/rustup-home" "-e" "CARGO_TARGET_DIR=/opt/rustwide/target" "-w" "/opt/rustwide/workdir" "--user" "0:0" "21d864329d284344a65035852209eb7da1e02239f74dbc71f8e9bc5881d563d1" "/opt/rustwide/cargo-home/bin/cargo" "+1.99.0-beta.8" "metadata" "--no-deps" "--format-version=1", kill_on_drop: false }`
[INFO] running `Command { std: "docker" "inspect" "21d864329d284344a65035852209eb7da1e02239f74dbc71f8e9bc5881d563d1", kill_on_drop: false }`
[INFO] running `Command { std: "docker" "exec" "-e" "SOURCE_DIR=/opt/rustwide/workdir" "-e" "CARGO_HOME=/opt/rustwide/cargo-home" "-e" "RUSTUP_HOME=/opt/rustwide/rustup-home" "-e" "CARGO_TARGET_DIR=/opt/rustwide/target" "-e" "CARGO_INCREMENTAL=0" "-e" "RUST_BACKTRACE=full" "-e" "RUSTFLAGS=--cap-lints=warn" "-e" "RUSTDOCFLAGS=--cap-lints=warn" "-w" "/opt/rustwide/workdir" "--user" "0:0" "21d864329d284344a65035852209eb7da1e02239f74dbc71f8e9bc5881d563d1" "/opt/rustwide/cargo-home/bin/cargo" "+1.99.0-beta.8" "build" "--frozen" "--message-format=json" "--release", kill_on_drop: false }`
[INFO] [stderr]    Compiling futures-sink v0.3.33
[INFO] [stderr]    Compiling zrip-core v0.9.1
[INFO] [stderr]    Compiling parking_lot_core v0.9.12
[INFO] [stderr]    Compiling tokio-macros v2.7.2
[INFO] [stderr]    Compiling futures-macro v0.3.33
[INFO] [stderr]    Compiling fearless_simd v0.6.0
[INFO] [stderr]    Compiling serde v1.0.229
[INFO] [stderr]    Compiling tracing v0.1.44
[INFO] [stderr]    Compiling http-body-util v0.1.4
[INFO] [stderr]    Compiling sha2 v0.10.9
[INFO] [stderr]    Compiling thiserror v2.0.19
[INFO] [stderr]    Compiling async-trait v0.1.91
[INFO] [stderr]    Compiling futures-channel v0.3.33
[INFO] [stderr]    Compiling parking_lot v0.12.5
[INFO] [stderr]    Compiling zrip-encode v0.8.4
[INFO] [stderr]    Compiling axum-core v0.5.6
[INFO] [stderr]    Compiling tokio v1.53.1
[INFO] [stderr]    Compiling futures-util v0.3.33
[INFO] [stderr]    Compiling serde_urlencoded v0.7.1
[INFO] [stderr]    Compiling futures-executor v0.3.33
[INFO] [stderr]    Compiling futures v0.3.33
[INFO] [stderr]    Compiling hyper v1.11.0
[INFO] [stderr]    Compiling tower v0.5.3
[INFO] [stderr]    Compiling tokio-stream v0.1.19
[INFO] [stderr]    Compiling zrip-decode v0.8.4
[INFO] [stderr]    Compiling zrip v0.8.4
[INFO] [stderr]    Compiling libfw-core v0.4.5
[INFO] [stderr]    Compiling hyper-util v0.1.20
[INFO] [stderr]    Compiling axum v0.8.9
[INFO] [stderr]    Compiling libfw-server v0.4.5 (/opt/rustwide/workdir)
[INFO] [stderr]     Finished `release` profile [optimized] target(s) in 50.60s
[INFO] running `Command { std: "docker" "inspect" "21d864329d284344a65035852209eb7da1e02239f74dbc71f8e9bc5881d563d1", kill_on_drop: false }`
[INFO] running `Command { std: "docker" "exec" "-e" "SOURCE_DIR=/opt/rustwide/workdir" "-e" "CARGO_HOME=/opt/rustwide/cargo-home" "-e" "RUSTUP_HOME=/opt/rustwide/rustup-home" "-e" "CARGO_TARGET_DIR=/opt/rustwide/target" "-e" "CARGO_INCREMENTAL=0" "-e" "RUST_BACKTRACE=full" "-e" "RUSTFLAGS=--cap-lints=warn" "-e" "RUSTDOCFLAGS=--cap-lints=warn" "-w" "/opt/rustwide/workdir" "--user" "0:0" "21d864329d284344a65035852209eb7da1e02239f74dbc71f8e9bc5881d563d1" "/opt/rustwide/cargo-home/bin/cargo" "+1.99.0-beta.8" "test" "--frozen" "--no-run" "--message-format=json" "--release", kill_on_drop: false }`
[INFO] [stderr]    Compiling tempfile v3.27.0
[INFO] [stderr]    Compiling libfw-server v0.4.5 (/opt/rustwide/workdir)
[INFO] [stderr]     Finished `release` profile [optimized] target(s) in 12.37s
[INFO] running `Command { std: "docker" "inspect" "21d864329d284344a65035852209eb7da1e02239f74dbc71f8e9bc5881d563d1", kill_on_drop: false }`
[INFO] running `Command { std: "docker" "exec" "-e" "SOURCE_DIR=/opt/rustwide/workdir" "-e" "CARGO_HOME=/opt/rustwide/cargo-home" "-e" "RUSTUP_HOME=/opt/rustwide/rustup-home" "-e" "CARGO_TARGET_DIR=/opt/rustwide/target" "-e" "CARGO_INCREMENTAL=0" "-e" "RUST_BACKTRACE=full" "-e" "RUSTFLAGS=--cap-lints=warn" "-e" "RUSTDOCFLAGS=--cap-lints=warn" "-w" "/opt/rustwide/workdir" "--user" "0:0" "21d864329d284344a65035852209eb7da1e02239f74dbc71f8e9bc5881d563d1" "/opt/rustwide/cargo-home/bin/cargo" "+1.99.0-beta.8" "test" "--frozen" "--release", kill_on_drop: false }`
[INFO] [stderr]     Finished `release` profile [optimized] target(s) in 0.10s
[INFO] [stderr]      Running unittests src/lib.rs (/opt/rustwide/target/release/deps/libfw_server-7ed6fd3ac7284216)
[INFO] [stdout] 
[INFO] [stdout] running 24 tests
[INFO] [stdout] test http::tests::rejects_overflowing_end_instead_of_panicking ... ok
[INFO] [stdout] test http::tests::if_none_match_matching ... ok
[INFO] [stdout] test path_tests::compound_decodes_dir_shadow_plus_literal_suffix ... ok
[INFO] [stdout] test http::tests::parses_suffix_range ... ok
[INFO] [stdout] test path_tests::compound_prefers_longest_decodable_prefix ... ok
[INFO] [stdout] test http::tests::rejects_malformed ... ok
[INFO] [stdout] test path_tests::compound_is_none_when_no_prefix_decodes ... ok
[INFO] [stdout] test http::tests::if_range_matching ... ok
[INFO] [stdout] test http::tests::parses_closed_range ... ok
[INFO] [stdout] test http::tests::ignores_other_units_and_multi_ranges ... ok
[INFO] [stdout] test path_tests::compound_decodes_identity_prefix_to_literal_rest ... ok
[INFO] [stdout] test http::tests::parses_open_ended_range ... ok
[INFO] [stdout] test storage::tests::rejects_path_traversal ... ok
[INFO] [stdout] test storage::tests::list_dir_and_remove ... ok
[INFO] [stdout] test storage::tests::corrupt_session_sidecar_is_rejected ... ok
[INFO] [stdout] test storage::tests::cleanup_stale_sessions_removes_old_temps_only ... FAILED
[INFO] [stdout] test storage::tests::session_sidecar_is_written_atomically ... ok
[INFO] [stdout] test storage::tests::abort_leaves_no_partial_file ... ok
[INFO] [stdout] test storage::tests::rejects_symlink_traversal ... ok
[INFO] [stdout] test storage::tests::create_rejects_existing ... ok
[INFO] [stdout] test storage::tests::resume_offset_mismatch_fails ... ok
[INFO] [stdout] test storage::tests::resume_writes_at_offset ... ok
[INFO] [stdout] test storage::tests::committed_meta_has_full_relative_path ... ok
[INFO] [stdout] test storage::tests::write_read_roundtrip ... ok
[INFO] [stderr] error: test failed, to rerun pass `--lib`
[INFO] [stdout] 
[INFO] [stdout] failures:
[INFO] [stdout] 
[INFO] [stdout] ---- storage::tests::cleanup_stale_sessions_removes_old_temps_only stdout ----
[INFO] [stdout] 
[INFO] [stdout] thread 'storage::tests::cleanup_stale_sessions_removes_old_temps_only' (831) panicked at src/storage.rs:982:9:
[INFO] [stdout] assertion `left == right` failed: only the stale temp is removed
[INFO] [stdout]   left: 2
[INFO] [stdout]  right: 1
[INFO] [stdout] stack backtrace:
[INFO] [stdout]    0:     0x5ec5695ed391 - <<std[70759c8f55707aa4]::sys::backtrace::BacktraceLock>::print::DisplayBacktrace as core[df12db4294e9bfd3]::fmt::Display>::fmt
[INFO] [stdout]    1:     0x5ec569602c2a - core[df12db4294e9bfd3]::fmt::write
[INFO] [stdout]    2:     0x5ec5695f1d8c - <alloc[2182bb758b4b3781]::vec::Vec<u8> as core[df12db4294e9bfd3]::io::write::Write>::write_fmt
[INFO] [stdout]    3:     0x5ec5695c62f6 - std[70759c8f55707aa4]::panicking::default_hook::{closure#0}
[INFO] [stdout]    4:     0x5ec5695e4119 - std[70759c8f55707aa4]::panicking::default_hook
[INFO] [stdout]    5:     0x5ec56954d190 - test[9d35eded1c95d3be]::test_main_inner::<test[9d35eded1c95d3be]::test_main_static::{closure#0}>::{closure#0}
[INFO] [stdout]    6:     0x5ec5695e42d2 - std[70759c8f55707aa4]::panicking::panic_with_hook
[INFO] [stdout]    7:     0x5ec5695c63a2 - std[70759c8f55707aa4]::panicking::panic_handler::{closure#0}
[INFO] [stdout]    8:     0x5ec5695bed19 - std[70759c8f55707aa4]::sys::backtrace::__rust_end_short_backtrace::<std[70759c8f55707aa4]::panicking::panic_handler::{closure#0}, !>
[INFO] [stdout]    9:     0x5ec5695c717d - __rustc[8fa7c3cbc660c2b3]::rust_begin_unwind
[INFO] [stdout]   10:     0x5ec56960338c - core[df12db4294e9bfd3]::panicking::panic_fmt
[INFO] [stdout]   11:     0x5ec569603303 - core[df12db4294e9bfd3]::panicking::assert_failed_inner
[INFO] [stdout]   12:     0x5ec5695ff368 - core[df12db4294e9bfd3]::panicking::assert_failed::<usize, usize>
[INFO] [stdout]   13:     0x5ec569525a0b - libfw_server[ca330e3d7f624a6a]::storage::tests::cleanup_stale_sessions_removes_old_temps_only::{closure#0}
[INFO] [stdout]   14:     0x5ec569536a43 - <tokio[5c7eafb2f773bd3e]::runtime::scheduler::current_thread::Context>::enter::<core[df12db4294e9bfd3]::task::poll::Poll<()>, <tokio[5c7eafb2f773bd3e]::runtime::scheduler::current_thread::CoreGuard>::block_on<core[df12db4294e9bfd3]::pin::Pin<&mut core[df12db4294e9bfd3]::pin::Pin<&mut dyn core[df12db4294e9bfd3]::future::future::Future<Output = ()>>>>::{closure#0}::{closure#0}>
[INFO] [stdout]   15:     0x5ec56953198c - <tokio[5c7eafb2f773bd3e]::runtime::context::scoped::Scoped<tokio[5c7eafb2f773bd3e]::runtime::scheduler::Context>>::set::<<tokio[5c7eafb2f773bd3e]::runtime::scheduler::current_thread::CoreGuard>::enter<<tokio[5c7eafb2f773bd3e]::runtime::scheduler::current_thread::CoreGuard>::block_on<core[df12db4294e9bfd3]::pin::Pin<&mut core[df12db4294e9bfd3]::pin::Pin<&mut dyn core[df12db4294e9bfd3]::future::future::Future<Output = ()>>>>::{closure#0}, core[df12db4294e9bfd3]::option::Option<()>>::{closure#0}, (alloc[2182bb758b4b3781]::boxed::Box<tokio[5c7eafb2f773bd3e]::runtime::scheduler::current_thread::Core>, core[df12db4294e9bfd3]::option::Option<()>)>
[INFO] [stdout]   16:     0x5ec5695366c5 - <tokio[5c7eafb2f773bd3e]::runtime::scheduler::current_thread::CurrentThread>::block_on::<core[df12db4294e9bfd3]::pin::Pin<&mut dyn core[df12db4294e9bfd3]::future::future::Future<Output = ()>>>
[INFO] [stdout]   17:     0x5ec569537672 - <tokio[5c7eafb2f773bd3e]::runtime::runtime::Runtime>::block_on::<core[df12db4294e9bfd3]::pin::Pin<&mut dyn core[df12db4294e9bfd3]::future::future::Future<Output = ()>>>
[INFO] [stdout]   18:     0x5ec569526d4b - libfw_server[ca330e3d7f624a6a]::storage::tests::cleanup_stale_sessions_removes_old_temps_only
[INFO] [stdout]   19:     0x5ec56953a749 - <libfw_server[ca330e3d7f624a6a]::storage::tests::cleanup_stale_sessions_removes_old_temps_only::{closure#0} as core[df12db4294e9bfd3]::ops::function::FnOnce<()>>::call_once
[INFO] [stdout]   20:     0x5ec56954047b - test[9d35eded1c95d3be]::__rust_begin_short_backtrace::<core[df12db4294e9bfd3]::result::Result<(), alloc[2182bb758b4b3781]::string::String>, fn() -> core[df12db4294e9bfd3]::result::Result<(), alloc[2182bb758b4b3781]::string::String>>
[INFO] [stdout]   21:     0x5ec56954dae5 - test[9d35eded1c95d3be]::run_test::{closure#0}
[INFO] [stdout]   22:     0x5ec5695473a4 - std[70759c8f55707aa4]::sys::backtrace::__rust_begin_short_backtrace::<test[9d35eded1c95d3be]::run_test::{closure#1}, ()>
[INFO] [stdout]   23:     0x5ec569550c42 - <std[70759c8f55707aa4]::thread::lifecycle::spawn_unchecked<test[9d35eded1c95d3be]::run_test::{closure#1}, ()>::{closure#1} as core[df12db4294e9bfd3]::ops::function::FnOnce<()>>::call_once::{shim:vtable#0}
[INFO] [stdout]   24:     0x5ec5695ec709 - <std[70759c8f55707aa4]::sys::thread::unix::Thread>::new::thread_start
[INFO] [stdout]   25:     0x78174faf5dfa - <unknown>
[INFO] [stdout]   26:     0x78174fb893d4 - clone
[INFO] [stdout]   27:                0x0 - <unknown>
[INFO] [stdout] 
[INFO] [stdout] 
[INFO] [stdout] failures:
[INFO] [stdout]     storage::tests::cleanup_stale_sessions_removes_old_temps_only
[INFO] [stdout] 
[INFO] [stdout] test result: FAILED. 23 passed; 1 failed; 0 ignored; 0 measured; 0 filtered out; finished in 0.04s
[INFO] [stdout] 
[INFO] running `Command { std: "docker" "inspect" "21d864329d284344a65035852209eb7da1e02239f74dbc71f8e9bc5881d563d1", kill_on_drop: false }`
[INFO] running `Command { std: "docker" "rm" "-f" "21d864329d284344a65035852209eb7da1e02239f74dbc71f8e9bc5881d563d1", kill_on_drop: false }`
[INFO] [stdout] 21d864329d284344a65035852209eb7da1e02239f74dbc71f8e9bc5881d563d1
