[INFO] fetching crate libflow 0.3.1...
[INFO] testing libflow-0.3.1 against 1.100.0-beta.1+cargoflags=--release for beta-release-1.100-2
[INFO] extracting crate libflow 0.3.1 into /workspace/builds/worker-6-tc2/source
[INFO] started tweaking crates.io crate libflow 0.3.1
[INFO] finished tweaking crates.io crate libflow 0.3.1
[INFO] tweaked toml for crates.io crate libflow 0.3.1 written to /workspace/builds/worker-6-tc2/source/Cargo.toml
[INFO] validating manifest of crates.io crate libflow 0.3.1 on toolchain 1.100.0-beta.1
[INFO] running `Command { std: CARGO_HOME="/workspace/cargo-home" RUSTUP_HOME="/workspace/rustup-home" "/workspace/cargo-home/bin/cargo" "+1.100.0-beta.1" "metadata" "--manifest-path" "Cargo.toml" "--no-deps", kill_on_drop: false }`
[INFO] running `Command { std: CARGO_HOME="/workspace/cargo-home" RUSTUP_HOME="/workspace/rustup-home" "/workspace/cargo-home/bin/cargo" "+1.100.0-beta.1" "generate-lockfile" "--manifest-path" "Cargo.toml", kill_on_drop: false }`
[INFO] [stderr]     Updating crates.io index
[INFO] [stderr]      Locking 21 packages to highest compatible versions
[INFO] [stderr]       Adding serde_with v1.14.0 (available: v3.24.0)
[INFO] running `Command { std: CARGO_HOME="/workspace/cargo-home" RUSTUP_HOME="/workspace/rustup-home" "/workspace/cargo-home/bin/cargo" "+1.100.0-beta.1" "fetch" "--manifest-path" "Cargo.toml", kill_on_drop: false }`
[INFO] running `Command { std: "docker" "create" "-v" "/var/lib/crater-agent-workspace/builds/worker-6-tc2/source:/opt/rustwide/workdir:ro,Z" "-v" "/var/lib/crater-agent-workspace/builds/worker-6-tc2/target:/opt/rustwide/target:rw,Z" "-v" "/var/lib/crater-agent-workspace/cargo-home:/opt/rustwide/cargo-home:ro,Z" "-v" "/var/lib/crater-agent-workspace/rustup-home:/opt/rustwide/rustup-home:ro,Z" "-m" "1610612736" "--network" "none" "ghcr.io/rust-lang/crates-build-env/linux@sha256:77db811e55d90add9212f6832c23229e3de5f1c1f9905e8cb07319ea15df73ac" "sleep" "infinity", kill_on_drop: false }`
[INFO] [stdout] 16c989ad2b17c82281de45176041ef15e92a484aa73c247aadf3c19e1ae5d312
[INFO] running `Command { std: "docker" "start" "16c989ad2b17c82281de45176041ef15e92a484aa73c247aadf3c19e1ae5d312", kill_on_drop: false }`
[INFO] running `Command { std: "docker" "inspect" "16c989ad2b17c82281de45176041ef15e92a484aa73c247aadf3c19e1ae5d312", kill_on_drop: false }`
[INFO] running `Command { std: "docker" "exec" "-e" "SOURCE_DIR=/opt/rustwide/workdir" "-e" "CARGO_HOME=/opt/rustwide/cargo-home" "-e" "RUSTUP_HOME=/opt/rustwide/rustup-home" "-e" "CARGO_TARGET_DIR=/opt/rustwide/target" "-w" "/opt/rustwide/workdir" "--user" "0:0" "16c989ad2b17c82281de45176041ef15e92a484aa73c247aadf3c19e1ae5d312" "/opt/rustwide/cargo-home/bin/cargo" "+1.100.0-beta.1" "metadata" "--no-deps" "--format-version=1", kill_on_drop: false }`
[INFO] running `Command { std: "docker" "inspect" "16c989ad2b17c82281de45176041ef15e92a484aa73c247aadf3c19e1ae5d312", kill_on_drop: false }`
[INFO] running `Command { std: "docker" "exec" "-e" "SOURCE_DIR=/opt/rustwide/workdir" "-e" "CARGO_HOME=/opt/rustwide/cargo-home" "-e" "RUSTUP_HOME=/opt/rustwide/rustup-home" "-e" "CARGO_TARGET_DIR=/opt/rustwide/target" "-e" "CARGO_INCREMENTAL=0" "-e" "RUST_BACKTRACE=full" "-e" "RUSTFLAGS=--cap-lints=warn" "-e" "RUSTDOCFLAGS=--cap-lints=warn" "-w" "/opt/rustwide/workdir" "--user" "0:0" "16c989ad2b17c82281de45176041ef15e92a484aa73c247aadf3c19e1ae5d312" "/opt/rustwide/cargo-home/bin/cargo" "+1.100.0-beta.1" "build" "--frozen" "--message-format=json" "--release", kill_on_drop: false }`
[INFO] [stderr]    Compiling unicode-ident v1.0.27
[INFO] [stderr]    Compiling syn v1.0.109
[INFO] [stderr]    Compiling fnv v1.0.7
[INFO] [stderr]    Compiling ident_case v1.0.1
[INFO] [stderr]    Compiling strsim v0.10.0
[INFO] [stderr]    Compiling serde_json v1.0.154
[INFO] [stderr]    Compiling proc-macro2 v1.0.107
[INFO] [stderr]    Compiling quote v1.0.47
[INFO] [stderr]    Compiling syn v3.0.9
[INFO] [stderr]    Compiling serde_derive v1.0.229
[INFO] [stderr]    Compiling darling_core v0.13.4
[INFO] [stderr]    Compiling serde v1.0.229
[INFO] [stderr]    Compiling darling_macro v0.13.4
[INFO] [stderr]    Compiling darling v0.13.4
[INFO] [stderr]    Compiling serde_with_macros v1.5.2
[INFO] [stderr]    Compiling serde_with v1.14.0
[INFO] [stderr]    Compiling libflow v0.3.1 (/opt/rustwide/workdir)
[INFO] [stderr] warning: unused dependency `log`
[INFO] [stderr]  --> Cargo.toml:1:15
[INFO] [stderr]   |
[INFO] [stderr] 1 | [dependencies.log]
[INFO] [stderr]   |               ^^^^
[INFO] [stderr]   |
[INFO] [stderr]   = note: `cargo::unused_dependencies` is set to `warn` by default
[INFO] [stderr] help: consider removing the dependency on `log`
[INFO] [stderr] warning: `libflow` (manifest) generated 1 warning
[INFO] [stderr]     Finished `release` profile [optimized] target(s) in 13.38s
[INFO] running `Command { std: "docker" "inspect" "16c989ad2b17c82281de45176041ef15e92a484aa73c247aadf3c19e1ae5d312", kill_on_drop: false }`
[INFO] running `Command { std: "docker" "exec" "-e" "SOURCE_DIR=/opt/rustwide/workdir" "-e" "CARGO_HOME=/opt/rustwide/cargo-home" "-e" "RUSTUP_HOME=/opt/rustwide/rustup-home" "-e" "CARGO_TARGET_DIR=/opt/rustwide/target" "-e" "CARGO_INCREMENTAL=0" "-e" "RUST_BACKTRACE=full" "-e" "RUSTFLAGS=--cap-lints=warn" "-e" "RUSTDOCFLAGS=--cap-lints=warn" "-w" "/opt/rustwide/workdir" "--user" "0:0" "16c989ad2b17c82281de45176041ef15e92a484aa73c247aadf3c19e1ae5d312" "/opt/rustwide/cargo-home/bin/cargo" "+1.100.0-beta.1" "test" "--frozen" "--no-run" "--message-format=json" "--release", kill_on_drop: false }`
[INFO] [stderr]    Compiling libflow v0.3.1 (/opt/rustwide/workdir)
[INFO] [stderr] warning: unused dependency `log`
[INFO] [stderr]  --> Cargo.toml:1:15
[INFO] [stderr]   |
[INFO] [stderr] 1 | [dependencies.log]
[INFO] [stderr]   |               ^^^^
[INFO] [stderr]   |
[INFO] [stderr]   = note: `cargo::unused_dependencies` is set to `warn` by default
[INFO] [stderr] help: consider removing the dependency on `log`
[INFO] [stderr] warning: `libflow` (manifest) generated 1 warning
[INFO] [stderr]     Finished `release` profile [optimized] target(s) in 3.32s
[INFO] running `Command { std: "docker" "inspect" "16c989ad2b17c82281de45176041ef15e92a484aa73c247aadf3c19e1ae5d312", kill_on_drop: false }`
[INFO] running `Command { std: "docker" "exec" "-e" "SOURCE_DIR=/opt/rustwide/workdir" "-e" "CARGO_HOME=/opt/rustwide/cargo-home" "-e" "RUSTUP_HOME=/opt/rustwide/rustup-home" "-e" "CARGO_TARGET_DIR=/opt/rustwide/target" "-e" "CARGO_INCREMENTAL=0" "-e" "RUST_BACKTRACE=full" "-e" "RUSTFLAGS=--cap-lints=warn" "-e" "RUSTDOCFLAGS=--cap-lints=warn" "-w" "/opt/rustwide/workdir" "--user" "0:0" "16c989ad2b17c82281de45176041ef15e92a484aa73c247aadf3c19e1ae5d312" "/opt/rustwide/cargo-home/bin/cargo" "+1.100.0-beta.1" "test" "--frozen" "--release", kill_on_drop: false }`
[INFO] [stderr] warning: unused dependency `log`
[INFO] [stderr]  --> Cargo.toml:1:15
[INFO] [stderr]   |
[INFO] [stderr] 1 | [dependencies.log]
[INFO] [stderr]   |               ^^^^
[INFO] [stderr]   |
[INFO] [stderr]   = note: `cargo::unused_dependencies` is set to `warn` by default
[INFO] [stderr] help: consider removing the dependency on `log`
[INFO] [stderr] warning: `libflow` (manifest) generated 1 warning
[INFO] [stderr]     Finished `release` profile [optimized] target(s) in 0.05s
[INFO] [stderr]      Running unittests src/lib.rs (/opt/rustwide/target/release/build/libflow/cca836c69bb952c5/out/libflow-cca836c69bb952c5)
[INFO] [stdout] 
[INFO] [stdout] running 29 tests
[INFO] [stdout] test flow_id::tests::test_forward_hash ... ok
[INFO] [stdout] test flow_id::tests::test_local_new ... ok
[INFO] [stdout] test flow_information::tests::test_new ... ok
[INFO] [stdout] test flow_id::tests::it_can_deserialize_then_serialize_a_basic_flow_id ... ok
[INFO] [stdout] test flow_id::tests::test_default ... ok
[INFO] [stdout] test flow_information::tests::test_default ... ok
[INFO] [stdout] test flow_id::tests::test_backward_eq ... ok
[INFO] [stdout] test packet::tests::it_can_deserialize_then_serialize_a_basic_packet ... ok
[INFO] [stdout] test flow_id::tests::test_display ... ok
[INFO] [stdout] test flow_id::tests::test_forward_eq ... ok
[INFO] [stdout] test flow_id::tests::test_backward_hash ... ok
[INFO] [stdout] test packet::tests::it_can_deserialize_then_serialize_a_complete_packet ... ok
[INFO] [stdout] test generator::tests::it_can_browse_a_complete_flow_map ... ok
[INFO] [stdout] test generator::tests::it_can_write_a_basic_flow_map ... FAILED
[INFO] [stdout] test packet::tests::test_new ... ok
[INFO] [stdout] test generator::tests::it_can_read_a_basic_flow_map ... FAILED
[INFO] [stdout] test flow_id::tests::test_bad_src_new - should panic ... ok
[INFO] [stdout] test flow_id::tests::it_should_panic_when_deserializing_a_flow_id_without_dst - should panic ... ok
[INFO] [stdout] test generator::tests::it_can_read_a_complete_flow_map ... FAILED
[INFO] [stdout] test flow_id::tests::it_should_panic_when_deserializing_a_flow_id_with_string_src_port - should panic ... ok
[INFO] [stdout] test packet::tests::it_should_panic_when_deserializing_a_packet_with_string_network - should panic ... ok
[INFO] [stdout] test packet::tests::test_default ... ok
[INFO] [stdout] test flow_id::tests::it_should_panic_when_deserializing_a_flow_id_with_u32_transport_protocol - should panic ... ok
[INFO] [stdout] test generator::tests::it_can_write_a_complete_flow_map ... FAILED
[INFO] [stdout] test generator::tests::it_can_write_an_empty_flow_map ... FAILED
[INFO] [stdout] test flow_id::tests::test_bad_dst_new - should panic ... ok
[INFO] [stdout] test generator::tests::it_should_panic_when_read_a_flow_path_with_packet_list - should panic ... ok
[INFO] [stderr] error: test failed, to rerun pass `--lib`
[INFO] [stdout] test packet::tests::it_should_panic_when_deserializing_a_packet_without_flag_list - should panic ... ok
[INFO] [stdout] test packet::tests::it_should_panic_when_deserializing_a_packet_with_u32_position - should panic ... ok
[INFO] [stdout] 
[INFO] [stdout] failures:
[INFO] [stdout] 
[INFO] [stdout] ---- generator::tests::it_can_write_a_basic_flow_map stdout ----
[INFO] [stdout] 
[INFO] [stdout] thread 'generator::tests::it_can_write_a_basic_flow_map' (496) panicked at src/generator.rs:90:35:
[INFO] [stdout] called `Result::unwrap()` on an `Err` value: Os { code: 2, kind: NotFound, message: "No such file or directory" }
[INFO] [stdout] stack backtrace:
[INFO] [stdout]    0:     0x56a648a32a51 - <<std[617be2ca0a6fd877]::sys::backtrace::BacktraceLock>::print::DisplayBacktrace as core[a373ad73a504971]::fmt::Display>::fmt
[INFO] [stdout]    1:     0x56a648a47baa - core[a373ad73a504971]::fmt::write
[INFO] [stdout]    2:     0x56a648a36c8c - <alloc[2e1b2a31b91974c5]::vec::Vec<u8> as core[a373ad73a504971]::io::write::Write>::write_fmt
[INFO] [stdout]    3:     0x56a648a0eeb6 - std[617be2ca0a6fd877]::panicking::default_hook::{closure#0}
[INFO] [stdout]    4:     0x56a648a2b0e9 - std[617be2ca0a6fd877]::panicking::default_hook
[INFO] [stdout]    5:     0x56a6489c1fd0 - test[aada8e7e76ba119b]::test_main_inner::{closure#0}
[INFO] [stdout]    6:     0x56a648a2b2a2 - std[617be2ca0a6fd877]::panicking::panic_with_hook
[INFO] [stdout]    7:     0x56a648a0ef62 - std[617be2ca0a6fd877]::panicking::panic_handler::{closure#0}
[INFO] [stdout]    8:     0x56a648a07c79 - std[617be2ca0a6fd877]::sys::backtrace::__rust_end_short_backtrace::<std[617be2ca0a6fd877]::panicking::panic_handler::{closure#0}, !>
[INFO] [stdout]    9:     0x56a648a0fb6d - __rustc[ea4f61d10b84890b]::rust_begin_unwind
[INFO] [stdout]   10:     0x56a648a482dc - core[a373ad73a504971]::panicking::panic_fmt
[INFO] [stdout]   11:     0x56a648a480b2 - core[a373ad73a504971]::result::unwrap_failed
[INFO] [stdout]   12:     0x56a6489abe2c - libflow[d08b39319a144a87]::generator::write_to_file::<&str>
[INFO] [stdout]   13:     0x56a6489a625a - <libflow[d08b39319a144a87]::generator::tests::it_can_write_a_basic_flow_map::{closure#0} as core[a373ad73a504971]::ops::function::FnOnce<()>>::call_once
[INFO] [stdout]   14:     0x56a6489b541b - test[aada8e7e76ba119b]::__rust_begin_short_backtrace::<core[a373ad73a504971]::result::Result<(), alloc[2e1b2a31b91974c5]::string::String>, fn() -> core[a373ad73a504971]::result::Result<(), alloc[2e1b2a31b91974c5]::string::String>>
[INFO] [stdout]   15:     0x56a6489c25f5 - test[aada8e7e76ba119b]::run_test::{closure#0}
[INFO] [stdout]   16:     0x56a6489bbee4 - std[617be2ca0a6fd877]::sys::backtrace::__rust_begin_short_backtrace::<test[aada8e7e76ba119b]::run_test::{closure#1}, ()>
[INFO] [stdout]   17:     0x56a6489c5682 - <std[617be2ca0a6fd877]::thread::lifecycle::spawn_unchecked<test[aada8e7e76ba119b]::run_test::{closure#1}, ()>::{closure#1} as core[a373ad73a504971]::ops::function::FnOnce<()>>::call_once::{shim:vtable#0}
[INFO] [stdout]   18:     0x56a648a322af - <std[617be2ca0a6fd877]::sys::thread::unix::Thread>::new::thread_start
[INFO] [stdout]   19:     0x7ce5d3ff4dfa - <unknown>
[INFO] [stdout]   20:     0x7ce5d40883d4 - clone
[INFO] [stdout]   21:                0x0 - <unknown>
[INFO] [stdout] 
[INFO] [stdout] ---- generator::tests::it_can_read_a_basic_flow_map stdout ----
[INFO] [stdout] 
[INFO] [stdout] thread 'generator::tests::it_can_read_a_basic_flow_map' (494) panicked at src/generator.rs:400:48:
[INFO] [stdout] called `Result::unwrap()` on an `Err` value: Os { code: 2, kind: NotFound, message: "No such file or directory" }
[INFO] [stdout] stack backtrace:
[INFO] [stdout]    0:     0x56a648a32a51 - <<std[617be2ca0a6fd877]::sys::backtrace::BacktraceLock>::print::DisplayBacktrace as core[a373ad73a504971]::fmt::Display>::fmt
[INFO] [stdout]    1:     0x56a648a47baa - core[a373ad73a504971]::fmt::write
[INFO] [stdout]    2:     0x56a648a36c8c - <alloc[2e1b2a31b91974c5]::vec::Vec<u8> as core[a373ad73a504971]::io::write::Write>::write_fmt
[INFO] [stdout]    3:     0x56a648a0eeb6 - std[617be2ca0a6fd877]::panicking::default_hook::{closure#0}
[INFO] [stdout]    4:     0x56a648a2b0e9 - std[617be2ca0a6fd877]::panicking::default_hook
[INFO] [stdout]    5:     0x56a6489c1fd0 - test[aada8e7e76ba119b]::test_main_inner::{closure#0}
[INFO] [stdout]    6:     0x56a648a2b2a2 - std[617be2ca0a6fd877]::panicking::panic_with_hook
[INFO] [stdout]    7:     0x56a648a0ef62 - std[617be2ca0a6fd877]::panicking::panic_handler::{closure#0}
[INFO] [stdout]    8:     0x56a648a07c79 - std[617be2ca0a6fd877]::sys::backtrace::__rust_end_short_backtrace::<std[617be2ca0a6fd877]::panicking::panic_handler::{closure#0}, !>
[INFO] [stdout]    9:     0x56a648a0fb6d - __rustc[ea4f61d10b84890b]::rust_begin_unwind
[INFO] [stdout]   10:     0x56a648a482dc - core[a373ad73a504971]::panicking::panic_fmt
[INFO] [stdout]   11:     0x56a648a480b2 - core[a373ad73a504971]::result::unwrap_failed
[INFO] [stdout]   12:     0x56a6489a4bc6 - libflow[d08b39319a144a87]::generator::tests::create_flow_map_file
[INFO] [stdout]   13:     0x56a6489a5d34 - <libflow[d08b39319a144a87]::generator::tests::it_can_read_a_basic_flow_map::{closure#0} as core[a373ad73a504971]::ops::function::FnOnce<()>>::call_once
[INFO] [stdout]   14:     0x56a6489b541b - test[aada8e7e76ba119b]::__rust_begin_short_backtrace::<core[a373ad73a504971]::result::Result<(), alloc[2e1b2a31b91974c5]::string::String>, fn() -> core[a373ad73a504971]::result::Result<(), alloc[2e1b2a31b91974c5]::string::String>>
[INFO] [stdout]   15:     0x56a6489c25f5 - test[aada8e7e76ba119b]::run_test::{closure#0}
[INFO] [stdout]   16:     0x56a6489bbee4 - std[617be2ca0a6fd877]::sys::backtrace::__rust_begin_short_backtrace::<test[aada8e7e76ba119b]::run_test::{closure#1}, ()>
[INFO] [stdout]   17:     0x56a6489c5682 - <std[617be2ca0a6fd877]::thread::lifecycle::spawn_unchecked<test[aada8e7e76ba119b]::run_test::{closure#1}, ()>::{closure#1} as core[a373ad73a504971]::ops::function::FnOnce<()>>::call_once::{shim:vtable#0}
[INFO] [stdout]   18:     0x56a648a322af - <std[617be2ca0a6fd877]::sys::thread::unix::Thread>::new::thread_start
[INFO] [stdout]   19:     0x7ce5d3ff4dfa - <unknown>
[INFO] [stdout]   20:     0x7ce5d40883d4 - clone
[INFO] [stdout]   21:                0x0 - <unknown>
[INFO] [stdout] 
[INFO] [stdout] ---- generator::tests::it_can_read_a_complete_flow_map stdout ----
[INFO] [stdout] 
[INFO] [stdout] thread 'generator::tests::it_can_read_a_complete_flow_map' (495) panicked at src/generator.rs:400:48:
[INFO] [stdout] called `Result::unwrap()` on an `Err` value: Os { code: 2, kind: NotFound, message: "No such file or directory" }
[INFO] [stdout] stack backtrace:
[INFO] [stdout]    0:     0x56a648a32a51 - <<std[617be2ca0a6fd877]::sys::backtrace::BacktraceLock>::print::DisplayBacktrace as core[a373ad73a504971]::fmt::Display>::fmt
[INFO] [stdout]    1:     0x56a648a47baa - core[a373ad73a504971]::fmt::write
[INFO] [stdout]    2:     0x56a648a36c8c - <alloc[2e1b2a31b91974c5]::vec::Vec<u8> as core[a373ad73a504971]::io::write::Write>::write_fmt
[INFO] [stdout]    3:     0x56a648a0eeb6 - std[617be2ca0a6fd877]::panicking::default_hook::{closure#0}
[INFO] [stdout]    4:     0x56a648a2b0e9 - std[617be2ca0a6fd877]::panicking::default_hook
[INFO] [stdout]    5:     0x56a6489c1fd0 - test[aada8e7e76ba119b]::test_main_inner::{closure#0}
[INFO] [stdout]    6:     0x56a648a2b2a2 - std[617be2ca0a6fd877]::panicking::panic_with_hook
[INFO] [stdout]    7:     0x56a648a0ef62 - std[617be2ca0a6fd877]::panicking::panic_handler::{closure#0}
[INFO] [stdout]    8:     0x56a648a07c79 - std[617be2ca0a6fd877]::sys::backtrace::__rust_end_short_backtrace::<std[617be2ca0a6fd877]::panicking::panic_handler::{closure#0}, !>
[INFO] [stdout]    9:     0x56a648a0fb6d - __rustc[ea4f61d10b84890b]::rust_begin_unwind
[INFO] [stdout]   10:     0x56a648a482dc - core[a373ad73a504971]::panicking::panic_fmt
[INFO] [stdout]   11:     0x56a648a480b2 - core[a373ad73a504971]::result::unwrap_failed
[INFO] [stdout]   12:     0x56a6489a4bc6 - libflow[d08b39319a144a87]::generator::tests::create_flow_map_file
[INFO] [stdout]   13:     0x56a6489a6484 - <libflow[d08b39319a144a87]::generator::tests::it_can_read_a_complete_flow_map::{closure#0} as core[a373ad73a504971]::ops::function::FnOnce<()>>::call_once
[INFO] [stdout]   14:     0x56a6489b541b - test[aada8e7e76ba119b]::__rust_begin_short_backtrace::<core[a373ad73a504971]::result::Result<(), alloc[2e1b2a31b91974c5]::string::String>, fn() -> core[a373ad73a504971]::result::Result<(), alloc[2e1b2a31b91974c5]::string::String>>
[INFO] [stdout]   15:     0x56a6489c25f5 - test[aada8e7e76ba119b]::run_test::{closure#0}
[INFO] [stdout]   16:     0x56a6489bbee4 - std[617be2ca0a6fd877]::sys::backtrace::__rust_begin_short_backtrace::<test[aada8e7e76ba119b]::run_test::{closure#1}, ()>
[INFO] [stdout]   17:     0x56a6489c5682 - <std[617be2ca0a6fd877]::thread::lifecycle::spawn_unchecked<test[aada8e7e76ba119b]::run_test::{closure#1}, ()>::{closure#1} as core[a373ad73a504971]::ops::function::FnOnce<()>>::call_once::{shim:vtable#0}
[INFO] [stdout]   18:     0x56a648a322af - <std[617be2ca0a6fd877]::sys::thread::unix::Thread>::new::thread_start
[INFO] [stdout]   19:     0x7ce5d3ff4dfa - <unknown>
[INFO] [stdout]   20:     0x7ce5d40883d4 - clone
[INFO] [stdout]   21:                0x0 - <unknown>
[INFO] [stdout] 
[INFO] [stdout] ---- generator::tests::it_can_write_a_complete_flow_map stdout ----
[INFO] [stdout] 
[INFO] [stdout] thread 'generator::tests::it_can_write_a_complete_flow_map' (497) panicked at src/generator.rs:90:35:
[INFO] [stdout] called `Result::unwrap()` on an `Err` value: Os { code: 2, kind: NotFound, message: "No such file or directory" }
[INFO] [stdout] stack backtrace:
[INFO] [stdout]    0:     0x56a648a32a51 - <<std[617be2ca0a6fd877]::sys::backtrace::BacktraceLock>::print::DisplayBacktrace as core[a373ad73a504971]::fmt::Display>::fmt
[INFO] [stdout]    1:     0x56a648a47baa - core[a373ad73a504971]::fmt::write
[INFO] [stdout]    2:     0x56a648a36c8c - <alloc[2e1b2a31b91974c5]::vec::Vec<u8> as core[a373ad73a504971]::io::write::Write>::write_fmt
[INFO] [stdout]    3:     0x56a648a0eeb6 - std[617be2ca0a6fd877]::panicking::default_hook::{closure#0}
[INFO] [stdout]    4:     0x56a648a2b0e9 - std[617be2ca0a6fd877]::panicking::default_hook
[INFO] [stdout]    5:     0x56a6489c1fd0 - test[aada8e7e76ba119b]::test_main_inner::{closure#0}
[INFO] [stdout]    6:     0x56a648a2b2a2 - std[617be2ca0a6fd877]::panicking::panic_with_hook
[INFO] [stdout]    7:     0x56a648a0ef62 - std[617be2ca0a6fd877]::panicking::panic_handler::{closure#0}
[INFO] [stdout]    8:     0x56a648a07c79 - std[617be2ca0a6fd877]::sys::backtrace::__rust_end_short_backtrace::<std[617be2ca0a6fd877]::panicking::panic_handler::{closure#0}, !>
[INFO] [stdout]    9:     0x56a648a0fb6d - __rustc[ea4f61d10b84890b]::rust_begin_unwind
[INFO] [stdout]   10:     0x56a648a482dc - core[a373ad73a504971]::panicking::panic_fmt
[INFO] [stdout]   11:     0x56a648a480b2 - core[a373ad73a504971]::result::unwrap_failed
[INFO] [stdout]   12:     0x56a6489abe2c - libflow[d08b39319a144a87]::generator::write_to_file::<&str>
[INFO] [stdout]   13:     0x56a6489a7142 - <libflow[d08b39319a144a87]::generator::tests::it_can_write_a_complete_flow_map::{closure#0} as core[a373ad73a504971]::ops::function::FnOnce<()>>::call_once
[INFO] [stdout]   14:     0x56a6489b541b - test[aada8e7e76ba119b]::__rust_begin_short_backtrace::<core[a373ad73a504971]::result::Result<(), alloc[2e1b2a31b91974c5]::string::String>, fn() -> core[a373ad73a504971]::result::Result<(), alloc[2e1b2a31b91974c5]::string::String>>
[INFO] [stdout]   15:     0x56a6489c25f5 - test[aada8e7e76ba119b]::run_test::{closure#0}
[INFO] [stdout]   16:     0x56a6489bbee4 - std[617be2ca0a6fd877]::sys::backtrace::__rust_begin_short_backtrace::<test[aada8e7e76ba119b]::run_test::{closure#1}, ()>
[INFO] [stdout]   17:     0x56a6489c5682 - <std[617be2ca0a6fd877]::thread::lifecycle::spawn_unchecked<test[aada8e7e76ba119b]::run_test::{closure#1}, ()>::{closure#1} as core[a373ad73a504971]::ops::function::FnOnce<()>>::call_once::{shim:vtable#0}
[INFO] [stdout]   18:     0x56a648a322af - <std[617be2ca0a6fd877]::sys::thread::unix::Thread>::new::thread_start
[INFO] [stdout]   19:     0x7ce5d3ff4dfa - <unknown>
[INFO] [stdout]   20:     0x7ce5d40883d4 - clone
[INFO] [stdout]   21:                0x0 - <unknown>
[INFO] [stdout] 
[INFO] [stdout] ---- generator::tests::it_can_write_an_empty_flow_map stdout ----
[INFO] [stdout] 
[INFO] [stdout] thread 'generator::tests::it_can_write_an_empty_flow_map' (498) panicked at src/generator.rs:90:35:
[INFO] [stdout] called `Result::unwrap()` on an `Err` value: Os { code: 2, kind: NotFound, message: "No such file or directory" }
[INFO] [stdout] stack backtrace:
[INFO] [stdout]    0:     0x56a648a32a51 - <<std[617be2ca0a6fd877]::sys::backtrace::BacktraceLock>::print::DisplayBacktrace as core[a373ad73a504971]::fmt::Display>::fmt
[INFO] [stdout]    1:     0x56a648a47baa - core[a373ad73a504971]::fmt::write
[INFO] [stdout]    2:     0x56a648a36c8c - <alloc[2e1b2a31b91974c5]::vec::Vec<u8> as core[a373ad73a504971]::io::write::Write>::write_fmt
[INFO] [stdout]    3:     0x56a648a0eeb6 - std[617be2ca0a6fd877]::panicking::default_hook::{closure#0}
[INFO] [stdout]    4:     0x56a648a2b0e9 - std[617be2ca0a6fd877]::panicking::default_hook
[INFO] [stdout]    5:     0x56a6489c1fd0 - test[aada8e7e76ba119b]::test_main_inner::{closure#0}
[INFO] [stdout]    6:     0x56a648a2b2a2 - std[617be2ca0a6fd877]::panicking::panic_with_hook
[INFO] [stdout]    7:     0x56a648a0ef62 - std[617be2ca0a6fd877]::panicking::panic_handler::{closure#0}
[INFO] [stdout]    8:     0x56a648a07c79 - std[617be2ca0a6fd877]::sys::backtrace::__rust_end_short_backtrace::<std[617be2ca0a6fd877]::panicking::panic_handler::{closure#0}, !>
[INFO] [stdout]    9:     0x56a648a0fb6d - __rustc[ea4f61d10b84890b]::rust_begin_unwind
[INFO] [stdout]   10:     0x56a648a482dc - core[a373ad73a504971]::panicking::panic_fmt
[INFO] [stdout]   11:     0x56a648a480b2 - core[a373ad73a504971]::result::unwrap_failed
[INFO] [stdout]   12:     0x56a6489abe2c - libflow[d08b39319a144a87]::generator::write_to_file::<&str>
[INFO] [stdout]   13:     0x56a6489a63fa - <libflow[d08b39319a144a87]::generator::tests::it_can_write_an_empty_flow_map::{closure#0} as core[a373ad73a504971]::ops::function::FnOnce<()>>::call_once
[INFO] [stdout]   14:     0x56a6489b541b - test[aada8e7e76ba119b]::__rust_begin_short_backtrace::<core[a373ad73a504971]::result::Result<(), alloc[2e1b2a31b91974c5]::string::String>, fn() -> core[a373ad73a504971]::result::Result<(), alloc[2e1b2a31b91974c5]::string::String>>
[INFO] [stdout]   15:     0x56a6489c25f5 - test[aada8e7e76ba119b]::run_test::{closure#0}
[INFO] [stdout]   16:     0x56a6489bbee4 - std[617be2ca0a6fd877]::sys::backtrace::__rust_begin_short_backtrace::<test[aada8e7e76ba119b]::run_test::{closure#1}, ()>
[INFO] [stdout]   17:     0x56a6489c5682 - <std[617be2ca0a6fd877]::thread::lifecycle::spawn_unchecked<test[aada8e7e76ba119b]::run_test::{closure#1}, ()>::{closure#1} as core[a373ad73a504971]::ops::function::FnOnce<()>>::call_once::{shim:vtable#0}
[INFO] [stdout]   18:     0x56a648a322af - <std[617be2ca0a6fd877]::sys::thread::unix::Thread>::new::thread_start
[INFO] [stdout]   19:     0x7ce5d3ff4dfa - <unknown>
[INFO] [stdout]   20:     0x7ce5d40883d4 - clone
[INFO] [stdout]   21:                0x0 - <unknown>
[INFO] [stdout] 
[INFO] [stdout] 
[INFO] [stdout] failures:
[INFO] [stdout]     generator::tests::it_can_read_a_basic_flow_map
[INFO] [stdout]     generator::tests::it_can_read_a_complete_flow_map
[INFO] [stdout]     generator::tests::it_can_write_a_basic_flow_map
[INFO] [stdout]     generator::tests::it_can_write_a_complete_flow_map
[INFO] [stdout]     generator::tests::it_can_write_an_empty_flow_map
[INFO] [stdout] 
[INFO] [stdout] test result: FAILED. 24 passed; 5 failed; 0 ignored; 0 measured; 0 filtered out; finished in 0.01s
[INFO] [stdout] 
[INFO] running `Command { std: "docker" "inspect" "16c989ad2b17c82281de45176041ef15e92a484aa73c247aadf3c19e1ae5d312", kill_on_drop: false }`
[INFO] running `Command { std: "docker" "rm" "-f" "16c989ad2b17c82281de45176041ef15e92a484aa73c247aadf3c19e1ae5d312", kill_on_drop: false }`
[INFO] [stdout] 16c989ad2b17c82281de45176041ef15e92a484aa73c247aadf3c19e1ae5d312
