[INFO] fetching crate liberato-address-scheme 0.1.0...
[INFO] testing liberato-address-scheme-0.1.0 against 1.99.0-beta.8+cargoflags=--release for beta-release-1.100-2
[INFO] extracting crate liberato-address-scheme 0.1.0 into /workspace/builds/worker-3-tc1/source
[INFO] started tweaking crates.io crate liberato-address-scheme 0.1.0
[INFO] finished tweaking crates.io crate liberato-address-scheme 0.1.0
[INFO] tweaked toml for crates.io crate liberato-address-scheme 0.1.0 written to /workspace/builds/worker-3-tc1/source/Cargo.toml
[INFO] validating manifest of crates.io crate liberato-address-scheme 0.1.0 on toolchain 1.99.0-beta.8
[INFO] running `Command { std: CARGO_HOME="/workspace/cargo-home" RUSTUP_HOME="/workspace/rustup-home" "/workspace/cargo-home/bin/cargo" "+1.99.0-beta.8" "metadata" "--manifest-path" "Cargo.toml" "--no-deps", kill_on_drop: false }`
[INFO] crate crates.io crate liberato-address-scheme 0.1.0 already has a lockfile, it will not be regenerated
[INFO] running `Command { std: CARGO_HOME="/workspace/cargo-home" RUSTUP_HOME="/workspace/rustup-home" "/workspace/cargo-home/bin/cargo" "+1.99.0-beta.8" "fetch" "--manifest-path" "Cargo.toml", kill_on_drop: false }`
[INFO] [stderr]     Updating crates.io index
[INFO] [stderr]  Downloading crates ...
[INFO] [stderr]   Downloaded openinternetcryptographykeys v0.2.0
[INFO] [stderr]   Downloaded ct-codecs v1.1.6
[INFO] [stderr]   Downloaded winternitz-ots v0.3.0
[INFO] [stderr]   Downloaded slugencode v0.1.0
[INFO] [stderr]   Downloaded salsa20 v0.8.0
[INFO] [stderr]   Downloaded cpufeatures v0.1.5
[INFO] [stderr]   Downloaded crypto-hash v0.3.4
[INFO] [stderr]   Downloaded commoncrypto v0.2.0
[INFO] [stderr]   Downloaded commoncrypto-sys v0.2.0
[INFO] [stderr]   Downloaded serdect v0.3.0
[INFO] [stderr]   Downloaded crypto_box v0.6.0
[INFO] [stderr]   Downloaded postcard-cobs v0.1.5-pre
[INFO] [stderr]   Downloaded protobuf-macros v4.34.1-release
[INFO] [stderr]   Downloaded serde-encrypt v0.7.0
[INFO] [stderr]   Downloaded serde-encrypt-core v0.7.0
[INFO] [stderr]   Downloaded securerand-rs v0.2.0
[INFO] [stderr]   Downloaded ecies-ed25519-silene v0.1.0
[INFO] [stderr]   Downloaded libredox v0.1.15
[INFO] [stderr]   Downloaded pqcrypto-traits v0.3.5
[INFO] [stderr]   Downloaded base32ct v0.2.2
[INFO] [stderr]   Downloaded xsalsa20poly1305 v0.7.1
[INFO] [stderr]   Downloaded pairing v0.23.0
[INFO] [stderr]   Downloaded ascon v0.5.0-rc.0
[INFO] [stderr]   Downloaded postcard v0.7.3
[INFO] [stderr]   Downloaded leslie_lamport v0.3.1
[INFO] [stderr]   Downloaded hex v0.3.2
[INFO] [stderr]   Downloaded aead v0.6.0-rc.10
[INFO] [stderr]   Downloaded chacha20 v0.7.1
[INFO] [stderr]   Downloaded ml-dsa v0.0.4
[INFO] [stderr]   Downloaded pqcrypto-internals v0.2.11
[INFO] [stderr]   Downloaded paste-complete v1.0.15
[INFO] [stderr]   Downloaded poly1305 v0.7.2
[INFO] [stderr]   Downloaded bip32 v0.5.3
[INFO] [stderr]   Downloaded ascon-aead128 v0.1.0-rc.3
[INFO] [stderr]   Downloaded ed448 v0.4.0
[INFO] [stderr]   Downloaded secp256k1 v0.27.0
[INFO] [stderr]   Downloaded chacha20poly1305 v0.8.0
[INFO] [stderr]   Downloaded x25519-dalek v1.1.1
[INFO] [stderr]   Downloaded bls-signatures v0.15.0
[INFO] [stderr]   Downloaded blake3 v1.8.4
[INFO] [stderr]   Downloaded libslug v0.11.0
[INFO] [stderr]   Downloaded ed448-goldilocks-plus v0.16.0
[INFO] [stderr]   Downloaded ed448-goldilocks v0.9.0
[INFO] [stderr]   Downloaded fixedstr v0.5.10
[INFO] [stderr]   Downloaded fiat-crypto v0.1.20
[INFO] [stderr]   Downloaded protobuf v4.34.1-release
[INFO] [stderr]   Downloaded bls12_381 v0.8.0
[INFO] [stderr]   Downloaded secp256k1-sys v0.8.2
[INFO] [stderr]   Downloaded pqcrypto-falcon v0.4.1
[INFO] [stderr]   Downloaded pqcrypto-sphincsplus v0.7.2
[INFO] running `Command { std: "docker" "create" "-v" "/var/lib/crater-agent-workspace/builds/worker-3-tc1/source:/opt/rustwide/workdir:ro,Z" "-v" "/var/lib/crater-agent-workspace/builds/worker-3-tc1/target:/opt/rustwide/target:rw,Z" "-v" "/var/lib/crater-agent-workspace/cargo-home:/opt/rustwide/cargo-home:ro,Z" "-v" "/var/lib/crater-agent-workspace/rustup-home:/opt/rustwide/rustup-home:ro,Z" "-m" "1610612736" "--network" "none" "ghcr.io/rust-lang/crates-build-env/linux@sha256:77db811e55d90add9212f6832c23229e3de5f1c1f9905e8cb07319ea15df73ac" "sleep" "infinity", kill_on_drop: false }`
[INFO] [stdout] 314e3e301a319c5e57e91576d973e21b4ed15b0a683db6c1be6cc85eb8989fb0
[INFO] running `Command { std: "docker" "start" "314e3e301a319c5e57e91576d973e21b4ed15b0a683db6c1be6cc85eb8989fb0", kill_on_drop: false }`
[INFO] running `Command { std: "docker" "inspect" "314e3e301a319c5e57e91576d973e21b4ed15b0a683db6c1be6cc85eb8989fb0", kill_on_drop: false }`
[INFO] running `Command { std: "docker" "exec" "-e" "SOURCE_DIR=/opt/rustwide/workdir" "-e" "CARGO_HOME=/opt/rustwide/cargo-home" "-e" "RUSTUP_HOME=/opt/rustwide/rustup-home" "-e" "CARGO_TARGET_DIR=/opt/rustwide/target" "-w" "/opt/rustwide/workdir" "--user" "0:0" "314e3e301a319c5e57e91576d973e21b4ed15b0a683db6c1be6cc85eb8989fb0" "/opt/rustwide/cargo-home/bin/cargo" "+1.99.0-beta.8" "metadata" "--no-deps" "--format-version=1", kill_on_drop: false }`
[INFO] running `Command { std: "docker" "inspect" "314e3e301a319c5e57e91576d973e21b4ed15b0a683db6c1be6cc85eb8989fb0", kill_on_drop: false }`
[INFO] running `Command { std: "docker" "exec" "-e" "SOURCE_DIR=/opt/rustwide/workdir" "-e" "CARGO_HOME=/opt/rustwide/cargo-home" "-e" "RUSTUP_HOME=/opt/rustwide/rustup-home" "-e" "CARGO_TARGET_DIR=/opt/rustwide/target" "-e" "CARGO_INCREMENTAL=0" "-e" "RUST_BACKTRACE=full" "-e" "RUSTFLAGS=--cap-lints=warn" "-e" "RUSTDOCFLAGS=--cap-lints=warn" "-w" "/opt/rustwide/workdir" "--user" "0:0" "314e3e301a319c5e57e91576d973e21b4ed15b0a683db6c1be6cc85eb8989fb0" "/opt/rustwide/cargo-home/bin/cargo" "+1.99.0-beta.8" "build" "--frozen" "--message-format=json" "--release", kill_on_drop: false }`
[INFO] [stderr]    Compiling libc v0.2.177
[INFO] [stderr]    Compiling quote v1.0.45
[INFO] [stderr]    Compiling typenum v1.19.0
[INFO] [stderr]    Compiling const-oid v0.9.6
[INFO] [stderr]    Compiling find-msvc-tools v0.1.4
[INFO] [stderr]    Compiling base64ct v1.8.0
[INFO] [stderr]    Compiling zerocopy v0.8.27
[INFO] [stderr]    Compiling bitvec v1.0.1
[INFO] [stderr]    Compiling syn v2.0.117
[INFO] [stderr]    Compiling num-traits v0.2.19
[INFO] [stderr]    Compiling pem-rfc7468 v0.7.0
[INFO] [stderr]    Compiling serde_json v1.0.149
[INFO] [stderr]    Compiling getrandom v0.4.2
[INFO] [stderr]    Compiling jobserver v0.1.34
[INFO] [stderr]    Compiling hybrid-array v0.4.10
[INFO] [stderr]    Compiling byteorder v1.5.0
[INFO] [stderr]    Compiling getrandom v0.2.16
[INFO] [stderr]    Compiling rand_core v0.10.0
[INFO] [stderr]    Compiling cc v1.2.45
[INFO] [stderr]    Compiling rand_core v0.6.4
[INFO] [stderr]    Compiling curve25519-dalek v4.1.3
[INFO] [stderr]    Compiling rand_core v0.5.1
[INFO] [stderr]    Compiling arrayvec v0.4.12
[INFO] [stderr]    Compiling getrandom v0.3.4
[INFO] [stderr]    Compiling cpufeatures v0.1.5
[INFO] [stderr]    Compiling crypto-common v0.2.1
[INFO] [stderr]    Compiling spin v0.9.8
[INFO] [stderr]    Compiling nodrop v0.1.14
[INFO] [stderr]    Compiling ppv-lite86 v0.2.21
[INFO] [stderr]    Compiling ff v0.13.1
[INFO] [stderr]    Compiling group v0.13.0
[INFO] [stderr]    Compiling num-integer v0.1.46
[INFO] [stderr]    Compiling getrandom v0.1.16
[INFO] [stderr]    Compiling crunchy v0.2.4
[INFO] [stderr]    Compiling constant_time_eq v0.1.5
[INFO] [stderr]    Compiling rand_chacha v0.3.1
[INFO] [stderr]    Compiling paste-complete v1.0.15
[INFO] [stderr]    Compiling blake2-rfc v0.2.18
[INFO] [stderr]    Compiling num-iter v0.1.45
[INFO] [stderr]    Compiling yaml-rust v0.4.5
[INFO] [stderr]    Compiling rand v0.8.5
[INFO] [stderr]    Compiling openssl-sys v0.9.111
[INFO] [stderr]    Compiling pqcrypto-internals v0.2.11
[INFO] [stderr]    Compiling pqcrypto-falcon v0.4.1
[INFO] [stderr]    Compiling openssl v0.10.75
[INFO] [stderr]    Compiling pqcrypto-sphincsplus v0.7.2
[INFO] [stderr]    Compiling blake3 v1.8.4
[INFO] [stderr]    Compiling protobuf v4.34.1-release
[INFO] [stderr]    Compiling pairing v0.23.0
[INFO] [stderr]    Compiling lazy_static v1.5.0
[INFO] [stderr]    Compiling inout v0.2.2
[INFO] [stderr]    Compiling block-buffer v0.12.0
[INFO] [stderr]    Compiling password-hash v0.5.0
[INFO] [stderr]    Compiling half v1.8.3
[INFO] [stderr]    Compiling either v1.15.0
[INFO] [stderr]    Compiling postcard-cobs v0.1.5-pre
[INFO] [stderr]    Compiling hex v0.3.2
[INFO] [stderr]    Compiling smallvec v1.15.1
[INFO] [stderr]    Compiling pqcrypto-traits v0.3.5
[INFO] [stderr]    Compiling tiny-keccak v2.0.2
[INFO] [stderr]    Compiling digest v0.11.2
[INFO] [stderr]    Compiling dirs-sys v0.5.0
[INFO] [stderr]    Compiling rayon v1.11.0
[INFO] [stderr]    Compiling aead v0.6.0-rc.10
[INFO] [stderr]    Compiling getrandom_or_panic v0.0.3
[INFO] [stderr]    Compiling hybrid-array v0.3.1
[INFO] [stderr]    Compiling hybrid-array v0.2.3
[INFO] [stderr]    Compiling zeroize_derive v1.4.2
[INFO] [stderr]    Compiling serde_derive v1.0.228
[INFO] [stderr]    Compiling zeroize v1.8.2
[INFO] [stderr]    Compiling generic-array v0.14.9
[INFO] [stderr]    Compiling der v0.7.10
[INFO] [stderr]    Compiling thiserror-impl v1.0.69
[INFO] [stderr]    Compiling curve25519-dalek-derive v0.1.1
[INFO] [stderr]    Compiling crypto-common v0.1.6
[INFO] [stderr]    Compiling block-buffer v0.10.4
[INFO] [stderr]    Compiling digest v0.10.7
[INFO] [stderr]    Compiling digest v0.9.0
[INFO] [stderr]    Compiling inout v0.1.4
[INFO] [stderr]    Compiling sha2 v0.10.9
[INFO] [stderr]    Compiling hmac v0.12.1
[INFO] [stderr]    Compiling signature v2.2.0
[INFO] [stderr]    Compiling spki v0.7.3
[INFO] [stderr]    Compiling cipher v0.3.0
[INFO] [stderr]    Compiling pkcs8 v0.10.2
[INFO] [stderr]    Compiling cipher v0.4.4
[INFO] [stderr]    Compiling universal-hash v0.5.1
[INFO] [stderr]    Compiling universal-hash v0.4.0
[INFO] [stderr]    Compiling poly1305 v0.7.2
[INFO] [stderr]    Compiling aead v0.4.3
[INFO] [stderr]    Compiling crypto-bigint v0.5.5
[INFO] [stderr]    Compiling chacha20 v0.7.1
[INFO] [stderr]    Compiling salsa20 v0.8.0
[INFO] [stderr]    Compiling thiserror v1.0.69
[INFO] [stderr]    Compiling sha3 v0.10.8
[INFO] [stderr]    Compiling curve25519-dalek v3.2.0
[INFO] [stderr]    Compiling serde v1.0.228
[INFO] [stderr]    Compiling xsalsa20poly1305 v0.7.1
[INFO] [stderr]    Compiling chacha20poly1305 v0.8.0
[INFO] [stderr]    Compiling polyval v0.6.2
[INFO] [stderr]    Compiling rfc6979 v0.4.0
[INFO] [stderr]    Compiling pbkdf2 v0.12.2
[INFO] [stderr]    Compiling aead v0.5.2
[INFO] [stderr]    Compiling x25519-dalek v1.1.1
[INFO] [stderr]    Compiling serdect v0.2.0
[INFO] [stderr]    Compiling crypto-mac v0.11.0
[INFO] [stderr]    Compiling openssl-macros v0.1.1
[INFO] [stderr]    Compiling hmac v0.11.0
[INFO] [stderr]    Compiling sec1 v0.7.3
[INFO] [stderr]    Compiling crypto_box v0.6.0
[INFO] [stderr]    Compiling ghash v0.5.1
[INFO] [stderr]    Compiling ctr v0.9.2
[INFO] [stderr]    Compiling elliptic-curve v0.13.8
[INFO] [stderr]    Compiling aes v0.8.4
[INFO] [stderr]    Compiling ecdsa v0.16.9
[INFO] [stderr]    Compiling bs58 v0.5.1
[INFO] [stderr]    Compiling blake2 v0.10.6
[INFO] [stderr]    Compiling block-buffer v0.9.0
[INFO] [stderr]    Compiling sha2 v0.9.9
[INFO] [stderr]    Compiling argon2 v0.5.3
[INFO] [stderr]    Compiling k256 v0.13.4
[INFO] [stderr]    Compiling aes-gcm v0.10.3
[INFO] [stderr]    Compiling serde-encrypt-core v0.7.0
[INFO] [stderr]    Compiling hkdf v0.11.0
[INFO] [stderr]    Compiling bincode v1.3.3
[INFO] [stderr]    Compiling crypto-hash v0.3.4
[INFO] [stderr]    Compiling serde_yaml v0.8.26
[INFO] [stderr]    Compiling postcard v0.7.3
[INFO] [stderr]    Compiling serde_cbor v0.11.2
[INFO] [stderr]    Compiling serdect v0.3.0
[INFO] [stderr]    Compiling tiny-bip39 v2.0.0
[INFO] [stderr]    Compiling poly1305 v0.8.0
[INFO] [stderr]    Compiling chacha20 v0.9.1
[INFO] [stderr]    Compiling pkcs1 v0.7.5
[INFO] [stderr]    Compiling ed25519 v2.2.3
[INFO] [stderr]    Compiling hkdf v0.12.4
[INFO] [stderr]    Compiling ripemd v0.1.3
[INFO] [stderr]    Compiling bls12_381 v0.8.0
[INFO] [stderr]    Compiling kem v0.3.0-pre.0
[INFO] [stderr]    Compiling num-bigint-dig v0.8.6
[INFO] [stderr]    Compiling merlin v3.0.0
[INFO] [stderr]    Compiling protobuf-macros v4.34.1-release
[INFO] [stderr]    Compiling thiserror-impl v2.0.18
[INFO] [stderr]    Compiling serde_bytes v0.11.19
[INFO] [stderr]    Compiling ct-codecs v1.1.6
[INFO] [stderr]    Compiling constant_time_eq v0.4.2
[INFO] [stderr]    Compiling ascon v0.5.0-rc.0
[INFO] [stderr]    Compiling base64 v0.22.1
[INFO] [stderr]    Compiling fiat-crypto v0.1.20
[INFO] [stderr]    Compiling base32ct v0.2.2
[INFO] [stderr]    Compiling pem v3.0.6
[INFO] [stderr]    Compiling slugencode v0.1.0
[INFO] [stderr]    Compiling thiserror v2.0.18
[INFO] [stderr]    Compiling rsa v0.9.10
[INFO] [stderr]    Compiling ascon-aead128 v0.1.0-rc.3
[INFO] [stderr]    Compiling serde_yaml v0.9.34+deprecated
[INFO] [stderr]    Compiling schnorrkel v0.11.5
[INFO] [stderr]    Compiling bip32 v0.5.3
[INFO] [stderr]    Compiling bls-signatures v0.15.0
[INFO] [stderr]    Compiling ml-kem v0.2.3
[INFO] [stderr]    Compiling ecies-ed25519-silene v0.1.0
[INFO] [stderr]    Compiling ed448-goldilocks v0.9.0
[INFO] [stderr]    Compiling ed25519-dalek v2.2.0
[INFO] [stderr]    Compiling chacha20poly1305 v0.10.1
[INFO] [stderr]    Compiling leslie_lamport v0.3.1
[INFO] [stderr]    Compiling securerand-rs v0.2.0
[INFO] [stderr]    Compiling serde-encrypt v0.7.0
[INFO] [stderr]    Compiling ed448-goldilocks-plus v0.16.0
[INFO] [stderr]    Compiling serde-big-array v0.5.1
[INFO] [stderr]    Compiling winternitz-ots v0.3.0
[INFO] [stderr]    Compiling fixedstr v0.5.10
[INFO] [stderr]    Compiling ml-dsa v0.0.4
[INFO] [stderr]    Compiling subtle-encoding v0.5.1
[INFO] [stderr]    Compiling sha2 v0.11.0
[INFO] [stderr]    Compiling dirs v6.0.0
[INFO] [stderr]    Compiling ed448 v0.4.0
[INFO] [stderr]    Compiling der v0.8.0
[INFO] [stderr]    Compiling base32 v0.5.1
[INFO] [stderr]    Compiling base58 v0.2.0
[INFO] [stderr]    Compiling libslug v0.11.0
[INFO] [stderr]    Compiling openinternetcryptographykeys v0.2.0
[INFO] [stderr]    Compiling liberato-address-scheme v0.1.0 (/opt/rustwide/workdir)
[INFO] [stdout] warning: unused import: `OpenInternetFromPemAny`
[INFO] [stdout]   --> src/identity/mod.rs:15:57
[INFO] [stdout]    |
[INFO] [stdout] 15 | use openinternetcryptographykeys::prelude::essentials::{OpenInternetFromPemAny,OpenInternetFromStandardPEM,OpenInternetGeneration,Op...
[INFO] [stdout]    |                                                         ^^^^^^^^^^^^^^^^^^^^^^
[INFO] [stdout]    |
[INFO] [stdout]    = note: `#[warn(unused_imports)]` (part of `#[warn(unused)]`) on by default
[INFO] [stdout] 
[INFO] [stdout] 
[INFO] [stdout] warning: unused import: `crate::identity::signature::LiberatoSignatureWithMessage`
[INFO] [stdout]   --> src/identity/mod.rs:23:5
[INFO] [stdout]    |
[INFO] [stdout] 23 | use crate::identity::signature::LiberatoSignatureWithMessage;
[INFO] [stdout]    |     ^^^^^^^^^^^^^^^^^^^^^^^^^^^^^^^^^^^^^^^^^^^^^^^^^^^^^^^^
[INFO] [stdout] 
[INFO] [stdout] 
[INFO] [stdout] warning: unused import: `OpenInternetCryptographySecretKey`
[INFO] [stdout]  --> src/traits/mod.rs:1:57
[INFO] [stdout]   |
[INFO] [stdout] 1 | use openinternetcryptographykeys::prelude::essentials::{OpenInternetCryptographySecretKey, Slug20Algorithm};
[INFO] [stdout]   |                                                         ^^^^^^^^^^^^^^^^^^^^^^^^^^^^^^^^^
[INFO] [stdout] 
[INFO] [stdout] 
[INFO] [stdout] warning: unused import: `OpenInternetGeneration`
[INFO] [stdout]   --> src/identity/mod.rs:15:108
[INFO] [stdout]    |
[INFO] [stdout] 15 | use openinternetcryptographykeys::prelude::essentials::{OpenInternetFromPemAny,OpenInternetFromStandardPEM,OpenInternetGeneration,Op...
[INFO] [stdout]    |                                                                                                            ^^^^^^^^^^^^^^^^^^^^^^
[INFO] [stdout] 
[INFO] [stdout] 
[INFO] [stderr]     Finished `release` profile [optimized] target(s) in 6m 28s
[INFO] running `Command { std: "docker" "inspect" "314e3e301a319c5e57e91576d973e21b4ed15b0a683db6c1be6cc85eb8989fb0", kill_on_drop: false }`
[INFO] running `Command { std: "docker" "exec" "-e" "SOURCE_DIR=/opt/rustwide/workdir" "-e" "CARGO_HOME=/opt/rustwide/cargo-home" "-e" "RUSTUP_HOME=/opt/rustwide/rustup-home" "-e" "CARGO_TARGET_DIR=/opt/rustwide/target" "-e" "CARGO_INCREMENTAL=0" "-e" "RUST_BACKTRACE=full" "-e" "RUSTFLAGS=--cap-lints=warn" "-e" "RUSTDOCFLAGS=--cap-lints=warn" "-w" "/opt/rustwide/workdir" "--user" "0:0" "314e3e301a319c5e57e91576d973e21b4ed15b0a683db6c1be6cc85eb8989fb0" "/opt/rustwide/cargo-home/bin/cargo" "+1.99.0-beta.8" "test" "--frozen" "--no-run" "--message-format=json" "--release", kill_on_drop: false }`
[INFO] [stdout] warning: unused import: `OpenInternetFromPemAny`
[INFO] [stdout]   --> src/identity/mod.rs:15:57
[INFO] [stdout]    |
[INFO] [stdout] 15 | use openinternetcryptographykeys::prelude::essentials::{OpenInternetFromPemAny,OpenInternetFromStandardPEM,OpenInternetGeneration,Op...
[INFO] [stdout]    |                                                         ^^^^^^^^^^^^^^^^^^^^^^
[INFO] [stdout]    |
[INFO] [stdout]    = note: `#[warn(unused_imports)]` (part of `#[warn(unused)]`) on by default
[INFO] [stdout] 
[INFO] [stdout] 
[INFO] [stdout] warning: unused import: `crate::identity::signature::LiberatoSignatureWithMessage`
[INFO] [stdout]   --> src/identity/mod.rs:23:5
[INFO] [stdout]    |
[INFO] [stdout] 23 | use crate::identity::signature::LiberatoSignatureWithMessage;
[INFO] [stdout]    |     ^^^^^^^^^^^^^^^^^^^^^^^^^^^^^^^^^^^^^^^^^^^^^^^^^^^^^^^^
[INFO] [stdout] 
[INFO] [stdout] 
[INFO] [stdout] warning: unused import: `OpenInternetCryptographySecretKey`
[INFO] [stdout]  --> src/traits/mod.rs:1:57
[INFO] [stdout]   |
[INFO] [stdout] 1 | use openinternetcryptographykeys::prelude::essentials::{OpenInternetCryptographySecretKey, Slug20Algorithm};
[INFO] [stdout]   |                                                         ^^^^^^^^^^^^^^^^^^^^^^^^^^^^^^^^^
[INFO] [stdout] 
[INFO] [stdout] 
[INFO] [stdout] warning: unused import: `OpenInternetGeneration`
[INFO] [stdout]   --> src/identity/mod.rs:15:108
[INFO] [stdout]    |
[INFO] [stdout] 15 | use openinternetcryptographykeys::prelude::essentials::{OpenInternetFromPemAny,OpenInternetFromStandardPEM,OpenInternetGeneration,Op...
[INFO] [stdout]    |                                                                                                            ^^^^^^^^^^^^^^^^^^^^^^
[INFO] [stdout] 
[INFO] [stdout] 
[INFO] [stderr]    Compiling liberato-address-scheme v0.1.0 (/opt/rustwide/workdir)
[INFO] [stdout] warning: unused import: `OpenInternetFromPemAny`
[INFO] [stdout]   --> src/identity/mod.rs:15:57
[INFO] [stdout]    |
[INFO] [stdout] 15 | use openinternetcryptographykeys::prelude::essentials::{OpenInternetFromPemAny,OpenInternetFromStandardPEM,OpenInternetGeneration,Op...
[INFO] [stdout]    |                                                         ^^^^^^^^^^^^^^^^^^^^^^
[INFO] [stdout]    |
[INFO] [stdout]    = note: `#[warn(unused_imports)]` (part of `#[warn(unused)]`) on by default
[INFO] [stdout] 
[INFO] [stdout] 
[INFO] [stdout] warning: unused import: `crate::identity::signature::LiberatoSignatureWithMessage`
[INFO] [stdout]   --> src/identity/mod.rs:23:5
[INFO] [stdout]    |
[INFO] [stdout] 23 | use crate::identity::signature::LiberatoSignatureWithMessage;
[INFO] [stdout]    |     ^^^^^^^^^^^^^^^^^^^^^^^^^^^^^^^^^^^^^^^^^^^^^^^^^^^^^^^^
[INFO] [stdout] 
[INFO] [stdout] 
[INFO] [stdout] warning: unused import: `OpenInternetCryptographySecretKey`
[INFO] [stdout]  --> src/traits/mod.rs:1:57
[INFO] [stdout]   |
[INFO] [stdout] 1 | use openinternetcryptographykeys::prelude::essentials::{OpenInternetCryptographySecretKey, Slug20Algorithm};
[INFO] [stdout]   |                                                         ^^^^^^^^^^^^^^^^^^^^^^^^^^^^^^^^^
[INFO] [stdout] 
[INFO] [stdout] 
[INFO] [stdout] warning: unused import: `OpenInternetGeneration`
[INFO] [stdout]   --> src/identity/mod.rs:15:108
[INFO] [stdout]    |
[INFO] [stdout] 15 | use openinternetcryptographykeys::prelude::essentials::{OpenInternetFromPemAny,OpenInternetFromStandardPEM,OpenInternetGeneration,Op...
[INFO] [stdout]    |                                                                                                            ^^^^^^^^^^^^^^^^^^^^^^
[INFO] [stdout] 
[INFO] [stdout] 
[INFO] [stderr]     Finished `release` profile [optimized] target(s) in 6.30s
[INFO] running `Command { std: "docker" "inspect" "314e3e301a319c5e57e91576d973e21b4ed15b0a683db6c1be6cc85eb8989fb0", kill_on_drop: false }`
[INFO] running `Command { std: "docker" "exec" "-e" "SOURCE_DIR=/opt/rustwide/workdir" "-e" "CARGO_HOME=/opt/rustwide/cargo-home" "-e" "RUSTUP_HOME=/opt/rustwide/rustup-home" "-e" "CARGO_TARGET_DIR=/opt/rustwide/target" "-e" "CARGO_INCREMENTAL=0" "-e" "RUST_BACKTRACE=full" "-e" "RUSTFLAGS=--cap-lints=warn" "-e" "RUSTDOCFLAGS=--cap-lints=warn" "-w" "/opt/rustwide/workdir" "--user" "0:0" "314e3e301a319c5e57e91576d973e21b4ed15b0a683db6c1be6cc85eb8989fb0" "/opt/rustwide/cargo-home/bin/cargo" "+1.99.0-beta.8" "test" "--frozen" "--release", kill_on_drop: false }`
[INFO] [stderr] warning: unused import: `OpenInternetFromPemAny`
[INFO] [stderr]   --> src/identity/mod.rs:15:57
[INFO] [stderr]    |
[INFO] [stderr] 15 | use openinternetcryptographykeys::prelude::essentials::{OpenInternetFromPemAny,OpenInternetFromStandardPEM,OpenInternetGeneration,Op...
[INFO] [stderr]    |                                                         ^^^^^^^^^^^^^^^^^^^^^^
[INFO] [stderr]    |
[INFO] [stderr]    = note: `#[warn(unused_imports)]` (part of `#[warn(unused)]`) on by default
[INFO] [stderr] 
[INFO] [stderr] warning: unused import: `crate::identity::signature::LiberatoSignatureWithMessage`
[INFO] [stderr]   --> src/identity/mod.rs:23:5
[INFO] [stderr]    |
[INFO] [stderr] 23 | use crate::identity::signature::LiberatoSignatureWithMessage;
[INFO] [stderr]    |     ^^^^^^^^^^^^^^^^^^^^^^^^^^^^^^^^^^^^^^^^^^^^^^^^^^^^^^^^
[INFO] [stderr] 
[INFO] [stderr] warning: unused import: `OpenInternetCryptographySecretKey`
[INFO] [stderr]  --> src/traits/mod.rs:1:57
[INFO] [stderr]   |
[INFO] [stderr] 1 | use openinternetcryptographykeys::prelude::essentials::{OpenInternetCryptographySecretKey, Slug20Algorithm};
[INFO] [stderr]   |                                                         ^^^^^^^^^^^^^^^^^^^^^^^^^^^^^^^^^
[INFO] [stderr] 
[INFO] [stderr] warning: unused import: `OpenInternetGeneration`
[INFO] [stderr]   --> src/identity/mod.rs:15:108
[INFO] [stderr]    |
[INFO] [stderr] 15 | use openinternetcryptographykeys::prelude::essentials::{OpenInternetFromPemAny,OpenInternetFromStandardPEM,OpenInternetGeneration,Op...
[INFO] [stderr]    |                                                                                                            ^^^^^^^^^^^^^^^^^^^^^^
[INFO] [stderr] 
[INFO] [stderr] warning: `liberato-address-scheme` (lib) generated 4 warnings (run `cargo fix --lib -p liberato-address-scheme` to apply 3 suggestions)
[INFO] [stderr] warning: `liberato-address-scheme` (lib test) generated 4 warnings (4 duplicates)
[INFO] [stderr]     Finished `release` profile [optimized] target(s) in 0.33s
[INFO] [stderr]      Running unittests src/lib.rs (/opt/rustwide/target/release/deps/liberato_address_scheme-f328e9504128e870)
[INFO] [stdout] 
[INFO] [stdout] running 2 tests
[INFO] [stdout] test identity::generate_liberato_address_using_shulgin_signing ... ok
[INFO] [stderr]    Doc-tests liberato_address_scheme
[INFO] [stdout] test identity::hash_and_go ... ok
[INFO] [stdout] 
[INFO] [stdout] test result: ok. 2 passed; 0 failed; 0 ignored; 0 measured; 0 filtered out; finished in 1.29s
[INFO] [stdout] 
[INFO] [stdout] 
[INFO] [stdout] running 1 test
[INFO] [stdout] test src/identity/mod.rs - identity::LiberatoIdentity (line 100) ... FAILED
[INFO] [stdout] 
[INFO] [stdout] failures:
[INFO] [stdout] 
[INFO] [stdout] ---- src/identity/mod.rs - identity::LiberatoIdentity (line 100) stdout ----
[INFO] [stdout] error[E0433]: cannot find type `LiberatoIdentityAPI` in this scope
[INFO] [stdout]    --> src/identity/mod.rs:105:31
[INFO] [stdout]     |
[INFO] [stdout] 105 |     let x: LiberatoIdentity = LiberatoIdentityAPI::generate_liberato_identity(Slug20Algorithm::ShulginSigning);
[INFO] [stdout]     |                               ^^^^^^^^^^^^^^^^^^^ use of undeclared type `LiberatoIdentityAPI`
[INFO] [stdout]     |
[INFO] [stdout] help: a struct with a similar name exists
[INFO] [stdout]     |
[INFO] [stdout] 105 -     let x: LiberatoIdentity = LiberatoIdentityAPI::generate_liberato_identity(Slug20Algorithm::ShulginSigning);
[INFO] [stdout] 105 +     let x: LiberatoIdentity = LiberatoIdentity::generate_liberato_identity(Slug20Algorithm::ShulginSigning);
[INFO] [stdout]     |
[INFO] [stdout] 
[INFO] [stdout] error[E0433]: cannot find type `Slug20Algorithm` in this scope
[INFO] [stdout]    --> src/identity/mod.rs:105:79
[INFO] [stdout]     |
[INFO] [stdout] 105 |     let x: LiberatoIdentity = LiberatoIdentityAPI::generate_liberato_identity(Slug20Algorithm::ShulginSigning);
[INFO] [stdout]     |                                                                               ^^^^^^^^^^^^^^^ use of undeclared type `Slug20Algorithm`
[INFO] [stdout] 
[INFO] [stdout] error: aborting due to 2 previous errors
[INFO] [stdout] 
[INFO] [stdout] For more information about this error, try `rustc --explain E0433`.
[INFO] [stdout] Couldn't compile the test.
[INFO] [stdout] 
[INFO] [stdout] failures:
[INFO] [stdout]     src/identity/mod.rs - identity::LiberatoIdentity (line 100)
[INFO] [stdout] 
[INFO] [stdout] test result: FAILED. 0 passed; 1 failed; 0 ignored; 0 measured; 0 filtered out; finished in 0.24s
[INFO] [stdout] 
[INFO] [stdout] all doctests ran in 0.45s; merged doctests compilation took 0.21s
[INFO] [stderr] error: doctest failed, to rerun pass `--doc`
[INFO] running `Command { std: "docker" "inspect" "314e3e301a319c5e57e91576d973e21b4ed15b0a683db6c1be6cc85eb8989fb0", kill_on_drop: false }`
[INFO] running `Command { std: "docker" "rm" "-f" "314e3e301a319c5e57e91576d973e21b4ed15b0a683db6c1be6cc85eb8989fb0", kill_on_drop: false }`
[INFO] [stdout] 314e3e301a319c5e57e91576d973e21b4ed15b0a683db6c1be6cc85eb8989fb0
