[INFO] fetching crate liberate_mx 0.1.0...
[INFO] testing liberate_mx-0.1.0 against 1.100.0-beta.1+cargoflags=--release for beta-release-1.100-2
[INFO] extracting crate liberate_mx 0.1.0 into /workspace/builds/worker-5-tc2/source
[INFO] started tweaking crates.io crate liberate_mx 0.1.0
[INFO] finished tweaking crates.io crate liberate_mx 0.1.0
[INFO] tweaked toml for crates.io crate liberate_mx 0.1.0 written to /workspace/builds/worker-5-tc2/source/Cargo.toml
[INFO] validating manifest of crates.io crate liberate_mx 0.1.0 on toolchain 1.100.0-beta.1
[INFO] running `Command { std: CARGO_HOME="/workspace/cargo-home" RUSTUP_HOME="/workspace/rustup-home" "/workspace/cargo-home/bin/cargo" "+1.100.0-beta.1" "metadata" "--manifest-path" "Cargo.toml" "--no-deps", kill_on_drop: false }`
[INFO] running `Command { std: CARGO_HOME="/workspace/cargo-home" RUSTUP_HOME="/workspace/rustup-home" "/workspace/cargo-home/bin/cargo" "+1.100.0-beta.1" "generate-lockfile" "--manifest-path" "Cargo.toml", kill_on_drop: false }`
[INFO] [stderr]     Updating crates.io index
[INFO] [stderr]      Locking 103 packages to highest compatible versions
[INFO] [stderr]       Adding derive_builder v0.12.0 (available: v0.20.2)
[INFO] [stderr]       Adding psm v0.1.24 (available: v0.1.32)
[INFO] [stderr]       Adding tera v1.20.1 (available: v2.4.0)
[INFO] [stderr]       Adding thiserror v1.0.69 (available: v2.0.21)
[INFO] running `Command { std: CARGO_HOME="/workspace/cargo-home" RUSTUP_HOME="/workspace/rustup-home" "/workspace/cargo-home/bin/cargo" "+1.100.0-beta.1" "fetch" "--manifest-path" "Cargo.toml", kill_on_drop: false }`
[INFO] running `Command { std: "docker" "create" "-v" "/var/lib/crater-agent-workspace/builds/worker-5-tc2/source:/opt/rustwide/workdir:ro,Z" "-v" "/var/lib/crater-agent-workspace/builds/worker-5-tc2/target:/opt/rustwide/target:rw,Z" "-v" "/var/lib/crater-agent-workspace/cargo-home:/opt/rustwide/cargo-home:ro,Z" "-v" "/var/lib/crater-agent-workspace/rustup-home:/opt/rustwide/rustup-home:ro,Z" "-m" "1610612736" "--network" "none" "ghcr.io/rust-lang/crates-build-env/linux@sha256:77db811e55d90add9212f6832c23229e3de5f1c1f9905e8cb07319ea15df73ac" "sleep" "infinity", kill_on_drop: false }`
[INFO] [stdout] 1c887316f5ec5303d37fd0afea06dfd913a6a22610ed3eae3f353b1fe2e7cf22
[INFO] running `Command { std: "docker" "start" "1c887316f5ec5303d37fd0afea06dfd913a6a22610ed3eae3f353b1fe2e7cf22", kill_on_drop: false }`
[INFO] running `Command { std: "docker" "inspect" "1c887316f5ec5303d37fd0afea06dfd913a6a22610ed3eae3f353b1fe2e7cf22", kill_on_drop: false }`
[INFO] running `Command { std: "docker" "exec" "-e" "SOURCE_DIR=/opt/rustwide/workdir" "-e" "CARGO_HOME=/opt/rustwide/cargo-home" "-e" "RUSTUP_HOME=/opt/rustwide/rustup-home" "-e" "CARGO_TARGET_DIR=/opt/rustwide/target" "-w" "/opt/rustwide/workdir" "--user" "0:0" "1c887316f5ec5303d37fd0afea06dfd913a6a22610ed3eae3f353b1fe2e7cf22" "/opt/rustwide/cargo-home/bin/cargo" "+1.100.0-beta.1" "metadata" "--no-deps" "--format-version=1", kill_on_drop: false }`
[INFO] running `Command { std: "docker" "inspect" "1c887316f5ec5303d37fd0afea06dfd913a6a22610ed3eae3f353b1fe2e7cf22", kill_on_drop: false }`
[INFO] running `Command { std: "docker" "exec" "-e" "SOURCE_DIR=/opt/rustwide/workdir" "-e" "CARGO_HOME=/opt/rustwide/cargo-home" "-e" "RUSTUP_HOME=/opt/rustwide/rustup-home" "-e" "CARGO_TARGET_DIR=/opt/rustwide/target" "-e" "CARGO_INCREMENTAL=0" "-e" "RUST_BACKTRACE=full" "-e" "RUSTFLAGS=--cap-lints=warn" "-e" "RUSTDOCFLAGS=--cap-lints=warn" "-w" "/opt/rustwide/workdir" "--user" "0:0" "1c887316f5ec5303d37fd0afea06dfd913a6a22610ed3eae3f353b1fe2e7cf22" "/opt/rustwide/cargo-home/bin/cargo" "+1.100.0-beta.1" "build" "--frozen" "--message-format=json" "--release", kill_on_drop: false }`
[INFO] [stderr]    Compiling siphasher v1.0.4
[INFO] [stderr]    Compiling regex-syntax v0.8.11
[INFO] [stderr]    Compiling rand_core v0.6.4
[INFO] [stderr]    Compiling crossbeam-utils v0.8.23
[INFO] [stderr]    Compiling aho-corasick v1.1.5
[INFO] [stderr]    Compiling syn v3.0.9
[INFO] [stderr]    Compiling psm v0.1.24
[INFO] [stderr]    Compiling stacker v0.1.25
[INFO] [stderr]    Compiling darling_core v0.14.4
[INFO] [stderr]    Compiling getrandom v0.2.17
[INFO] [stderr]    Compiling bstr v1.13.1
[INFO] [stderr]    Compiling chrono v0.4.45
[INFO] [stderr]    Compiling syn v2.0.119
[INFO] [stderr]    Compiling deunicode v1.6.2
[INFO] [stderr]    Compiling humansize v2.1.3
[INFO] [stderr]    Compiling rand v0.8.8
[INFO] [stderr]    Compiling unicode-segmentation v1.13.3
[INFO] [stderr]    Compiling phf_shared v0.11.3
[INFO] [stderr]    Compiling rand_chacha v0.3.1
[INFO] [stderr]    Compiling slug v0.1.6
[INFO] [stderr]    Compiling pest v2.9.4
[INFO] [stderr]    Compiling phf v0.11.3
[INFO] [stderr]    Compiling crossbeam-epoch v0.9.21
[INFO] [stderr]    Compiling regex-automata v0.4.18
[INFO] [stderr]    Compiling crossbeam-deque v0.8.8
[INFO] [stderr]    Compiling phf_generator v0.11.3
[INFO] [stderr]    Compiling phf_codegen v0.11.3
[INFO] [stderr]    Compiling serde_derive v1.0.229
[INFO] [stderr]    Compiling pest_meta v2.9.4
[INFO] [stderr]    Compiling darling_macro v0.14.4
[INFO] [stderr]    Compiling darling v0.14.4
[INFO] [stderr]    Compiling derive_builder_core v0.12.0
[INFO] [stderr]    Compiling derive_builder_macro v0.12.0
[INFO] [stderr]    Compiling thiserror-impl v1.0.69
[INFO] [stderr]    Compiling derive_builder v0.12.0
[INFO] [stderr]    Compiling pest_generator v2.9.4
[INFO] [stderr]    Compiling pest_derive v2.9.4
[INFO] [stderr]    Compiling serde v1.0.229
[INFO] [stderr]    Compiling thiserror v1.0.69
[INFO] [stderr]    Compiling regex v1.13.1
[INFO] [stderr]    Compiling parse-zoneinfo v0.3.1
[INFO] [stderr]    Compiling globset v0.4.20
[INFO] [stderr]    Compiling chrono-tz-build v0.3.0
[INFO] [stderr]    Compiling chrono-tz v0.9.0
[INFO] [stderr]    Compiling ignore v0.4.33
[INFO] [stderr]    Compiling globwalk v0.9.1
[INFO] [stderr]    Compiling tera v1.20.1
[INFO] [stderr]    Compiling liberate_mx v0.1.0 (/opt/rustwide/workdir)
[INFO] [stderr]     Finished `release` profile [optimized] target(s) in 1m 18s
[INFO] running `Command { std: "docker" "inspect" "1c887316f5ec5303d37fd0afea06dfd913a6a22610ed3eae3f353b1fe2e7cf22", kill_on_drop: false }`
[INFO] running `Command { std: "docker" "exec" "-e" "SOURCE_DIR=/opt/rustwide/workdir" "-e" "CARGO_HOME=/opt/rustwide/cargo-home" "-e" "RUSTUP_HOME=/opt/rustwide/rustup-home" "-e" "CARGO_TARGET_DIR=/opt/rustwide/target" "-e" "CARGO_INCREMENTAL=0" "-e" "RUST_BACKTRACE=full" "-e" "RUSTFLAGS=--cap-lints=warn" "-e" "RUSTDOCFLAGS=--cap-lints=warn" "-w" "/opt/rustwide/workdir" "--user" "0:0" "1c887316f5ec5303d37fd0afea06dfd913a6a22610ed3eae3f353b1fe2e7cf22" "/opt/rustwide/cargo-home/bin/cargo" "+1.100.0-beta.1" "test" "--frozen" "--no-run" "--message-format=json" "--release", kill_on_drop: false }`
[INFO] [stderr]    Compiling liberate_mx v0.1.0 (/opt/rustwide/workdir)
[INFO] [stderr]     Finished `release` profile [optimized] target(s) in 2.30s
[INFO] running `Command { std: "docker" "inspect" "1c887316f5ec5303d37fd0afea06dfd913a6a22610ed3eae3f353b1fe2e7cf22", kill_on_drop: false }`
[INFO] running `Command { std: "docker" "exec" "-e" "SOURCE_DIR=/opt/rustwide/workdir" "-e" "CARGO_HOME=/opt/rustwide/cargo-home" "-e" "RUSTUP_HOME=/opt/rustwide/rustup-home" "-e" "CARGO_TARGET_DIR=/opt/rustwide/target" "-e" "CARGO_INCREMENTAL=0" "-e" "RUST_BACKTRACE=full" "-e" "RUSTFLAGS=--cap-lints=warn" "-e" "RUSTDOCFLAGS=--cap-lints=warn" "-w" "/opt/rustwide/workdir" "--user" "0:0" "1c887316f5ec5303d37fd0afea06dfd913a6a22610ed3eae3f353b1fe2e7cf22" "/opt/rustwide/cargo-home/bin/cargo" "+1.100.0-beta.1" "test" "--frozen" "--release", kill_on_drop: false }`
[INFO] [stderr]     Finished `release` profile [optimized] target(s) in 0.12s
[INFO] [stderr]      Running unittests src/lib.rs (/opt/rustwide/target/release/build/liberate_mx/62c77e7a086b81e7/out/liberate_mx-62c77e7a086b81e7)
[INFO] [stdout] 
[INFO] [stdout] running 2 tests
[INFO] [stdout] test tests::test_generate_lib_sram ... FAILED
[INFO] [stdout] test tests::test_generate_lib_sram_1bit_mask ... FAILED
[INFO] [stdout] 
[INFO] [stdout] failures:
[INFO] [stdout] 
[INFO] [stdout] ---- tests::test_generate_lib_sram stdout ----
[INFO] [stdout] 
[INFO] [stdout] thread 'tests::test_generate_lib_sram' (1180) panicked at src/tests.rs:28:38:
[INFO] [stdout] Failed to generate Liberty file: Io(Os { code: 30, kind: ReadOnlyFilesystem, message: "Read-only file system" })
[INFO] [stdout] stack backtrace:
[INFO] [stdout]    0:     0x58921b120c51 - <<std[617be2ca0a6fd877]::sys::backtrace::BacktraceLock>::print::DisplayBacktrace as core[a373ad73a504971]::fmt::Display>::fmt
[INFO] [stdout]    1:     0x58921b1386ca - core[a373ad73a504971]::fmt::write
[INFO] [stdout]    2:     0x58921b1251ac - <alloc[2e1b2a31b91974c5]::vec::Vec<u8> as core[a373ad73a504971]::io::write::Write>::write_fmt
[INFO] [stdout]    3:     0x58921b0fa406 - std[617be2ca0a6fd877]::panicking::default_hook::{closure#0}
[INFO] [stdout]    4:     0x58921b117999 - std[617be2ca0a6fd877]::panicking::default_hook
[INFO] [stdout]    5:     0x58921aec7a30 - test[aada8e7e76ba119b]::test_main_inner::{closure#0}
[INFO] [stdout]    6:     0x58921b117b52 - std[617be2ca0a6fd877]::panicking::panic_with_hook
[INFO] [stdout]    7:     0x58921b0fa4b2 - std[617be2ca0a6fd877]::panicking::panic_handler::{closure#0}
[INFO] [stdout]    8:     0x58921b0f2e79 - std[617be2ca0a6fd877]::sys::backtrace::__rust_end_short_backtrace::<std[617be2ca0a6fd877]::panicking::panic_handler::{closure#0}, !>
[INFO] [stdout]    9:     0x58921b0fb17d - __rustc[ea4f61d10b84890b]::rust_begin_unwind
[INFO] [stdout]   10:     0x58921b138eec - core[a373ad73a504971]::panicking::panic_fmt
[INFO] [stdout]   11:     0x58921b138cc2 - core[a373ad73a504971]::result::unwrap_failed
[INFO] [stdout]   12:     0x58921aeba3c5 - <liberate_mx[f30783141ee3f4c9]::tests::test_generate_lib_sram::{closure#0} as core[a373ad73a504971]::ops::function::FnOnce<()>>::call_once
[INFO] [stdout]   13:     0x58921aebae7b - test[aada8e7e76ba119b]::__rust_begin_short_backtrace::<core[a373ad73a504971]::result::Result<(), alloc[2e1b2a31b91974c5]::string::String>, fn() -> core[a373ad73a504971]::result::Result<(), alloc[2e1b2a31b91974c5]::string::String>>
[INFO] [stdout]   14:     0x58921aec8055 - test[aada8e7e76ba119b]::run_test::{closure#0}
[INFO] [stdout]   15:     0x58921aec1944 - std[617be2ca0a6fd877]::sys::backtrace::__rust_begin_short_backtrace::<test[aada8e7e76ba119b]::run_test::{closure#1}, ()>
[INFO] [stdout]   16:     0x58921aecb0e2 - <std[617be2ca0a6fd877]::thread::lifecycle::spawn_unchecked<test[aada8e7e76ba119b]::run_test::{closure#1}, ()>::{closure#1} as core[a373ad73a504971]::ops::function::FnOnce<()>>::call_once::{shim:vtable#0}
[INFO] [stdout]   17:     0x58921b11fd7f - <std[617be2ca0a6fd877]::sys::thread::unix::Thread>::new::thread_start
[INFO] [stdout]   18:     0x79b848ebcdfa - <unknown>
[INFO] [stdout]   19:     0x79b848f503d4 - clone
[INFO] [stdout]   20:                0x0 - <unknown>
[INFO] [stdout] 
[INFO] [stdout] ---- tests::test_generate_lib_sram_1bit_mask stdout ----
[INFO] [stdout] 
[INFO] [stdout] thread 'tests::test_generate_lib_sram_1bit_mask' (1181) panicked at src/tests.rs:60:38:
[INFO] [stdout] Failed to generate Liberty file: Io(Os { code: 30, kind: ReadOnlyFilesystem, message: "Read-only file system" })
[INFO] [stdout] stack backtrace:
[INFO] [stdout]    0:     0x58921b120c51 - <<std[617be2ca0a6fd877]::sys::backtrace::BacktraceLock>::print::DisplayBacktrace as core[a373ad73a504971]::fmt::Display>::fmt
[INFO] [stdout]    1:     0x58921b1386ca - core[a373ad73a504971]::fmt::write
[INFO] [stdout]    2:     0x58921b1251ac - <alloc[2e1b2a31b91974c5]::vec::Vec<u8> as core[a373ad73a504971]::io::write::Write>::write_fmt
[INFO] [stdout]    3:     0x58921b0fa406 - std[617be2ca0a6fd877]::panicking::default_hook::{closure#0}
[INFO] [stdout]    4:     0x58921b117999 - std[617be2ca0a6fd877]::panicking::default_hook
[INFO] [stdout]    5:     0x58921aec7a30 - test[aada8e7e76ba119b]::test_main_inner::{closure#0}
[INFO] [stdout]    6:     0x58921b117b52 - std[617be2ca0a6fd877]::panicking::panic_with_hook
[INFO] [stdout]    7:     0x58921b0fa4b2 - std[617be2ca0a6fd877]::panicking::panic_handler::{closure#0}
[INFO] [stdout]    8:     0x58921b0f2e79 - std[617be2ca0a6fd877]::sys::backtrace::__rust_end_short_backtrace::<std[617be2ca0a6fd877]::panicking::panic_handler::{closure#0}, !>
[INFO] [stdout]    9:     0x58921b0fb17d - __rustc[ea4f61d10b84890b]::rust_begin_unwind
[INFO] [stdout]   10:     0x58921b138eec - core[a373ad73a504971]::panicking::panic_fmt
[INFO] [stdout]   11:     0x58921b138cc2 - core[a373ad73a504971]::result::unwrap_failed
[INFO] [stdout]   12:     0x58921aebab17 - <liberate_mx[f30783141ee3f4c9]::tests::test_generate_lib_sram_1bit_mask::{closure#0} as core[a373ad73a504971]::ops::function::FnOnce<()>>::call_once
[INFO] [stdout]   13:     0x58921aebae7b - test[aada8e7e76ba119b]::__rust_begin_short_backtrace::<core[a373ad73a504971]::result::Result<(), alloc[2e1b2a31b91974c5]::string::String>, fn() -> core[a373ad73a504971]::result::Result<(), alloc[2e1b2a31b91974c5]::string::String>>
[INFO] [stdout]   14:     0x58921aec8055 - test[aada8e7e76ba119b]::run_test::{closure#0}
[INFO] [stdout]   15:     0x58921aec1944 - std[617be2ca0a6fd877]::sys::backtrace::__rust_begin_short_backtrace::<test[aada8e7e76ba119b]::run_test::{closure#1}, ()>
[INFO] [stdout]   16:     0x58921aecb0e2 - <std[617be2ca0a6fd877]::thread::lifecycle::spawn_unchecked<test[aada8e7e76ba119b]::run_test::{closure#1}, ()>::{closure#1} as core[a373ad73a504971]::ops::function::FnOnce<()>>::call_once::{shim:vtable#0}
[INFO] [stdout]   17:     0x58921b11fd7f - <std[617be2ca0a6fd877]::sys::thread::unix::Thread>::new::thread_start
[INFO] [stdout]   18:     0x79b848ebcdfa - <unknown>
[INFO] [stdout]   19:     0x79b848f503d4 - clone
[INFO] [stdout]   20:                0x0 - <unknown>
[INFO] [stdout] 
[INFO] [stdout] 
[INFO] [stdout] failures:
[INFO] [stdout]     tests::test_generate_lib_sram
[INFO] [stdout]     tests::test_generate_lib_sram_1bit_mask
[INFO] [stdout] 
[INFO] [stdout] test result: FAILED. 0 passed; 2 failed; 0 ignored; 0 measured; 0 filtered out; finished in 0.00s
[INFO] [stdout] 
[INFO] [stderr] error: test failed, to rerun pass `--lib`
[INFO] running `Command { std: "docker" "inspect" "1c887316f5ec5303d37fd0afea06dfd913a6a22610ed3eae3f353b1fe2e7cf22", kill_on_drop: false }`
[INFO] running `Command { std: "docker" "rm" "-f" "1c887316f5ec5303d37fd0afea06dfd913a6a22610ed3eae3f353b1fe2e7cf22", kill_on_drop: false }`
[INFO] [stdout] 1c887316f5ec5303d37fd0afea06dfd913a6a22610ed3eae3f353b1fe2e7cf22
