[INFO] fetching crate libdd-crashtracker 3.0.0...
[INFO] testing libdd-crashtracker-3.0.0 against 1.99.0-beta.8+cargoflags=--release for beta-release-1.100-2
[INFO] extracting crate libdd-crashtracker 3.0.0 into /workspace/builds/worker-7-tc1/source
[INFO] started tweaking crates.io crate libdd-crashtracker 3.0.0
[INFO] finished tweaking crates.io crate libdd-crashtracker 3.0.0
[INFO] tweaked toml for crates.io crate libdd-crashtracker 3.0.0 written to /workspace/builds/worker-7-tc1/source/Cargo.toml
[INFO] validating manifest of crates.io crate libdd-crashtracker 3.0.0 on toolchain 1.99.0-beta.8
[INFO] running `Command { std: CARGO_HOME="/workspace/cargo-home" RUSTUP_HOME="/workspace/rustup-home" "/workspace/cargo-home/bin/cargo" "+1.99.0-beta.8" "metadata" "--manifest-path" "Cargo.toml" "--no-deps", kill_on_drop: false }`
[INFO] crate crates.io crate libdd-crashtracker 3.0.0 already has a lockfile, it will not be regenerated
[INFO] running `Command { std: CARGO_HOME="/workspace/cargo-home" RUSTUP_HOME="/workspace/rustup-home" "/workspace/cargo-home/bin/cargo" "+1.99.0-beta.8" "fetch" "--manifest-path" "Cargo.toml", kill_on_drop: false }`
[INFO] [stderr]     Updating crates.io index
[INFO] [stderr]  Downloading crates ...
[INFO] [stderr]   Downloaded windows-core v0.59.0
[INFO] [stderr]   Downloaded windows-result v0.3.0
[INFO] [stderr]   Downloaded windows-strings v0.3.0
[INFO] [stderr]   Downloaded windows-implement v0.59.0
[INFO] [stderr]   Downloaded dyn-clone v1.0.17
[INFO] [stderr]   Downloaded symbolic-common v12.12.0
[INFO] [stderr]   Downloaded schemars_derive v0.8.21
[INFO] [stderr]   Downloaded msvc-demangler v0.10.1
[INFO] [stderr]   Downloaded schemars v0.8.21
[INFO] [stderr]   Downloaded cpp_demangle v0.4.4
[INFO] [stderr]   Downloaded symbolic-demangle v12.12.0
[INFO] [stderr]   Downloaded libdd-telemetry v8.0.0
[INFO] [stderr]   Downloaded winver v1.0.0
[INFO] [stderr]   Downloaded sys-info v0.9.1
[INFO] [stderr]   Downloaded libdd-shared-runtime v4.0.0
[INFO] [stderr]   Downloaded libdd-common v6.0.0
[INFO] [stderr]   Downloaded windows v0.59.0
[INFO] [stderr]   Downloaded libdd-capabilities v3.0.1
[INFO] [stderr]   Downloaded libdd-capabilities-impl v5.0.0
[INFO] [stderr]   Downloaded libdd-ddsketch v1.1.1
[INFO] [stderr]   Downloaded libdd-gotter v1.1.0
[INFO] [stderr]   Downloaded scroll v0.12.0
[INFO] [stderr]   Downloaded scroll_derive v0.12.0
[INFO] [stderr]   Downloaded cxx-build v1.0.192
[INFO] [stderr]   Downloaded goblin v0.9.3
[INFO] [stderr]   Downloaded cxxbridge-flags v1.0.192
[INFO] [stderr]   Downloaded cxxbridge-cmd v1.0.192
[INFO] [stderr]   Downloaded cxx v1.0.192
[INFO] [stderr]   Downloaded libdd-libunwind-sys v1.0.3
[INFO] [stderr]   Downloaded cxxbridge-macro v1.0.192
[INFO] [stderr]   Downloaded is-terminal v0.4.13
[INFO] [stderr]   Downloaded oorandom v11.1.4
[INFO] [stderr]   Downloaded blazesym v0.2.3
[INFO] [stderr]   Downloaded miniz_oxide v0.9.0
[INFO] [stderr]   Downloaded gimli v0.32.0
[INFO] [stderr]   Downloaded cpp_demangle v0.5.1
[INFO] running `Command { std: "docker" "create" "-v" "/var/lib/crater-agent-workspace/builds/worker-7-tc1/source:/opt/rustwide/workdir:ro,Z" "-v" "/var/lib/crater-agent-workspace/builds/worker-7-tc1/target:/opt/rustwide/target:rw,Z" "-v" "/var/lib/crater-agent-workspace/cargo-home:/opt/rustwide/cargo-home:ro,Z" "-v" "/var/lib/crater-agent-workspace/rustup-home:/opt/rustwide/rustup-home:ro,Z" "-m" "1610612736" "--network" "none" "ghcr.io/rust-lang/crates-build-env/linux@sha256:77db811e55d90add9212f6832c23229e3de5f1c1f9905e8cb07319ea15df73ac" "sleep" "infinity", kill_on_drop: false }`
[INFO] [stdout] 17728b1b5e2b40e63936089bef61e59b393eeafd4278f81e6a7a53c48ee44e64
[INFO] running `Command { std: "docker" "start" "17728b1b5e2b40e63936089bef61e59b393eeafd4278f81e6a7a53c48ee44e64", kill_on_drop: false }`
[INFO] running `Command { std: "docker" "inspect" "17728b1b5e2b40e63936089bef61e59b393eeafd4278f81e6a7a53c48ee44e64", kill_on_drop: false }`
[INFO] running `Command { std: "docker" "exec" "-e" "SOURCE_DIR=/opt/rustwide/workdir" "-e" "CARGO_HOME=/opt/rustwide/cargo-home" "-e" "RUSTUP_HOME=/opt/rustwide/rustup-home" "-e" "CARGO_TARGET_DIR=/opt/rustwide/target" "-w" "/opt/rustwide/workdir" "--user" "0:0" "17728b1b5e2b40e63936089bef61e59b393eeafd4278f81e6a7a53c48ee44e64" "/opt/rustwide/cargo-home/bin/cargo" "+1.99.0-beta.8" "metadata" "--no-deps" "--format-version=1", kill_on_drop: false }`
[INFO] running `Command { std: "docker" "inspect" "17728b1b5e2b40e63936089bef61e59b393eeafd4278f81e6a7a53c48ee44e64", kill_on_drop: false }`
[INFO] running `Command { std: "docker" "exec" "-e" "SOURCE_DIR=/opt/rustwide/workdir" "-e" "CARGO_HOME=/opt/rustwide/cargo-home" "-e" "RUSTUP_HOME=/opt/rustwide/rustup-home" "-e" "CARGO_TARGET_DIR=/opt/rustwide/target" "-e" "CARGO_INCREMENTAL=0" "-e" "RUST_BACKTRACE=full" "-e" "RUSTFLAGS=--cap-lints=warn" "-e" "RUSTDOCFLAGS=--cap-lints=warn" "-w" "/opt/rustwide/workdir" "--user" "0:0" "17728b1b5e2b40e63936089bef61e59b393eeafd4278f81e6a7a53c48ee44e64" "/opt/rustwide/cargo-home/bin/cargo" "+1.99.0-beta.8" "build" "--frozen" "--message-format=json" "--release", kill_on_drop: false }`
[INFO] [stderr]    Compiling proc-macro2 v1.0.89
[INFO] [stderr]    Compiling libc v0.2.189
[INFO] [stderr]    Compiling pin-project-lite v0.2.15
[INFO] [stderr]    Compiling itoa v1.0.11
[INFO] [stderr]    Compiling ring v0.17.14
[INFO] [stderr]    Compiling thiserror v1.0.68
[INFO] [stderr]    Compiling zeroize v1.8.1
[INFO] [stderr]    Compiling httparse v1.9.5
[INFO] [stderr]    Compiling futures-util v0.3.31
[INFO] [stderr]    Compiling rustls-pki-types v1.13.2
[INFO] [stderr]    Compiling memchr v2.7.4
[INFO] [stderr]    Compiling http v1.1.0
[INFO] [stderr]    Compiling bitflags v2.6.0
[INFO] [stderr]    Compiling rustls v0.23.37
[INFO] [stderr]    Compiling anyhow v1.0.103
[INFO] [stderr]    Compiling quote v1.0.37
[INFO] [stderr]    Compiling slab v0.4.9
[INFO] [stderr]    Compiling memoffset v0.9.1
[INFO] [stderr]    Compiling syn v2.0.87
[INFO] [stderr]    Compiling const_format_proc_macros v0.2.34
[INFO] [stderr]    Compiling http-body v1.0.1
[INFO] [stderr]    Compiling futures-sink v0.3.31
[INFO] [stderr]    Compiling futures-core v0.3.31
[INFO] [stderr]    Compiling futures-channel v0.3.31
[INFO] [stderr]    Compiling tracing v0.1.44
[INFO] [stderr]    Compiling nix v0.29.0
[INFO] [stderr]    Compiling futures-io v0.3.31
[INFO] [stderr]    Compiling regex-syntax v0.8.5
[INFO] [stderr]    Compiling openssl-probe v0.1.5
[INFO] [stderr]    Compiling rustls-native-certs v0.8.1
[INFO] [stderr]    Compiling getrandom v0.2.15
[INFO] [stderr]    Compiling socket2 v0.6.1
[INFO] [stderr]    Compiling mio v1.0.2
[INFO] [stderr]    Compiling aho-corasick v1.1.3
[INFO] [stderr]    Compiling either v1.13.0
[INFO] [stderr]    Compiling find-msvc-tools v0.1.9
[INFO] [stderr]    Compiling futures-executor v0.3.31
[INFO] [stderr]    Compiling shlex v1.3.0
[INFO] [stderr]    Compiling regex-automata v0.4.8
[INFO] [stderr]    Compiling cc v1.2.57
[INFO] [stderr]    Compiling futures v0.3.31
[INFO] [stderr]    Compiling itertools v0.10.5
[INFO] [stderr]    Compiling http-body-util v0.1.2
[INFO] [stderr]    Compiling serde_derive v1.0.228
[INFO] [stderr]    Compiling tokio-macros v2.6.0
[INFO] [stderr]    Compiling thiserror-impl v1.0.68
[INFO] [stderr]    Compiling tokio v1.49.0
[INFO] [stderr]    Compiling pin-project-internal v1.1.7
[INFO] [stderr]    Compiling regex v1.11.1
[INFO] [stderr]    Compiling pin-project v1.1.7
[INFO] [stderr]    Compiling zerocopy-derive v0.7.35
[INFO] [stderr]    Compiling const_format v0.2.34
[INFO] [stderr]    Compiling serde v1.0.228
[INFO] [stderr]    Compiling rustversion v1.0.18
[INFO] [stderr]    Compiling serde_json v1.0.132
[INFO] [stderr]    Compiling zerocopy v0.7.35
[INFO] [stderr]    Compiling uuid v1.11.0
[INFO] [stderr]    Compiling libdd-capabilities v3.0.1
[INFO] [stderr]    Compiling prost-derive v0.14.3
[INFO] [stderr]    Compiling memmap2 v0.9.5
[INFO] [stderr]    Compiling libdd-libunwind-sys v1.0.3
[INFO] [stderr]    Compiling sys-info v0.9.1
[INFO] [stderr]    Compiling nix v0.30.1
[INFO] [stderr]    Compiling cpp_demangle v0.5.1
[INFO] [stderr]    Compiling cpp_demangle v0.4.4
[INFO] [stderr]    Compiling ryu v1.0.18
[INFO] [stderr]    Compiling libdd-ddsketch v1.1.1
[INFO] [stderr]    Compiling indexmap v2.12.1
[INFO] [stderr]    Compiling libdd-common v6.0.0
[INFO] [stderr]    Compiling rustls-webpki v0.103.13
[INFO] [stderr]    Compiling prost v0.14.3
[INFO] [stderr]    Compiling ppv-lite86 v0.2.20
[INFO] [stderr]    Compiling hyper v1.6.0
[INFO] [stderr]    Compiling tokio-util v0.7.12
[INFO] [stderr]    Compiling debugid v0.8.0
[INFO] [stderr]    Compiling hyper-util v0.1.17
[INFO] [stderr]    Compiling async-trait v0.1.89
[INFO] [stderr]    Compiling serde_derive_internals v0.29.1
[INFO] [stderr]    Compiling rand_core v0.6.4
[INFO] [stderr]    Compiling schemars v0.8.21
[INFO] [stderr]    Compiling portable-atomic v1.9.0
[INFO] [stderr]    Compiling blazesym v0.2.3
[INFO] [stderr]    Compiling adler2 v2.0.0
[INFO] [stderr]    Compiling symbolic-demangle v12.12.0
[INFO] [stderr]    Compiling fallible-iterator v0.3.0
[INFO] [stderr]    Compiling rustc-demangle v0.1.25
[INFO] [stderr]    Compiling hashbrown v0.15.1
[INFO] [stderr]    Compiling gimli v0.32.0
[INFO] [stderr]    Compiling miniz_oxide v0.9.0
[INFO] [stderr]    Compiling tokio-rustls v0.26.0
[INFO] [stderr]    Compiling rustls-platform-verifier v0.6.2
[INFO] [stderr]    Compiling hyper-rustls v0.27.7
[INFO] [stderr]    Compiling strum_macros v0.26.4
[INFO] [stderr]    Compiling schemars_derive v0.8.21
[INFO] [stderr]    Compiling libdd-capabilities-impl v5.0.0
[INFO] [stderr]    Compiling rand_chacha v0.3.1
[INFO] [stderr]    Compiling symbolic-common v12.12.0
[INFO] [stderr]    Compiling libdd-shared-runtime v4.0.0
[INFO] [stderr]    Compiling libdd-crashtracker v3.0.0 (/opt/rustwide/workdir)
[INFO] [stderr]    Compiling msvc-demangler v0.10.1
[INFO] [stderr]    Compiling base64 v0.22.1
[INFO] [stderr]    Compiling iana-time-zone v0.1.61
[INFO] [stderr]    Compiling strum v0.26.3
[INFO] [stderr]    Compiling dyn-clone v1.0.17
[INFO] [stderr]    Compiling libdd-telemetry v8.0.0
[INFO] [stderr]    Compiling chrono v0.4.38
[INFO] [stderr]    Compiling os_info v3.14.0
[INFO] [stderr]    Compiling rand v0.8.5
[INFO] [stderr]    Compiling num-derive v0.4.2
[INFO] [stderr]    Compiling errno v0.3.14
[INFO] [stderr]    Compiling page_size v0.6.0
[INFO] [stderr]    Compiling libdd-gotter v1.1.0
[INFO] [stderr]     Finished `release` profile [optimized] target(s) in 5m 24s
[INFO] running `Command { std: "docker" "inspect" "17728b1b5e2b40e63936089bef61e59b393eeafd4278f81e6a7a53c48ee44e64", kill_on_drop: false }`
[INFO] running `Command { std: "docker" "exec" "-e" "SOURCE_DIR=/opt/rustwide/workdir" "-e" "CARGO_HOME=/opt/rustwide/cargo-home" "-e" "RUSTUP_HOME=/opt/rustwide/rustup-home" "-e" "CARGO_TARGET_DIR=/opt/rustwide/target" "-e" "CARGO_INCREMENTAL=0" "-e" "RUST_BACKTRACE=full" "-e" "RUSTFLAGS=--cap-lints=warn" "-e" "RUSTDOCFLAGS=--cap-lints=warn" "-w" "/opt/rustwide/workdir" "--user" "0:0" "17728b1b5e2b40e63936089bef61e59b393eeafd4278f81e6a7a53c48ee44e64" "/opt/rustwide/cargo-home/bin/cargo" "+1.99.0-beta.8" "test" "--frozen" "--no-run" "--message-format=json" "--release", kill_on_drop: false }`
[INFO] [stderr]    Compiling nix v0.29.0
[INFO] [stderr]    Compiling rayon-core v1.12.1
[INFO] [stderr]    Compiling either v1.13.0
[INFO] [stderr]    Compiling crossbeam-deque v0.8.5
[INFO] [stderr]    Compiling half v2.4.1
[INFO] [stderr]    Compiling clap_builder v4.5.20
[INFO] [stderr]    Compiling nix v0.30.1
[INFO] [stderr]    Compiling msvc-demangler v0.10.1
[INFO] [stderr]    Compiling scroll_derive v0.12.0
[INFO] [stderr]    Compiling itertools v0.10.5
[INFO] [stderr]    Compiling ciborium-ll v0.2.2
[INFO] [stderr]    Compiling rustix v1.1.3
[INFO] [stderr]    Compiling scroll v0.12.0
[INFO] [stderr]    Compiling ciborium v0.2.2
[INFO] [stderr]    Compiling rayon v1.10.0
[INFO] [stderr]    Compiling symbolic-demangle v12.12.0
[INFO] [stderr]    Compiling libdd-common v6.0.0
[INFO] [stderr]    Compiling criterion-plot v0.5.0
[INFO] [stderr]    Compiling os_info v3.14.0
[INFO] [stderr]    Compiling clap v4.5.20
[INFO] [stderr]    Compiling getrandom v0.3.2
[INFO] [stderr]    Compiling plotters v0.3.7
[INFO] [stderr]    Compiling tinytemplate v1.2.1
[INFO] [stderr]    Compiling libdd-capabilities-impl v5.0.0
[INFO] [stderr]    Compiling is-terminal v0.4.13
[INFO] [stderr]    Compiling plain v0.2.3
[INFO] [stderr]    Compiling fastrand v2.1.1
[INFO] [stderr]    Compiling oorandom v11.1.4
[INFO] [stderr]    Compiling libdd-shared-runtime v4.0.0
[INFO] [stderr]    Compiling tempfile v3.23.0
[INFO] [stderr]    Compiling goblin v0.9.3
[INFO] [stderr]    Compiling criterion v0.5.1
[INFO] [stderr]    Compiling libdd-telemetry v8.0.0
[INFO] [stderr]    Compiling libdd-crashtracker v3.0.0 (/opt/rustwide/workdir)
[INFO] [stderr]     Finished `release` profile [optimized] target(s) in 2m 47s
[INFO] running `Command { std: "docker" "inspect" "17728b1b5e2b40e63936089bef61e59b393eeafd4278f81e6a7a53c48ee44e64", kill_on_drop: false }`
[INFO] running `Command { std: "docker" "exec" "-e" "SOURCE_DIR=/opt/rustwide/workdir" "-e" "CARGO_HOME=/opt/rustwide/cargo-home" "-e" "RUSTUP_HOME=/opt/rustwide/rustup-home" "-e" "CARGO_TARGET_DIR=/opt/rustwide/target" "-e" "CARGO_INCREMENTAL=0" "-e" "RUST_BACKTRACE=full" "-e" "RUSTFLAGS=--cap-lints=warn" "-e" "RUSTDOCFLAGS=--cap-lints=warn" "-w" "/opt/rustwide/workdir" "--user" "0:0" "17728b1b5e2b40e63936089bef61e59b393eeafd4278f81e6a7a53c48ee44e64" "/opt/rustwide/cargo-home/bin/cargo" "+1.99.0-beta.8" "test" "--frozen" "--release", kill_on_drop: false }`
[INFO] [stderr]     Finished `release` profile [optimized] target(s) in 0.25s
[INFO] [stderr]      Running unittests src/lib.rs (/opt/rustwide/target/release/deps/libdd_crashtracker-ac0213dea1cdf28b)
[INFO] [stdout] 
[INFO] [stdout] running 165 tests
[INFO] [stdout] test collector::api::single_threaded_tests::test_crash ... ignored
[INFO] [stdout] test collector::api::single_threaded_tests::test_altstack_paradox ... ok
[INFO] [stdout] test collector::assert_interceptor::tests::test_format_u32 ... ok
[INFO] [stdout] test collector::assert_interceptor::tests::test_install_assert_hook ... ok
[INFO] [stdout] test collector::assert_interceptor::tests::test_store_and_take_assert_message ... ok
[INFO] [stdout] test collector::assert_interceptor::tests::test_format_assert_message_with_function ... ok
[INFO] [stdout] test collector::api::single_threaded_tests::test_altstack_nouse ... ok
[INFO] [stdout] test collector::assert_interceptor::tests::test_format_assert_message_without_function ... ok
[INFO] [stdout] test collector::assert_interceptor::tests::test_truncation ... ok
[INFO] [stdout] test collector::assert_interceptor::tests::test_take_assert_message_none_when_unset ... ok
[INFO] [stdout] test collector::atomic_set::tests::test_span_ops ... ok
[INFO] [stdout] test collector::atomic_set::tests::test_span_new ... ok
[INFO] [stdout] test collector::atomic_set::tests::test_span_emit ... ok
[INFO] [stdout] test collector::api::single_threaded_tests::test_altstack_use_nocreate ... ok
[INFO] [stdout] test collector::api::single_threaded_tests::test_altstack_use_create ... ok
[INFO] [stdout] test collector::crash_handler::tests::test_format_message_different_categories ... ok
[INFO] [stdout] test collector::crash_handler::tests::test_format_message_empty_message_no_location ... ok
[INFO] [stdout] test collector::crash_handler::tests::test_format_message_empty_message_with_location ... ok
[INFO] [stdout] test collector::crash_handler::tests::test_format_message_with_message_and_location ... ok
[INFO] [stdout] test collector::crash_handler::tests::test_format_message_with_message_no_location ... ok
[INFO] [stdout] test collector::crash_handler::tests::test_format_message_with_special_characters ... ok
[INFO] [stdout] test collector::crash_handler::tests::test_metadata_update_atomic ... ok
[INFO] [stdout] test collector::crash_handler::tests::test_panic_message_null_handling ... ok
[INFO] [stdout] test collector::crash_handler::tests::test_panic_message_replacement ... ok
[INFO] [stdout] test collector::crash_handler::tests::test_panic_message_storage_and_retrieval ... ok
[INFO] [stdout] test collector::crash_handler::tests::test_register_panic_hook ... ok
[INFO] [stdout] test collector::crash_handler::tests::test_take_config_ptr_returns_null_when_unset ... ok
[INFO] [stdout] test collector::crash_handler::tests::test_take_config_ptr_takes_value_and_leaves_null ... ok
[INFO] [stdout] test collector::crash_handler::tests::test_take_metadata_ptr_preserves_data ... ok
[INFO] [stdout] test collector::crash_handler::tests::test_take_metadata_ptr_takes_value_and_leaves_null ... ok
[INFO] [stdout] test collector::atomic_set::tests::test_string_new ... ok
[INFO] [stdout] test collector::crash_handler::tests::test_take_metadata_returns_value_and_leaves_none ... ok
[INFO] [stdout] test collector::atomic_set::tests::test_string_emit ... ok
[INFO] [stdout] test collector::atomic_set::tests::test_string_ops ... ok
[INFO] [stdout] test collector::crash_handler::tests::test_take_config_returns_value_and_leaves_none ... ok
[INFO] [stdout] test collector::crash_handler::tests::test_take_config_returns_none_when_unset ... ok
[INFO] [stdout] test collector::emitters::tests::test_emit_backtrace_via_libunwind_unw_init_failure ... ok
[INFO] [stdout] test collector::crash_handler::tests::test_take_metadata_ptr_returns_null_when_unset ... ok
[INFO] [stdout] test collector::emitters::tests::test_emit_complete_stacktrace ... ok
[INFO] [stdout] test collector::emitters::tests::test_emit_message ... ok
[INFO] [stdout] test collector::emitters::tests::test_emit_message_content_starting_with_sentinel_prefix ... ok
[INFO] [stdout] test collector::emitters::tests::test_emit_message_empty_string ... ok
[INFO] [stdout] test collector::emitters::tests::test_emit_message_none ... ok
[INFO] [stdout] test collector::crash_handler::tests::test_take_metadata_returns_none_when_unset ... ok
[INFO] [stdout] test collector::emitters::tests::test_emit_message_sentinel_injection_via_newline ... ok
[INFO] [stdout] test collector::emitters::tests::test_emit_backtrace_via_libunwind_null_ucontext ... ok
[INFO] [stdout] test collector::emitters::tests::test_emit_message_whitespace_only ... ok
[INFO] [stdout] test collector::emitters::tests::test_emit_message_with_leading_trailing_whitespace ... ok
[INFO] [stdout] test collector::emitters::tests::test_emit_message_with_newlines ... ok
[INFO] [stdout] test collector::emitters::tests::test_emit_ucontext_null_pointer ... ok
[INFO] [stdout] test collector::emitters::tests::test_write_sanitized_message_line_basic ... ok
[INFO] [stdout] test collector::emitters::tests::test_write_sanitized_message_line_sentinel_prefix ... ok
[INFO] [stdout] test collector::saguard::single_threaded_tests::block_only_defers_signal_delivery ... ok
[INFO] [stdout] test collector::saguard::single_threaded_tests::multiple_signals_ignored ... ok
[INFO] [stdout] test collector::saguard::single_threaded_tests::original_handler_restored_after_drop ... ok
[INFO] [stdout] test collector::emitters::tests::test_emit_message_unicode ... ok
[INFO] [stdout] test collector::emitters::tests::test_emit_message_very_long ... ok
[INFO] [stdout] test collector::emitters::tests::test_emit_procinfo ... ok
[INFO] [stdout] test crash_info::builder::tests::test_has_data_after_setting ... ok
[INFO] [stdout] test crash_info::builder::tests::test_has_data_empty ... ok
[INFO] [stdout] test crash_info::builder::tests::test_has_message_after_setting ... ok
[INFO] [stdout] test crash_info::builder::tests::test_has_message_empty ... ok
[INFO] [stdout] test crash_info::builder::tests::test_message_overwrite ... ok
[INFO] [stdout] test crash_info::builder::tests::test_message_with_special_characters ... ok
[INFO] [stdout] test crash_info::builder::tests::test_no_frames_is_incomplete ... ok
[INFO] [stdout] test crash_info::builder::tests::test_very_long_message ... ok
[INFO] [stdout] test crash_info::builder::tests::test_with_message ... ok
[INFO] [stdout] test collector::saguard::single_threaded_tests::signal_is_ignored_while_guard_is_active ... ok
[INFO] [stdout] test collector::emitters::tests::test_emit_ucontext_linux_valid ... ok
[INFO] [stdout] test crash_info::builder::tests::test_crash_info_builder_to_crash_ping ... ok
[INFO] [stdout] test collector::signal_handler_manager::tests::test_max_signals ... ok
[INFO] [stdout] test crash_info::builder::tests::test_crash_info_builder_empty_stack_is_incomplete ... ok
[INFO] [stdout] test crash_info::builder::tests::test_with_stack_set_complete_with_frames ... ok
[INFO] [stdout] test crash_info::error_data::tests::error_data_threads_serializes_as_thread_array ... ok
[INFO] [stdout] test crash_info::error_data::tests::error_data_without_threads_omits_threads_field ... ok
[INFO] [stdout] test crash_info::errors_intake::tests::test_errors_intake_config_agent_proxy ... ok
[INFO] [stdout] test crash_info::errors_intake::tests::test_errors_intake_config_custom_site ... ok
[INFO] [stdout] test crash_info::errors_intake::tests::test_errors_intake_config_agent_with_api_key_but_no_direct ... ok
[INFO] [stdout] test crash_info::errors_intake::tests::test_errors_intake_config_uds_socket ... ok
[INFO] [stdout] test crash_info::errors_intake::tests::test_errors_intake_config_from_env ... ok
[INFO] [stdout] test crash_info::errors_intake::tests::test_crash_ping_has_all_telemetry_tags ... ok
[INFO] [stdout] test crash_info::errors_intake::tests::test_errors_intake_config_unix_url ... ok
[INFO] [stdout] test crash_info::errors_intake::tests::test_errors_intake_direct_submission_vs_agent_priority ... ok
[INFO] [stdout] test crash_info::builder::tests::test_with_os_info_this_machine ... ok
[INFO] [stdout] test crash_info::sig_info::unix::test_si_code ... ok
[INFO] [stdout] test crash_info::errors_intake::tests::test_errors_intake_uds_priority_over_host_port ... ok
[INFO] [stdout] test crash_info::stacktrace::tests::test_demangle_empty ... ok
[INFO] [stdout] test crash_info::stacktrace::tests::test_demangle_invalid ... ok
[INFO] [stdout] test crash_info::stacktrace::tests::test_demangle_msvc ... ok
[INFO] [stdout] test crash_info::stacktrace::tests::test_demangle_cpp ... ok
[INFO] [stdout] test crash_info::stacktrace::tests::test_demangle_unmangled ... ok
[INFO] [stdout] test crash_info::errors_intake::tests::test_errors_payload_from_crash_ping ... ok
[INFO] [stdout] test crash_info::telemetry::tests::test_crash_ping_all_fields_present ... ok
[INFO] [stdout] test crash_info::telemetry::tests::test_crash_ping_builder_validation ... ok
[INFO] [stdout] test crash_info::errors_intake::tests::test_errors_intake_disabled_flag ... ok
[INFO] [stdout] test crash_info::stacktrace::tests::test_demangle_rust ... ok
[INFO] [stdout] test crash_info::telemetry::tests::test_crash_ping_builder_basic ... ok
[INFO] [stdout] test crash_info::telemetry::tests::test_crash_ping_content ... ok
[INFO] [stdout] test crash_info::telemetry::tests::test_crash_ping_telemetry_upload_all_fields ... ok
[INFO] [stdout] test crash_info::errors_intake::tests::test_errors_payload_from_crash_info ... ok
[INFO] [stdout] test crash_info::telemetry::tests::test_crash_ping_with_different_config ... ok
[INFO] [stdout] test crash_info::telemetry::tests::test_crash_ping_with_message_generated_from_sig_info ... ok
[INFO] [stdout] test crash_info::telemetry::tests::test_crash_ping_with_custom_message ... ok
[INFO] [stdout] test crash_info::errors_intake::tests::test_errors_intake_endpoint_priority_order ... ok
[INFO] [stdout] test crash_info::errors_intake::tests::test_errors_intake_has_all_telemetry_tags ... ok
[INFO] [stdout] test crash_info::telemetry::tests::test_profiler_config_extraction ... ok
[INFO] [stdout] test receiver::debug_logger::tests::test_debug_logger_rebuilds_as_blocks_arrive ... ok
[INFO] [stdout] test receiver::ptrace_collector::tests::capture_context_produces_frames ... ok
[INFO] [stdout] test crash_info::telemetry::tests::test_general_log_upload ... ok
[INFO] [stdout] test receiver::ptrace_collector::tests::enumerate_discovers_spawned_thread ... ok
[INFO] [stdout] test receiver::ptrace_collector::tests::enumerate_includes_current_thread ... ok
[INFO] [stdout] test receiver::ptrace_collector::tests::enumerate_rejects_nonexistent_pid ... ok
[INFO] [stdout] test receiver::receive_report::crashing_thread_tests::alternate_signal_stack_above_thread_stack_is_still_trimmed ... ok
[INFO] [stdout] test receiver::receive_report::crashing_thread_tests::crash_site_frame_becomes_the_first_frame ... ok
[INFO] [stdout] test receiver::receive_report::crashing_thread_tests::matching_ip_alone_does_not_end_the_prefix ... ok
[INFO] [stdout] test receiver::receive_report::crashing_thread_tests::registers_are_read_per_architecture ... ok
[INFO] [stdout] test receiver::receive_report::crashing_thread_tests::stack_is_untouched_when_it_already_starts_at_the_crash_site ... ok
[INFO] [stdout] test receiver::receive_report::crashing_thread_tests::stack_is_untouched_when_no_frame_matches ... ok
[INFO] [stdout] test receiver::receive_report::crashing_thread_tests::zero_padded_registers_match_unpadded_frames ... ok
[INFO] [stdout] test receiver::receive_report::tests::test_message_state_full_workflow ... ok
[INFO] [stdout] test receiver::receive_report::tests::test_message_state_with_empty_line ... ok
[INFO] [stdout] test receiver::receive_report::tests::test_message_with_escaped_sentinel_does_not_inject ... ok
[INFO] [stdout] test crash_info::tests::test_schema_matches_rfc ... FAILED
[INFO] [stdout] test receiver::receive_report::tests::test_message_state_with_multiline_content ... ok
[INFO] [stdout] test receiver::receive_report::tests::test_stacktrace_with_frames_workflow ... ok
[INFO] [stdout] test receiver::receive_report::tests::test_stdin_state_message_content ... ok
[INFO] [stdout] test receiver::receive_report::tests::test_stdin_state_message_to_waiting ... ok
[INFO] [stdout] test receiver::receive_report::tests::test_stdin_state_waiting_to_message ... ok
[INFO] [stdout] test receiver::receive_report::tests::test_stacktrace_empty_workflow ... ok
[INFO] [stdout] test receiver::ptrace_collector::tests::stream_respects_max_threads_limit ... ok
[INFO] [stdout] test receiver::ptrace_collector::tests::stream_includes_all_threads ... ok
[INFO] [stdout] test runtime_callback::tests::test_callback_registration ... ok
[INFO] [stdout] test runtime_callback::tests::test_direct_pipe_writing ... ok
[INFO] [stdout] test runtime_callback::tests::test_frame_collection ... ok
[INFO] [stdout] test runtime_callback::tests::test_no_callback_registered ... ok
[INFO] [stdout] test runtime_callback::tests::test_stacktrace_string_collection ... ok
[INFO] [stdout] test shared::configuration::builder::tests::test_additional_files ... ok
[INFO] [stdout] test receiver::debug_logger::tests::test_debug_logger_usable_without_config_or_metadata ... ok
[INFO] [stdout] test crash_info::telemetry::tests::test_crash_request_content ... ok
[INFO] [stdout] test shared::configuration::builder::tests::test_build_defaults ... ok
[INFO] [stdout] test shared::configuration::builder::tests::test_create_alt_stack_without_use_fails ... ok
[INFO] [stdout] test shared::configuration::builder::tests::test_create_and_use_alt_stack_succeeds ... ok
[INFO] [stdout] test shared::configuration::builder::tests::test_demangle_names ... ok
[INFO] [stdout] test shared::configuration::builder::tests::test_endpoint_custom_timeout_ms ... ok
[INFO] [stdout] test shared::configuration::builder::tests::test_endpoint_default_timeout_ms ... ok
[INFO] [stdout] test shared::configuration::builder::tests::test_endpoint_empty_url ... ok
[INFO] [stdout] test shared::configuration::builder::tests::test_endpoint_file_url ... ok
[INFO] [stdout] test shared::configuration::builder::tests::test_endpoint_http_url ... ok
[INFO] [stdout] test shared::configuration::builder::tests::test_endpoint_with_test_token ... ok
[INFO] [stdout] test shared::configuration::builder::tests::test_endpoint_with_system_resolver ... ok
[INFO] [stdout] test shared::configuration::builder::tests::test_signals_custom ... ok
[INFO] [stdout] test shared::configuration::builder::tests::test_resolve_frames ... ok
[INFO] [stdout] test shared::configuration::builder::tests::test_signals_default ... ok
[INFO] [stdout] test shared::configuration::builder::tests::test_signals_duplicates_fail ... ok
[INFO] [stdout] test shared::configuration::builder::tests::test_timeout_custom ... ok
[INFO] [stdout] test shared::configuration::builder::tests::test_timeout_default ... ok
[INFO] [stdout] test shared::configuration::builder::tests::test_signals_invalid_fail ... ok
[INFO] [stdout] test shared::configuration::builder::tests::test_unix_socket_path ... ok
[INFO] [stdout] test shared::configuration::tests::test_receiver_config_new ... ok
[INFO] [stdout] test collector::api::single_threaded_tests::test_waitall_nohang ... ok
[INFO] [stdout] test shared::configuration::builder::tests::test_endpoint_with_api_key ... ok
[INFO] [stdout] test receiver::receive_report::tests::test_receive_report_no_data_sends_debug_log ... ok
[INFO] [stdout] test receiver::tests::test_receive_report_keeps_collector_connection_open ... ok
[INFO] [stdout] test receiver::tests::test_receive_report_long_timeout ... ok
[INFO] [stdout] test receiver::tests::test_receive_report_short_timeout ... ok
[INFO] [stdout] 
[INFO] [stdout] failures:
[INFO] [stdout] 
[INFO] [stdout] ---- crash_info::tests::test_schema_matches_rfc stdout ----
[INFO] [stdout] RFC schema file not found — creating new schema file at /opt/rustwide/workdir/../docs/RFCs/artifacts/crashtracker-unified-runtime-stack-schema-v1_8.json
[INFO] [stdout] 
[INFO] [stdout] thread 'crash_info::tests::test_schema_matches_rfc' (11479) panicked at src/crash_info/mod.rs:211:17:
[INFO] [stdout] New schema file created. Please commit it.
[INFO] [stdout] stack backtrace:
[INFO] [stdout]    0:     0x6349722f3541 - <<std[70759c8f55707aa4]::sys::backtrace::BacktraceLock>::print::DisplayBacktrace as core[df12db4294e9bfd3]::fmt::Display>::fmt
[INFO] [stdout]    1:     0x63497230be9a - core[df12db4294e9bfd3]::fmt::write
[INFO] [stdout]    2:     0x6349722f8e9c - <alloc[2182bb758b4b3781]::vec::Vec<u8> as core[df12db4294e9bfd3]::io::write::Write>::write_fmt
[INFO] [stdout]    3:     0x6349722cb706 - std[70759c8f55707aa4]::panicking::default_hook::{closure#0}
[INFO] [stdout]    4:     0x6349722ea1b9 - std[70759c8f55707aa4]::panicking::default_hook
[INFO] [stdout]    5:     0x634971fbaff0 - test[9d35eded1c95d3be]::test_main_inner::<test[9d35eded1c95d3be]::test_main_static::{closure#0}>::{closure#0}
[INFO] [stdout]    6:     0x634971f13a08 - libdd_crashtracker[aff37d337fccf884]::collector::crash_handler::register_panic_hook::{closure#0}
[INFO] [stdout]    7:     0x6349722ea4e2 - std[70759c8f55707aa4]::panicking::panic_with_hook
[INFO] [stdout]    8:     0x6349722cb7e4 - std[70759c8f55707aa4]::panicking::panic_handler::{closure#0}
[INFO] [stdout]    9:     0x6349722c3989 - std[70759c8f55707aa4]::sys::backtrace::__rust_end_short_backtrace::<std[70759c8f55707aa4]::panicking::panic_handler::{closure#0}, !>
[INFO] [stdout]   10:     0x6349722cc9bd - __rustc[8fa7c3cbc660c2b3]::rust_begin_unwind
[INFO] [stdout]   11:     0x63497230c67c - core[df12db4294e9bfd3]::panicking::panic_fmt
[INFO] [stdout]   12:     0x634971f4e797 - libdd_crashtracker[aff37d337fccf884]::crash_info::tests::test_schema_matches_rfc
[INFO] [stdout]   13:     0x634971e79cd9 - <libdd_crashtracker[aff37d337fccf884]::crash_info::tests::test_schema_matches_rfc::{closure#0} as core[df12db4294e9bfd3]::ops::function::FnOnce<()>>::call_once
[INFO] [stdout]   14:     0x634971fae2db - test[9d35eded1c95d3be]::__rust_begin_short_backtrace::<core[df12db4294e9bfd3]::result::Result<(), alloc[2182bb758b4b3781]::string::String>, fn() -> core[df12db4294e9bfd3]::result::Result<(), alloc[2182bb758b4b3781]::string::String>>
[INFO] [stdout]   15:     0x634971fbb945 - test[9d35eded1c95d3be]::run_test::{closure#0}
[INFO] [stdout]   16:     0x634971fb5204 - std[70759c8f55707aa4]::sys::backtrace::__rust_begin_short_backtrace::<test[9d35eded1c95d3be]::run_test::{closure#1}, ()>
[INFO] [stdout]   17:     0x634971fbeaa2 - <std[70759c8f55707aa4]::thread::lifecycle::spawn_unchecked<test[9d35eded1c95d3be]::run_test::{closure#1}, ()>::{closure#1} as core[df12db4294e9bfd3]::ops::function::FnOnce<()>>::call_once::{shim:vtable#0}
[INFO] [stdout]   18:     0x6349722f2509 - <std[70759c8f55707aa4]::sys::thread::unix::Thread>::new::thread_start
[INFO] [stdout]   19:     0x782b0cf9edfa - <unknown>
[INFO] [stdout]   20:     0x782b0d0323d4 - clone
[INFO] [stdout]   21:                0x0 - <unknown>
[INFO] [stdout] 
[INFO] [stdout] 
[INFO] [stdout] failures:
[INFO] [stdout]     crash_info::tests::test_schema_matches_rfc
[INFO] [stdout] 
[INFO] [stdout] test result: FAILED. 163 passed; 1 failed; 1 ignored; 0 measured; 0 filtered out; finished in 2.04s
[INFO] [stdout] 
[INFO] [stderr] error: test failed, to rerun pass `--lib`
[INFO] running `Command { std: "docker" "inspect" "17728b1b5e2b40e63936089bef61e59b393eeafd4278f81e6a7a53c48ee44e64", kill_on_drop: false }`
[INFO] running `Command { std: "docker" "rm" "-f" "17728b1b5e2b40e63936089bef61e59b393eeafd4278f81e6a7a53c48ee44e64", kill_on_drop: false }`
[INFO] [stdout] 17728b1b5e2b40e63936089bef61e59b393eeafd4278f81e6a7a53c48ee44e64
