[INFO] fetching crate libcrux-ml-tkem 0.0.3...
[INFO] testing libcrux-ml-tkem-0.0.3 against 1.100.0-beta.1+cargoflags=--release for beta-release-1.100-2
[INFO] extracting crate libcrux-ml-tkem 0.0.3 into /workspace/builds/worker-3-tc2/source
[INFO] started tweaking crates.io crate libcrux-ml-tkem 0.0.3
[INFO] removed 0 missing examples
[INFO] finished tweaking crates.io crate libcrux-ml-tkem 0.0.3
[INFO] tweaked toml for crates.io crate libcrux-ml-tkem 0.0.3 written to /workspace/builds/worker-3-tc2/source/Cargo.toml
[INFO] validating manifest of crates.io crate libcrux-ml-tkem 0.0.3 on toolchain 1.100.0-beta.1
[INFO] running `Command { std: CARGO_HOME="/workspace/cargo-home" RUSTUP_HOME="/workspace/rustup-home" "/workspace/cargo-home/bin/cargo" "+1.100.0-beta.1" "metadata" "--manifest-path" "Cargo.toml" "--no-deps", kill_on_drop: false }`
[INFO] crate crates.io crate libcrux-ml-tkem 0.0.3 already has a lockfile, it will not be regenerated
[INFO] running `Command { std: CARGO_HOME="/workspace/cargo-home" RUSTUP_HOME="/workspace/rustup-home" "/workspace/cargo-home/bin/cargo" "+1.100.0-beta.1" "fetch" "--manifest-path" "Cargo.toml", kill_on_drop: false }`
[INFO] [stderr] warning: `package.homepage` is redundant with `package.repository`
[INFO] [stderr]    --> Cargo.toml:120:12
[INFO] [stderr]     |
[INFO] [stderr] 120 | homepage = "https://github.com/OxAndHorse/libcrux"
[INFO] [stderr]     |            ^^^^^^^^^^^^^^^^^^^^^^^^^^^^^^^^^^^^^^^
[INFO] [stderr] ...
[INFO] [stderr] 124 | repository = "https://github.com/OxAndHorse/libcrux"
[INFO] [stderr]     |              ---------------------------------------
[INFO] [stderr]     |
[INFO] [stderr]     = note: `cargo::redundant_homepage` is set to `warn` by default
[INFO] [stderr] help: consider removing `package.homepage`
[INFO] [stderr] warning: `libcrux-ml-tkem` (manifest) generated 1 warning
[INFO] running `Command { std: "docker" "create" "-v" "/var/lib/crater-agent-workspace/builds/worker-3-tc2/source:/opt/rustwide/workdir:ro,Z" "-v" "/var/lib/crater-agent-workspace/builds/worker-3-tc2/target:/opt/rustwide/target:rw,Z" "-v" "/var/lib/crater-agent-workspace/cargo-home:/opt/rustwide/cargo-home:ro,Z" "-v" "/var/lib/crater-agent-workspace/rustup-home:/opt/rustwide/rustup-home:ro,Z" "-m" "1610612736" "--network" "none" "ghcr.io/rust-lang/crates-build-env/linux@sha256:77db811e55d90add9212f6832c23229e3de5f1c1f9905e8cb07319ea15df73ac" "sleep" "infinity", kill_on_drop: false }`
[INFO] [stdout] 9ec212ff05f1466b270ea197a181a1952e94b34b111edda46238c13855a40bd1
[INFO] running `Command { std: "docker" "start" "9ec212ff05f1466b270ea197a181a1952e94b34b111edda46238c13855a40bd1", kill_on_drop: false }`
[INFO] running `Command { std: "docker" "inspect" "9ec212ff05f1466b270ea197a181a1952e94b34b111edda46238c13855a40bd1", kill_on_drop: false }`
[INFO] running `Command { std: "docker" "exec" "-e" "SOURCE_DIR=/opt/rustwide/workdir" "-e" "CARGO_HOME=/opt/rustwide/cargo-home" "-e" "RUSTUP_HOME=/opt/rustwide/rustup-home" "-e" "CARGO_TARGET_DIR=/opt/rustwide/target" "-w" "/opt/rustwide/workdir" "--user" "0:0" "9ec212ff05f1466b270ea197a181a1952e94b34b111edda46238c13855a40bd1" "/opt/rustwide/cargo-home/bin/cargo" "+1.100.0-beta.1" "metadata" "--no-deps" "--format-version=1", kill_on_drop: false }`
[INFO] running `Command { std: "docker" "inspect" "9ec212ff05f1466b270ea197a181a1952e94b34b111edda46238c13855a40bd1", kill_on_drop: false }`
[INFO] running `Command { std: "docker" "exec" "-e" "SOURCE_DIR=/opt/rustwide/workdir" "-e" "CARGO_HOME=/opt/rustwide/cargo-home" "-e" "RUSTUP_HOME=/opt/rustwide/rustup-home" "-e" "CARGO_TARGET_DIR=/opt/rustwide/target" "-e" "CARGO_INCREMENTAL=0" "-e" "RUST_BACKTRACE=full" "-e" "RUSTFLAGS=--cap-lints=warn" "-e" "RUSTDOCFLAGS=--cap-lints=warn" "-w" "/opt/rustwide/workdir" "--user" "0:0" "9ec212ff05f1466b270ea197a181a1952e94b34b111edda46238c13855a40bd1" "/opt/rustwide/cargo-home/bin/cargo" "+1.100.0-beta.1" "build" "--frozen" "--message-format=json" "--release", kill_on_drop: false }`
[INFO] [stderr] warning: `package.homepage` is redundant with `package.repository`
[INFO] [stderr]    --> Cargo.toml:120:12
[INFO] [stderr]     |
[INFO] [stderr] 120 | homepage = "https://github.com/OxAndHorse/libcrux"
[INFO] [stderr]     |            ^^^^^^^^^^^^^^^^^^^^^^^^^^^^^^^^^^^^^^^
[INFO] [stderr] ...
[INFO] [stderr] 124 | repository = "https://github.com/OxAndHorse/libcrux"
[INFO] [stderr]     |              ---------------------------------------
[INFO] [stderr]     |
[INFO] [stderr]     = note: `cargo::redundant_homepage` is set to `warn` by default
[INFO] [stderr] help: consider removing `package.homepage`
[INFO] [stderr] warning: `libcrux-ml-tkem` (manifest) generated 1 warning
[INFO] [stderr]    Compiling syn v2.0.111
[INFO] [stderr]    Compiling hax-lib v0.3.5
[INFO] [stderr]    Compiling libcrux-intrinsics v0.0.4
[INFO] [stderr]    Compiling rand_core v0.9.3
[INFO] [stderr]    Compiling libcrux-sha3 v0.0.4
[INFO] [stderr]    Compiling libcrux-ml-tkem v0.0.3 (/opt/rustwide/workdir)
[INFO] [stderr]    Compiling libcrux-platform v0.0.2
[INFO] [stderr]    Compiling rand v0.9.2
[INFO] [stderr]    Compiling hax-lib-macros v0.3.5
[INFO] [stderr]    Compiling zeroize_derive v1.4.2
[INFO] [stderr]    Compiling tls_codec_derive v0.4.2
[INFO] [stderr]    Compiling zeroize v1.8.2
[INFO] [stderr]    Compiling libcrux-secrets v0.0.4
[INFO] [stderr]    Compiling libcrux-traits v0.0.4
[INFO] [stderr]    Compiling tls_codec v0.4.2
[INFO] [stderr] warning: unused dependency `tls_codec`
[INFO] [stderr]   --> Cargo.toml:29:15
[INFO] [stderr]    |
[INFO] [stderr] 29 | [dependencies.tls_codec]
[INFO] [stderr]    |               ^^^^^^^^^^
[INFO] [stderr]    |
[INFO] [stderr]    = note: `cargo::unused_dependencies` is set to `warn` by default
[INFO] [stderr] help: consider removing the dependency on `tls_codec`
[INFO] [stderr] warning: `libcrux-ml-tkem` (manifest) generated 1 warning
[INFO] [stderr]     Finished `release` profile [optimized] target(s) in 2m 29s
[INFO] running `Command { std: "docker" "inspect" "9ec212ff05f1466b270ea197a181a1952e94b34b111edda46238c13855a40bd1", kill_on_drop: false }`
[INFO] running `Command { std: "docker" "exec" "-e" "SOURCE_DIR=/opt/rustwide/workdir" "-e" "CARGO_HOME=/opt/rustwide/cargo-home" "-e" "RUSTUP_HOME=/opt/rustwide/rustup-home" "-e" "CARGO_TARGET_DIR=/opt/rustwide/target" "-e" "CARGO_INCREMENTAL=0" "-e" "RUST_BACKTRACE=full" "-e" "RUSTFLAGS=--cap-lints=warn" "-e" "RUSTDOCFLAGS=--cap-lints=warn" "-w" "/opt/rustwide/workdir" "--user" "0:0" "9ec212ff05f1466b270ea197a181a1952e94b34b111edda46238c13855a40bd1" "/opt/rustwide/cargo-home/bin/cargo" "+1.100.0-beta.1" "test" "--frozen" "--no-run" "--message-format=json" "--release", kill_on_drop: false }`
[INFO] [stderr] warning: `package.homepage` is redundant with `package.repository`
[INFO] [stderr]    --> Cargo.toml:120:12
[INFO] [stderr]     |
[INFO] [stderr] 120 | homepage = "https://github.com/OxAndHorse/libcrux"
[INFO] [stderr]     |            ^^^^^^^^^^^^^^^^^^^^^^^^^^^^^^^^^^^^^^^
[INFO] [stderr] ...
[INFO] [stderr] 124 | repository = "https://github.com/OxAndHorse/libcrux"
[INFO] [stderr]     |              ---------------------------------------
[INFO] [stderr]     |
[INFO] [stderr]     = note: `cargo::redundant_homepage` is set to `warn` by default
[INFO] [stderr] help: consider removing `package.homepage`
[INFO] [stderr] warning: `libcrux-ml-tkem` (manifest) generated 1 warning
[INFO] [stderr]    Compiling getrandom v0.3.4
[INFO] [stderr]    Compiling zerocopy-derive v0.8.31
[INFO] [stderr]    Compiling serde_derive v1.0.228
[INFO] [stderr]    Compiling clap_builder v4.5.53
[INFO] [stderr]    Compiling rand_core v0.9.3
[INFO] [stderr]    Compiling zerocopy v0.8.31
[INFO] [stderr]    Compiling serde v1.0.228
[INFO] [stderr]    Compiling clap v4.5.53
[INFO] [stderr]    Compiling tinytemplate v1.2.1
[INFO] [stderr]    Compiling hex v0.4.3
[INFO] [stderr]    Compiling ppv-lite86 v0.2.21
[INFO] [stderr]    Compiling half v2.7.1
[INFO] [stderr]    Compiling rand_chacha v0.9.0
[INFO] [stderr]    Compiling ciborium-ll v0.2.2
[INFO] [stderr]    Compiling rand v0.9.2
[INFO] [stderr]    Compiling ciborium v0.2.2
[INFO] [stderr]    Compiling libcrux-traits v0.0.4
[INFO] [stderr]    Compiling libcrux-sha3 v0.0.4
[INFO] [stderr]    Compiling libcrux-ml-tkem v0.0.3 (/opt/rustwide/workdir)
[INFO] [stderr]    Compiling criterion v0.7.0
[INFO] [stdout] warning: unused imports: `ENCAPS_SEED_SIZE`, `KEY_GENERATION_SEED_SIZE`, `kyber1024_with_tag`, `kyber768_with_tag`, `tkem1024`, and `tkem768`
[INFO] [stdout]  --> examples/test.rs:2:24
[INFO] [stdout]   |
[INFO] [stdout] 2 | use libcrux_ml_tkem::{ tkem768, tkem1024, kyber1024_with_tag,kyber768_with_tag,  ENCAPS_SEED_SIZE, KEY_GENERATION_SEED_SIZE};
[INFO] [stdout]   |                        ^^^^^^^  ^^^^^^^^  ^^^^^^^^^^^^^^^^^^ ^^^^^^^^^^^^^^^^^   ^^^^^^^^^^^^^^^^  ^^^^^^^^^^^^^^^^^^^^^^^^
[INFO] [stdout]   |
[INFO] [stdout]   = note: `#[warn(unused_imports)]` (part of `#[warn(unused)]`) on by default
[INFO] [stdout] 
[INFO] [stdout] 
[INFO] [stdout] warning: unused imports: `TryRngCore` and `rngs::OsRng`
[INFO] [stdout]  --> examples/test.rs:3:12
[INFO] [stdout]   |
[INFO] [stdout] 3 | use rand::{rngs::OsRng, TryRngCore};
[INFO] [stdout]   |            ^^^^^^^^^^^  ^^^^^^^^^^
[INFO] [stdout] 
[INFO] [stdout] 
[INFO] [stderr] warning: unused dependency `tls_codec`
[INFO] [stderr]   --> Cargo.toml:29:15
[INFO] [stderr]    |
[INFO] [stderr] 29 | [dependencies.tls_codec]
[INFO] [stderr]    |               ^^^^^^^^^^
[INFO] [stderr]    |
[INFO] [stderr]    = note: `cargo::unused_dependencies` is set to `warn` by default
[INFO] [stderr] help: consider removing the dependency on `tls_codec`
[INFO] [stderr] warning: `libcrux-ml-tkem` (manifest) generated 1 warning
[INFO] [stderr]     Finished `release` profile [optimized] target(s) in 3m 58s
[INFO] running `Command { std: "docker" "inspect" "9ec212ff05f1466b270ea197a181a1952e94b34b111edda46238c13855a40bd1", kill_on_drop: false }`
[INFO] running `Command { std: "docker" "exec" "-e" "SOURCE_DIR=/opt/rustwide/workdir" "-e" "CARGO_HOME=/opt/rustwide/cargo-home" "-e" "RUSTUP_HOME=/opt/rustwide/rustup-home" "-e" "CARGO_TARGET_DIR=/opt/rustwide/target" "-e" "CARGO_INCREMENTAL=0" "-e" "RUST_BACKTRACE=full" "-e" "RUSTFLAGS=--cap-lints=warn" "-e" "RUSTDOCFLAGS=--cap-lints=warn" "-w" "/opt/rustwide/workdir" "--user" "0:0" "9ec212ff05f1466b270ea197a181a1952e94b34b111edda46238c13855a40bd1" "/opt/rustwide/cargo-home/bin/cargo" "+1.100.0-beta.1" "test" "--frozen" "--release", kill_on_drop: false }`
[INFO] [stderr] warning: `package.homepage` is redundant with `package.repository`
[INFO] [stderr]    --> Cargo.toml:120:12
[INFO] [stderr]     |
[INFO] [stderr] 120 | homepage = "https://github.com/OxAndHorse/libcrux"
[INFO] [stderr]     |            ^^^^^^^^^^^^^^^^^^^^^^^^^^^^^^^^^^^^^^^
[INFO] [stderr] ...
[INFO] [stderr] 124 | repository = "https://github.com/OxAndHorse/libcrux"
[INFO] [stderr]     |              ---------------------------------------
[INFO] [stderr]     |
[INFO] [stderr]     = note: `cargo::redundant_homepage` is set to `warn` by default
[INFO] [stderr] help: consider removing `package.homepage`
[INFO] [stderr] warning: `libcrux-ml-tkem` (manifest) generated 1 warning
[INFO] [stderr] warning: unused imports: `ENCAPS_SEED_SIZE`, `KEY_GENERATION_SEED_SIZE`, `kyber1024_with_tag`, `kyber768_with_tag`, `tkem1024`, and `tkem768`
[INFO] [stderr]  --> examples/test.rs:2:24
[INFO] [stderr]   |
[INFO] [stderr] 2 | use libcrux_ml_tkem::{ tkem768, tkem1024, kyber1024_with_tag,kyber768_with_tag,  ENCAPS_SEED_SIZE, KEY_GENERATION_SEED_SIZE};
[INFO] [stderr]   |                        ^^^^^^^  ^^^^^^^^  ^^^^^^^^^^^^^^^^^^ ^^^^^^^^^^^^^^^^^   ^^^^^^^^^^^^^^^^  ^^^^^^^^^^^^^^^^^^^^^^^^
[INFO] [stderr]   |
[INFO] [stderr]   = note: `#[warn(unused_imports)]` (part of `#[warn(unused)]`) on by default
[INFO] [stderr] 
[INFO] [stderr] warning: unused imports: `TryRngCore` and `rngs::OsRng`
[INFO] [stderr]  --> examples/test.rs:3:12
[INFO] [stderr]   |
[INFO] [stderr] 3 | use rand::{rngs::OsRng, TryRngCore};
[INFO] [stderr]   |            ^^^^^^^^^^^  ^^^^^^^^^^
[INFO] [stderr] 
[INFO] [stderr] warning: `libcrux-ml-tkem` (example "test") generated 2 warnings (run `cargo fix --example "test" -p libcrux-ml-tkem` to apply 2 suggestions)
[INFO] [stderr] warning: unused dependency `tls_codec`
[INFO] [stderr]   --> Cargo.toml:29:15
[INFO] [stderr]    |
[INFO] [stderr] 29 | [dependencies.tls_codec]
[INFO] [stderr]    |               ^^^^^^^^^^
[INFO] [stderr]    |
[INFO] [stderr]    = note: `cargo::unused_dependencies` is set to `warn` by default
[INFO] [stderr] help: consider removing the dependency on `tls_codec`
[INFO] [stderr] warning: `libcrux-ml-tkem` (manifest) generated 1 warning
[INFO] [stderr]     Finished `release` profile [optimized] target(s) in 0.21s
[INFO] [stderr]      Running unittests src/lib.rs (/opt/rustwide/target/release/build/libcrux-ml-tkem/438290cb70999bc5/out/libcrux_ml_tkem-438290cb70999bc5)
[INFO] [stdout] 
[INFO] [stdout] running 9 tests
[INFO] [stdout] test mlkem1024::kyber::simple_kem_test ... ok
[INFO] [stdout] test mlkem512::simple_kem_test ... ok
[INFO] [stdout] test mlkem768::simple_kem_test ... ok
[INFO] [stdout] test mlkem512::kyber::simple_kem_test ... ok
[INFO] [stdout] test tkem768::tests::pk_validation ... ok
[INFO] [stdout] test mlkem1024::simple_kem_test ... ok
[INFO] [stdout] test mlkem768::tests::pk_validation ... ok
[INFO] [stdout] test mlkem768::kyber::simple_kem_test ... ok
[INFO] [stdout] test polynomial::tests::encoding_portable ... ok
[INFO] [stdout] 
[INFO] [stdout] test result: ok. 9 passed; 0 failed; 0 ignored; 0 measured; 0 filtered out; finished in 0.01s
[INFO] [stdout] 
[INFO] [stderr]    Doc-tests libcrux_ml_tkem
[INFO] [stdout] 
[INFO] [stdout] running 1 test
[INFO] [stdout] test src/lib.rs - (line 15) ... FAILED
[INFO] [stdout] 
[INFO] [stdout] failures:
[INFO] [stdout] 
[INFO] [stdout] ---- src/lib.rs - (line 15) stdout ----
[INFO] [stdout] error[E0432]: unresolved import `libcrux_ml_kem`
[INFO] [stdout]   --> src/lib.rs:29:6
[INFO] [stdout]    |
[INFO] [stdout] 29 |  use libcrux_ml_kem::*;
[INFO] [stdout]    |      ^^^^^^^^^^^^^^ use of unresolved module or unlinked crate `libcrux_ml_kem`
[INFO] [stdout]    |
[INFO] [stdout] help: there is a crate or module with a similar name
[INFO] [stdout]    |
[INFO] [stdout] 29 |  use libcrux_ml_tkem::*;
[INFO] [stdout]    |                 +
[INFO] [stdout] 
[INFO] [stdout] error: aborting due to 1 previous error
[INFO] [stdout] 
[INFO] [stdout] For more information about this error, try `rustc --explain E0432`.
[INFO] [stdout] Couldn't compile the test.
[INFO] [stdout] 
[INFO] [stdout] failures:
[INFO] [stdout]     src/lib.rs - (line 15)
[INFO] [stdout] 
[INFO] [stdout] test result: FAILED. 0 passed; 1 failed; 0 ignored; 0 measured; 0 filtered out; finished in 0.16s
[INFO] [stdout] 
[INFO] [stderr] error: doctest failed, to rerun pass `--doc`
[INFO] running `Command { std: "docker" "inspect" "9ec212ff05f1466b270ea197a181a1952e94b34b111edda46238c13855a40bd1", kill_on_drop: false }`
[INFO] running `Command { std: "docker" "rm" "-f" "9ec212ff05f1466b270ea197a181a1952e94b34b111edda46238c13855a40bd1", kill_on_drop: false }`
[INFO] [stdout] 9ec212ff05f1466b270ea197a181a1952e94b34b111edda46238c13855a40bd1
