[INFO] fetching crate libcrux-ecdh 0.0.9...
[INFO] testing libcrux-ecdh-0.0.9 against 1.99.0-beta.8+cargoflags=--release for beta-release-1.100-2
[INFO] extracting crate libcrux-ecdh 0.0.9 into /workspace/builds/worker-1-tc1/source
[INFO] started tweaking crates.io crate libcrux-ecdh 0.0.9
[INFO] removed 0 missing tests
[INFO] finished tweaking crates.io crate libcrux-ecdh 0.0.9
[INFO] tweaked toml for crates.io crate libcrux-ecdh 0.0.9 written to /workspace/builds/worker-1-tc1/source/Cargo.toml
[INFO] validating manifest of crates.io crate libcrux-ecdh 0.0.9 on toolchain 1.99.0-beta.8
[INFO] running `Command { std: CARGO_HOME="/workspace/cargo-home" RUSTUP_HOME="/workspace/rustup-home" "/workspace/cargo-home/bin/cargo" "+1.99.0-beta.8" "metadata" "--manifest-path" "Cargo.toml" "--no-deps", kill_on_drop: false }`
[INFO] crate crates.io crate libcrux-ecdh 0.0.9 already has a lockfile, it will not be regenerated
[INFO] running `Command { std: CARGO_HOME="/workspace/cargo-home" RUSTUP_HOME="/workspace/rustup-home" "/workspace/cargo-home/bin/cargo" "+1.99.0-beta.8" "fetch" "--manifest-path" "Cargo.toml", kill_on_drop: false }`
[INFO] [stderr]     Updating crates.io index
[INFO] [stderr]  Downloading crates ...
[INFO] [stderr]   Downloaded pretty_env_logger v0.5.0
[INFO] [stderr]   Downloaded tls_codec v0.5.0
[INFO] [stderr]   Downloaded tls_codec_derive v0.5.0
[INFO] [stderr]   Downloaded libcrux-p256 v0.0.9
[INFO] [stderr]   Downloaded libcrux-traits v0.0.9
[INFO] [stderr]   Downloaded libcrux-curve25519 v0.0.9
[INFO] [stderr]   Downloaded libcrux-macros v0.0.4
[INFO] [stderr]   Downloaded crabgrind v0.3.1
[INFO] [stderr]   Downloaded hax-lib-macros-types v0.4.2
[INFO] [stderr]   Downloaded libcrux-secrets v0.0.7
[INFO] [stderr]   Downloaded libcrux-sha2 v0.0.9
[INFO] [stderr]   Downloaded libcrux-hacl-rs v0.0.6
[INFO] [stderr]   Downloaded hax-lib-macros v0.4.2
[INFO] [stderr]   Downloaded cc v1.6.0
[INFO] [stderr]   Downloaded hax-lib v0.4.2
[INFO] running `Command { std: "docker" "create" "-v" "/var/lib/crater-agent-workspace/builds/worker-1-tc1/source:/opt/rustwide/workdir:ro,Z" "-v" "/var/lib/crater-agent-workspace/builds/worker-1-tc1/target:/opt/rustwide/target:rw,Z" "-v" "/var/lib/crater-agent-workspace/cargo-home:/opt/rustwide/cargo-home:ro,Z" "-v" "/var/lib/crater-agent-workspace/rustup-home:/opt/rustwide/rustup-home:ro,Z" "-m" "1610612736" "--network" "none" "ghcr.io/rust-lang/crates-build-env/linux@sha256:77db811e55d90add9212f6832c23229e3de5f1c1f9905e8cb07319ea15df73ac" "sleep" "infinity", kill_on_drop: false }`
[INFO] [stdout] b919e618f19fb9af3f5be6b3b0ca1deb43528fe321dca28f1cb9308c3fc5f6d4
[INFO] running `Command { std: "docker" "start" "b919e618f19fb9af3f5be6b3b0ca1deb43528fe321dca28f1cb9308c3fc5f6d4", kill_on_drop: false }`
[INFO] running `Command { std: "docker" "inspect" "b919e618f19fb9af3f5be6b3b0ca1deb43528fe321dca28f1cb9308c3fc5f6d4", kill_on_drop: false }`
[INFO] running `Command { std: "docker" "exec" "-e" "SOURCE_DIR=/opt/rustwide/workdir" "-e" "CARGO_HOME=/opt/rustwide/cargo-home" "-e" "RUSTUP_HOME=/opt/rustwide/rustup-home" "-e" "CARGO_TARGET_DIR=/opt/rustwide/target" "-w" "/opt/rustwide/workdir" "--user" "0:0" "b919e618f19fb9af3f5be6b3b0ca1deb43528fe321dca28f1cb9308c3fc5f6d4" "/opt/rustwide/cargo-home/bin/cargo" "+1.99.0-beta.8" "metadata" "--no-deps" "--format-version=1", kill_on_drop: false }`
[INFO] running `Command { std: "docker" "inspect" "b919e618f19fb9af3f5be6b3b0ca1deb43528fe321dca28f1cb9308c3fc5f6d4", kill_on_drop: false }`
[INFO] running `Command { std: "docker" "exec" "-e" "SOURCE_DIR=/opt/rustwide/workdir" "-e" "CARGO_HOME=/opt/rustwide/cargo-home" "-e" "RUSTUP_HOME=/opt/rustwide/rustup-home" "-e" "CARGO_TARGET_DIR=/opt/rustwide/target" "-e" "CARGO_INCREMENTAL=0" "-e" "RUST_BACKTRACE=full" "-e" "RUSTFLAGS=--cap-lints=warn" "-e" "RUSTDOCFLAGS=--cap-lints=warn" "-w" "/opt/rustwide/workdir" "--user" "0:0" "b919e618f19fb9af3f5be6b3b0ca1deb43528fe321dca28f1cb9308c3fc5f6d4" "/opt/rustwide/cargo-home/bin/cargo" "+1.99.0-beta.8" "build" "--frozen" "--message-format=json" "--release", kill_on_drop: false }`
[INFO] [stderr]    Compiling proc-macro2 v1.0.107
[INFO] [stderr]    Compiling unicode-ident v1.0.26
[INFO] [stderr]    Compiling libcrux-secrets v0.0.7
[INFO] [stderr]    Compiling rand v0.10.3
[INFO] [stderr]    Compiling libcrux-traits v0.0.9
[INFO] [stderr]    Compiling quote v1.0.47
[INFO] [stderr]    Compiling syn v3.0.6
[INFO] [stderr]    Compiling libcrux-macros v0.0.4
[INFO] [stderr]    Compiling libcrux-hacl-rs v0.0.6
[INFO] [stderr]    Compiling libcrux-sha2 v0.0.9
[INFO] [stderr]    Compiling libcrux-curve25519 v0.0.9
[INFO] [stderr]    Compiling libcrux-p256 v0.0.9
[INFO] [stderr]    Compiling libcrux-ecdh v0.0.9 (/opt/rustwide/workdir)
[INFO] [stderr]     Finished `release` profile [optimized] target(s) in 21.23s
[INFO] running `Command { std: "docker" "inspect" "b919e618f19fb9af3f5be6b3b0ca1deb43528fe321dca28f1cb9308c3fc5f6d4", kill_on_drop: false }`
[INFO] running `Command { std: "docker" "exec" "-e" "SOURCE_DIR=/opt/rustwide/workdir" "-e" "CARGO_HOME=/opt/rustwide/cargo-home" "-e" "RUSTUP_HOME=/opt/rustwide/rustup-home" "-e" "CARGO_TARGET_DIR=/opt/rustwide/target" "-e" "CARGO_INCREMENTAL=0" "-e" "RUST_BACKTRACE=full" "-e" "RUSTFLAGS=--cap-lints=warn" "-e" "RUSTDOCFLAGS=--cap-lints=warn" "-w" "/opt/rustwide/workdir" "--user" "0:0" "b919e618f19fb9af3f5be6b3b0ca1deb43528fe321dca28f1cb9308c3fc5f6d4" "/opt/rustwide/cargo-home/bin/cargo" "+1.99.0-beta.8" "test" "--frozen" "--no-run" "--message-format=json" "--release", kill_on_drop: false }`
[INFO] [stderr]    Compiling libc v0.2.190
[INFO] [stderr]    Compiling cpufeatures v0.3.1
[INFO] [stderr]    Compiling regex-syntax v0.8.11
[INFO] [stderr]    Compiling humantime v2.4.0
[INFO] [stderr]    Compiling termcolor v1.4.1
[INFO] [stderr]    Compiling aho-corasick v1.1.5
[INFO] [stderr]    Compiling serde_derive v1.0.229
[INFO] [stderr]    Compiling chacha20 v0.10.2
[INFO] [stderr]    Compiling getrandom v0.4.3
[INFO] [stderr]    Compiling is-terminal v0.4.17
[INFO] [stderr]    Compiling rand v0.10.3
[INFO] [stderr]    Compiling serde v1.0.229
[INFO] [stderr]    Compiling regex-automata v0.4.18
[INFO] [stderr]    Compiling libcrux-traits v0.0.9
[INFO] [stderr]    Compiling libcrux-sha2 v0.0.9
[INFO] [stderr]    Compiling libcrux-curve25519 v0.0.9
[INFO] [stderr]    Compiling hex v0.4.3
[INFO] [stderr]    Compiling libcrux-p256 v0.0.9
[INFO] [stderr]    Compiling libcrux-ecdh v0.0.9 (/opt/rustwide/workdir)
[INFO] [stderr]    Compiling regex v1.13.1
[INFO] [stderr]    Compiling env_logger v0.10.2
[INFO] [stderr]    Compiling pretty_env_logger v0.5.0
[INFO] [stderr]     Finished `release` profile [optimized] target(s) in 31.01s
[INFO] running `Command { std: "docker" "inspect" "b919e618f19fb9af3f5be6b3b0ca1deb43528fe321dca28f1cb9308c3fc5f6d4", kill_on_drop: false }`
[INFO] running `Command { std: "docker" "exec" "-e" "SOURCE_DIR=/opt/rustwide/workdir" "-e" "CARGO_HOME=/opt/rustwide/cargo-home" "-e" "RUSTUP_HOME=/opt/rustwide/rustup-home" "-e" "CARGO_TARGET_DIR=/opt/rustwide/target" "-e" "CARGO_INCREMENTAL=0" "-e" "RUST_BACKTRACE=full" "-e" "RUSTFLAGS=--cap-lints=warn" "-e" "RUSTDOCFLAGS=--cap-lints=warn" "-w" "/opt/rustwide/workdir" "--user" "0:0" "b919e618f19fb9af3f5be6b3b0ca1deb43528fe321dca28f1cb9308c3fc5f6d4" "/opt/rustwide/cargo-home/bin/cargo" "+1.99.0-beta.8" "test" "--frozen" "--release", kill_on_drop: false }`
[INFO] [stderr]     Finished `release` profile [optimized] target(s) in 0.05s
[INFO] [stderr]      Running unittests src/ecdh.rs (/opt/rustwide/target/release/deps/libcrux_ecdh-550aeba68c7a8de4)
[INFO] [stderr]      Running tests/p256.rs (/opt/rustwide/target/release/deps/p256-a2c54a1ee55f6363)
[INFO] [stdout] 
[INFO] [stdout] running 0 tests
[INFO] [stdout] 
[INFO] [stdout] test result: ok. 0 passed; 0 failed; 0 ignored; 0 measured; 0 filtered out; finished in 0.00s
[INFO] [stdout] 
[INFO] [stdout] 
[INFO] [stdout] running 2 tests
[INFO] [stdout] test derive ... ok
[INFO] [stdout] test derive_rand ... ok
[INFO] [stdout] 
[INFO] [stdout] test result: ok. 2 passed; 0 failed; 0 ignored; 0 measured; 0 filtered out; finished in 0.00s
[INFO] [stdout] 
[INFO] [stderr]      Running tests/test_util.rs (/opt/rustwide/target/release/deps/test_util-9f23a8ddd2a3f173)
[INFO] [stderr]      Running tests/x25519.rs (/opt/rustwide/target/release/deps/x25519-4440539da039d0a9)
[INFO] [stdout] 
[INFO] [stdout] running 0 tests
[INFO] [stdout] 
[INFO] [stdout] test result: ok. 0 passed; 0 failed; 0 ignored; 0 measured; 0 filtered out; finished in 0.00s
[INFO] [stdout] 
[INFO] [stdout] 
[INFO] [stdout] running 2 tests
[INFO] [stdout] test derive ... ok
[INFO] [stdout] test wycheproof ... FAILED
[INFO] [stdout] 
[INFO] [stdout] failures:
[INFO] [stdout] 
[INFO] [stdout] ---- wycheproof stdout ----
[INFO] [stdout] 
[INFO] [stdout] thread 'wycheproof' (792) panicked at tests/test_util.rs:13:23:
[INFO] [stdout] Couldn't open file tests/wycheproof/x25519_test.json.
[INFO] [stdout] stack backtrace:
[INFO] [stdout]    0:     0x55c3c5b6db71 - <<std[70759c8f55707aa4]::sys::backtrace::BacktraceLock>::print::DisplayBacktrace as core[df12db4294e9bfd3]::fmt::Display>::fmt
[INFO] [stdout]    1:     0x55c3c5b8389a - core[df12db4294e9bfd3]::fmt::write
[INFO] [stdout]    2:     0x55c3c5b723fc - <alloc[2182bb758b4b3781]::vec::Vec<u8> as core[df12db4294e9bfd3]::io::write::Write>::write_fmt
[INFO] [stdout]    3:     0x55c3c5b4a0b6 - std[70759c8f55707aa4]::panicking::default_hook::{closure#0}
[INFO] [stdout]    4:     0x55c3c5b66229 - std[70759c8f55707aa4]::panicking::default_hook
[INFO] [stdout]    5:     0x55c3c5ac2d20 - test[9d35eded1c95d3be]::test_main_inner::<test[9d35eded1c95d3be]::test_main_static::{closure#0}>::{closure#0}
[INFO] [stdout]    6:     0x55c3c5b663e2 - std[70759c8f55707aa4]::panicking::panic_with_hook
[INFO] [stdout]    7:     0x55c3c5b4a162 - std[70759c8f55707aa4]::panicking::panic_handler::{closure#0}
[INFO] [stdout]    8:     0x55c3c5b42eb9 - std[70759c8f55707aa4]::sys::backtrace::__rust_end_short_backtrace::<std[70759c8f55707aa4]::panicking::panic_handler::{closure#0}, !>
[INFO] [stdout]    9:     0x55c3c5b4ad5d - __rustc[8fa7c3cbc660c2b3]::rust_begin_unwind
[INFO] [stdout]   10:     0x55c3c5b8407c - core[df12db4294e9bfd3]::panicking::panic_fmt
[INFO] [stdout]   11:     0x55c3c59ea959 - <x25519[d0357ab87b969f17]::wycheproof::{closure#0} as core[df12db4294e9bfd3]::ops::function::FnOnce<()>>::call_once
[INFO] [stdout]   12:     0x55c3c5ab600b - test[9d35eded1c95d3be]::__rust_begin_short_backtrace::<core[df12db4294e9bfd3]::result::Result<(), alloc[2182bb758b4b3781]::string::String>, fn() -> core[df12db4294e9bfd3]::result::Result<(), alloc[2182bb758b4b3781]::string::String>>
[INFO] [stdout]   13:     0x55c3c5ac3675 - test[9d35eded1c95d3be]::run_test::{closure#0}
[INFO] [stdout]   14:     0x55c3c5abcf34 - std[70759c8f55707aa4]::sys::backtrace::__rust_begin_short_backtrace::<test[9d35eded1c95d3be]::run_test::{closure#1}, ()>
[INFO] [stdout]   15:     0x55c3c5ac67d2 - <std[70759c8f55707aa4]::thread::lifecycle::spawn_unchecked<test[9d35eded1c95d3be]::run_test::{closure#1}, ()>::{closure#1} as core[df12db4294e9bfd3]::ops::function::FnOnce<()>>::call_once::{shim:vtable#0}
[INFO] [stdout]   16:     0x55c3c5b6d449 - <std[70759c8f55707aa4]::sys::thread::unix::Thread>::new::thread_start
[INFO] [stdout]   17:     0x71f6ce702dfa - <unknown>
[INFO] [stdout]   18:     0x71f6ce7963d4 - clone
[INFO] [stdout]   19:                0x0 - <unknown>
[INFO] [stdout] 
[INFO] [stdout] 
[INFO] [stdout] failures:
[INFO] [stdout]     wycheproof
[INFO] [stdout] 
[INFO] [stdout] test result: FAILED. 1 passed; 1 failed; 0 ignored; 0 measured; 0 filtered out; finished in 0.00s
[INFO] [stdout] 
[INFO] [stderr] error: test failed, to rerun pass `--test x25519`
[INFO] running `Command { std: "docker" "inspect" "b919e618f19fb9af3f5be6b3b0ca1deb43528fe321dca28f1cb9308c3fc5f6d4", kill_on_drop: false }`
[INFO] running `Command { std: "docker" "rm" "-f" "b919e618f19fb9af3f5be6b3b0ca1deb43528fe321dca28f1cb9308c3fc5f6d4", kill_on_drop: false }`
[INFO] [stdout] b919e618f19fb9af3f5be6b3b0ca1deb43528fe321dca28f1cb9308c3fc5f6d4
