[INFO] fetching crate libairspy-rs 0.2.1...
[INFO] testing libairspy-rs-0.2.1 against 1.100.0-beta.1+cargoflags=--release for beta-release-1.100-2
[INFO] extracting crate libairspy-rs 0.2.1 into /workspace/builds/worker-7-tc2/source
[INFO] started tweaking crates.io crate libairspy-rs 0.2.1
[INFO] removed 0 missing tests
[INFO] finished tweaking crates.io crate libairspy-rs 0.2.1
[INFO] tweaked toml for crates.io crate libairspy-rs 0.2.1 written to /workspace/builds/worker-7-tc2/source/Cargo.toml
[INFO] validating manifest of crates.io crate libairspy-rs 0.2.1 on toolchain 1.100.0-beta.1
[INFO] running `Command { std: CARGO_HOME="/workspace/cargo-home" RUSTUP_HOME="/workspace/rustup-home" "/workspace/cargo-home/bin/cargo" "+1.100.0-beta.1" "metadata" "--manifest-path" "Cargo.toml" "--no-deps", kill_on_drop: false }`
[INFO] crate crates.io crate libairspy-rs 0.2.1 already has a lockfile, it will not be regenerated
[INFO] running `Command { std: CARGO_HOME="/workspace/cargo-home" RUSTUP_HOME="/workspace/rustup-home" "/workspace/cargo-home/bin/cargo" "+1.100.0-beta.1" "fetch" "--manifest-path" "Cargo.toml", kill_on_drop: false }`
[INFO] [stderr] warning: `package.homepage` is redundant with `package.repository`
[INFO] [stderr]   --> Cargo.toml:68:12
[INFO] [stderr]    |
[INFO] [stderr] 68 | homepage = "https://github.com/jasonherald/libairspy-rs"
[INFO] [stderr]    |            ^^^^^^^^^^^^^^^^^^^^^^^^^^^^^^^^^^^^^^^^^^^^^
[INFO] [stderr] ...
[INFO] [stderr] 73 | repository = "https://github.com/jasonherald/libairspy-rs"
[INFO] [stderr]    |              ---------------------------------------------
[INFO] [stderr]    |
[INFO] [stderr]    = note: `cargo::redundant_homepage` is set to `warn` by default
[INFO] [stderr] help: consider removing `package.homepage`
[INFO] [stderr] warning: `libairspy-rs` (manifest) generated 1 warning
[INFO] running `Command { std: "docker" "create" "-v" "/var/lib/crater-agent-workspace/builds/worker-7-tc2/source:/opt/rustwide/workdir:ro,Z" "-v" "/var/lib/crater-agent-workspace/builds/worker-7-tc2/target:/opt/rustwide/target:rw,Z" "-v" "/var/lib/crater-agent-workspace/cargo-home:/opt/rustwide/cargo-home:ro,Z" "-v" "/var/lib/crater-agent-workspace/rustup-home:/opt/rustwide/rustup-home:ro,Z" "-m" "1610612736" "--network" "none" "ghcr.io/rust-lang/crates-build-env/linux@sha256:77db811e55d90add9212f6832c23229e3de5f1c1f9905e8cb07319ea15df73ac" "sleep" "infinity", kill_on_drop: false }`
[INFO] [stdout] bfa7c6151476342272c7a8eca19b76956f4f56d560ffe8237bd9e9080244959e
[INFO] running `Command { std: "docker" "start" "bfa7c6151476342272c7a8eca19b76956f4f56d560ffe8237bd9e9080244959e", kill_on_drop: false }`
[INFO] running `Command { std: "docker" "inspect" "bfa7c6151476342272c7a8eca19b76956f4f56d560ffe8237bd9e9080244959e", kill_on_drop: false }`
[INFO] running `Command { std: "docker" "exec" "-e" "SOURCE_DIR=/opt/rustwide/workdir" "-e" "CARGO_HOME=/opt/rustwide/cargo-home" "-e" "RUSTUP_HOME=/opt/rustwide/rustup-home" "-e" "CARGO_TARGET_DIR=/opt/rustwide/target" "-w" "/opt/rustwide/workdir" "--user" "0:0" "bfa7c6151476342272c7a8eca19b76956f4f56d560ffe8237bd9e9080244959e" "/opt/rustwide/cargo-home/bin/cargo" "+1.100.0-beta.1" "metadata" "--no-deps" "--format-version=1", kill_on_drop: false }`
[INFO] running `Command { std: "docker" "inspect" "bfa7c6151476342272c7a8eca19b76956f4f56d560ffe8237bd9e9080244959e", kill_on_drop: false }`
[INFO] running `Command { std: "docker" "exec" "-e" "SOURCE_DIR=/opt/rustwide/workdir" "-e" "CARGO_HOME=/opt/rustwide/cargo-home" "-e" "RUSTUP_HOME=/opt/rustwide/rustup-home" "-e" "CARGO_TARGET_DIR=/opt/rustwide/target" "-e" "CARGO_INCREMENTAL=0" "-e" "RUST_BACKTRACE=full" "-e" "RUSTFLAGS=--cap-lints=warn" "-e" "RUSTDOCFLAGS=--cap-lints=warn" "-w" "/opt/rustwide/workdir" "--user" "0:0" "bfa7c6151476342272c7a8eca19b76956f4f56d560ffe8237bd9e9080244959e" "/opt/rustwide/cargo-home/bin/cargo" "+1.100.0-beta.1" "build" "--frozen" "--message-format=json" "--release", kill_on_drop: false }`
[INFO] [stderr] warning: `package.homepage` is redundant with `package.repository`
[INFO] [stderr]   --> Cargo.toml:68:12
[INFO] [stderr]    |
[INFO] [stderr] 68 | homepage = "https://github.com/jasonherald/libairspy-rs"
[INFO] [stderr]    |            ^^^^^^^^^^^^^^^^^^^^^^^^^^^^^^^^^^^^^^^^^^^^^
[INFO] [stderr] ...
[INFO] [stderr] 73 | repository = "https://github.com/jasonherald/libairspy-rs"
[INFO] [stderr]    |              ---------------------------------------------
[INFO] [stderr]    |
[INFO] [stderr]    = note: `cargo::redundant_homepage` is set to `warn` by default
[INFO] [stderr] help: consider removing `package.homepage`
[INFO] [stderr] warning: `libairspy-rs` (manifest) generated 1 warning
[INFO] [stderr]    Compiling rustix v1.1.4
[INFO] [stderr]    Compiling linux-raw-sys v0.12.1
[INFO] [stderr]    Compiling syn v2.0.119
[INFO] [stderr]    Compiling thiserror-impl v2.0.20
[INFO] [stderr]    Compiling thiserror v2.0.20
[INFO] [stderr]    Compiling tracing-attributes v0.1.31
[INFO] [stderr]    Compiling tracing v0.1.44
[INFO] [stderr]    Compiling nusb v0.2.7
[INFO] [stderr]    Compiling libairspy-rs v0.2.1 (/opt/rustwide/workdir)
[INFO] [stderr]     Finished `release` profile [optimized] target(s) in 15.61s
[INFO] running `Command { std: "docker" "inspect" "bfa7c6151476342272c7a8eca19b76956f4f56d560ffe8237bd9e9080244959e", kill_on_drop: false }`
[INFO] running `Command { std: "docker" "exec" "-e" "SOURCE_DIR=/opt/rustwide/workdir" "-e" "CARGO_HOME=/opt/rustwide/cargo-home" "-e" "RUSTUP_HOME=/opt/rustwide/rustup-home" "-e" "CARGO_TARGET_DIR=/opt/rustwide/target" "-e" "CARGO_INCREMENTAL=0" "-e" "RUST_BACKTRACE=full" "-e" "RUSTFLAGS=--cap-lints=warn" "-e" "RUSTDOCFLAGS=--cap-lints=warn" "-w" "/opt/rustwide/workdir" "--user" "0:0" "bfa7c6151476342272c7a8eca19b76956f4f56d560ffe8237bd9e9080244959e" "/opt/rustwide/cargo-home/bin/cargo" "+1.100.0-beta.1" "test" "--frozen" "--no-run" "--message-format=json" "--release", kill_on_drop: false }`
[INFO] [stderr] warning: `package.homepage` is redundant with `package.repository`
[INFO] [stderr]   --> Cargo.toml:68:12
[INFO] [stderr]    |
[INFO] [stderr] 68 | homepage = "https://github.com/jasonherald/libairspy-rs"
[INFO] [stderr]    |            ^^^^^^^^^^^^^^^^^^^^^^^^^^^^^^^^^^^^^^^^^^^^^
[INFO] [stderr] ...
[INFO] [stderr] 73 | repository = "https://github.com/jasonherald/libairspy-rs"
[INFO] [stderr]    |              ---------------------------------------------
[INFO] [stderr]    |
[INFO] [stderr]    = note: `cargo::redundant_homepage` is set to `warn` by default
[INFO] [stderr] help: consider removing `package.homepage`
[INFO] [stderr] warning: `libairspy-rs` (manifest) generated 1 warning
[INFO] [stderr]    Compiling libairspy-rs v0.2.1 (/opt/rustwide/workdir)
[INFO] [stderr]     Finished `release` profile [optimized] target(s) in 8.15s
[INFO] running `Command { std: "docker" "inspect" "bfa7c6151476342272c7a8eca19b76956f4f56d560ffe8237bd9e9080244959e", kill_on_drop: false }`
[INFO] running `Command { std: "docker" "exec" "-e" "SOURCE_DIR=/opt/rustwide/workdir" "-e" "CARGO_HOME=/opt/rustwide/cargo-home" "-e" "RUSTUP_HOME=/opt/rustwide/rustup-home" "-e" "CARGO_TARGET_DIR=/opt/rustwide/target" "-e" "CARGO_INCREMENTAL=0" "-e" "RUST_BACKTRACE=full" "-e" "RUSTFLAGS=--cap-lints=warn" "-e" "RUSTDOCFLAGS=--cap-lints=warn" "-w" "/opt/rustwide/workdir" "--user" "0:0" "bfa7c6151476342272c7a8eca19b76956f4f56d560ffe8237bd9e9080244959e" "/opt/rustwide/cargo-home/bin/cargo" "+1.100.0-beta.1" "test" "--frozen" "--release", kill_on_drop: false }`
[INFO] [stderr] warning: `package.homepage` is redundant with `package.repository`
[INFO] [stderr]   --> Cargo.toml:68:12
[INFO] [stderr]    |
[INFO] [stderr] 68 | homepage = "https://github.com/jasonherald/libairspy-rs"
[INFO] [stderr]    |            ^^^^^^^^^^^^^^^^^^^^^^^^^^^^^^^^^^^^^^^^^^^^^
[INFO] [stderr] ...
[INFO] [stderr] 73 | repository = "https://github.com/jasonherald/libairspy-rs"
[INFO] [stderr]    |              ---------------------------------------------
[INFO] [stderr]    |
[INFO] [stderr]    = note: `cargo::redundant_homepage` is set to `warn` by default
[INFO] [stderr] help: consider removing `package.homepage`
[INFO] [stderr] warning: `libairspy-rs` (manifest) generated 1 warning
[INFO] [stderr]     Finished `release` profile [optimized] target(s) in 0.09s
[INFO] [stderr]      Running unittests src/lib.rs (/opt/rustwide/target/release/build/libairspy-rs/6ae645922f34daf5/out/libairspy_rs-6ae645922f34daf5)
[INFO] [stdout] 
[INFO] [stdout] running 121 tests
[INFO] [stdout] test board::tests::version_string_stops_at_first_nul ... ok
[INFO] [stdout] test board::tests::version_buffer_size_matches_c ... ok
[INFO] [stdout] test commands::tests::config_page_values_match_c ... ok
[INFO] [stdout] test commands::tests::vendor_request_bytes_match_c_airspy_vendor_request ... ok
[INFO] [stdout] test commands::tests::receiver_mode_values_match_c ... ok
[INFO] [stdout] test control::tests::freq_payload_is_little_endian ... ok
[INFO] [stdout] test board::tests::partid_serialno_parses_little_endian_words ... ok
[INFO] [stdout] test control::tests::in_setter_zero_length_status_maps_to_length_mismatch ... ok
[INFO] [stdout] test control::tests::gain_setters_clamp_like_c ... ok
[INFO] [stdout] test board::tests::version_string_is_lossy_for_non_utf8 ... ok
[INFO] [stdout] test commands::tests::board_id_from_u8_roundtrips_and_rejects_unknown ... ok
[INFO] [stdout] test commands::tests::board_id_values_and_names_match_c ... ok
[INFO] [stdout] test commands::tests::samplerate_conf_shift_matches_c ... ok
[INFO] [stdout] test control::tests::sensitivity_gain_clamps_and_uses_its_tables ... ok
[INFO] [stdout] test control::tests::rf_bias_writes_gpio_port1_pin13 ... ok
[INFO] [stdout] test board::tests::partid_serialno_len_matches_c_struct ... ok
[INFO] [stdout] test control::tests::board_id_read_wire_contract_and_value ... ok
[INFO] [stdout] test control::tests::linearity_gain_runs_c_sequence_with_table_values ... ok
[INFO] [stdout] test control::tests::from_transport_caches_scripted_samplerates ... ok
[INFO] [stdout] test control::tests::from_transport_falls_back_when_query_fails ... ok
[INFO] [stdout] test control::tests::set_freq_usb_error_passes_through ... ok
[INFO] [stdout] test control::tests::set_samplerate_by_index_matches_table ... ok
[INFO] [stdout] test control::tests::set_freq_short_write_maps_to_length_mismatch ... ok
[INFO] [stdout] test commands::tests::gpio_port_and_pin_values_match_c ... ok
[INFO] [stdout] test control::tests::set_samplerate_small_values_are_raw_indices ... ok
[INFO] [stdout] test control::tests::stop_rx_sends_receiver_off_even_without_stream ... ok
[INFO] [stdout] test control::tests::set_freq_wire_contract ... ok
[INFO] [stdout] test conversion::tests::decodes_partial_tail_without_overrun ... ok
[INFO] [stdout] test control::tests::set_packing_updates_flag_and_wire ... ok
[INFO] [stdout] test conversion::tests::dispatch_float32_iq_delivers_only_complete_pairs ... ok
[INFO] [stdout] test control::tests::set_samplerate_by_value_scales_for_iq ... ok
[INFO] [stdout] test conversion::tests::all_ones_and_all_zeros_survive ... ok
[INFO] [stdout] test commands::tests::sample_type_values_match_c_enum_airspy_sample_type ... ok
[INFO] [stdout] test control::tests::agc_setters_send_bool_as_byte ... ok
[INFO] [stdout] test conversion::tests::dispatch_float32_iq_matches_golden_vectors ... FAILED
[INFO] [stdout] test conversion::tests::dispatch_int16_iq_delivers_only_complete_pairs ... ok
[INFO] [stdout] test conversion::tests::dispatch_float32_real_converts ... ok
[INFO] [stdout] test conversion::tests::dispatch_int16_iq_matches_golden_vectors ... FAILED
[INFO] [stdout] test control::tests::set_packing_busy_while_streaming ... ok
[INFO] [stdout] test conversion::tests::dispatch_int16_iq_state_persists_across_blocks ... FAILED
[INFO] [stdout] test conversion::tests::dispatch_int16_real_converts ... ok
[INFO] [stdout] test conversion::tests::dispatch_uint16_real_yields_u16_words ... ok
[INFO] [stdout] test conversion::tests::dispatch_unpacks_before_converting_when_packing_enabled ... ok
[INFO] [stdout] test conversion::tests::unpacks_one_group_matching_c_bit_layout ... ok
[INFO] [stdout] test device::tests::accepts_hex_prefix_like_strtoull ... ok
[INFO] [stdout] test device::tests::accepts_partial_hex_like_strtoull ... ok
[INFO] [stdout] test device::tests::accepts_sign_like_strtoull ... ok
[INFO] [stdout] test device::tests::does_not_panic_on_multibyte_descriptor ... ok
[INFO] [stdout] test device::tests::fallback_table_matches_c ... ok
[INFO] [stdout] test device::tests::list_devices_enumerates_without_error ... ok
[INFO] [stdout] test conversion::tests::float_conversion_matches_c_arithmetic ... ok
[INFO] [stdout] test conversion::tests::empty_input_or_output_writes_nothing ... ok
[INFO] [stdout] test conversion::tests::dispatch_raw_passes_bytes_through ... ok
[INFO] [stdout] test conversion::tests::scale_and_shift_match_c ... ok
[INFO] [stdout] test device::tests::open_returns_device_or_not_found ... ok
[INFO] [stdout] test device::tests::samplerate_words_parse_little_endian ... ok
[INFO] [stdout] test conversion::tests::unpacks_hardcoded_fixture_derived_from_c ... ok
[INFO] [stdout] test conversion::tests::unpacks_multiple_groups_in_order ... ok
[INFO] [stdout] test device::tests::non_iq_types_double_the_rates_like_c ... ok
[INFO] [stdout] test conversion::tests::int16_conversion_matches_c_arithmetic ... ok
[INFO] [stdout] test device::tests::parses_wellformed_serial_descriptor ... ok
[INFO] [stdout] test device::tests::truncates_overlong_serial_like_c_buffer ... ok
[INFO] [stdout] test device::tests::partial_trailing_word_is_dropped ... ok
[INFO] [stdout] test conversion::tests::output_bounded_decoding_fills_every_slot ... ok
[INFO] [stdout] test device::tests::usb_ids_match_c_constants ... ok
[INFO] [stdout] test device::tests::zero_serial_is_the_unused_sentinel ... ok
[INFO] [stdout] test device::tests::zero_serial_parses_as_zero ... ok
[INFO] [stdout] test device::tests::open_with_unknown_serial_reports_not_found ... ok
[INFO] [stdout] test error::tests::display_includes_name_and_code ... ok
[INFO] [stdout] test device::tests::rejects_serial_shorter_than_expected ... ok
[INFO] [stdout] test conversion::tests::full_stream_buffer_matches_c_sample_count ... ok
[INFO] [stdout] test error::tests::error_codes_match_c_enum_airspy_error ... ok
[INFO] [stdout] test device::tests::skips_leading_whitespace_like_strtoull ... ok
[INFO] [stdout] test error::tests::error_names_match_c_airspy_error_name ... ok
[INFO] [stdout] test error::tests::transfer_errors_convert_into_transfer_variant ... ok
[INFO] [stdout] test device::tests::rejects_serial_with_no_hex_digits ... ok
[INFO] [stdout] test iqconverter_float::tests::kernel_shape_and_center_tap ... ok
[INFO] [stdout] test error::tests::transfer_length_mismatch_reports_like_c_libusb_error ... ok
[INFO] [stdout] test iqconverter_float::tests::matches_c_golden_vectors_bit_for_bit ... FAILED
[INFO] [stdout] test iqconverter_float::tests::reset_restores_fresh_converter_behavior ... FAILED
[INFO] [stdout] test peripherals::tests::gpio_surface_encodes_port_pin ... ok
[INFO] [stdout] test peripherals::tests::si5351c_and_r820t_register_writes ... ok
[INFO] [stdout] test peripherals::tests::spiflash_length_boundary ... ok
[INFO] [stdout] test reader::tests::all_sample_block_variants_convert ... ok
[INFO] [stdout] test reader::tests::forwarding_stops_when_receiver_dropped ... ok
[INFO] [stdout] test stream::tests::buffers_pass_through_in_fifo_order ... ok
[INFO] [stdout] test stream::tests::constants_match_c ... ok
[INFO] [stdout] test iqconverter_int16::tests::matches_c_golden_vectors_bit_for_bit ... FAILED
[INFO] [stdout] test iqconverter_int16::tests::reset_restores_fresh_converter_behavior ... FAILED
[INFO] [stdout] test peripherals::tests::si5351c_and_r820t_register_reads ... ok
[INFO] [stdout] test peripherals::tests::spiflash_erase_variants ... ok
[INFO] [stdout] test peripherals::tests::spiflash_read_splits_address_and_fills ... ok
[INFO] [stdout] test peripherals::tests::spiflash_write_splits_address_and_validates ... ok
[INFO] [stdout] test iqconverter_int16::tests::fs4_phase_pattern_covers_partial_tails ... ok
[INFO] [stdout] test stream::tests::pool_exhaustion_drop_is_counted ... ok
[INFO] [stdout] test reader::tests::forwarding_keeps_streaming_while_receiver_lives ... ok
[INFO] [stdout] test iqconverter_int16::tests::kernel_decimation_keeps_nonzero_taps ... ok
[INFO] [stdout] test stream::tests::full_queue_drops_and_next_entry_carries_the_count ... ok
[INFO] [stdout] test reader::tests::transfers_convert_to_owned_blocks ... ok
[INFO] [stdout] test stream::tests::consumer_loop_delivers_transfers_and_stops_on_false ... ok
[INFO] [stdout] test stream::tests::end_to_end_stream_over_mock_transport ... ok
[INFO] [stdout] test test_vectors::tests::all_scenarios_load_with_expected_shape ... FAILED
[INFO] [stdout] test test_vectors::tests::float_bits_decode_to_finite_values ... FAILED
[INFO] [stdout] test tests::lib_version_matches_crate_version ... ok
[INFO] [stdout] test stream::tests::pool_is_bounded ... ok
[INFO] [stdout] test stream::tests::start_rx_clears_halt_between_receiver_modes ... ok
[INFO] [stdout] test transfer::tests::control_timeout_matches_c ... ok
[INFO] [stdout] test transfer::tests::request_types_match_c_libusb_flags ... ok
[INFO] [stdout] test stream::tests::bulk_reads_use_c_parameters ... ok
[INFO] [stdout] test test_vectors::tests::scenario_contents_match_their_definitions ... FAILED
[INFO] [stdout] test stream::tests::disconnect_stops_stream ... ok
[INFO] [stdout] test stream::tests::transient_error_does_not_stop_stream ... ok
[INFO] [stdout] test stream::tests::slow_consumer_drops_without_stopping_the_stream ... ok
[INFO] [stdout] test stream::tests::unrecoverable_error_stops_stream ... ok
[INFO] [stdout] test stream::tests::blocking_acquire_wakes_none_on_shutdown ... ok
[INFO] [stdout] test reader::tests::blocked_forward_unblocks_when_receiver_drops ... ok
[INFO] [stdout] test stream::tests::blocking_acquire_wakes_on_recycle ... ok
[INFO] [stdout] test reader::tests::blocked_forward_delivers_when_receiver_catches_up ... ok
[INFO] [stdout] test stream::tests::shutdown_wakes_blocking_pop ... ok
[INFO] [stdout] test stream::tests::persistent_fault_stops_stream ... ok
[INFO] [stdout] test stream::tests::short_bulk_read_delivers_nothing_but_keeps_streaming ... ok
[INFO] [stdout] 
[INFO] [stdout] failures:
[INFO] [stdout] 
[INFO] [stdout] ---- conversion::tests::dispatch_float32_iq_matches_golden_vectors stdout ----
[INFO] [stdout] 
[INFO] [stdout] thread 'conversion::tests::dispatch_float32_iq_matches_golden_vectors' (479) panicked at src/test_vectors.rs:65:29:
[INFO] [stdout] internal error: entered unreachable code: fixture /opt/rustwide/workdir/../../test-data/iq/noise.input.txt unreadable: No such file or directory (os error 2)
[INFO] [stdout] stack backtrace:
[INFO] [stdout]    0:     0x609a7bf72281 - <<std[617be2ca0a6fd877]::sys::backtrace::BacktraceLock>::print::DisplayBacktrace as core[a373ad73a504971]::fmt::Display>::fmt
[INFO] [stdout]    1:     0x609a7bf87a0a - core[a373ad73a504971]::fmt::write
[INFO] [stdout]    2:     0x609a7bf7680c - <alloc[2e1b2a31b91974c5]::vec::Vec<u8> as core[a373ad73a504971]::io::write::Write>::write_fmt
[INFO] [stdout]    3:     0x609a7bf4d5b6 - std[617be2ca0a6fd877]::panicking::default_hook::{closure#0}
[INFO] [stdout]    4:     0x609a7bf69f59 - std[617be2ca0a6fd877]::panicking::default_hook
[INFO] [stdout]    5:     0x609a7bef5900 - test[aada8e7e76ba119b]::test_main_inner::{closure#0}
[INFO] [stdout]    6:     0x609a7bf6a112 - std[617be2ca0a6fd877]::panicking::panic_with_hook
[INFO] [stdout]    7:     0x609a7bf4d662 - std[617be2ca0a6fd877]::panicking::panic_handler::{closure#0}
[INFO] [stdout]    8:     0x609a7bf46149 - std[617be2ca0a6fd877]::sys::backtrace::__rust_end_short_backtrace::<std[617be2ca0a6fd877]::panicking::panic_handler::{closure#0}, !>
[INFO] [stdout]    9:     0x609a7bf4e26d - __rustc[ea4f61d10b84890b]::rust_begin_unwind
[INFO] [stdout]   10:     0x609a7bf8816c - core[a373ad73a504971]::panicking::panic_fmt
[INFO] [stdout]   11:     0x609a7bedbb19 - libairspy_rs[8fe50afca4e7f34d]::test_vectors::parse_all::<f32, libairspy_rs[8fe50afca4e7f34d]::test_vectors::load_scenario::{closure#2}>::{closure#0}
[INFO] [stdout]   12:     0x609a7bedca37 - libairspy_rs[8fe50afca4e7f34d]::test_vectors::load_scenario
[INFO] [stdout]   13:     0x609a7becd15d - <libairspy_rs[8fe50afca4e7f34d]::conversion::tests::dispatch_float32_iq_matches_golden_vectors::{closure#0} as core[a373ad73a504971]::ops::function::FnOnce<()>>::call_once
[INFO] [stdout]   14:     0x609a7bee8d4b - test[aada8e7e76ba119b]::__rust_begin_short_backtrace::<core[a373ad73a504971]::result::Result<(), alloc[2e1b2a31b91974c5]::string::String>, fn() -> core[a373ad73a504971]::result::Result<(), alloc[2e1b2a31b91974c5]::string::String>>
[INFO] [stdout]   15:     0x609a7bef5f25 - test[aada8e7e76ba119b]::run_test::{closure#0}
[INFO] [stdout]   16:     0x609a7beef814 - std[617be2ca0a6fd877]::sys::backtrace::__rust_begin_short_backtrace::<test[aada8e7e76ba119b]::run_test::{closure#1}, ()>
[INFO] [stdout]   17:     0x609a7bef8fb2 - <std[617be2ca0a6fd877]::thread::lifecycle::spawn_unchecked<test[aada8e7e76ba119b]::run_test::{closure#1}, ()>::{closure#1} as core[a373ad73a504971]::ops::function::FnOnce<()>>::call_once::{shim:vtable#0}
[INFO] [stdout]   18:     0x609a7bf7174f - <std[617be2ca0a6fd877]::sys::thread::unix::Thread>::new::thread_start
[INFO] [stdout]   19:     0x737329e9cdfa - <unknown>
[INFO] [stdout]   20:     0x737329f303d4 - clone
[INFO] [stdout]   21:                0x0 - <unknown>
[INFO] [stdout] 
[INFO] [stdout] ---- conversion::tests::dispatch_int16_iq_matches_golden_vectors stdout ----
[INFO] [stdout] 
[INFO] [stdout] thread 'conversion::tests::dispatch_int16_iq_matches_golden_vectors' (483) panicked at src/test_vectors.rs:65:29:
[INFO] [stdout] internal error: entered unreachable code: fixture /opt/rustwide/workdir/../../test-data/iq/noise.input.txt unreadable: No such file or directory (os error 2)
[INFO] [stdout] stack backtrace:
[INFO] [stdout]    0:     0x609a7bf72281 - <<std[617be2ca0a6fd877]::sys::backtrace::BacktraceLock>::print::DisplayBacktrace as core[a373ad73a504971]::fmt::Display>::fmt
[INFO] [stdout]    1:     0x609a7bf87a0a - core[a373ad73a504971]::fmt::write
[INFO] [stdout]    2:     0x609a7bf7680c - <alloc[2e1b2a31b91974c5]::vec::Vec<u8> as core[a373ad73a504971]::io::write::Write>::write_fmt
[INFO] [stdout]    3:     0x609a7bf4d5b6 - std[617be2ca0a6fd877]::panicking::default_hook::{closure#0}
[INFO] [stdout]    4:     0x609a7bf69f59 - std[617be2ca0a6fd877]::panicking::default_hook
[INFO] [stdout]    5:     0x609a7bef5900 - test[aada8e7e76ba119b]::test_main_inner::{closure#0}
[INFO] [stdout]    6:     0x609a7bf6a112 - std[617be2ca0a6fd877]::panicking::panic_with_hook
[INFO] [stdout]    7:     0x609a7bf4d662 - std[617be2ca0a6fd877]::panicking::panic_handler::{closure#0}
[INFO] [stdout]    8:     0x609a7bf46149 - std[617be2ca0a6fd877]::sys::backtrace::__rust_end_short_backtrace::<std[617be2ca0a6fd877]::panicking::panic_handler::{closure#0}, !>
[INFO] [stdout]    9:     0x609a7bf4e26d - __rustc[ea4f61d10b84890b]::rust_begin_unwind
[INFO] [stdout]   10:     0x609a7bf8816c - core[a373ad73a504971]::panicking::panic_fmt
[INFO] [stdout]   11:     0x609a7bedbb19 - libairspy_rs[8fe50afca4e7f34d]::test_vectors::parse_all::<f32, libairspy_rs[8fe50afca4e7f34d]::test_vectors::load_scenario::{closure#2}>::{closure#0}
[INFO] [stdout]   12:     0x609a7bedca37 - libairspy_rs[8fe50afca4e7f34d]::test_vectors::load_scenario
[INFO] [stdout]   13:     0x609a7becc95a - <libairspy_rs[8fe50afca4e7f34d]::conversion::tests::dispatch_int16_iq_matches_golden_vectors::{closure#0} as core[a373ad73a504971]::ops::function::FnOnce<()>>::call_once
[INFO] [stdout]   14:     0x609a7bee8d4b - test[aada8e7e76ba119b]::__rust_begin_short_backtrace::<core[a373ad73a504971]::result::Result<(), alloc[2e1b2a31b91974c5]::string::String>, fn() -> core[a373ad73a504971]::result::Result<(), alloc[2e1b2a31b91974c5]::string::String>>
[INFO] [stdout]   15:     0x609a7bef5f25 - test[aada8e7e76ba119b]::run_test::{closure#0}
[INFO] [stdout]   16:     0x609a7beef814 - std[617be2ca0a6fd877]::sys::backtrace::__rust_begin_short_backtrace::<test[aada8e7e76ba119b]::run_test::{closure#1}, ()>
[INFO] [stdout]   17:     0x609a7bef8fb2 - <std[617be2ca0a6fd877]::thread::lifecycle::spawn_unchecked<test[aada8e7e76ba119b]::run_test::{closure#1}, ()>::{closure#1} as core[a373ad73a504971]::ops::function::FnOnce<()>>::call_once::{shim:vtable#0}
[INFO] [stdout]   18:     0x609a7bf7174f - <std[617be2ca0a6fd877]::sys::thread::unix::Thread>::new::thread_start
[INFO] [stdout]   19:     0x737329e9cdfa - <unknown>
[INFO] [stdout]   20:     0x737329f303d4 - clone
[INFO] [stdout]   21:                0x0 - <unknown>
[INFO] [stdout] 
[INFO] [stdout] ---- conversion::tests::dispatch_int16_iq_state_persists_across_blocks stdout ----
[INFO] [stdout] 
[INFO] [stdout] thread 'conversion::tests::dispatch_int16_iq_state_persists_across_blocks' (484) panicked at src/test_vectors.rs:65:29:
[INFO] [stdout] internal error: entered unreachable code: fixture /opt/rustwide/workdir/../../test-data/iq/tone.input.txt unreadable: No such file or directory (os error 2)
[INFO] [stdout] stack backtrace:
[INFO] [stdout]    0:     0x609a7bf72281 - <<std[617be2ca0a6fd877]::sys::backtrace::BacktraceLock>::print::DisplayBacktrace as core[a373ad73a504971]::fmt::Display>::fmt
[INFO] [stdout]    1:     0x609a7bf87a0a - core[a373ad73a504971]::fmt::write
[INFO] [stdout]    2:     0x609a7bf7680c - <alloc[2e1b2a31b91974c5]::vec::Vec<u8> as core[a373ad73a504971]::io::write::Write>::write_fmt
[INFO] [stdout]    3:     0x609a7bf4d5b6 - std[617be2ca0a6fd877]::panicking::default_hook::{closure#0}
[INFO] [stdout]    4:     0x609a7bf69f59 - std[617be2ca0a6fd877]::panicking::default_hook
[INFO] [stdout]    5:     0x609a7bef5900 - test[aada8e7e76ba119b]::test_main_inner::{closure#0}
[INFO] [stdout]    6:     0x609a7bf6a112 - std[617be2ca0a6fd877]::panicking::panic_with_hook
[INFO] [stdout]    7:     0x609a7bf4d662 - std[617be2ca0a6fd877]::panicking::panic_handler::{closure#0}
[INFO] [stdout]    8:     0x609a7bf46149 - std[617be2ca0a6fd877]::sys::backtrace::__rust_end_short_backtrace::<std[617be2ca0a6fd877]::panicking::panic_handler::{closure#0}, !>
[INFO] [stdout]    9:     0x609a7bf4e26d - __rustc[ea4f61d10b84890b]::rust_begin_unwind
[INFO] [stdout]   10:     0x609a7bf8816c - core[a373ad73a504971]::panicking::panic_fmt
[INFO] [stdout]   11:     0x609a7bedbb19 - libairspy_rs[8fe50afca4e7f34d]::test_vectors::parse_all::<f32, libairspy_rs[8fe50afca4e7f34d]::test_vectors::load_scenario::{closure#2}>::{closure#0}
[INFO] [stdout]   12:     0x609a7bedca37 - libairspy_rs[8fe50afca4e7f34d]::test_vectors::load_scenario
[INFO] [stdout]   13:     0x609a7bece1ed - <libairspy_rs[8fe50afca4e7f34d]::conversion::tests::dispatch_int16_iq_state_persists_across_blocks::{closure#0} as core[a373ad73a504971]::ops::function::FnOnce<()>>::call_once
[INFO] [stdout]   14:     0x609a7bee8d4b - test[aada8e7e76ba119b]::__rust_begin_short_backtrace::<core[a373ad73a504971]::result::Result<(), alloc[2e1b2a31b91974c5]::string::String>, fn() -> core[a373ad73a504971]::result::Result<(), alloc[2e1b2a31b91974c5]::string::String>>
[INFO] [stdout]   15:     0x609a7bef5f25 - test[aada8e7e76ba119b]::run_test::{closure#0}
[INFO] [stdout]   16:     0x609a7beef814 - std[617be2ca0a6fd877]::sys::backtrace::__rust_begin_short_backtrace::<test[aada8e7e76ba119b]::run_test::{closure#1}, ()>
[INFO] [stdout]   17:     0x609a7bef8fb2 - <std[617be2ca0a6fd877]::thread::lifecycle::spawn_unchecked<test[aada8e7e76ba119b]::run_test::{closure#1}, ()>::{closure#1} as core[a373ad73a504971]::ops::function::FnOnce<()>>::call_once::{shim:vtable#0}
[INFO] [stdout]   18:     0x609a7bf7174f - <std[617be2ca0a6fd877]::sys::thread::unix::Thread>::new::thread_start
[INFO] [stdout]   19:     0x737329e9cdfa - <unknown>
[INFO] [stdout]   20:     0x737329f303d4 - clone
[INFO] [stdout]   21:                0x0 - <unknown>
[INFO] [stdout] 
[INFO] [stdout] ---- iqconverter_float::tests::matches_c_golden_vectors_bit_for_bit stdout ----
[INFO] [stdout] 
[INFO] [stdout] thread 'iqconverter_float::tests::matches_c_golden_vectors_bit_for_bit' (523) panicked at src/test_vectors.rs:65:29:
[INFO] [stdout] internal error: entered unreachable code: fixture /opt/rustwide/workdir/../../test-data/iq/impulse.input.txt unreadable: No such file or directory (os error 2)
[INFO] [stdout] stack backtrace:
[INFO] [stdout]    0:     0x609a7bf72281 - <<std[617be2ca0a6fd877]::sys::backtrace::BacktraceLock>::print::DisplayBacktrace as core[a373ad73a504971]::fmt::Display>::fmt
[INFO] [stdout]    1:     0x609a7bf87a0a - core[a373ad73a504971]::fmt::write
[INFO] [stdout]    2:     0x609a7bf7680c - <alloc[2e1b2a31b91974c5]::vec::Vec<u8> as core[a373ad73a504971]::io::write::Write>::write_fmt
[INFO] [stdout]    3:     0x609a7bf4d5b6 - std[617be2ca0a6fd877]::panicking::default_hook::{closure#0}
[INFO] [stdout]    4:     0x609a7bf69f59 - std[617be2ca0a6fd877]::panicking::default_hook
[INFO] [stdout]    5:     0x609a7bef5900 - test[aada8e7e76ba119b]::test_main_inner::{closure#0}
[INFO] [stdout]    6:     0x609a7bf6a112 - std[617be2ca0a6fd877]::panicking::panic_with_hook
[INFO] [stdout]    7:     0x609a7bf4d662 - std[617be2ca0a6fd877]::panicking::panic_handler::{closure#0}
[INFO] [stdout]    8:     0x609a7bf46149 - std[617be2ca0a6fd877]::sys::backtrace::__rust_end_short_backtrace::<std[617be2ca0a6fd877]::panicking::panic_handler::{closure#0}, !>
[INFO] [stdout]    9:     0x609a7bf4e26d - __rustc[ea4f61d10b84890b]::rust_begin_unwind
[INFO] [stdout]   10:     0x609a7bf8816c - core[a373ad73a504971]::panicking::panic_fmt
[INFO] [stdout]   11:     0x609a7bedbb19 - libairspy_rs[8fe50afca4e7f34d]::test_vectors::parse_all::<f32, libairspy_rs[8fe50afca4e7f34d]::test_vectors::load_scenario::{closure#2}>::{closure#0}
[INFO] [stdout]   12:     0x609a7bedca37 - libairspy_rs[8fe50afca4e7f34d]::test_vectors::load_scenario
[INFO] [stdout]   13:     0x609a7becffcc - <libairspy_rs[8fe50afca4e7f34d]::iqconverter_float::tests::matches_c_golden_vectors_bit_for_bit::{closure#0} as core[a373ad73a504971]::ops::function::FnOnce<()>>::call_once
[INFO] [stdout]   14:     0x609a7bee8d4b - test[aada8e7e76ba119b]::__rust_begin_short_backtrace::<core[a373ad73a504971]::result::Result<(), alloc[2e1b2a31b91974c5]::string::String>, fn() -> core[a373ad73a504971]::result::Result<(), alloc[2e1b2a31b91974c5]::string::String>>
[INFO] [stdout]   15:     0x609a7bef5f25 - test[aada8e7e76ba119b]::run_test::{closure#0}
[INFO] [stdout]   16:     0x609a7beef814 - std[617be2ca0a6fd877]::sys::backtrace::__rust_begin_short_backtrace::<test[aada8e7e76ba119b]::run_test::{closure#1}, ()>
[INFO] [stdout]   17:     0x609a7bef8fb2 - <std[617be2ca0a6fd877]::thread::lifecycle::spawn_unchecked<test[aada8e7e76ba119b]::run_test::{closure#1}, ()>::{closure#1} as core[a373ad73a504971]::ops::function::FnOnce<()>>::call_once::{shim:vtable#0}
[INFO] [stdout]   18:     0x609a7bf7174f - <std[617be2ca0a6fd877]::sys::thread::unix::Thread>::new::thread_start
[INFO] [stdout]   19:     0x737329e9cdfa - <unknown>
[INFO] [stdout]   20:     0x737329f303d4 - clone
[INFO] [stdout]   21:                0x0 - <unknown>
[INFO] [stdout] 
[INFO] [stdout] ---- iqconverter_float::tests::reset_restores_fresh_converter_behavior stdout ----
[INFO] [stdout] 
[INFO] [stdout] thread 'iqconverter_float::tests::reset_restores_fresh_converter_behavior' (524) panicked at src/test_vectors.rs:65:29:
[INFO] [stdout] internal error: entered unreachable code: fixture /opt/rustwide/workdir/../../test-data/iq/noise.input.txt unreadable: No such file or directory (os error 2)
[INFO] [stdout] stack backtrace:
[INFO] [stdout]    0:     0x609a7bf72281 - <<std[617be2ca0a6fd877]::sys::backtrace::BacktraceLock>::print::DisplayBacktrace as core[a373ad73a504971]::fmt::Display>::fmt
[INFO] [stdout]    1:     0x609a7bf87a0a - core[a373ad73a504971]::fmt::write
[INFO] [stdout]    2:     0x609a7bf7680c - <alloc[2e1b2a31b91974c5]::vec::Vec<u8> as core[a373ad73a504971]::io::write::Write>::write_fmt
[INFO] [stdout]    3:     0x609a7bf4d5b6 - std[617be2ca0a6fd877]::panicking::default_hook::{closure#0}
[INFO] [stdout]    4:     0x609a7bf69f59 - std[617be2ca0a6fd877]::panicking::default_hook
[INFO] [stdout]    5:     0x609a7bef5900 - test[aada8e7e76ba119b]::test_main_inner::{closure#0}
[INFO] [stdout]    6:     0x609a7bf6a112 - std[617be2ca0a6fd877]::panicking::panic_with_hook
[INFO] [stdout]    7:     0x609a7bf4d662 - std[617be2ca0a6fd877]::panicking::panic_handler::{closure#0}
[INFO] [stdout]    8:     0x609a7bf46149 - std[617be2ca0a6fd877]::sys::backtrace::__rust_end_short_backtrace::<std[617be2ca0a6fd877]::panicking::panic_handler::{closure#0}, !>
[INFO] [stdout]    9:     0x609a7bf4e26d - __rustc[ea4f61d10b84890b]::rust_begin_unwind
[INFO] [stdout]   10:     0x609a7bf8816c - core[a373ad73a504971]::panicking::panic_fmt
[INFO] [stdout]   11:     0x609a7bedbb19 - libairspy_rs[8fe50afca4e7f34d]::test_vectors::parse_all::<f32, libairspy_rs[8fe50afca4e7f34d]::test_vectors::load_scenario::{closure#2}>::{closure#0}
[INFO] [stdout]   12:     0x609a7bedca37 - libairspy_rs[8fe50afca4e7f34d]::test_vectors::load_scenario
[INFO] [stdout]   13:     0x609a7bed065d - <libairspy_rs[8fe50afca4e7f34d]::iqconverter_float::tests::reset_restores_fresh_converter_behavior::{closure#0} as core[a373ad73a504971]::ops::function::FnOnce<()>>::call_once
[INFO] [stdout]   14:     0x609a7bee8d4b - test[aada8e7e76ba119b]::__rust_begin_short_backtrace::<core[a373ad73a504971]::result::Result<(), alloc[2e1b2a31b91974c5]::string::String>, fn() -> core[a373ad73a504971]::result::Result<(), alloc[2e1b2a31b91974c5]::string::String>>
[INFO] [stdout]   15:     0x609a7bef5f25 - test[aada8e7e76ba119b]::run_test::{closure#0}
[INFO] [stdout]   16:     0x609a7beef814 - std[617be2ca0a6fd877]::sys::backtrace::__rust_begin_short_backtrace::<test[aada8e7e76ba119b]::run_test::{closure#1}, ()>
[INFO] [stdout]   17:     0x609a7bef8fb2 - <std[617be2ca0a6fd877]::thread::lifecycle::spawn_unchecked<test[aada8e7e76ba119b]::run_test::{closure#1}, ()>::{closure#1} as core[a373ad73a504971]::ops::function::FnOnce<()>>::call_once::{shim:vtable#0}
[INFO] [stdout]   18:     0x609a7bf7174f - <std[617be2ca0a6fd877]::sys::thread::unix::Thread>::new::thread_start
[INFO] [stdout]   19:     0x737329e9cdfa - <unknown>
[INFO] [stdout]   20:     0x737329f303d4 - clone
[INFO] [stdout]   21:                0x0 - <unknown>
[INFO] [stdout] 
[INFO] [stdout] ---- iqconverter_int16::tests::matches_c_golden_vectors_bit_for_bit stdout ----
[INFO] [stdout] 
[INFO] [stdout] thread 'iqconverter_int16::tests::matches_c_golden_vectors_bit_for_bit' (527) panicked at src/test_vectors.rs:65:29:
[INFO] [stdout] internal error: entered unreachable code: fixture /opt/rustwide/workdir/../../test-data/iq/impulse.input.txt unreadable: No such file or directory (os error 2)
[INFO] [stdout] stack backtrace:
[INFO] [stdout]    0:     0x609a7bf72281 - <<std[617be2ca0a6fd877]::sys::backtrace::BacktraceLock>::print::DisplayBacktrace as core[a373ad73a504971]::fmt::Display>::fmt
[INFO] [stdout]    1:     0x609a7bf87a0a - core[a373ad73a504971]::fmt::write
[INFO] [stdout]    2:     0x609a7bf7680c - <alloc[2e1b2a31b91974c5]::vec::Vec<u8> as core[a373ad73a504971]::io::write::Write>::write_fmt
[INFO] [stdout]    3:     0x609a7bf4d5b6 - std[617be2ca0a6fd877]::panicking::default_hook::{closure#0}
[INFO] [stdout]    4:     0x609a7bf69f59 - std[617be2ca0a6fd877]::panicking::default_hook
[INFO] [stdout]    5:     0x609a7bef5900 - test[aada8e7e76ba119b]::test_main_inner::{closure#0}
[INFO] [stdout]    6:     0x609a7bf6a112 - std[617be2ca0a6fd877]::panicking::panic_with_hook
[INFO] [stdout]    7:     0x609a7bf4d662 - std[617be2ca0a6fd877]::panicking::panic_handler::{closure#0}
[INFO] [stdout]    8:     0x609a7bf46149 - std[617be2ca0a6fd877]::sys::backtrace::__rust_end_short_backtrace::<std[617be2ca0a6fd877]::panicking::panic_handler::{closure#0}, !>
[INFO] [stdout]    9:     0x609a7bf4e26d - __rustc[ea4f61d10b84890b]::rust_begin_unwind
[INFO] [stdout]   10:     0x609a7bf8816c - core[a373ad73a504971]::panicking::panic_fmt
[INFO] [stdout]   11:     0x609a7bedbb19 - libairspy_rs[8fe50afca4e7f34d]::test_vectors::parse_all::<f32, libairspy_rs[8fe50afca4e7f34d]::test_vectors::load_scenario::{closure#2}>::{closure#0}
[INFO] [stdout]   12:     0x609a7bedca37 - libairspy_rs[8fe50afca4e7f34d]::test_vectors::load_scenario
[INFO] [stdout]   13:     0x609a7bec8339 - <libairspy_rs[8fe50afca4e7f34d]::iqconverter_int16::tests::matches_c_golden_vectors_bit_for_bit::{closure#0} as core[a373ad73a504971]::ops::function::FnOnce<()>>::call_once
[INFO] [stdout]   14:     0x609a7bee8d4b - test[aada8e7e76ba119b]::__rust_begin_short_backtrace::<core[a373ad73a504971]::result::Result<(), alloc[2e1b2a31b91974c5]::string::String>, fn() -> core[a373ad73a504971]::result::Result<(), alloc[2e1b2a31b91974c5]::string::String>>
[INFO] [stdout]   15:     0x609a7bef5f25 - test[aada8e7e76ba119b]::run_test::{closure#0}
[INFO] [stdout]   16:     0x609a7beef814 - std[617be2ca0a6fd877]::sys::backtrace::__rust_begin_short_backtrace::<test[aada8e7e76ba119b]::run_test::{closure#1}, ()>
[INFO] [stdout]   17:     0x609a7bef8fb2 - <std[617be2ca0a6fd877]::thread::lifecycle::spawn_unchecked<test[aada8e7e76ba119b]::run_test::{closure#1}, ()>::{closure#1} as core[a373ad73a504971]::ops::function::FnOnce<()>>::call_once::{shim:vtable#0}
[INFO] [stdout]   18:     0x609a7bf7174f - <std[617be2ca0a6fd877]::sys::thread::unix::Thread>::new::thread_start
[INFO] [stdout]   19:     0x737329e9cdfa - <unknown>
[INFO] [stdout]   20:     0x737329f303d4 - clone
[INFO] [stdout]   21:                0x0 - <unknown>
[INFO] [stdout] 
[INFO] [stdout] ---- iqconverter_int16::tests::reset_restores_fresh_converter_behavior stdout ----
[INFO] [stdout] 
[INFO] [stdout] thread 'iqconverter_int16::tests::reset_restores_fresh_converter_behavior' (528) panicked at src/test_vectors.rs:65:29:
[INFO] [stdout] internal error: entered unreachable code: fixture /opt/rustwide/workdir/../../test-data/iq/noise.input.txt unreadable: No such file or directory (os error 2)
[INFO] [stdout] stack backtrace:
[INFO] [stdout]    0:     0x609a7bf72281 - <<std[617be2ca0a6fd877]::sys::backtrace::BacktraceLock>::print::DisplayBacktrace as core[a373ad73a504971]::fmt::Display>::fmt
[INFO] [stdout]    1:     0x609a7bf87a0a - core[a373ad73a504971]::fmt::write
[INFO] [stdout]    2:     0x609a7bf7680c - <alloc[2e1b2a31b91974c5]::vec::Vec<u8> as core[a373ad73a504971]::io::write::Write>::write_fmt
[INFO] [stdout]    3:     0x609a7bf4d5b6 - std[617be2ca0a6fd877]::panicking::default_hook::{closure#0}
[INFO] [stdout]    4:     0x609a7bf69f59 - std[617be2ca0a6fd877]::panicking::default_hook
[INFO] [stdout]    5:     0x609a7bef5900 - test[aada8e7e76ba119b]::test_main_inner::{closure#0}
[INFO] [stdout]    6:     0x609a7bf6a112 - std[617be2ca0a6fd877]::panicking::panic_with_hook
[INFO] [stdout]    7:     0x609a7bf4d662 - std[617be2ca0a6fd877]::panicking::panic_handler::{closure#0}
[INFO] [stdout]    8:     0x609a7bf46149 - std[617be2ca0a6fd877]::sys::backtrace::__rust_end_short_backtrace::<std[617be2ca0a6fd877]::panicking::panic_handler::{closure#0}, !>
[INFO] [stdout]    9:     0x609a7bf4e26d - __rustc[ea4f61d10b84890b]::rust_begin_unwind
[INFO] [stdout]   10:     0x609a7bf8816c - core[a373ad73a504971]::panicking::panic_fmt
[INFO] [stdout]   11:     0x609a7bedbb19 - libairspy_rs[8fe50afca4e7f34d]::test_vectors::parse_all::<f32, libairspy_rs[8fe50afca4e7f34d]::test_vectors::load_scenario::{closure#2}>::{closure#0}
[INFO] [stdout]   12:     0x609a7bedca37 - libairspy_rs[8fe50afca4e7f34d]::test_vectors::load_scenario
[INFO] [stdout]   13:     0x609a7bec893d - <libairspy_rs[8fe50afca4e7f34d]::iqconverter_int16::tests::reset_restores_fresh_converter_behavior::{closure#0} as core[a373ad73a504971]::ops::function::FnOnce<()>>::call_once
[INFO] [stdout]   14:     0x609a7bee8d4b - test[aada8e7e76ba119b]::__rust_begin_short_backtrace::<core[a373ad73a504971]::result::Result<(), alloc[2e1b2a31b91974c5]::string::String>, fn() -> core[a373ad73a504971]::result::Result<(), alloc[2e1b2a31b91974c5]::string::String>>
[INFO] [stdout]   15:     0x609a7bef5f25 - test[aada8e7e76ba119b]::run_test::{closure#0}
[INFO] [stdout]   16:     0x609a7beef814 - std[617be2ca0a6fd877]::sys::backtrace::__rust_begin_short_backtrace::<test[aada8e7e76ba119b]::run_test::{closure#1}, ()>
[INFO] [stdout]   17:     0x609a7bef8fb2 - <std[617be2ca0a6fd877]::thread::lifecycle::spawn_unchecked<test[aada8e7e76ba119b]::run_test::{closure#1}, ()>::{closure#1} as core[a373ad73a504971]::ops::function::FnOnce<()>>::call_once::{shim:vtable#0}
[INFO] [stdout]   18:     0x609a7bf7174f - <std[617be2ca0a6fd877]::sys::thread::unix::Thread>::new::thread_start
[INFO] [stdout]   19:     0x737329e9cdfa - <unknown>
[INFO] [stdout]   20:     0x737329f303d4 - clone
[INFO] [stdout]   21:                0x0 - <unknown>
[INFO] [stdout] 
[INFO] [stdout] ---- test_vectors::tests::all_scenarios_load_with_expected_shape stdout ----
[INFO] [stdout] 
[INFO] [stdout] thread 'test_vectors::tests::all_scenarios_load_with_expected_shape' (576) panicked at src/test_vectors.rs:65:29:
[INFO] [stdout] internal error: entered unreachable code: fixture /opt/rustwide/workdir/../../test-data/iq/impulse.input.txt unreadable: No such file or directory (os error 2)
[INFO] [stdout] stack backtrace:
[INFO] [stdout]    0:     0x609a7bf72281 - <<std[617be2ca0a6fd877]::sys::backtrace::BacktraceLock>::print::DisplayBacktrace as core[a373ad73a504971]::fmt::Display>::fmt
[INFO] [stdout]    1:     0x609a7bf87a0a - core[a373ad73a504971]::fmt::write
[INFO] [stdout]    2:     0x609a7bf7680c - <alloc[2e1b2a31b91974c5]::vec::Vec<u8> as core[a373ad73a504971]::io::write::Write>::write_fmt
[INFO] [stdout]    3:     0x609a7bf4d5b6 - std[617be2ca0a6fd877]::panicking::default_hook::{closure#0}
[INFO] [stdout]    4:     0x609a7bf69f59 - std[617be2ca0a6fd877]::panicking::default_hook
[INFO] [stdout]    5:     0x609a7bef5900 - test[aada8e7e76ba119b]::test_main_inner::{closure#0}
[INFO] [stdout]    6:     0x609a7bf6a112 - std[617be2ca0a6fd877]::panicking::panic_with_hook
[INFO] [stdout]    7:     0x609a7bf4d662 - std[617be2ca0a6fd877]::panicking::panic_handler::{closure#0}
[INFO] [stdout]    8:     0x609a7bf46149 - std[617be2ca0a6fd877]::sys::backtrace::__rust_end_short_backtrace::<std[617be2ca0a6fd877]::panicking::panic_handler::{closure#0}, !>
[INFO] [stdout]    9:     0x609a7bf4e26d - __rustc[ea4f61d10b84890b]::rust_begin_unwind
[INFO] [stdout]   10:     0x609a7bf8816c - core[a373ad73a504971]::panicking::panic_fmt
[INFO] [stdout]   11:     0x609a7bedbb19 - libairspy_rs[8fe50afca4e7f34d]::test_vectors::parse_all::<f32, libairspy_rs[8fe50afca4e7f34d]::test_vectors::load_scenario::{closure#2}>::{closure#0}
[INFO] [stdout]   12:     0x609a7bedca37 - libairspy_rs[8fe50afca4e7f34d]::test_vectors::load_scenario
[INFO] [stdout]   13:     0x609a7becf0dc - <libairspy_rs[8fe50afca4e7f34d]::test_vectors::tests::all_scenarios_load_with_expected_shape::{closure#0} as core[a373ad73a504971]::ops::function::FnOnce<()>>::call_once
[INFO] [stdout]   14:     0x609a7bee8d4b - test[aada8e7e76ba119b]::__rust_begin_short_backtrace::<core[a373ad73a504971]::result::Result<(), alloc[2e1b2a31b91974c5]::string::String>, fn() -> core[a373ad73a504971]::result::Result<(), alloc[2e1b2a31b91974c5]::string::String>>
[INFO] [stdout]   15:     0x609a7bef5f25 - test[aada8e7e76ba119b]::run_test::{closure#0}
[INFO] [stdout]   16:     0x609a7beef814 - std[617be2ca0a6fd877]::sys::backtrace::__rust_begin_short_backtrace::<test[aada8e7e76ba119b]::run_test::{closure#1}, ()>
[INFO] [stdout]   17:     0x609a7bef8fb2 - <std[617be2ca0a6fd877]::thread::lifecycle::spawn_unchecked<test[aada8e7e76ba119b]::run_test::{closure#1}, ()>::{closure#1} as core[a373ad73a504971]::ops::function::FnOnce<()>>::call_once::{shim:vtable#0}
[INFO] [stdout]   18:     0x609a7bf7174f - <std[617be2ca0a6fd877]::sys::thread::unix::Thread>::new::thread_start
[INFO] [stdout]   19:     0x737329e9cdfa - <unknown>
[INFO] [stdout]   20:     0x737329f303d4 - clone
[INFO] [stdout]   21:                0x0 - <unknown>
[INFO] [stdout] 
[INFO] [stdout] ---- test_vectors::tests::float_bits_decode_to_finite_values stdout ----
[INFO] [stdout] 
[INFO] [stdout] thread 'test_vectors::tests::float_bits_decode_to_finite_values' (577) panicked at src/test_vectors.rs:65:29:
[INFO] [stdout] internal error: entered unreachable code: fixture /opt/rustwide/workdir/../../test-data/iq/impulse.input.txt unreadable: No such file or directory (os error 2)
[INFO] [stdout] stack backtrace:
[INFO] [stdout]    0:     0x609a7bf72281 - <<std[617be2ca0a6fd877]::sys::backtrace::BacktraceLock>::print::DisplayBacktrace as core[a373ad73a504971]::fmt::Display>::fmt
[INFO] [stdout]    1:     0x609a7bf87a0a - core[a373ad73a504971]::fmt::write
[INFO] [stdout]    2:     0x609a7bf7680c - <alloc[2e1b2a31b91974c5]::vec::Vec<u8> as core[a373ad73a504971]::io::write::Write>::write_fmt
[INFO] [stdout]    3:     0x609a7bf4d5b6 - std[617be2ca0a6fd877]::panicking::default_hook::{closure#0}
[INFO] [stdout]    4:     0x609a7bf69f59 - std[617be2ca0a6fd877]::panicking::default_hook
[INFO] [stdout]    5:     0x609a7bef5900 - test[aada8e7e76ba119b]::test_main_inner::{closure#0}
[INFO] [stdout]    6:     0x609a7bf6a112 - std[617be2ca0a6fd877]::panicking::panic_with_hook
[INFO] [stdout]    7:     0x609a7bf4d662 - std[617be2ca0a6fd877]::panicking::panic_handler::{closure#0}
[INFO] [stdout]    8:     0x609a7bf46149 - std[617be2ca0a6fd877]::sys::backtrace::__rust_end_short_backtrace::<std[617be2ca0a6fd877]::panicking::panic_handler::{closure#0}, !>
[INFO] [stdout]    9:     0x609a7bf4e26d - __rustc[ea4f61d10b84890b]::rust_begin_unwind
[INFO] [stdout]   10:     0x609a7bf8816c - core[a373ad73a504971]::panicking::panic_fmt
[INFO] [stdout]   11:     0x609a7bedbb19 - libairspy_rs[8fe50afca4e7f34d]::test_vectors::parse_all::<f32, libairspy_rs[8fe50afca4e7f34d]::test_vectors::load_scenario::{closure#2}>::{closure#0}
[INFO] [stdout]   12:     0x609a7bedca37 - libairspy_rs[8fe50afca4e7f34d]::test_vectors::load_scenario
[INFO] [stdout]   13:     0x609a7becedad - <libairspy_rs[8fe50afca4e7f34d]::test_vectors::tests::float_bits_decode_to_finite_values::{closure#0} as core[a373ad73a504971]::ops::function::FnOnce<()>>::call_once
[INFO] [stdout]   14:     0x609a7bee8d4b - test[aada8e7e76ba119b]::__rust_begin_short_backtrace::<core[a373ad73a504971]::result::Result<(), alloc[2e1b2a31b91974c5]::string::String>, fn() -> core[a373ad73a504971]::result::Result<(), alloc[2e1b2a31b91974c5]::string::String>>
[INFO] [stdout]   15:     0x609a7bef5f25 - test[aada8e7e76ba119b]::run_test::{closure#0}
[INFO] [stdout]   16:     0x609a7beef814 - std[617be2ca0a6fd877]::sys::backtrace::__rust_begin_short_backtrace::<test[aada8e7e76ba119b]::run_test::{closure#1}, ()>
[INFO] [stdout]   17:     0x609a7bef8fb2 - <std[617be2ca0a6fd877]::thread::lifecycle::spawn_unchecked<test[aada8e7e76ba119b]::run_test::{closure#1}, ()>::{closure#1} as core[a373ad73a504971]::ops::function::FnOnce<()>>::call_once::{shim:vtable#0}
[INFO] [stdout]   18:     0x609a7bf7174f - <std[617be2ca0a6fd877]::sys::thread::unix::Thread>::new::thread_start
[INFO] [stdout]   19:     0x737329e9cdfa - <unknown>
[INFO] [stdout]   20:     0x737329f303d4 - clone
[INFO] [stdout]   21:                0x0 - <unknown>
[INFO] [stdout] 
[INFO] [stdout] ---- test_vectors::tests::scenario_contents_match_their_definitions stdout ----
[INFO] [stdout] 
[INFO] [stdout] thread 'test_vectors::tests::scenario_contents_match_their_definitions' (578) panicked at src/test_vectors.rs:65:29:
[INFO] [stdout] internal error: entered unreachable code: fixture /opt/rustwide/workdir/../../test-data/iq/impulse.input.txt unreadable: No such file or directory (os error 2)
[INFO] [stdout] stack backtrace:
[INFO] [stdout]    0:     0x609a7bf72281 - <<std[617be2ca0a6fd877]::sys::backtrace::BacktraceLock>::print::DisplayBacktrace as core[a373ad73a504971]::fmt::Display>::fmt
[INFO] [stdout]    1:     0x609a7bf87a0a - core[a373ad73a504971]::fmt::write
[INFO] [stdout]    2:     0x609a7bf7680c - <alloc[2e1b2a31b91974c5]::vec::Vec<u8> as core[a373ad73a504971]::io::write::Write>::write_fmt
[INFO] [stdout]    3:     0x609a7bf4d5b6 - std[617be2ca0a6fd877]::panicking::default_hook::{closure#0}
[INFO] [stdout]    4:     0x609a7bf69f59 - std[617be2ca0a6fd877]::panicking::default_hook
[INFO] [stdout]    5:     0x609a7bef5900 - test[aada8e7e76ba119b]::test_main_inner::{closure#0}
[INFO] [stdout]    6:     0x609a7bf6a112 - std[617be2ca0a6fd877]::panicking::panic_with_hook
[INFO] [stdout]    7:     0x609a7bf4d662 - std[617be2ca0a6fd877]::panicking::panic_handler::{closure#0}
[INFO] [stdout]    8:     0x609a7bf46149 - std[617be2ca0a6fd877]::sys::backtrace::__rust_end_short_backtrace::<std[617be2ca0a6fd877]::panicking::panic_handler::{closure#0}, !>
[INFO] [stdout]    9:     0x609a7bf4e26d - __rustc[ea4f61d10b84890b]::rust_begin_unwind
[INFO] [stdout]   10:     0x609a7bf8816c - core[a373ad73a504971]::panicking::panic_fmt
[INFO] [stdout]   11:     0x609a7bedbb19 - libairspy_rs[8fe50afca4e7f34d]::test_vectors::parse_all::<f32, libairspy_rs[8fe50afca4e7f34d]::test_vectors::load_scenario::{closure#2}>::{closure#0}
[INFO] [stdout]   12:     0x609a7bedca37 - libairspy_rs[8fe50afca4e7f34d]::test_vectors::load_scenario
[INFO] [stdout]   13:     0x609a7becf619 - <libairspy_rs[8fe50afca4e7f34d]::test_vectors::tests::scenario_contents_match_their_definitions::{closure#0} as core[a373ad73a504971]::ops::function::FnOnce<()>>::call_once
[INFO] [stdout]   14:     0x609a7bee8d4b - test[aada8e7e76ba119b]::__rust_begin_short_backtrace::<core[a373ad73a504971]::result::Result<(), alloc[2e1b2a31b91974c5]::string::String>, fn() -> core[a373ad73a504971]::result::Result<(), alloc[2e1b2a31b91974c5]::string::String>>
[INFO] [stdout]   15:     0x609a7bef5f25 - test[aada8e7e76ba119b]::run_test::{closure#0}
[INFO] [stdout]   16:     0x609a7beef814 - std[617be2ca0a6fd877]::sys::backtrace::__rust_begin_short_backtrace::<test[aada8e7e76ba119b]::run_test::{closure#1}, ()>
[INFO] [stdout]   17:     0x609a7bef8fb2 - <std[617be2ca0a6fd877]::thread::lifecycle::spawn_unchecked<test[aada8e7e76ba119b]::run_test::{closure#1}, ()>::{closure#1} as core[a373ad73a504971]::ops::function::FnOnce<()>>::call_once::{shim:vtable#0}
[INFO] [stdout]   18:     0x609a7bf7174f - <std[617be2ca0a6fd877]::sys::thread::unix::Thread>::new::thread_start
[INFO] [stdout]   19:     0x737329e9cdfa - <unknown>
[INFO] [stdout]   20:     0x737329f303d4 - clone
[INFO] [stdout]   21:                0x0 - <unknown>
[INFO] [stdout] 
[INFO] [stdout] 
[INFO] [stdout] failures:
[INFO] [stdout]     conversion::tests::dispatch_float32_iq_matches_golden_vectors
[INFO] [stdout]     conversion::tests::dispatch_int16_iq_matches_golden_vectors
[INFO] [stdout]     conversion::tests::dispatch_int16_iq_state_persists_across_blocks
[INFO] [stdout]     iqconverter_float::tests::matches_c_golden_vectors_bit_for_bit
[INFO] [stdout]     iqconverter_float::tests::reset_restores_fresh_converter_behavior
[INFO] [stdout]     iqconverter_int16::tests::matches_c_golden_vectors_bit_for_bit
[INFO] [stdout]     iqconverter_int16::tests::reset_restores_fresh_converter_behavior
[INFO] [stdout]     test_vectors::tests::all_scenarios_load_with_expected_shape
[INFO] [stdout]     test_vectors::tests::float_bits_decode_to_finite_values
[INFO] [stdout]     test_vectors::tests::scenario_contents_match_their_definitions
[INFO] [stdout] 
[INFO] [stdout] test result: FAILED. 111 passed; 10 failed; 0 ignored; 0 measured; 0 filtered out; finished in 0.53s
[INFO] [stdout] 
[INFO] [stderr] error: test failed, to rerun pass `--lib`
[INFO] running `Command { std: "docker" "inspect" "bfa7c6151476342272c7a8eca19b76956f4f56d560ffe8237bd9e9080244959e", kill_on_drop: false }`
[INFO] running `Command { std: "docker" "rm" "-f" "bfa7c6151476342272c7a8eca19b76956f4f56d560ffe8237bd9e9080244959e", kill_on_drop: false }`
[INFO] [stdout] bfa7c6151476342272c7a8eca19b76956f4f56d560ffe8237bd9e9080244959e
