[INFO] fetching crate libafl_bolts 0.16.1...
[INFO] testing libafl_bolts-0.16.1 against 1.99.0-beta.8+cargoflags=--release for beta-release-1.100-2
[INFO] extracting crate libafl_bolts 0.16.1 into /workspace/builds/worker-2-tc1/source
[INFO] started tweaking crates.io crate libafl_bolts 0.16.1
[INFO] removed 0 missing examples
[INFO] finished tweaking crates.io crate libafl_bolts 0.16.1
[INFO] tweaked toml for crates.io crate libafl_bolts 0.16.1 written to /workspace/builds/worker-2-tc1/source/Cargo.toml
[INFO] validating manifest of crates.io crate libafl_bolts 0.16.1 on toolchain 1.99.0-beta.8
[INFO] running `Command { std: CARGO_HOME="/workspace/cargo-home" RUSTUP_HOME="/workspace/rustup-home" "/workspace/cargo-home/bin/cargo" "+1.99.0-beta.8" "metadata" "--manifest-path" "Cargo.toml" "--no-deps", kill_on_drop: false }`
[INFO] crate crates.io crate libafl_bolts 0.16.1 already has a lockfile, it will not be regenerated
[INFO] running `Command { std: CARGO_HOME="/workspace/cargo-home" RUSTUP_HOME="/workspace/rustup-home" "/workspace/cargo-home/bin/cargo" "+1.99.0-beta.8" "fetch" "--manifest-path" "Cargo.toml", kill_on_drop: false }`
[INFO] [stderr]     Updating crates.io index
[INFO] [stderr]  Downloading crates ...
[INFO] [stderr]   Downloaded xxhash-rust v0.8.18
[INFO] [stderr]   Downloaded uds v0.4.2
[INFO] [stderr]   Downloaded tuple_list_ex v0.16.1
[INFO] [stderr]   Downloaded tuple_list v0.1.3
[INFO] [stderr]   Downloaded ownedref v0.16.1
[INFO] [stderr]   Downloaded serial_test v4.0.1
[INFO] [stderr]   Downloaded nonzero_macros v0.16.1
[INFO] [stderr]   Downloaded no_std_time v0.16.1
[INFO] [stderr]   Downloaded libafl_derive v0.16.1
[INFO] [stderr]   Downloaded build_id2 v0.16.1
[INFO] [stderr]   Downloaded libafl_core v0.16.1
[INFO] [stderr]   Downloaded pyo3-macros v0.29.2
[INFO] [stderr]   Downloaded serial_test_derive v4.0.1
[INFO] [stderr]   Downloaded core_affinity2 v0.16.1
[INFO] [stderr]   Downloaded pyo3-ffi v0.29.2
[INFO] [stderr]   Downloaded fast_rands v0.16.1
[INFO] [stderr]   Downloaded serde_anymap v0.16.1
[INFO] [stderr]   Downloaded linktime-proc-macro v0.2.3
[INFO] [stderr]   Downloaded exceptional v0.16.1
[INFO] [stderr]   Downloaded pyo3-build-config v0.29.2
[INFO] [stderr]   Downloaded shmem_providers v0.16.1
[INFO] [stderr]   Downloaded ctor v1.0.13
[INFO] [stderr]   Downloaded minibsod v0.16.1
[INFO] [stderr]   Downloaded mach2 v0.6.0
[INFO] [stderr]   Downloaded link-section v0.19.3
[INFO] [stderr]   Downloaded ll_mp v0.16.1
[INFO] [stderr]   Downloaded pyo3-macros-backend v0.29.2
[INFO] [stderr]   Downloaded pyo3 v0.29.2
[INFO] running `Command { std: "docker" "create" "-v" "/var/lib/crater-agent-workspace/builds/worker-2-tc1/source:/opt/rustwide/workdir:ro,Z" "-v" "/var/lib/crater-agent-workspace/builds/worker-2-tc1/target:/opt/rustwide/target:rw,Z" "-v" "/var/lib/crater-agent-workspace/cargo-home:/opt/rustwide/cargo-home:ro,Z" "-v" "/var/lib/crater-agent-workspace/rustup-home:/opt/rustwide/rustup-home:ro,Z" "-m" "1610612736" "--network" "none" "ghcr.io/rust-lang/crates-build-env/linux@sha256:77db811e55d90add9212f6832c23229e3de5f1c1f9905e8cb07319ea15df73ac" "sleep" "infinity", kill_on_drop: false }`
[INFO] [stdout] 2c54982c6beb25f0239f00c96cb6826346fded01deab53518bd8abfc75ecdd98
[INFO] running `Command { std: "docker" "start" "2c54982c6beb25f0239f00c96cb6826346fded01deab53518bd8abfc75ecdd98", kill_on_drop: false }`
[INFO] running `Command { std: "docker" "inspect" "2c54982c6beb25f0239f00c96cb6826346fded01deab53518bd8abfc75ecdd98", kill_on_drop: false }`
[INFO] running `Command { std: "docker" "exec" "-e" "SOURCE_DIR=/opt/rustwide/workdir" "-e" "CARGO_HOME=/opt/rustwide/cargo-home" "-e" "RUSTUP_HOME=/opt/rustwide/rustup-home" "-e" "CARGO_TARGET_DIR=/opt/rustwide/target" "-w" "/opt/rustwide/workdir" "--user" "0:0" "2c54982c6beb25f0239f00c96cb6826346fded01deab53518bd8abfc75ecdd98" "/opt/rustwide/cargo-home/bin/cargo" "+1.99.0-beta.8" "metadata" "--no-deps" "--format-version=1", kill_on_drop: false }`
[INFO] running `Command { std: "docker" "inspect" "2c54982c6beb25f0239f00c96cb6826346fded01deab53518bd8abfc75ecdd98", kill_on_drop: false }`
[INFO] running `Command { std: "docker" "exec" "-e" "SOURCE_DIR=/opt/rustwide/workdir" "-e" "CARGO_HOME=/opt/rustwide/cargo-home" "-e" "RUSTUP_HOME=/opt/rustwide/rustup-home" "-e" "CARGO_TARGET_DIR=/opt/rustwide/target" "-e" "CARGO_INCREMENTAL=0" "-e" "RUST_BACKTRACE=full" "-e" "RUSTFLAGS=--cap-lints=warn" "-e" "RUSTDOCFLAGS=--cap-lints=warn" "-w" "/opt/rustwide/workdir" "--user" "0:0" "2c54982c6beb25f0239f00c96cb6826346fded01deab53518bd8abfc75ecdd98" "/opt/rustwide/cargo-home/bin/cargo" "+1.99.0-beta.8" "build" "--frozen" "--message-format=json" "--release", kill_on_drop: false }`
[INFO] [stderr]    Compiling libc v0.2.189
[INFO] [stderr]    Compiling cfg_aliases v0.2.2
[INFO] [stderr]    Compiling nonzero_macros v0.16.1
[INFO] [stderr]    Compiling syn v2.0.119
[INFO] [stderr]    Compiling typeid v1.0.3
[INFO] [stderr]    Compiling thiserror-impl v2.0.20
[INFO] [stderr]    Compiling serde_derive v1.0.229
[INFO] [stderr]    Compiling memoffset v0.9.1
[INFO] [stderr]    Compiling serial_test_derive v4.0.1
[INFO] [stderr]    Compiling hashbrown v0.17.1
[INFO] [stderr]    Compiling ahash v0.8.12
[INFO] [stderr]    Compiling object v0.37.3
[INFO] [stderr]    Compiling erased-serde v0.4.10
[INFO] [stderr]    Compiling tuple_list v0.1.3
[INFO] [stderr]    Compiling link-section v0.19.3
[INFO] [stderr]    Compiling gimli v0.32.3
[INFO] [stderr]    Compiling nix v0.31.3
[INFO] [stderr]    Compiling linktime-proc-macro v0.2.3
[INFO] [stderr]    Compiling memchr v2.8.3
[INFO] [stderr]    Compiling safe_arch v1.1.0
[INFO] [stderr]    Compiling miniz_oxide v0.9.1
[INFO] [stderr]    Compiling miniz_oxide v0.8.9
[INFO] [stderr]    Compiling libafl_bolts v0.16.1 (/opt/rustwide/workdir)
[INFO] [stderr]    Compiling rustc-demangle v0.1.28
[INFO] [stderr]    Compiling no_std_time v0.16.1
[INFO] [stderr]    Compiling libafl_derive v0.16.1
[INFO] [stderr]    Compiling xxhash-rust v0.8.18
[INFO] [stderr]    Compiling wide v1.6.1
[INFO] [stderr]    Compiling ctor v1.0.13
[INFO] [stderr]    Compiling thiserror v2.0.20
[INFO] [stderr]    Compiling cobs v0.3.0
[INFO] [stderr]    Compiling parking_lot_core v0.9.12
[INFO] [stderr]    Compiling getrandom v0.4.3
[INFO] [stderr]    Compiling uds v0.4.2
[INFO] [stderr]    Compiling hostname v0.4.2
[INFO] [stderr]    Compiling uuid v1.24.0
[INFO] [stderr]    Compiling parking_lot v0.12.5
[INFO] [stderr]    Compiling serial_test v4.0.1
[INFO] [stderr]    Compiling build_id2 v0.16.1
[INFO] [stderr]    Compiling serde v1.0.229
[INFO] [stderr]    Compiling addr2line v0.25.1
[INFO] [stderr]    Compiling num_enum_derive v0.7.6
[INFO] [stderr]    Compiling postcard v1.1.3
[INFO] [stderr]    Compiling fast_rands v0.16.1
[INFO] [stderr]    Compiling num_enum v0.7.6
[INFO] [stderr]    Compiling libafl_core v0.16.1
[INFO] [stderr]    Compiling exceptional v0.16.1
[INFO] [stderr]    Compiling shmem_providers v0.16.1
[INFO] [stderr]    Compiling ownedref v0.16.1
[INFO] [stderr]    Compiling serde_anymap v0.16.1
[INFO] [stderr]    Compiling core_affinity2 v0.16.1
[INFO] [stderr]    Compiling minibsod v0.16.1
[INFO] [stderr]    Compiling backtrace v0.3.76
[INFO] [stderr]    Compiling tuple_list_ex v0.16.1
[INFO] [stderr]    Compiling ll_mp v0.16.1
[INFO] [stderr]     Finished `release` profile [optimized] target(s) in 22.98s
[INFO] running `Command { std: "docker" "inspect" "2c54982c6beb25f0239f00c96cb6826346fded01deab53518bd8abfc75ecdd98", kill_on_drop: false }`
[INFO] running `Command { std: "docker" "exec" "-e" "SOURCE_DIR=/opt/rustwide/workdir" "-e" "CARGO_HOME=/opt/rustwide/cargo-home" "-e" "RUSTUP_HOME=/opt/rustwide/rustup-home" "-e" "CARGO_TARGET_DIR=/opt/rustwide/target" "-e" "CARGO_INCREMENTAL=0" "-e" "RUST_BACKTRACE=full" "-e" "RUSTFLAGS=--cap-lints=warn" "-e" "RUSTDOCFLAGS=--cap-lints=warn" "-w" "/opt/rustwide/workdir" "--user" "0:0" "2c54982c6beb25f0239f00c96cb6826346fded01deab53518bd8abfc75ecdd98" "/opt/rustwide/cargo-home/bin/cargo" "+1.99.0-beta.8" "test" "--frozen" "--no-run" "--message-format=json" "--release", kill_on_drop: false }`
[INFO] [stderr]    Compiling getrandom v0.4.3
[INFO] [stderr]    Compiling num-traits v0.2.19
[INFO] [stderr]    Compiling clap_derive v4.6.4
[INFO] [stderr]    Compiling clap_builder v4.6.6
[INFO] [stderr]    Compiling either v1.17.0
[INFO] [stderr]    Compiling uuid v1.24.0
[INFO] [stderr]    Compiling rand v0.10.2
[INFO] [stderr]    Compiling itertools v0.15.0
[INFO] [stderr]    Compiling shmem_providers v0.16.1
[INFO] [stderr]    Compiling build_id2 v0.16.1
[INFO] [stderr]    Compiling ll_mp v0.16.1
[INFO] [stderr]    Compiling chrono v0.4.45
[INFO] [stderr]    Compiling libafl_bolts v0.16.1 (/opt/rustwide/workdir)
[INFO] [stderr]    Compiling clap v4.6.6
[INFO] [stderr]     Finished `release` profile [optimized] target(s) in 17.62s
[INFO] running `Command { std: "docker" "inspect" "2c54982c6beb25f0239f00c96cb6826346fded01deab53518bd8abfc75ecdd98", kill_on_drop: false }`
[INFO] running `Command { std: "docker" "exec" "-e" "SOURCE_DIR=/opt/rustwide/workdir" "-e" "CARGO_HOME=/opt/rustwide/cargo-home" "-e" "RUSTUP_HOME=/opt/rustwide/rustup-home" "-e" "CARGO_TARGET_DIR=/opt/rustwide/target" "-e" "CARGO_INCREMENTAL=0" "-e" "RUST_BACKTRACE=full" "-e" "RUSTFLAGS=--cap-lints=warn" "-e" "RUSTDOCFLAGS=--cap-lints=warn" "-w" "/opt/rustwide/workdir" "--user" "0:0" "2c54982c6beb25f0239f00c96cb6826346fded01deab53518bd8abfc75ecdd98" "/opt/rustwide/cargo-home/bin/cargo" "+1.99.0-beta.8" "test" "--frozen" "--release", kill_on_drop: false }`
[INFO] [stderr]     Finished `release` profile [optimized] target(s) in 0.14s
[INFO] [stderr]      Running unittests src/lib.rs (/opt/rustwide/target/release/deps/libafl_bolts-0ba1483dca72963a)
[INFO] [stdout] 
[INFO] [stdout] running 10 tests
[INFO] [stdout] test staterestore::tests::test_state_restore ... ok
[INFO] [stdout] test simd::tests::test_simplify_map ... ok
[INFO] [stdout] test fs::test::test_atomic_file_write ... FAILED
[INFO] [stdout] [test compress::tests::test_threshold ... ok1792321933
[INFO] [stdout] .536388537stest math::test::get_cdf_fails_with_invalid_probs ... , ok1460
[INFO] [stdout] ] INFO: Test
[INFO] [stdout] test tests::test_logger ... ok
[INFO] [stdout] test math::test::test_integer_sqrt ... ok
[INFO] [stdout] test compress::tests::test_compression ... ok
[INFO] [stdout] [1792321933.537118077s, 1460] DEBUG: Get serial lock ''
[INFO] [stdout] [1792321933.537146437s, 1460] DEBUG: Serial acquire 0 
[INFO] [stdout] [1792321933.537167427s, 1460] DEBUG: Got serial ''
[INFO] [stdout] test fs::test::test_cloned_ref ... FAILED
[INFO] [stdout] [1792321933.537264747s, 1460] DEBUG: End serial
[INFO] [stdout] test staterestore::tests::test_state_restore_exiting ... ok
[INFO] [stdout] 
[INFO] [stdout] failures:
[INFO] [stdout] 
[INFO] [stdout] ---- fs::test::test_atomic_file_write stdout ----
[INFO] [stdout] 
[INFO] [stdout] thread 'fs::test::test_atomic_file_write' (1463) panicked at src/fs.rs:198:42:
[INFO] [stdout] called `Result::unwrap()` on an `Err` value: OsError(Os { code: 30, kind: ReadOnlyFilesystem, message: "Read-only file system" }, "io::Error ocurred", ErrorBacktrace)
[INFO] [stdout] stack backtrace:
[INFO] [stdout]    0:     0x56e5522e25b1 - <<std[70759c8f55707aa4]::sys::backtrace::BacktraceLock>::print::DisplayBacktrace as core[df12db4294e9bfd3]::fmt::Display>::fmt
[INFO] [stdout]    1:     0x56e5522f78ba - core[df12db4294e9bfd3]::fmt::write
[INFO] [stdout]    2:     0x56e5522e6b5c - <alloc[2182bb758b4b3781]::vec::Vec<u8> as core[df12db4294e9bfd3]::io::write::Write>::write_fmt
[INFO] [stdout]    3:     0x56e5522bdc96 - std[70759c8f55707aa4]::panicking::default_hook::{closure#0}
[INFO] [stdout]    4:     0x56e5522da539 - std[70759c8f55707aa4]::panicking::default_hook
[INFO] [stdout]    5:     0x56e552266ab0 - test[9d35eded1c95d3be]::test_main_inner::<test[9d35eded1c95d3be]::test_main_static::{closure#0}>::{closure#0}
[INFO] [stdout]    6:     0x56e5522da6f2 - std[70759c8f55707aa4]::panicking::panic_with_hook
[INFO] [stdout]    7:     0x56e5522bdd42 - std[70759c8f55707aa4]::panicking::panic_handler::{closure#0}
[INFO] [stdout]    8:     0x56e5522b6829 - std[70759c8f55707aa4]::sys::backtrace::__rust_end_short_backtrace::<std[70759c8f55707aa4]::panicking::panic_handler::{closure#0}, !>
[INFO] [stdout]    9:     0x56e5522bea2d - __rustc[8fa7c3cbc660c2b3]::rust_begin_unwind
[INFO] [stdout]   10:     0x56e5522f7fec - core[df12db4294e9bfd3]::panicking::panic_fmt
[INFO] [stdout]   11:     0x56e5522f7dc2 - core[df12db4294e9bfd3]::result::unwrap_failed
[INFO] [stdout]   12:     0x56e5522583a5 - <libafl_bolts[7ea0de353bbe9c9]::fs::test::test_atomic_file_write::{closure#0} as core[df12db4294e9bfd3]::ops::function::FnOnce<()>>::call_once
[INFO] [stdout]   13:     0x56e552259d9b - test[9d35eded1c95d3be]::__rust_begin_short_backtrace::<core[df12db4294e9bfd3]::result::Result<(), alloc[2182bb758b4b3781]::string::String>, fn() -> core[df12db4294e9bfd3]::result::Result<(), alloc[2182bb758b4b3781]::string::String>>
[INFO] [stdout]   14:     0x56e552267405 - test[9d35eded1c95d3be]::run_test::{closure#0}
[INFO] [stdout]   15:     0x56e552260cc4 - std[70759c8f55707aa4]::sys::backtrace::__rust_begin_short_backtrace::<test[9d35eded1c95d3be]::run_test::{closure#1}, ()>
[INFO] [stdout]   16:     0x56e55226a562 - <std[70759c8f55707aa4]::thread::lifecycle::spawn_unchecked<test[9d35eded1c95d3be]::run_test::{closure#1}, ()>::{closure#1} as core[df12db4294e9bfd3]::ops::function::FnOnce<()>>::call_once::{shim:vtable#0}
[INFO] [stdout]   17:     0x56e5522e1ae9 - <std[70759c8f55707aa4]::sys::thread::unix::Thread>::new::thread_start
[INFO] [stdout]   18:     0x7760f3aa1dfa - <unknown>
[INFO] [stdout]   19:     0x7760f3b353d4 - clone
[INFO] [stdout]   20:                0x0 - <unknown>
[INFO] [stdout] 
[INFO] [stdout] ---- fs::test::test_cloned_ref stdout ----
[INFO] [stdout] 
[INFO] [stdout] thread 'fs::test::test_cloned_ref' (1464) panicked at src/fs.rs:206:64:
[INFO] [stdout] called `Result::unwrap()` on an `Err` value: OsError(Os { code: 30, kind: ReadOnlyFilesystem, message: "Read-only file system" }, "io::Error ocurred", ErrorBacktrace)
[INFO] [stdout] stack backtrace:
[INFO] [stdout]    0:     0x56e5522e25b1 - <<std[70759c8f55707aa4]::sys::backtrace::BacktraceLock>::print::DisplayBacktrace as core[df12db4294e9bfd3]::fmt::Display>::fmt
[INFO] [stdout]    1:     0x56e5522f78ba - core[df12db4294e9bfd3]::fmt::write
[INFO] [stdout]    2:     0x56e5522e6b5c - <alloc[2182bb758b4b3781]::vec::Vec<u8> as core[df12db4294e9bfd3]::io::write::Write>::write_fmt
[INFO] [stdout]    3:     0x56e5522bdc96 - std[70759c8f55707aa4]::panicking::default_hook::{closure#0}
[INFO] [stdout]    4:     0x56e5522da539 - std[70759c8f55707aa4]::panicking::default_hook
[INFO] [stdout]    5:     0x56e552266ab0 - test[9d35eded1c95d3be]::test_main_inner::<test[9d35eded1c95d3be]::test_main_static::{closure#0}>::{closure#0}
[INFO] [stdout]    6:     0x56e5522da6f2 - std[70759c8f55707aa4]::panicking::panic_with_hook
[INFO] [stdout]    7:     0x56e5522bdd42 - std[70759c8f55707aa4]::panicking::panic_handler::{closure#0}
[INFO] [stdout]    8:     0x56e5522b6829 - std[70759c8f55707aa4]::sys::backtrace::__rust_end_short_backtrace::<std[70759c8f55707aa4]::panicking::panic_handler::{closure#0}, !>
[INFO] [stdout]    9:     0x56e5522bea2d - __rustc[8fa7c3cbc660c2b3]::rust_begin_unwind
[INFO] [stdout]   10:     0x56e5522f7fec - core[df12db4294e9bfd3]::panicking::panic_fmt
[INFO] [stdout]   11:     0x56e5522f7dc2 - core[df12db4294e9bfd3]::result::unwrap_failed
[INFO] [stdout]   12:     0x56e552258180 - <libafl_bolts[7ea0de353bbe9c9]::fs::test::test_cloned_ref::{closure#0} as core[df12db4294e9bfd3]::ops::function::FnOnce<()>>::call_once
[INFO] [stdout]   13:     0x56e552259d9b - test[9d35eded1c95d3be]::__rust_begin_short_backtrace::<core[df12db4294e9bfd3]::result::Result<(), alloc[2182bb758b4b3781]::string::String>, fn() -> core[df12db4294e9bfd3]::result::Result<(), alloc[2182bb758b4b3781]::string::String>>
[INFO] [stdout]   14:     0x56e552267405 - test[9d35eded1c95d3be]::run_test::{closure#0}
[INFO] [stdout]   15:     0x56e552260cc4 - std[70759c8f55707aa4]::sys::backtrace::__rust_begin_short_backtrace::<test[9d35eded1c95d3be]::run_test::{closure#1}, ()>
[INFO] [stdout]   16:     0x56e55226a562 - <std[70759c8f55707aa4]::thread::lifecycle::spawn_unchecked<test[9d35eded1c95d3be]::run_test::{closure#1}, ()>::{closure#1} as core[df12db4294e9bfd3]::ops::function::FnOnce<()>>::call_once::{shim:vtable#0}
[INFO] [stdout]   17:     0x56e5522e1ae9 - <std[70759c8f55707aa4]::sys::thread::unix::Thread>::new::thread_start
[INFO] [stdout]   18:     0x7760f3aa1dfa - <unknown>
[INFO] [stdout]   19:     0x7760f3b353d4 - clone
[INFO] [stdout]   20:                0x0 - <unknown>
[INFO] [stdout] 
[INFO] [stdout] 
[INFO] [stdout] failures:
[INFO] [stdout]     fs::test::test_atomic_file_write
[INFO] [stdout]     fs::test::test_cloned_ref
[INFO] [stdout] 
[INFO] [stdout] test result: FAILED. 8 passed; 2 failed; 0 ignored; 0 measured; 0 filtered out; finished in 0.00s
[INFO] [stdout] 
[INFO] [stderr] error: test failed, to rerun pass `--lib`
[INFO] running `Command { std: "docker" "inspect" "2c54982c6beb25f0239f00c96cb6826346fded01deab53518bd8abfc75ecdd98", kill_on_drop: false }`
[INFO] running `Command { std: "docker" "rm" "-f" "2c54982c6beb25f0239f00c96cb6826346fded01deab53518bd8abfc75ecdd98", kill_on_drop: false }`
[INFO] [stdout] 2c54982c6beb25f0239f00c96cb6826346fded01deab53518bd8abfc75ecdd98
