[INFO] fetching crate lib_service_jwt 0.1.4...
[INFO] testing lib_service_jwt-0.1.4 against 1.99.0-beta.8+cargoflags=--release for beta-release-1.100-2
[INFO] extracting crate lib_service_jwt 0.1.4 into /workspace/builds/worker-0-tc1/source
[INFO] started tweaking crates.io crate lib_service_jwt 0.1.4
[INFO] removed 0 missing examples
[INFO] removed 0 missing tests
[INFO] finished tweaking crates.io crate lib_service_jwt 0.1.4
[INFO] tweaked toml for crates.io crate lib_service_jwt 0.1.4 written to /workspace/builds/worker-0-tc1/source/Cargo.toml
[INFO] validating manifest of crates.io crate lib_service_jwt 0.1.4 on toolchain 1.99.0-beta.8
[INFO] running `Command { std: CARGO_HOME="/workspace/cargo-home" RUSTUP_HOME="/workspace/rustup-home" "/workspace/cargo-home/bin/cargo" "+1.99.0-beta.8" "metadata" "--manifest-path" "Cargo.toml" "--no-deps", kill_on_drop: false }`
[INFO] crate crates.io crate lib_service_jwt 0.1.4 already has a lockfile, it will not be regenerated
[INFO] running `Command { std: CARGO_HOME="/workspace/cargo-home" RUSTUP_HOME="/workspace/rustup-home" "/workspace/cargo-home/bin/cargo" "+1.99.0-beta.8" "fetch" "--manifest-path" "Cargo.toml", kill_on_drop: false }`
[INFO] [stderr]  Downloading crates ...
[INFO] [stderr]   Downloaded jsonwebtoken v10.3.0
[INFO] running `Command { std: "docker" "create" "-v" "/var/lib/crater-agent-workspace/builds/worker-0-tc1/source:/opt/rustwide/workdir:ro,Z" "-v" "/var/lib/crater-agent-workspace/builds/worker-0-tc1/target:/opt/rustwide/target:rw,Z" "-v" "/var/lib/crater-agent-workspace/cargo-home:/opt/rustwide/cargo-home:ro,Z" "-v" "/var/lib/crater-agent-workspace/rustup-home:/opt/rustwide/rustup-home:ro,Z" "-m" "1610612736" "--network" "none" "ghcr.io/rust-lang/crates-build-env/linux@sha256:77db811e55d90add9212f6832c23229e3de5f1c1f9905e8cb07319ea15df73ac" "sleep" "infinity", kill_on_drop: false }`
[INFO] [stdout] aafc042f4d0328fcb9320496fd630a907ef39b10b70e1a489702669f51ad2705
[INFO] running `Command { std: "docker" "start" "aafc042f4d0328fcb9320496fd630a907ef39b10b70e1a489702669f51ad2705", kill_on_drop: false }`
[INFO] running `Command { std: "docker" "inspect" "aafc042f4d0328fcb9320496fd630a907ef39b10b70e1a489702669f51ad2705", kill_on_drop: false }`
[INFO] running `Command { std: "docker" "exec" "-e" "SOURCE_DIR=/opt/rustwide/workdir" "-e" "CARGO_HOME=/opt/rustwide/cargo-home" "-e" "RUSTUP_HOME=/opt/rustwide/rustup-home" "-e" "CARGO_TARGET_DIR=/opt/rustwide/target" "-w" "/opt/rustwide/workdir" "--user" "0:0" "aafc042f4d0328fcb9320496fd630a907ef39b10b70e1a489702669f51ad2705" "/opt/rustwide/cargo-home/bin/cargo" "+1.99.0-beta.8" "metadata" "--no-deps" "--format-version=1", kill_on_drop: false }`
[INFO] running `Command { std: "docker" "inspect" "aafc042f4d0328fcb9320496fd630a907ef39b10b70e1a489702669f51ad2705", kill_on_drop: false }`
[INFO] running `Command { std: "docker" "exec" "-e" "SOURCE_DIR=/opt/rustwide/workdir" "-e" "CARGO_HOME=/opt/rustwide/cargo-home" "-e" "RUSTUP_HOME=/opt/rustwide/rustup-home" "-e" "CARGO_TARGET_DIR=/opt/rustwide/target" "-e" "CARGO_INCREMENTAL=0" "-e" "RUST_BACKTRACE=full" "-e" "RUSTFLAGS=--cap-lints=warn" "-e" "RUSTDOCFLAGS=--cap-lints=warn" "-w" "/opt/rustwide/workdir" "--user" "0:0" "aafc042f4d0328fcb9320496fd630a907ef39b10b70e1a489702669f51ad2705" "/opt/rustwide/cargo-home/bin/cargo" "+1.99.0-beta.8" "build" "--frozen" "--message-format=json" "--release", kill_on_drop: false }`
[INFO] [stderr]    Compiling autocfg v1.4.0
[INFO] [stderr]    Compiling time-core v0.1.4
[INFO] [stderr]    Compiling proc-macro2 v1.0.95
[INFO] [stderr]    Compiling thiserror v2.0.12
[INFO] [stderr]    Compiling memchr v2.7.4
[INFO] [stderr]    Compiling deranged v0.4.0
[INFO] [stderr]    Compiling pem v3.0.5
[INFO] [stderr]    Compiling time-macros v0.2.22
[INFO] [stderr]    Compiling num-traits v0.2.19
[INFO] [stderr]    Compiling quote v1.0.40
[INFO] [stderr]    Compiling syn v2.0.100
[INFO] [stderr]    Compiling num-integer v0.1.46
[INFO] [stderr]    Compiling time v0.3.41
[INFO] [stderr]    Compiling num-bigint v0.4.6
[INFO] [stderr]    Compiling serde_derive v1.0.228
[INFO] [stderr]    Compiling thiserror-impl v2.0.12
[INFO] [stderr]    Compiling simple_asn1 v0.6.3
[INFO] [stderr]    Compiling serde v1.0.228
[INFO] [stderr]    Compiling serde_json v1.0.140
[INFO] [stderr]    Compiling jsonwebtoken v10.3.0
[INFO] [stderr]    Compiling lib_service_jwt v0.1.4 (/opt/rustwide/workdir)
[INFO] [stderr]     Finished `release` profile [optimized] target(s) in 22.46s
[INFO] running `Command { std: "docker" "inspect" "aafc042f4d0328fcb9320496fd630a907ef39b10b70e1a489702669f51ad2705", kill_on_drop: false }`
[INFO] running `Command { std: "docker" "exec" "-e" "SOURCE_DIR=/opt/rustwide/workdir" "-e" "CARGO_HOME=/opt/rustwide/cargo-home" "-e" "RUSTUP_HOME=/opt/rustwide/rustup-home" "-e" "CARGO_TARGET_DIR=/opt/rustwide/target" "-e" "CARGO_INCREMENTAL=0" "-e" "RUST_BACKTRACE=full" "-e" "RUSTFLAGS=--cap-lints=warn" "-e" "RUSTDOCFLAGS=--cap-lints=warn" "-w" "/opt/rustwide/workdir" "--user" "0:0" "aafc042f4d0328fcb9320496fd630a907ef39b10b70e1a489702669f51ad2705" "/opt/rustwide/cargo-home/bin/cargo" "+1.99.0-beta.8" "test" "--frozen" "--no-run" "--message-format=json" "--release", kill_on_drop: false }`
[INFO] [stderr]    Compiling lib_service_jwt v0.1.4 (/opt/rustwide/workdir)
[INFO] [stdout] warning: struct `Claims` is never constructed
[INFO] [stdout]   --> tests/jwt_test.rs:50:12
[INFO] [stdout]    |
[INFO] [stdout] 50 |     struct Claims {
[INFO] [stdout]    |            ^^^^^^
[INFO] [stdout]    |
[INFO] [stdout]    = note: `#[warn(dead_code)]` (part of `#[warn(unused)]`) on by default
[INFO] [stdout] 
[INFO] [stdout] 
[INFO] [stderr]     Finished `release` profile [optimized] target(s) in 2.40s
[INFO] running `Command { std: "docker" "inspect" "aafc042f4d0328fcb9320496fd630a907ef39b10b70e1a489702669f51ad2705", kill_on_drop: false }`
[INFO] running `Command { std: "docker" "exec" "-e" "SOURCE_DIR=/opt/rustwide/workdir" "-e" "CARGO_HOME=/opt/rustwide/cargo-home" "-e" "RUSTUP_HOME=/opt/rustwide/rustup-home" "-e" "CARGO_TARGET_DIR=/opt/rustwide/target" "-e" "CARGO_INCREMENTAL=0" "-e" "RUST_BACKTRACE=full" "-e" "RUSTFLAGS=--cap-lints=warn" "-e" "RUSTDOCFLAGS=--cap-lints=warn" "-w" "/opt/rustwide/workdir" "--user" "0:0" "aafc042f4d0328fcb9320496fd630a907ef39b10b70e1a489702669f51ad2705" "/opt/rustwide/cargo-home/bin/cargo" "+1.99.0-beta.8" "test" "--frozen" "--release", kill_on_drop: false }`
[INFO] [stderr] warning: struct `Claims` is never constructed
[INFO] [stderr]   --> tests/jwt_test.rs:50:12
[INFO] [stderr]    |
[INFO] [stderr] 50 |     struct Claims {
[INFO] [stderr]    |            ^^^^^^
[INFO] [stderr]    |
[INFO] [stderr]    = note: `#[warn(dead_code)]` (part of `#[warn(unused)]`) on by default
[INFO] [stderr] 
[INFO] [stderr] warning: `lib_service_jwt` (test "jwt_test") generated 1 warning
[INFO] [stderr]     Finished `release` profile [optimized] target(s) in 0.08s
[INFO] [stderr]      Running unittests src/lib.rs (/opt/rustwide/target/release/deps/lib_service_jwt-7b57422cc2ac4260)
[INFO] [stdout] 
[INFO] [stdout] running 0 tests
[INFO] [stdout] 
[INFO] [stdout] test result: ok. 0 passed; 0 failed; 0 ignored; 0 measured; 0 filtered out; finished in 0.00s
[INFO] [stdout] 
[INFO] [stderr]      Running tests/es256_test.rs (/opt/rustwide/target/release/deps/es256_test-3b952294335b0dad)
[INFO] [stdout] 
[INFO] [stdout] running 2 tests
[INFO] [stderr] error: test failed, to rerun pass `--test es256_test`
[INFO] [stdout] test tests::test_generate_and_decode_es256_refresh_token ... FAILED
[INFO] [stdout] test tests::test_generate_and_decode_es256_token ... FAILED
[INFO] [stdout] 
[INFO] [stdout] failures:
[INFO] [stdout] 
[INFO] [stdout] ---- tests::test_generate_and_decode_es256_refresh_token stdout ----
[INFO] [stdout] 
[INFO] [stdout] thread 'tests::test_generate_and_decode_es256_refresh_token' (726) panicked at /opt/rustwide/cargo-home/registry/src/index.crates.io-1949cf8c6b5b557f/jsonwebtoken-10.3.0/src/crypto/mod.rs:124:40:
[INFO] [stdout] 
[INFO] [stdout] Could not automatically determine the process-level CryptoProvider from jsonwebtoken crate features.
[INFO] [stdout] Call CryptoProvider::install_default() before this point to select a provider manually, or make sure exactly one of the 'rust_crypto' and 'aws_lc_rs' features is enabled.
[INFO] [stdout] See the documentation of the CryptoProvider type for more information.
[INFO] [stdout] 
[INFO] [stdout] stack backtrace:
[INFO] [stdout]    0:     0x646107344b81 - <<std[70759c8f55707aa4]::sys::backtrace::BacktraceLock>::print::DisplayBacktrace as core[df12db4294e9bfd3]::fmt::Display>::fmt
[INFO] [stdout]    1:     0x6461073598ea - core[df12db4294e9bfd3]::fmt::write
[INFO] [stdout]    2:     0x64610734901c - <alloc[2182bb758b4b3781]::vec::Vec<u8> as core[df12db4294e9bfd3]::io::write::Write>::write_fmt
[INFO] [stdout]    3:     0x646107321176 - std[70759c8f55707aa4]::panicking::default_hook::{closure#0}
[INFO] [stdout]    4:     0x64610733d2e9 - std[70759c8f55707aa4]::panicking::default_hook
[INFO] [stdout]    5:     0x646107280700 - test[9d35eded1c95d3be]::test_main_inner::<test[9d35eded1c95d3be]::test_main_static::{closure#0}>::{closure#0}
[INFO] [stdout]    6:     0x64610733d4a2 - std[70759c8f55707aa4]::panicking::panic_with_hook
[INFO] [stdout]    7:     0x646107321222 - std[70759c8f55707aa4]::panicking::panic_handler::{closure#0}
[INFO] [stdout]    8:     0x646107319fa9 - std[70759c8f55707aa4]::sys::backtrace::__rust_end_short_backtrace::<std[70759c8f55707aa4]::panicking::panic_handler::{closure#0}, !>
[INFO] [stdout]    9:     0x646107321e1d - __rustc[8fa7c3cbc660c2b3]::rust_begin_unwind
[INFO] [stdout]   10:     0x64610735a01c - core[df12db4294e9bfd3]::panicking::panic_fmt
[INFO] [stdout]   11:     0x6461072e6995 - <<jsonwebtoken[9ebc8b1e395ecdee]::crypto::CryptoProvider>::from_crate_features::INSTANCE::{closure#0} as core[df12db4294e9bfd3]::ops::function::FnOnce<(&jsonwebtoken[9ebc8b1e395ecdee]::algorithms::Algorithm, &jsonwebtoken[9ebc8b1e395ecdee]::encoding::EncodingKey)>>::call_once
[INFO] [stdout]   12:     0x6461072c2788 - jsonwebtoken[9ebc8b1e395ecdee]::encoding::encode::<lib_service_jwt[529d5df5398a22ed]::model::Claims>
[INFO] [stdout]   13:     0x6461072b70eb - <lib_service_jwt[529d5df5398a22ed]::jwt::Es256KeyPair as lib_service_jwt[529d5df5398a22ed]::jwt::JwtKeyPair>::generate_token
[INFO] [stdout]   14:     0x6461072b6767 - <lib_service_jwt[529d5df5398a22ed]::jwt::JwtKeys>::generate_refresh_token
[INFO] [stdout]   15:     0x6461072728da - es256_test[6df8e4cffc6a656f]::tests::test_generate_and_decode_es256_refresh_token
[INFO] [stdout]   16:     0x64610726f4c9 - <es256_test[6df8e4cffc6a656f]::tests::test_generate_and_decode_es256_refresh_token::{closure#0} as core[df12db4294e9bfd3]::ops::function::FnOnce<()>>::call_once
[INFO] [stdout]   17:     0x6461072739eb - test[9d35eded1c95d3be]::__rust_begin_short_backtrace::<core[df12db4294e9bfd3]::result::Result<(), alloc[2182bb758b4b3781]::string::String>, fn() -> core[df12db4294e9bfd3]::result::Result<(), alloc[2182bb758b4b3781]::string::String>>
[INFO] [stdout]   18:     0x646107281055 - test[9d35eded1c95d3be]::run_test::{closure#0}
[INFO] [stdout]   19:     0x64610727a914 - std[70759c8f55707aa4]::sys::backtrace::__rust_begin_short_backtrace::<test[9d35eded1c95d3be]::run_test::{closure#1}, ()>
[INFO] [stdout]   20:     0x6461072841b2 - <std[70759c8f55707aa4]::thread::lifecycle::spawn_unchecked<test[9d35eded1c95d3be]::run_test::{closure#1}, ()>::{closure#1} as core[df12db4294e9bfd3]::ops::function::FnOnce<()>>::call_once::{shim:vtable#0}
[INFO] [stdout]   21:     0x646107344459 - <std[70759c8f55707aa4]::sys::thread::unix::Thread>::new::thread_start
[INFO] [stdout]   22:     0x78eadfb39dfa - <unknown>
[INFO] [stdout]   23:     0x78eadfbcd3d4 - clone
[INFO] [stdout]   24:                0x0 - <unknown>
[INFO] [stdout] 
[INFO] [stdout] ---- tests::test_generate_and_decode_es256_token stdout ----
[INFO] [stdout] 
[INFO] [stdout] thread 'tests::test_generate_and_decode_es256_token' (727) panicked at /opt/rustwide/cargo-home/registry/src/index.crates.io-1949cf8c6b5b557f/jsonwebtoken-10.3.0/src/crypto/mod.rs:124:40:
[INFO] [stdout] 
[INFO] [stdout] Could not automatically determine the process-level CryptoProvider from jsonwebtoken crate features.
[INFO] [stdout] Call CryptoProvider::install_default() before this point to select a provider manually, or make sure exactly one of the 'rust_crypto' and 'aws_lc_rs' features is enabled.
[INFO] [stdout] See the documentation of the CryptoProvider type for more information.
[INFO] [stdout] 
[INFO] [stdout] stack backtrace:
[INFO] [stdout]    0:     0x646107344b81 - <<std[70759c8f55707aa4]::sys::backtrace::BacktraceLock>::print::DisplayBacktrace as core[df12db4294e9bfd3]::fmt::Display>::fmt
[INFO] [stdout]    1:     0x6461073598ea - core[df12db4294e9bfd3]::fmt::write
[INFO] [stdout]    2:     0x64610734901c - <alloc[2182bb758b4b3781]::vec::Vec<u8> as core[df12db4294e9bfd3]::io::write::Write>::write_fmt
[INFO] [stdout]    3:     0x646107321176 - std[70759c8f55707aa4]::panicking::default_hook::{closure#0}
[INFO] [stdout]    4:     0x64610733d2e9 - std[70759c8f55707aa4]::panicking::default_hook
[INFO] [stdout]    5:     0x646107280700 - test[9d35eded1c95d3be]::test_main_inner::<test[9d35eded1c95d3be]::test_main_static::{closure#0}>::{closure#0}
[INFO] [stdout]    6:     0x64610733d4a2 - std[70759c8f55707aa4]::panicking::panic_with_hook
[INFO] [stdout]    7:     0x646107321222 - std[70759c8f55707aa4]::panicking::panic_handler::{closure#0}
[INFO] [stdout]    8:     0x646107319fa9 - std[70759c8f55707aa4]::sys::backtrace::__rust_end_short_backtrace::<std[70759c8f55707aa4]::panicking::panic_handler::{closure#0}, !>
[INFO] [stdout]    9:     0x646107321e1d - __rustc[8fa7c3cbc660c2b3]::rust_begin_unwind
[INFO] [stdout]   10:     0x64610735a01c - core[df12db4294e9bfd3]::panicking::panic_fmt
[INFO] [stdout]   11:     0x6461072e6995 - <<jsonwebtoken[9ebc8b1e395ecdee]::crypto::CryptoProvider>::from_crate_features::INSTANCE::{closure#0} as core[df12db4294e9bfd3]::ops::function::FnOnce<(&jsonwebtoken[9ebc8b1e395ecdee]::algorithms::Algorithm, &jsonwebtoken[9ebc8b1e395ecdee]::encoding::EncodingKey)>>::call_once
[INFO] [stdout]   12:     0x6461072c2788 - jsonwebtoken[9ebc8b1e395ecdee]::encoding::encode::<lib_service_jwt[529d5df5398a22ed]::model::Claims>
[INFO] [stdout]   13:     0x6461072b70eb - <lib_service_jwt[529d5df5398a22ed]::jwt::Es256KeyPair as lib_service_jwt[529d5df5398a22ed]::jwt::JwtKeyPair>::generate_token
[INFO] [stdout]   14:     0x6461072b6737 - <lib_service_jwt[529d5df5398a22ed]::jwt::JwtKeys>::generate_access_token
[INFO] [stdout]   15:     0x6461072715ba - es256_test[6df8e4cffc6a656f]::tests::test_generate_and_decode_es256_token
[INFO] [stdout]   16:     0x64610726f4a9 - <es256_test[6df8e4cffc6a656f]::tests::test_generate_and_decode_es256_token::{closure#0} as core[df12db4294e9bfd3]::ops::function::FnOnce<()>>::call_once
[INFO] [stdout]   17:     0x6461072739eb - test[9d35eded1c95d3be]::__rust_begin_short_backtrace::<core[df12db4294e9bfd3]::result::Result<(), alloc[2182bb758b4b3781]::string::String>, fn() -> core[df12db4294e9bfd3]::result::Result<(), alloc[2182bb758b4b3781]::string::String>>
[INFO] [stdout]   18:     0x646107281055 - test[9d35eded1c95d3be]::run_test::{closure#0}
[INFO] [stdout]   19:     0x64610727a914 - std[70759c8f55707aa4]::sys::backtrace::__rust_begin_short_backtrace::<test[9d35eded1c95d3be]::run_test::{closure#1}, ()>
[INFO] [stdout]   20:     0x6461072841b2 - <std[70759c8f55707aa4]::thread::lifecycle::spawn_unchecked<test[9d35eded1c95d3be]::run_test::{closure#1}, ()>::{closure#1} as core[df12db4294e9bfd3]::ops::function::FnOnce<()>>::call_once::{shim:vtable#0}
[INFO] [stdout]   21:     0x646107344459 - <std[70759c8f55707aa4]::sys::thread::unix::Thread>::new::thread_start
[INFO] [stdout]   22:     0x78eadfb39dfa - <unknown>
[INFO] [stdout]   23:     0x78eadfbcd3d4 - clone
[INFO] [stdout]   24:                0x0 - <unknown>
[INFO] [stdout] 
[INFO] [stdout] 
[INFO] [stdout] failures:
[INFO] [stdout]     tests::test_generate_and_decode_es256_refresh_token
[INFO] [stdout]     tests::test_generate_and_decode_es256_token
[INFO] [stdout] 
[INFO] [stdout] test result: FAILED. 0 passed; 2 failed; 0 ignored; 0 measured; 0 filtered out; finished in 0.01s
[INFO] [stdout] 
[INFO] running `Command { std: "docker" "inspect" "aafc042f4d0328fcb9320496fd630a907ef39b10b70e1a489702669f51ad2705", kill_on_drop: false }`
[INFO] running `Command { std: "docker" "rm" "-f" "aafc042f4d0328fcb9320496fd630a907ef39b10b70e1a489702669f51ad2705", kill_on_drop: false }`
[INFO] [stdout] aafc042f4d0328fcb9320496fd630a907ef39b10b70e1a489702669f51ad2705
