[INFO] fetching crate lib_poster 0.2.0...
[INFO] testing lib_poster-0.2.0 against 1.100.0-beta.1+cargoflags=--release for beta-release-1.100-2
[INFO] extracting crate lib_poster 0.2.0 into /workspace/builds/worker-4-tc2/source
[INFO] started tweaking crates.io crate lib_poster 0.2.0
[INFO] finished tweaking crates.io crate lib_poster 0.2.0
[INFO] tweaked toml for crates.io crate lib_poster 0.2.0 written to /workspace/builds/worker-4-tc2/source/Cargo.toml
[INFO] validating manifest of crates.io crate lib_poster 0.2.0 on toolchain 1.100.0-beta.1
[INFO] running `Command { std: CARGO_HOME="/workspace/cargo-home" RUSTUP_HOME="/workspace/rustup-home" "/workspace/cargo-home/bin/cargo" "+1.100.0-beta.1" "metadata" "--manifest-path" "Cargo.toml" "--no-deps", kill_on_drop: false }`
[INFO] crate crates.io crate lib_poster 0.2.0 already has a lockfile, it will not be regenerated
[INFO] running `Command { std: CARGO_HOME="/workspace/cargo-home" RUSTUP_HOME="/workspace/rustup-home" "/workspace/cargo-home/bin/cargo" "+1.100.0-beta.1" "fetch" "--manifest-path" "Cargo.toml", kill_on_drop: false }`
[INFO] [stderr] warning: `package.homepage` is redundant with `package.repository`
[INFO] [stderr]   --> Cargo.toml:62:12
[INFO] [stderr]    |
[INFO] [stderr] 62 | homepage = "https://github.com/jargenn/lib_poster"
[INFO] [stderr]    |            ^^^^^^^^^^^^^^^^^^^^^^^^^^^^^^^^^^^^^^^
[INFO] [stderr] ...
[INFO] [stderr] 68 | repository = "https://github.com/jargenn/lib_poster"
[INFO] [stderr]    |              ---------------------------------------
[INFO] [stderr]    |
[INFO] [stderr]    = note: `cargo::redundant_homepage` is set to `warn` by default
[INFO] [stderr] help: consider removing `package.homepage`
[INFO] [stderr] warning: `lib_poster` (manifest) generated 1 warning
[INFO] running `Command { std: "docker" "create" "-v" "/var/lib/crater-agent-workspace/builds/worker-4-tc2/source:/opt/rustwide/workdir:ro,Z" "-v" "/var/lib/crater-agent-workspace/builds/worker-4-tc2/target:/opt/rustwide/target:rw,Z" "-v" "/var/lib/crater-agent-workspace/cargo-home:/opt/rustwide/cargo-home:ro,Z" "-v" "/var/lib/crater-agent-workspace/rustup-home:/opt/rustwide/rustup-home:ro,Z" "-m" "1610612736" "--network" "none" "ghcr.io/rust-lang/crates-build-env/linux@sha256:77db811e55d90add9212f6832c23229e3de5f1c1f9905e8cb07319ea15df73ac" "sleep" "infinity", kill_on_drop: false }`
[INFO] [stdout] adaa0025ae75c4137d1fa2d5b1128aa4ea985ca3f5fd0d8e0aa4ea22062c23bd
[INFO] running `Command { std: "docker" "start" "adaa0025ae75c4137d1fa2d5b1128aa4ea985ca3f5fd0d8e0aa4ea22062c23bd", kill_on_drop: false }`
[INFO] running `Command { std: "docker" "inspect" "adaa0025ae75c4137d1fa2d5b1128aa4ea985ca3f5fd0d8e0aa4ea22062c23bd", kill_on_drop: false }`
[INFO] running `Command { std: "docker" "exec" "-e" "SOURCE_DIR=/opt/rustwide/workdir" "-e" "CARGO_HOME=/opt/rustwide/cargo-home" "-e" "RUSTUP_HOME=/opt/rustwide/rustup-home" "-e" "CARGO_TARGET_DIR=/opt/rustwide/target" "-w" "/opt/rustwide/workdir" "--user" "0:0" "adaa0025ae75c4137d1fa2d5b1128aa4ea985ca3f5fd0d8e0aa4ea22062c23bd" "/opt/rustwide/cargo-home/bin/cargo" "+1.100.0-beta.1" "metadata" "--no-deps" "--format-version=1", kill_on_drop: false }`
[INFO] running `Command { std: "docker" "inspect" "adaa0025ae75c4137d1fa2d5b1128aa4ea985ca3f5fd0d8e0aa4ea22062c23bd", kill_on_drop: false }`
[INFO] running `Command { std: "docker" "exec" "-e" "SOURCE_DIR=/opt/rustwide/workdir" "-e" "CARGO_HOME=/opt/rustwide/cargo-home" "-e" "RUSTUP_HOME=/opt/rustwide/rustup-home" "-e" "CARGO_TARGET_DIR=/opt/rustwide/target" "-e" "CARGO_INCREMENTAL=0" "-e" "RUST_BACKTRACE=full" "-e" "RUSTFLAGS=--cap-lints=warn" "-e" "RUSTDOCFLAGS=--cap-lints=warn" "-w" "/opt/rustwide/workdir" "--user" "0:0" "adaa0025ae75c4137d1fa2d5b1128aa4ea985ca3f5fd0d8e0aa4ea22062c23bd" "/opt/rustwide/cargo-home/bin/cargo" "+1.100.0-beta.1" "build" "--frozen" "--message-format=json" "--release", kill_on_drop: false }`
[INFO] [stderr] warning: `package.homepage` is redundant with `package.repository`
[INFO] [stderr]   --> Cargo.toml:62:12
[INFO] [stderr]    |
[INFO] [stderr] 62 | homepage = "https://github.com/jargenn/lib_poster"
[INFO] [stderr]    |            ^^^^^^^^^^^^^^^^^^^^^^^^^^^^^^^^^^^^^^^
[INFO] [stderr] ...
[INFO] [stderr] 68 | repository = "https://github.com/jargenn/lib_poster"
[INFO] [stderr]    |              ---------------------------------------
[INFO] [stderr]    |
[INFO] [stderr]    = note: `cargo::redundant_homepage` is set to `warn` by default
[INFO] [stderr] help: consider removing `package.homepage`
[INFO] [stderr] warning: `lib_poster` (manifest) generated 1 warning
[INFO] [stderr]    Compiling unicode-ident v1.0.26
[INFO] [stderr]    Compiling libc v0.2.190
[INFO] [stderr]    Compiling stable_deref_trait v1.2.1
[INFO] [stderr]    Compiling serde_core v1.0.229
[INFO] [stderr]    Compiling itoa v1.0.18
[INFO] [stderr]    Compiling cfg-if v1.0.5
[INFO] [stderr]    Compiling pin-project-lite v0.2.17
[INFO] [stderr]    Compiling bytes v1.12.1
[INFO] [stderr]    Compiling futures-core v0.3.34
[INFO] [stderr]    Compiling find-msvc-tools v0.1.14
[INFO] [stderr]    Compiling shlex v2.0.1
[INFO] [stderr]    Compiling smallvec v1.16.2
[INFO] [stderr]    Compiling litemap v0.8.3
[INFO] [stderr]    Compiling writeable v0.6.4
[INFO] [stderr]    Compiling utf8_iter v1.0.4
[INFO] [stderr]    Compiling icu_properties_data v2.3.0
[INFO] [stderr]    Compiling icu_normalizer_data v2.3.0
[INFO] [stderr]    Compiling zeroize v1.9.0
[INFO] [stderr]    Compiling version_check v0.9.5
[INFO] [stderr]    Compiling serde v1.0.229
[INFO] [stderr]    Compiling proc-macro2 v1.0.107
[INFO] [stderr]    Compiling once_cell v1.21.4
[INFO] [stderr]    Compiling cc v1.6.0
[INFO] [stderr]    Compiling percent-encoding v2.3.2
[INFO] [stderr]    Compiling futures-task v0.3.34
[INFO] [stderr]    Compiling rustls-pki-types v1.15.1
[INFO] [stderr]    Compiling untrusted v0.9.0
[INFO] [stderr]    Compiling httparse v1.10.1
[INFO] [stderr]    Compiling slab v0.4.12
[INFO] [stderr]    Compiling try-lock v0.2.5
[INFO] [stderr]    Compiling tower-service v0.3.3
[INFO] [stderr]    Compiling typenum v1.20.1
[INFO] [stderr]    Compiling rustls v0.23.45
[INFO] [stderr]    Compiling futures-util v0.3.34
[INFO] [stderr]    Compiling zerocopy v0.8.59
[INFO] [stderr]    Compiling want v0.3.1
[INFO] [stderr]    Compiling tracing-core v0.1.36
[INFO] [stderr]    Compiling form_urlencoded v1.2.2
[INFO] [stderr]    Compiling futures-channel v0.3.34
[INFO] [stderr]    Compiling generic-array v0.14.7
[INFO] [stderr]    Compiling autocfg v1.5.1
[INFO] [stderr]    Compiling atomic-waker v1.1.2
[INFO] [stderr]    Compiling subtle v2.6.1
[INFO] [stderr]    Compiling zmij v1.0.23
[INFO] [stderr]    Compiling sync_wrapper v1.0.2
[INFO] [stderr]    Compiling serde_json v1.0.151
[INFO] [stderr]    Compiling ipnet v2.12.2
[INFO] [stderr]    Compiling base64 v0.23.1
[INFO] [stderr]    Compiling tower-layer v0.3.3
[INFO] [stderr]    Compiling num-traits v0.2.19
[INFO] [stderr]    Compiling webpki-roots v1.0.9
[INFO] [stderr]    Compiling ryu v1.0.23
[INFO] [stderr]    Compiling bitflags v2.13.2
[INFO] [stderr]    Compiling memchr v2.8.3
[INFO] [stderr]    Compiling quote v1.0.47
[INFO] [stderr]    Compiling http v1.5.0
[INFO] [stderr]    Compiling syn v3.0.6
[INFO] [stderr]    Compiling syn v2.0.119
[INFO] [stderr]    Compiling thiserror v1.0.69
[INFO] [stderr]    Compiling base64 v0.22.1
[INFO] [stderr]    Compiling log v0.4.34
[INFO] [stderr]    Compiling iana-time-zone v0.1.65
[INFO] [stderr]    Compiling cpufeatures v0.2.17
[INFO] [stderr]    Compiling thiserror v2.0.21
[INFO] [stderr]    Compiling ring v0.17.14
[INFO] [stderr]    Compiling powerfmt v0.2.0
[INFO] [stderr]    Compiling time-core v0.1.9
[INFO] [stderr]    Compiling num-conv v0.2.2
[INFO] [stderr]    Compiling unicode-segmentation v1.13.3
[INFO] [stderr]    Compiling getrandom v0.2.17
[INFO] [stderr]    Compiling mio v1.2.4
[INFO] [stderr]    Compiling socket2 v0.6.5
[INFO] [stderr]    Compiling block-buffer v0.10.4
[INFO] [stderr]    Compiling crypto-common v0.1.7
[INFO] [stderr]    Compiling digest v0.10.7
[INFO] [stderr]    Compiling rand_core v0.6.4
[INFO] [stderr]    Compiling tokio v1.53.2
[INFO] [stderr]    Compiling sha2 v0.10.9
[INFO] [stderr]    Compiling http-body v1.1.0
[INFO] [stderr]    Compiling http-body-util v0.1.5
[INFO] [stderr]    Compiling serde_path_to_error v0.1.20
[INFO] [stderr]    Compiling deranged v0.5.8
[INFO] [stderr]    Compiling synstructure v0.14.0
[INFO] [stderr]    Compiling zerovec-derive v0.11.6
[INFO] [stderr]    Compiling displaydoc v0.2.7
[INFO] [stderr]    Compiling serde_derive v1.0.229
[INFO] [stderr]    Compiling thiserror-impl v2.0.21
[INFO] [stderr]    Compiling zerofrom-derive v0.1.8
[INFO] [stderr]    Compiling yoke-derive v0.8.4
[INFO] [stderr]    Compiling zerofrom v0.1.8
[INFO] [stderr]    Compiling time v0.3.55
[INFO] [stderr]    Compiling yoke v0.8.3
[INFO] [stderr]    Compiling ppv-lite86 v0.2.21
[INFO] [stderr]    Compiling zerotrie v0.2.5
[INFO] [stderr]    Compiling zerovec v0.11.8
[INFO] [stderr]    Compiling rand_chacha v0.3.1
[INFO] [stderr]    Compiling rand v0.8.8
[INFO] [stderr]    Compiling tinystr v0.8.4
[INFO] [stderr]    Compiling potential_utf v0.1.6
[INFO] [stderr]    Compiling icu_collections v2.3.0
[INFO] [stderr]    Compiling icu_locale_core v2.3.0
[INFO] [stderr]    Compiling tracing-attributes v0.1.31
[INFO] [stderr]    Compiling thiserror-impl v1.0.69
[INFO] [stderr]    Compiling tracing v0.1.44
[INFO] [stderr]    Compiling hyper v1.11.1
[INFO] [stderr]    Compiling tower v0.5.3
[INFO] [stderr]    Compiling serde_urlencoded v0.7.1
[INFO] [stderr]    Compiling chrono v0.4.45
[INFO] [stderr]    Compiling icu_provider v2.3.1
[INFO] [stderr]    Compiling icu_properties v2.3.0
[INFO] [stderr]    Compiling icu_normalizer v2.3.0
[INFO] [stderr]    Compiling hyper-util v0.1.21
[INFO] [stderr]    Compiling idna_adapter v1.2.2
[INFO] [stderr]    Compiling idna v1.1.0
[INFO] [stderr]    Compiling url v2.5.8
[INFO] [stderr]    Compiling tower-http v0.6.11
[INFO] [stderr]    Compiling rustls-webpki v0.103.15
[INFO] [stderr]    Compiling tokio-rustls v0.26.6
[INFO] [stderr]    Compiling hyper-rustls v0.27.10
[INFO] [stderr]    Compiling reqwest v0.12.28
[INFO] [stderr]    Compiling oauth2 v5.0.0
[INFO] [stderr]    Compiling lib_poster v0.2.0 (/opt/rustwide/workdir)
[INFO] [stderr]     Finished `release` profile [optimized] target(s) in 1m 20s
[INFO] running `Command { std: "docker" "inspect" "adaa0025ae75c4137d1fa2d5b1128aa4ea985ca3f5fd0d8e0aa4ea22062c23bd", kill_on_drop: false }`
[INFO] running `Command { std: "docker" "exec" "-e" "SOURCE_DIR=/opt/rustwide/workdir" "-e" "CARGO_HOME=/opt/rustwide/cargo-home" "-e" "RUSTUP_HOME=/opt/rustwide/rustup-home" "-e" "CARGO_TARGET_DIR=/opt/rustwide/target" "-e" "CARGO_INCREMENTAL=0" "-e" "RUST_BACKTRACE=full" "-e" "RUSTFLAGS=--cap-lints=warn" "-e" "RUSTDOCFLAGS=--cap-lints=warn" "-w" "/opt/rustwide/workdir" "--user" "0:0" "adaa0025ae75c4137d1fa2d5b1128aa4ea985ca3f5fd0d8e0aa4ea22062c23bd" "/opt/rustwide/cargo-home/bin/cargo" "+1.100.0-beta.1" "test" "--frozen" "--no-run" "--message-format=json" "--release", kill_on_drop: false }`
[INFO] [stderr] warning: `package.homepage` is redundant with `package.repository`
[INFO] [stderr]   --> Cargo.toml:62:12
[INFO] [stderr]    |
[INFO] [stderr] 62 | homepage = "https://github.com/jargenn/lib_poster"
[INFO] [stderr]    |            ^^^^^^^^^^^^^^^^^^^^^^^^^^^^^^^^^^^^^^^
[INFO] [stderr] ...
[INFO] [stderr] 68 | repository = "https://github.com/jargenn/lib_poster"
[INFO] [stderr]    |              ---------------------------------------
[INFO] [stderr]    |
[INFO] [stderr]    = note: `cargo::redundant_homepage` is set to `warn` by default
[INFO] [stderr] help: consider removing `package.homepage`
[INFO] [stderr] warning: `lib_poster` (manifest) generated 1 warning
[INFO] [stderr]    Compiling log v0.4.34
[INFO] [stderr]    Compiling aho-corasick v1.1.5
[INFO] [stderr]    Compiling regex-syntax v0.8.11
[INFO] [stderr]    Compiling getrandom v0.4.3
[INFO] [stderr]    Compiling rand_core v0.10.1
[INFO] [stderr]    Compiling diff v0.1.13
[INFO] [stderr]    Compiling yansi v1.0.1
[INFO] [stderr]    Compiling dissimilar v1.0.11
[INFO] [stderr]    Compiling quickcheck_macros v1.2.0
[INFO] [stderr]    Compiling reqwest v0.12.28
[INFO] [stderr]    Compiling expect-test v1.5.1
[INFO] [stderr]    Compiling pretty_assertions v1.4.1
[INFO] [stderr]    Compiling rand v0.10.3
[INFO] [stderr]    Compiling oauth2 v5.0.0
[INFO] [stderr]    Compiling regex-automata v0.4.18
[INFO] [stderr]    Compiling lib_poster v0.2.0 (/opt/rustwide/workdir)
[INFO] [stderr]    Compiling regex v1.13.1
[INFO] [stderr]    Compiling env_filter v2.0.0
[INFO] [stderr]    Compiling env_logger v0.11.11
[INFO] [stderr]    Compiling quickcheck v1.1.0
[INFO] [stderr]     Finished `release` profile [optimized] target(s) in 34.64s
[INFO] running `Command { std: "docker" "inspect" "adaa0025ae75c4137d1fa2d5b1128aa4ea985ca3f5fd0d8e0aa4ea22062c23bd", kill_on_drop: false }`
[INFO] running `Command { std: "docker" "exec" "-e" "SOURCE_DIR=/opt/rustwide/workdir" "-e" "CARGO_HOME=/opt/rustwide/cargo-home" "-e" "RUSTUP_HOME=/opt/rustwide/rustup-home" "-e" "CARGO_TARGET_DIR=/opt/rustwide/target" "-e" "CARGO_INCREMENTAL=0" "-e" "RUST_BACKTRACE=full" "-e" "RUSTFLAGS=--cap-lints=warn" "-e" "RUSTDOCFLAGS=--cap-lints=warn" "-w" "/opt/rustwide/workdir" "--user" "0:0" "adaa0025ae75c4137d1fa2d5b1128aa4ea985ca3f5fd0d8e0aa4ea22062c23bd" "/opt/rustwide/cargo-home/bin/cargo" "+1.100.0-beta.1" "test" "--frozen" "--release", kill_on_drop: false }`
[INFO] [stderr] warning: `package.homepage` is redundant with `package.repository`
[INFO] [stderr]   --> Cargo.toml:62:12
[INFO] [stderr]    |
[INFO] [stderr] 62 | homepage = "https://github.com/jargenn/lib_poster"
[INFO] [stderr]    |            ^^^^^^^^^^^^^^^^^^^^^^^^^^^^^^^^^^^^^^^
[INFO] [stderr] ...
[INFO] [stderr] 68 | repository = "https://github.com/jargenn/lib_poster"
[INFO] [stderr]    |              ---------------------------------------
[INFO] [stderr]    |
[INFO] [stderr]    = note: `cargo::redundant_homepage` is set to `warn` by default
[INFO] [stderr] help: consider removing `package.homepage`
[INFO] [stderr] warning: `lib_poster` (manifest) generated 1 warning
[INFO] [stderr]     Finished `release` profile [optimized] target(s) in 0.21s
[INFO] [stderr]      Running unittests src/lib.rs (/opt/rustwide/target/release/build/lib_poster/2d3fe48d41ff8657/out/lib_poster-2d3fe48d41ff8657)
[INFO] [stdout] 
[INFO] [stdout] running 21 tests
[INFO] [stdout] test facebook::post::tests::content_rejects_whitespace_only ... ok
[INFO] [stdout] test facebook::post::tests::content_rejects_too_few_graphemes ... ok
[INFO] [stdout] test facebook::post::tests::content_accepts_exactly_min_chars ... ok
[INFO] [stdout] test facebook::post::tests::message_length_is_consistent ... ok
[INFO] [stdout] test facebook::post::tests::content_rejects_too_many_graphemes ... ok
[INFO] [stdout] test facebook::post::tests::grapheme_counting_handles_unicode ... ok
[INFO] [stdout] test facebook::post::tests::link_rejects_invalid_url ... ok
[INFO] [stdout] test facebook::post::tests::character_boundaries_are_exact ... ok
[INFO] [stdout] test facebook::post::tests::link_rejects_relative_url ... ok
[INFO] [stdout] test facebook::post::tests::content_accepts_exactly_max_chars ... ok
[INFO] [stdout] test facebook::post::tests::message_validation_is_independent ... ok
[INFO] [stdout] test facebook::post::tests::immediate_posts_are_always_published ... ok
[INFO] [stdout] test facebook::post::tests::scheduled_time_exactly_30_days_is_accepted ... ok
[INFO] [stdout] test facebook::post::tests::scheduled_time_exactly_10_minutes_is_accepted ... ok
[INFO] [stdout] test facebook::post::tests::scheduled_time_too_far_is_rejected ... ok
[INFO] [stdout] test facebook::post::tests::valid_immediate_post_is_created ... ok
[INFO] [stdout] test facebook::post::tests::scheduled_time_too_soon_is_rejected ... ok
[INFO] [stdout] test facebook::post::tests::valid_post_with_link_is_created ... ok
[INFO] [stdout] test facebook::post::tests::post_creation_is_deterministic ... ok
[INFO] [stdout] test facebook::post::tests::scheduled_time_in_the_past_is_rejected ... ok
[INFO] [stderr]    Doc-tests lib_poster
[INFO] [stdout] test facebook::post::tests::scheduled_posts_are_never_published ... ok
[INFO] [stdout] 
[INFO] [stdout] test result: ok. 21 passed; 0 failed; 0 ignored; 0 measured; 0 filtered out; finished in 0.10s
[INFO] [stdout] 
[INFO] [stdout] 
[INFO] [stdout] running 2 tests
[INFO] [stdout] test src/facebook/errcode.rs - facebook::errcode::ErrorCode (line 109) ... FAILED
[INFO] [stdout] test src/facebook/errcode.rs - facebook::errcode::ErrorCode (line 18) ... FAILED
[INFO] [stdout] 
[INFO] [stdout] failures:
[INFO] [stdout] 
[INFO] [stdout] ---- src/facebook/errcode.rs - facebook::errcode::ErrorCode (line 109) stdout ----
[INFO] [stdout] error[E0432]: unresolved import `facebook`
[INFO] [stdout]    --> src/facebook/errcode.rs:110:5
[INFO] [stdout]     |
[INFO] [stdout] 110 | use facebook::ErrorCode;
[INFO] [stdout]     |     ^^^^^^^^
[INFO] [stdout]     |
[INFO] [stdout] help: a similar path exists
[INFO] [stdout]     |
[INFO] [stdout] 110 | use lib_poster::facebook::ErrorCode;
[INFO] [stdout]     |     ++++++++++++
[INFO] [stdout] 
[INFO] [stdout] error: aborting due to 1 previous error
[INFO] [stdout] 
[INFO] [stdout] For more information about this error, try `rustc --explain E0432`.
[INFO] [stdout] Couldn't compile the test.
[INFO] [stdout] ---- src/facebook/errcode.rs - facebook::errcode::ErrorCode (line 18) stdout ----
[INFO] [stdout] error[E0432]: unresolved import `facebook`
[INFO] [stdout]   --> src/facebook/errcode.rs:19:5
[INFO] [stdout]    |
[INFO] [stdout] 19 | use facebook::ErrorCode;
[INFO] [stdout]    |     ^^^^^^^^
[INFO] [stdout]    |
[INFO] [stdout] help: a similar path exists
[INFO] [stdout]    |
[INFO] [stdout] 19 | use lib_poster::facebook::ErrorCode;
[INFO] [stdout]    |     ++++++++++++
[INFO] [stdout] 
[INFO] [stdout] error: aborting due to 1 previous error
[INFO] [stdout] 
[INFO] [stdout] For more information about this error, try `rustc --explain E0432`.
[INFO] [stdout] Couldn't compile the test.
[INFO] [stdout] 
[INFO] [stdout] failures:
[INFO] [stdout]     src/facebook/errcode.rs - facebook::errcode::ErrorCode (line 109)
[INFO] [stdout]     src/facebook/errcode.rs - facebook::errcode::ErrorCode (line 18)
[INFO] [stdout] 
[INFO] [stdout] test result: FAILED. 0 passed; 2 failed; 0 ignored; 0 measured; 0 filtered out; finished in 0.11s
[INFO] [stdout] 
[INFO] [stdout] all doctests ran in 0.18s; merged doctests compilation took 0.06s
[INFO] [stderr] error: doctest failed, to rerun pass `--doc`
[INFO] running `Command { std: "docker" "inspect" "adaa0025ae75c4137d1fa2d5b1128aa4ea985ca3f5fd0d8e0aa4ea22062c23bd", kill_on_drop: false }`
[INFO] running `Command { std: "docker" "rm" "-f" "adaa0025ae75c4137d1fa2d5b1128aa4ea985ca3f5fd0d8e0aa4ea22062c23bd", kill_on_drop: false }`
[INFO] [stdout] adaa0025ae75c4137d1fa2d5b1128aa4ea985ca3f5fd0d8e0aa4ea22062c23bd
