[INFO] fetching crate lib3mf-core 0.4.0...
[INFO] testing lib3mf-core-0.4.0 against 1.99.0-beta.8+cargoflags=--release for beta-release-1.100-2
[INFO] extracting crate lib3mf-core 0.4.0 into /workspace/builds/worker-1-tc1/source
[INFO] started tweaking crates.io crate lib3mf-core 0.4.0
[INFO] removed 0 missing examples
[INFO] removed 0 missing tests
[INFO] finished tweaking crates.io crate lib3mf-core 0.4.0
[INFO] tweaked toml for crates.io crate lib3mf-core 0.4.0 written to /workspace/builds/worker-1-tc1/source/Cargo.toml
[INFO] validating manifest of crates.io crate lib3mf-core 0.4.0 on toolchain 1.99.0-beta.8
[INFO] running `Command { std: CARGO_HOME="/workspace/cargo-home" RUSTUP_HOME="/workspace/rustup-home" "/workspace/cargo-home/bin/cargo" "+1.99.0-beta.8" "metadata" "--manifest-path" "Cargo.toml" "--no-deps", kill_on_drop: false }`
[INFO] crate crates.io crate lib3mf-core 0.4.0 already has a lockfile, it will not be regenerated
[INFO] running `Command { std: CARGO_HOME="/workspace/cargo-home" RUSTUP_HOME="/workspace/rustup-home" "/workspace/cargo-home/bin/cargo" "+1.99.0-beta.8" "fetch" "--manifest-path" "Cargo.toml", kill_on_drop: false }`
[INFO] [stderr]     Updating crates.io index
[INFO] [stderr]  Downloading crates ...
[INFO] [stderr]   Downloaded peakmem-alloc v0.3.0
[INFO] running `Command { std: "docker" "create" "-v" "/var/lib/crater-agent-workspace/builds/worker-1-tc1/source:/opt/rustwide/workdir:ro,Z" "-v" "/var/lib/crater-agent-workspace/builds/worker-1-tc1/target:/opt/rustwide/target:rw,Z" "-v" "/var/lib/crater-agent-workspace/cargo-home:/opt/rustwide/cargo-home:ro,Z" "-v" "/var/lib/crater-agent-workspace/rustup-home:/opt/rustwide/rustup-home:ro,Z" "-m" "1610612736" "--network" "none" "ghcr.io/rust-lang/crates-build-env/linux@sha256:77db811e55d90add9212f6832c23229e3de5f1c1f9905e8cb07319ea15df73ac" "sleep" "infinity", kill_on_drop: false }`
[INFO] [stdout] 9f8001f1cb08f3d278369d3a2a67b05e0fae5d0ba90ab7ce576f56f6e3c3bdc6
[INFO] running `Command { std: "docker" "start" "9f8001f1cb08f3d278369d3a2a67b05e0fae5d0ba90ab7ce576f56f6e3c3bdc6", kill_on_drop: false }`
[INFO] running `Command { std: "docker" "inspect" "9f8001f1cb08f3d278369d3a2a67b05e0fae5d0ba90ab7ce576f56f6e3c3bdc6", kill_on_drop: false }`
[INFO] running `Command { std: "docker" "exec" "-e" "SOURCE_DIR=/opt/rustwide/workdir" "-e" "CARGO_HOME=/opt/rustwide/cargo-home" "-e" "RUSTUP_HOME=/opt/rustwide/rustup-home" "-e" "CARGO_TARGET_DIR=/opt/rustwide/target" "-w" "/opt/rustwide/workdir" "--user" "0:0" "9f8001f1cb08f3d278369d3a2a67b05e0fae5d0ba90ab7ce576f56f6e3c3bdc6" "/opt/rustwide/cargo-home/bin/cargo" "+1.99.0-beta.8" "metadata" "--no-deps" "--format-version=1", kill_on_drop: false }`
[INFO] running `Command { std: "docker" "inspect" "9f8001f1cb08f3d278369d3a2a67b05e0fae5d0ba90ab7ce576f56f6e3c3bdc6", kill_on_drop: false }`
[INFO] running `Command { std: "docker" "exec" "-e" "SOURCE_DIR=/opt/rustwide/workdir" "-e" "CARGO_HOME=/opt/rustwide/cargo-home" "-e" "RUSTUP_HOME=/opt/rustwide/rustup-home" "-e" "CARGO_TARGET_DIR=/opt/rustwide/target" "-e" "CARGO_INCREMENTAL=0" "-e" "RUST_BACKTRACE=full" "-e" "RUSTFLAGS=--cap-lints=warn" "-e" "RUSTDOCFLAGS=--cap-lints=warn" "-w" "/opt/rustwide/workdir" "--user" "0:0" "9f8001f1cb08f3d278369d3a2a67b05e0fae5d0ba90ab7ce576f56f6e3c3bdc6" "/opt/rustwide/cargo-home/bin/cargo" "+1.99.0-beta.8" "build" "--frozen" "--message-format=json" "--release", kill_on_drop: false }`
[INFO] [stderr]    Compiling syn v2.0.117
[INFO] [stderr]    Compiling lexical-util v1.0.7
[INFO] [stderr]    Compiling simd-adler32 v0.3.8
[INFO] [stderr]    Compiling libc v0.2.182
[INFO] [stderr]    Compiling zip v2.4.2
[INFO] [stderr]    Compiling bumpalo v3.20.2
[INFO] [stderr]    Compiling glam v0.31.1
[INFO] [stderr]    Compiling miniz_oxide v0.8.9
[INFO] [stderr]    Compiling zopfli v0.8.3
[INFO] [stderr]    Compiling lexical-parse-integer v1.0.6
[INFO] [stderr]    Compiling lexical-write-integer v1.0.6
[INFO] [stderr]    Compiling lexical-parse-float v1.0.6
[INFO] [stderr]    Compiling flate2 v1.1.9
[INFO] [stderr]    Compiling lexical-write-float v1.0.6
[INFO] [stderr]    Compiling lexical-core v1.0.6
[INFO] [stderr]    Compiling getrandom v0.4.2
[INFO] [stderr]    Compiling uuid v1.21.0
[INFO] [stderr]    Compiling serde_derive v1.0.228
[INFO] [stderr]    Compiling thiserror-impl v2.0.18
[INFO] [stderr]    Compiling displaydoc v0.2.5
[INFO] [stderr]    Compiling thiserror v2.0.18
[INFO] [stderr]    Compiling serde v1.0.228
[INFO] [stderr]    Compiling quick-xml v0.37.5
[INFO] [stderr]    Compiling lib3mf-core v0.4.0 (/opt/rustwide/workdir)
[INFO] [stderr]     Finished `release` profile [optimized] target(s) in 26.37s
[INFO] running `Command { std: "docker" "inspect" "9f8001f1cb08f3d278369d3a2a67b05e0fae5d0ba90ab7ce576f56f6e3c3bdc6", kill_on_drop: false }`
[INFO] running `Command { std: "docker" "exec" "-e" "SOURCE_DIR=/opt/rustwide/workdir" "-e" "CARGO_HOME=/opt/rustwide/cargo-home" "-e" "RUSTUP_HOME=/opt/rustwide/rustup-home" "-e" "CARGO_TARGET_DIR=/opt/rustwide/target" "-e" "CARGO_INCREMENTAL=0" "-e" "RUST_BACKTRACE=full" "-e" "RUSTFLAGS=--cap-lints=warn" "-e" "RUSTDOCFLAGS=--cap-lints=warn" "-w" "/opt/rustwide/workdir" "--user" "0:0" "9f8001f1cb08f3d278369d3a2a67b05e0fae5d0ba90ab7ce576f56f6e3c3bdc6" "/opt/rustwide/cargo-home/bin/cargo" "+1.99.0-beta.8" "test" "--frozen" "--no-run" "--message-format=json" "--release", kill_on_drop: false }`
[INFO] [stderr]    Compiling zerocopy v0.8.40
[INFO] [stderr]    Compiling getrandom v0.4.2
[INFO] [stderr]    Compiling getrandom v0.3.4
[INFO] [stderr]    Compiling zerocopy-derive v0.8.40
[INFO] [stderr]    Compiling serde_derive v1.0.228
[INFO] [stderr]    Compiling thiserror-impl v2.0.18
[INFO] [stderr]    Compiling clap_builder v4.5.60
[INFO] [stderr]    Compiling displaydoc v0.2.5
[INFO] [stderr]    Compiling regex-automata v0.4.14
[INFO] [stderr]    Compiling itertools v0.10.5
[INFO] [stderr]    Compiling plotters v0.3.7
[INFO] [stderr]    Compiling glam v0.31.1
[INFO] [stderr]    Compiling is-terminal v0.4.17
[INFO] [stderr]    Compiling peakmem-alloc v0.3.0
[INFO] [stderr]    Compiling tempfile v3.26.0
[INFO] [stderr]    Compiling uuid v1.21.0
[INFO] [stderr]    Compiling rand_core v0.9.5
[INFO] [stderr]    Compiling rand v0.9.2
[INFO] [stderr]    Compiling rand_xorshift v0.4.0
[INFO] [stderr]    Compiling rusty-fork v0.3.1
[INFO] [stderr]    Compiling thiserror v2.0.18
[INFO] [stderr]    Compiling zip v2.4.2
[INFO] [stderr]    Compiling criterion-plot v0.5.0
[INFO] [stderr]    Compiling regex v1.12.3
[INFO] [stderr]    Compiling clap v4.5.60
[INFO] [stderr]    Compiling serde v1.0.228
[INFO] [stderr]    Compiling tinytemplate v1.2.1
[INFO] [stderr]    Compiling quick-xml v0.37.5
[INFO] [stderr]    Compiling half v2.7.1
[INFO] [stderr]    Compiling ppv-lite86 v0.2.21
[INFO] [stderr]    Compiling rand_chacha v0.9.0
[INFO] [stderr]    Compiling ciborium-ll v0.2.2
[INFO] [stderr]    Compiling proptest v1.10.0
[INFO] [stderr]    Compiling ciborium v0.2.2
[INFO] [stderr]    Compiling criterion v0.5.1
[INFO] [stderr]    Compiling lib3mf-core v0.4.0 (/opt/rustwide/workdir)
[INFO] [stderr]     Finished `release` profile [optimized] target(s) in 2m 19s
[INFO] running `Command { std: "docker" "inspect" "9f8001f1cb08f3d278369d3a2a67b05e0fae5d0ba90ab7ce576f56f6e3c3bdc6", kill_on_drop: false }`
[INFO] running `Command { std: "docker" "exec" "-e" "SOURCE_DIR=/opt/rustwide/workdir" "-e" "CARGO_HOME=/opt/rustwide/cargo-home" "-e" "RUSTUP_HOME=/opt/rustwide/rustup-home" "-e" "CARGO_TARGET_DIR=/opt/rustwide/target" "-e" "CARGO_INCREMENTAL=0" "-e" "RUST_BACKTRACE=full" "-e" "RUSTFLAGS=--cap-lints=warn" "-e" "RUSTDOCFLAGS=--cap-lints=warn" "-w" "/opt/rustwide/workdir" "--user" "0:0" "9f8001f1cb08f3d278369d3a2a67b05e0fae5d0ba90ab7ce576f56f6e3c3bdc6" "/opt/rustwide/cargo-home/bin/cargo" "+1.99.0-beta.8" "test" "--frozen" "--release", kill_on_drop: false }`
[INFO] [stderr]     Finished `release` profile [optimized] target(s) in 0.23s
[INFO] [stderr]      Running unittests src/lib.rs (/opt/rustwide/target/release/deps/lib3mf_core-8fe917ec269e667e)
[INFO] [stdout] 
[INFO] [stdout] running 32 tests
[INFO] [stdout] test model::resolver::tests::test_resolve_empty_build ... ok
[INFO] [stdout] test model::resolver::tests::test_resolve_filters_non_printable ... ok
[INFO] [stdout] test model::resolver::tests::test_resolve_same_file_components ... ok
[INFO] [stdout] test model::stats_impl::tests::test_format_duration ... ok
[INFO] [stdout] test model::resolver::tests::test_resolve_dangling_reference ... ok
[INFO] [stdout] test model::resolver::tests::test_resolve_cross_file_components ... ok
[INFO] [stdout] test model::units::tests::test_scale_factors ... ok
[INFO] [stdout] test parser::bambu_config::tests::test_parse_model_settings_empty ... ok
[INFO] [stdout] test parser::bambu_config::tests::test_parse_model_settings_with_object ... ok
[INFO] [stdout] test parser::bambu_config::tests::test_parse_model_settings_invalid_xml ... ok
[INFO] [stdout] test parser::bambu_config::tests::test_parse_profile_config_basic ... ok
[INFO] [stdout] test parser::bambu_config::tests::test_parse_project_settings_basic ... ok
[INFO] [stdout] test parser::bambu_config::tests::test_parse_profile_config_empty ... ok
[INFO] [stdout] test parser::bambu_config::tests::test_parse_project_settings_empty ... ok
[INFO] [stdout] test parser::bambu_config::tests::test_parse_project_settings_empty_object ... ok
[INFO] [stdout] test parser::bambu_config::tests::test_parse_project_settings_invalid_json ... ok
[INFO] [stdout] test parser::bambu_config::tests::test_parse_slice_info_empty ... ok
[INFO] [stdout] test parser::bambu_config::tests::test_parse_slice_info_header_only ... ok
[INFO] [stdout] test parser::bambu_config::tests::test_parse_slice_info_invalid_xml ... ok
[INFO] [stdout] test parser::bambu_config::tests::test_parse_slice_info_with_plate ... ok
[INFO] [stdout] test tests::test_mesh_construction ... ok
[INFO] [stdout] test tests::test_model_default ... ok
[INFO] [stdout] test model::resolver::tests::test_resolve_depth_limit ... ok
[INFO] [stdout] test model::resolver::tests::test_resolve_instancing_not_false_cycle ... ok
[INFO] [stdout] test parser::bambu_config::tests::test_parse_profile_config_invalid_json ... ok
[INFO] [stdout] test model::resolver::tests::test_resolve_object_name_carried ... ok
[INFO] [stdout] test model::resolver::tests::test_resolve_transform_accumulation ... ok
[INFO] [stdout] test model::resolver::tests::test_resolve_unit_carried ... ok
[INFO] [stdout] test model::units::tests::test_conversion ... ok
[INFO] [stdout] test model::resolver::tests::test_resolve_filters_other_objects ... ok
[INFO] [stdout] test tests::test_resource_collection ... ok
[INFO] [stdout] test model::resolver::tests::test_resolve_cycle_detection ... ok
[INFO] [stdout] 
[INFO] [stdout] test result: ok. 32 passed; 0 failed; 0 ignored; 0 measured; 0 filtered out; finished in 0.02s
[INFO] [stdout] 
[INFO] [stderr]      Running tests/bambu_integration.rs (/opt/rustwide/target/release/deps/bambu_integration-b07694883d968508)
[INFO] [stdout] 
[INFO] [stdout] running 6 tests
[INFO] [stdout] test test_cube_profile_mini ... ok
[INFO] [stdout] test test_benchy_vendor_data ... ok
[INFO] [stdout] test test_benchy_bambu_namespace ... ok
[INFO] [stdout] test test_format_duration_via_print_time ... ok
[INFO] [stdout] test test_benchy_bambu_printable_attribute ... ok
[INFO] [stdout] test test_simple_pyramid_minimal ... ok
[INFO] [stdout] 
[INFO] [stdout] test result: ok. 6 passed; 0 failed; 0 ignored; 0 measured; 0 filtered out; finished in 0.00s
[INFO] [stdout] 
[INFO] [stderr]      Running tests/beamlattice_radius_roundtrip.rs (/opt/rustwide/target/release/deps/beamlattice_radius_roundtrip-8f64e7b64670946a)
[INFO] [stdout] 
[INFO] [stdout] running 2 tests
[INFO] [stdout] test test_beam_lattice_radius_some_roundtrip ... ok
[INFO] [stdout] test test_beam_lattice_radius_none_roundtrip ... ok
[INFO] [stdout] 
[INFO] [stdout] test result: ok. 2 passed; 0 failed; 0 ignored; 0 measured; 0 filtered out; finished in 0.00s
[INFO] [stdout] 
[INFO] [stderr]      Running tests/beamlattice_roundtrip.rs (/opt/rustwide/target/release/deps/beamlattice_roundtrip-8f92bbe8b05d0a86)
[INFO] [stdout] 
[INFO] [stdout] running 6 tests
[INFO] [stdout] test test_beam_lattice_cap_modes_roundtrip ... ok
[INFO] [stdout] test test_beam_lattice_clipping_modes_roundtrip ... ok
[INFO] [stdout] test test_beam_lattice_no_beam_sets ... ok
[INFO] [stdout] test test_beam_lattice_namespace_present ... ok
[INFO] [stdout] test test_beam_lattice_beam_sets_roundtrip ... ok
[INFO] [stdout] test test_beam_lattice_basic_roundtrip ... ok
[INFO] [stdout] 
[INFO] [stdout] test result: ok. 6 passed; 0 failed; 0 ignored; 0 measured; 0 filtered out; finished in 0.00s
[INFO] [stdout] 
[INFO] [stderr]      Running tests/beamlattice_test.rs (/opt/rustwide/target/release/deps/beamlattice_test-3387b7fe160545da)
[INFO] [stdout] 
[INFO] [stdout] running 9 tests
[INFO] [stderr]      Running tests/boolean_tests.rs (/opt/rustwide/target/release/deps/boolean_tests-ec83e8ee1f689bf1)
[INFO] [stdout] test test_beam_lattice_truncated_eof_in_beams ... ok
[INFO] [stdout] test test_beam_lattice_truncated_eof_in_beamlattice ... ok
[INFO] [stdout] test test_beam_r2_defaults_to_r1 ... ok
[INFO] [stdout] test test_beam_lattice_property_indices ... ok
[INFO] [stdout] test test_beam_lattice_clipping_modes ... ok
[INFO] [stdout] test test_beam_lattice_truncated_eof_in_beamsets ... ok
[INFO] [stdout] test test_beam_lattice_multiple_beam_sets ... ok
[INFO] [stdout] test test_parse_beam_lattice_cap_modes ... ok
[INFO] [stdout] test test_beam_lattice_empty ... ok
[INFO] [stdout] 
[INFO] [stdout] test result: ok. 9 passed; 0 failed; 0 ignored; 0 measured; 0 filtered out; finished in 0.01s
[INFO] [stdout] 
[INFO] [stdout] 
[INFO] [stdout] running 8 tests
[INFO] [stdout] test test_parse_with_transform ... ok
[INFO] [stdout] test test_parse_all_operation_types ... ok
[INFO] [stdout] test test_parse_boolean_union ... ok
[INFO] [stdout] test test_default_operation_type ... ok
[INFO] [stdout] test test_validation_cycle_detection ... ok
[INFO] [stdout] test test_validation_missing_operation_object ... ok
[INFO] [stdout] test test_validation_missing_base_object ... ok
[INFO] [stdout] test test_round_trip ... ok
[INFO] [stdout] 
[INFO] [stdout] test result: ok. 8 passed; 0 failed; 0 ignored; 0 measured; 0 filtered out; finished in 0.01s
[INFO] [stdout] 
[INFO] [stderr]      Running tests/conformance.rs (/opt/rustwide/target/release/deps/conformance-b66f39d9437d9c8e)
[INFO] [stdout] 
[INFO] [stdout] running 51 tests
[INFO] [stdout] test test_mustfail_chapter2_1_1b_parts_relationships_link_to_external ... ignored, requires part-level relationship validation (external link in 3D/_rels/3dmodel.model.rels)
[INFO] [stdout] test test_mustfail_chapter2_1_4_parts_relationships_more_than_one_print_ticket ... ignored, requires part-level relationship validation (multiple print tickets in 3D/_rels/3dmodel.model.rels)
[INFO] [stdout] test test_mustfail_chapter2_3_2b_data_type_definition_in_xml_markup ... ignored, requires XML Schema (XSD) validation
[INFO] [stdout] test test_mustfail_chapter2_3_2c_undefined_namespace_in_xds ... ignored, requires XML Schema (XSD) validation
[INFO] [stdout] test test_mustfail_chapter2_3_2d_undefined_xmlxsi_in_xsd_schema ... ignored, requires XML Schema (XSD) validation
[INFO] [stdout] test test_mustfail_chapter3_4_1a_missing_metadata_name ... ignored, unclear spec requirement - test file appears to have name attributes on all metadata elements
[INFO] [stdout] test test_mustfail_chapter2_1_1a_parts_relationships_non_exist_3d_model_part ... FAILED
[INFO] [stdout] test test_mustfail_chapter2_3_4_whitespace ... FAILED
[INFO] [stdout] test test_mustfail_chapter3_4b_missing_build_element ... FAILED
[INFO] [stdout] test test_mustfail_chapter3_4c_missing_resource_element ... FAILED
[INFO] [stdout] test test_mustfail_chapter3_4_3_1a_not_matching_object_id_in_build_item ... FAILED
[INFO] [stdout] test test_mustfail_extension_chapter4a_duplicated_composite_materials ... FAILED
[INFO] [stdout] test test_mustfail_chapter3_4_1b_duplicated_metadata_name ... FAILED
[INFO] [stdout] test test_mustfail_chapter3_4a_more_than_one_model ... FAILED
[INFO] [stdout] test test_mustfail_extension_chapter2_duplicated_id_across_group ... FAILED
[INFO] [stdout] test test_mustfail_chapter2_1_2_parts_relationships_more_than_one_3d_model_part ... FAILED
[INFO] [stdout] test test_mustfail_extension_chapter5a_missing_pids ... FAILED
[INFO] [stdout] test test_mustfail_extension_chapter4b_mat_id_is_not_base_materials ... FAILED
[INFO] [stdout] test test_mustfail_extension_chapter5b_multiple_reference_to_base_and_composite_materials ... FAILED
[INFO] [stdout] test test_mustfail_extension_chapter5b_multiple_reference_to_base_materials ... FAILED
[INFO] [stdout] test test_mustfail_extension_chapter5b_refer_to_another_multi_properties ... FAILED
[INFO] [stdout] test test_mustfail_extension_chapter5d_multiple_reference_to_composite_materials ... FAILED
[INFO] [stdout] test test_mustfail_extension_chapter6_2d_texture_missing_path ... FAILED
[INFO] [stdout] test test_mustfail_extension_chapter2_duplicated_color_group_id ... FAILED
[INFO] [stdout] test test_mustfail_chapter2_1_3_parts_relationships_non_exist_thumbnail_part ... FAILED
[INFO] [stdout] test test_mustfail_chapter5a_duplicated_base_materials ... FAILED
[INFO] [stdout] test test_mustfail_chapter2_3_2a_non_utf_encoding ... FAILED
[INFO] [stdout] test test_mustfail_chapter3_4_3_1b_build_item_refer_to_object_of_type_other ... FAILED
[INFO] [stdout] test test_mustfail_chapter4a_invalid_object_type ... FAILED
[INFO] [stdout] test test_mustfail_chapter4b_pid_is_not_specified ... FAILED
[INFO] [stdout] test test_mustfail_extension_chapter4c_missing_matid_mat_indices ... FAILED
[INFO] [stdout] test test_mustfail_extension_chapter3_missing_tex_id ... FAILED
[INFO] [stdout] test test_mustfail_extension_chapter2_missing_color_value ... FAILED
[INFO] [stdout] test test_mustpass_chapter2_2_part_naming ... FAILED
[INFO] [stdout] test test_mustpass_chapter2_1_parts_relationships ... FAILED
[INFO] [stdout] test test_mustfail_extension_chapter3_duplicated_texture2d_group ... FAILED
[INFO] [stdout] test test_mustfail_extension_chapter5c_multiple_reference_to_colorgroup ... FAILED
[INFO] [stdout] test test_mustfail_extension_chapter4d_missing_mat_indices ... FAILED
[INFO] [stdout] test test_mustfail_extension_chapter5e_reference_to_multi_properties ... FAILED
[INFO] [stdout] test test_mustfail_extension_chapter6_2d_texture_invalid_content_type ... FAILED
[INFO] [stdout] test test_mustpass_chapter3_2b_units_measurement_mm ... FAILED
[INFO] [stdout] test test_mustpass_chapter3_4_3a_must_not_output_non_referenced_objects ... FAILED
[INFO] [stdout] test test_mustpass_chapter3_2c_multiple_items_transform ... FAILED
[INFO] [stdout] test test_mustpass_chapter4_1_explicit_support ... FAILED
[INFO] [stdout] test test_mustpass_chapter5_1b_material_resources_multi_objects_composite_and_multi_properties ... FAILED
[INFO] [stdout] test test_mustpass_chapter3_4_1c_must_ignore_undefined_metadata_name ... FAILED
[INFO] [stdout] test test_mustpass_chapter5_1c_material_resources_srgb_rgb_colors ... FAILED
[INFO] [stdout] test test_mustpass_chapter3_4_2_metadata_resources_build ... FAILED
[INFO] [stdout] test test_mustpass_chapter2_3a_ignorable_markup ... FAILED
[INFO] [stdout] test test_mustpass_chapter4_2_components ... FAILED
[INFO] [stdout] test test_mustpass_chapter5_1a_material_resources_composite_and_multi_properties ... FAILED
[INFO] [stdout] 
[INFO] [stdout] failures:
[INFO] [stdout] 
[INFO] [stdout] ---- test_mustfail_chapter2_1_1a_parts_relationships_non_exist_3d_model_part stdout ----
[INFO] [stdout] 
[INFO] [stdout] thread 'test_mustfail_chapter2_1_1a_parts_relationships_non_exist_3d_model_part' (3754) panicked at tests/conformance.rs:165:13:
[INFO] [stdout] Test file not found: MUSTFAIL_Chapter2.1.1a_PartsRelationships_NonExist3DModelPart.3mf
[INFO] [stdout] stack backtrace:
[INFO] [stdout]    0:     0x5bc4fb790661 - <<std[70759c8f55707aa4]::sys::backtrace::BacktraceLock>::print::DisplayBacktrace as core[df12db4294e9bfd3]::fmt::Display>::fmt
[INFO] [stdout]    1:     0x5bc4fb7a6eea - core[df12db4294e9bfd3]::fmt::write
[INFO] [stdout]    2:     0x5bc4fb794c0c - <alloc[2182bb758b4b3781]::vec::Vec<u8> as core[df12db4294e9bfd3]::io::write::Write>::write_fmt
[INFO] [stdout]    3:     0x5bc4fb76ca46 - std[70759c8f55707aa4]::panicking::default_hook::{closure#0}
[INFO] [stdout]    4:     0x5bc4fb788dc9 - std[70759c8f55707aa4]::panicking::default_hook
[INFO] [stdout]    5:     0x5bc4fb6f0cb0 - test[9d35eded1c95d3be]::test_main_inner::<test[9d35eded1c95d3be]::test_main_static::{closure#0}>::{closure#0}
[INFO] [stdout]    6:     0x5bc4fb788f82 - std[70759c8f55707aa4]::panicking::panic_with_hook
[INFO] [stdout]    7:     0x5bc4fb76caf2 - std[70759c8f55707aa4]::panicking::panic_handler::{closure#0}
[INFO] [stdout]    8:     0x5bc4fb765879 - std[70759c8f55707aa4]::sys::backtrace::__rust_end_short_backtrace::<std[70759c8f55707aa4]::panicking::panic_handler::{closure#0}, !>
[INFO] [stdout]    9:     0x5bc4fb76d6ed - __rustc[8fa7c3cbc660c2b3]::rust_begin_unwind
[INFO] [stdout]   10:     0x5bc4fb7a761c - core[df12db4294e9bfd3]::panicking::panic_fmt
[INFO] [stdout]   11:     0x5bc4fb6e1785 - conformance[e1106b812467bbd1]::test_mustfail_file
[INFO] [stdout]   12:     0x5bc4fb6e2935 - <conformance[e1106b812467bbd1]::test_mustfail_chapter2_1_1a_parts_relationships_non_exist_3d_model_part::{closure#0} as core[df12db4294e9bfd3]::ops::function::FnOnce<()>>::call_once
[INFO] [stdout]   13:     0x5bc4fb6e3f9b - test[9d35eded1c95d3be]::__rust_begin_short_backtrace::<core[df12db4294e9bfd3]::result::Result<(), alloc[2182bb758b4b3781]::string::String>, fn() -> core[df12db4294e9bfd3]::result::Result<(), alloc[2182bb758b4b3781]::string::String>>
[INFO] [stdout]   14:     0x5bc4fb6f1605 - test[9d35eded1c95d3be]::run_test::{closure#0}
[INFO] [stdout]   15:     0x5bc4fb6eaec4 - std[70759c8f55707aa4]::sys::backtrace::__rust_begin_short_backtrace::<test[9d35eded1c95d3be]::run_test::{closure#1}, ()>
[INFO] [stdout]   16:     0x5bc4fb6f4762 - <std[70759c8f55707aa4]::thread::lifecycle::spawn_unchecked<test[9d35eded1c95d3be]::run_test::{closure#1}, ()>::{closure#1} as core[df12db4294e9bfd3]::ops::function::FnOnce<()>>::call_once::{shim:vtable#0}
[INFO] [stdout]   17:     0x5bc4fb78ff39 - <std[70759c8f55707aa4]::sys::thread::unix::Thread>::new::thread_start
[INFO] [stdout]   18:     0x73b88d535dfa - <unknown>
[INFO] [stdout]   19:     0x73b88d5c93d4 - clone
[INFO] [stdout]   20:                0x0 - <unknown>
[INFO] [stdout] 
[INFO] [stdout] ---- test_mustfail_chapter2_3_4_whitespace stdout ----
[INFO] [stdout] 
[INFO] [stdout] thread 'test_mustfail_chapter2_3_4_whitespace' (3758) panicked at tests/conformance.rs:165:13:
[INFO] [stdout] Test file not found: MUSTFAIL_Chapter2.3.4_WhiteSpace.3mf
[INFO] [stdout] stack backtrace:
[INFO] [stdout]    0:     0x5bc4fb790661 - <<std[70759c8f55707aa4]::sys::backtrace::BacktraceLock>::print::DisplayBacktrace as core[df12db4294e9bfd3]::fmt::Display>::fmt
[INFO] [stdout]    1:     0x5bc4fb7a6eea - core[df12db4294e9bfd3]::fmt::write
[INFO] [stdout]    2:     0x5bc4fb794c0c - <alloc[2182bb758b4b3781]::vec::Vec<u8> as core[df12db4294e9bfd3]::io::write::Write>::write_fmt
[INFO] [stdout]    3:     0x5bc4fb76ca46 - std[70759c8f55707aa4]::panicking::default_hook::{closure#0}
[INFO] [stdout]    4:     0x5bc4fb788dc9 - std[70759c8f55707aa4]::panicking::default_hook
[INFO] [stdout]    5:     0x5bc4fb6f0cb0 - test[9d35eded1c95d3be]::test_main_inner::<test[9d35eded1c95d3be]::test_main_static::{closure#0}>::{closure#0}
[INFO] [stdout]    6:     0x5bc4fb788f82 - std[70759c8f55707aa4]::panicking::panic_with_hook
[INFO] [stdout]    7:     0x5bc4fb76caf2 - std[70759c8f55707aa4]::panicking::panic_handler::{closure#0}
[INFO] [stdout]    8:     0x5bc4fb765879 - std[70759c8f55707aa4]::sys::backtrace::__rust_end_short_backtrace::<std[70759c8f55707aa4]::panicking::panic_handler::{closure#0}, !>
[INFO] [stdout]    9:     0x5bc4fb76d6ed - __rustc[8fa7c3cbc660c2b3]::rust_begin_unwind
[INFO] [stdout]   10:     0x5bc4fb7a761c - core[df12db4294e9bfd3]::panicking::panic_fmt
[INFO] [stdout]   11:     0x5bc4fb6e1785 - conformance[e1106b812467bbd1]::test_mustfail_file
[INFO] [stdout]   12:     0x5bc4fb6e1f85 - <conformance[e1106b812467bbd1]::test_mustfail_chapter2_3_4_whitespace::{closure#0} as core[df12db4294e9bfd3]::ops::function::FnOnce<()>>::call_once
[INFO] [stdout]   13:     0x5bc4fb6e3f9b - test[9d35eded1c95d3be]::__rust_begin_short_backtrace::<core[df12db4294e9bfd3]::result::Result<(), alloc[2182bb758b4b3781]::string::String>, fn() -> core[df12db4294e9bfd3]::result::Result<(), alloc[2182bb758b4b3781]::string::String>>
[INFO] [stdout]   14:     0x5bc4fb6f1605 - test[9d35eded1c95d3be]::run_test::{closure#0}
[INFO] [stdout]   15:     0x5bc4fb6eaec4 - std[70759c8f55707aa4]::sys::backtrace::__rust_begin_short_backtrace::<test[9d35eded1c95d3be]::run_test::{closure#1}, ()>
[INFO] [stdout]   16:     0x5bc4fb6f4762 - <std[70759c8f55707aa4]::thread::lifecycle::spawn_unchecked<test[9d35eded1c95d3be]::run_test::{closure#1}, ()>::{closure#1} as core[df12db4294e9bfd3]::ops::function::FnOnce<()>>::call_once::{shim:vtable#0}
[INFO] [stdout]   17:     0x5bc4fb78ff39 - <std[70759c8f55707aa4]::sys::thread::unix::Thread>::new::thread_start
[INFO] [stdout]   18:     0x73b88d535dfa - <unknown>
[INFO] [stdout]   19:     0x73b88d5c93d4 - clone
[INFO] [stdout]   20:                0x0 - <unknown>
[INFO] [stdout] 
[INFO] [stdout] ---- test_mustfail_chapter3_4b_missing_build_element stdout ----
[INFO] [stdout] 
[INFO] [stdout] thread 'test_mustfail_chapter3_4b_missing_build_element' (3763) panicked at tests/conformance.rs:165:13:
[INFO] [stdout] Test file not found: MUSTFAIL_Chapter3.4b_MissingBuildElement.3mf
[INFO] [stdout] stack backtrace:
[INFO] [stdout]    0:     0x5bc4fb790661 - <<std[70759c8f55707aa4]::sys::backtrace::BacktraceLock>::print::DisplayBacktrace as core[df12db4294e9bfd3]::fmt::Display>::fmt
[INFO] [stdout]    1:     0x5bc4fb7a6eea - core[df12db4294e9bfd3]::fmt::write
[INFO] [stdout]    2:     0x5bc4fb794c0c - <alloc[2182bb758b4b3781]::vec::Vec<u8> as core[df12db4294e9bfd3]::io::write::Write>::write_fmt
[INFO] [stdout]    3:     0x5bc4fb76ca46 - std[70759c8f55707aa4]::panicking::default_hook::{closure#0}
[INFO] [stdout]    4:     0x5bc4fb788dc9 - std[70759c8f55707aa4]::panicking::default_hook
[INFO] [stdout]    5:     0x5bc4fb6f0cb0 - test[9d35eded1c95d3be]::test_main_inner::<test[9d35eded1c95d3be]::test_main_static::{closure#0}>::{closure#0}
[INFO] [stdout]    6:     0x5bc4fb788f82 - std[70759c8f55707aa4]::panicking::panic_with_hook
[INFO] [stdout]    7:     0x5bc4fb76caf2 - std[70759c8f55707aa4]::panicking::panic_handler::{closure#0}
[INFO] [stdout]    8:     0x5bc4fb765879 - std[70759c8f55707aa4]::sys::backtrace::__rust_end_short_backtrace::<std[70759c8f55707aa4]::panicking::panic_handler::{closure#0}, !>
[INFO] [stdout]    9:     0x5bc4fb76d6ed - __rustc[8fa7c3cbc660c2b3]::rust_begin_unwind
[INFO] [stdout]   10:     0x5bc4fb7a761c - core[df12db4294e9bfd3]::panicking::panic_fmt
[INFO] [stdout]   11:     0x5bc4fb6e1785 - conformance[e1106b812467bbd1]::test_mustfail_file
[INFO] [stdout]   12:     0x5bc4fb6e21c5 - <conformance[e1106b812467bbd1]::test_mustfail_chapter3_4b_missing_build_element::{closure#0} as core[df12db4294e9bfd3]::ops::function::FnOnce<()>>::call_once
[INFO] [stdout]   13:     0x5bc4fb6e3f9b - test[9d35eded1c95d3be]::__rust_begin_short_backtrace::<core[df12db4294e9bfd3]::result::Result<(), alloc[2182bb758b4b3781]::string::String>, fn() -> core[df12db4294e9bfd3]::result::Result<(), alloc[2182bb758b4b3781]::string::String>>
[INFO] [stdout]   14:     0x5bc4fb6f1605 - test[9d35eded1c95d3be]::run_test::{closure#0}
[INFO] [stdout]   15:     0x5bc4fb6eaec4 - std[70759c8f55707aa4]::sys::backtrace::__rust_begin_short_backtrace::<test[9d35eded1c95d3be]::run_test::{closure#1}, ()>
[INFO] [stdout]   16:     0x5bc4fb6f4762 - <std[70759c8f55707aa4]::thread::lifecycle::spawn_unchecked<test[9d35eded1c95d3be]::run_test::{closure#1}, ()>::{closure#1} as core[df12db4294e9bfd3]::ops::function::FnOnce<()>>::call_once::{shim:vtable#0}
[INFO] [stdout]   17:     0x5bc4fb78ff39 - <std[70759c8f55707aa4]::sys::thread::unix::Thread>::new::thread_start
[INFO] [stdout]   18:     0x73b88d535dfa - <unknown>
[INFO] [stdout]   19:     0x73b88d5c93d4 - clone
[INFO] [stdout]   20:                0x0 - <unknown>
[INFO] [stdout] 
[INFO] [stdout] ---- test_mustfail_chapter3_4c_missing_resource_element stdout ----
[INFO] [stdout] 
[INFO] [stdout] thread 'test_mustfail_chapter3_4c_missing_resource_element' (3764) panicked at tests/conformance.rs:165:13:
[INFO] [stdout] Test file not found: MUSTFAIL_Chapter3.4c_MissingResourceElement.3mf
[INFO] [stdout] stack backtrace:
[INFO] [stdout]    0:     0x5bc4fb790661 - <<std[70759c8f55707aa4]::sys::backtrace::BacktraceLock>::print::DisplayBacktrace as core[df12db4294e9bfd3]::fmt::Display>::fmt
[INFO] [stdout]    1:     0x5bc4fb7a6eea - core[df12db4294e9bfd3]::fmt::write
[INFO] [stdout]    2:     0x5bc4fb794c0c - <alloc[2182bb758b4b3781]::vec::Vec<u8> as core[df12db4294e9bfd3]::io::write::Write>::write_fmt
[INFO] [stdout]    3:     0x5bc4fb76ca46 - std[70759c8f55707aa4]::panicking::default_hook::{closure#0}
[INFO] [stdout]    4:     0x5bc4fb788dc9 - std[70759c8f55707aa4]::panicking::default_hook
[INFO] [stdout]    5:     0x5bc4fb6f0cb0 - test[9d35eded1c95d3be]::test_main_inner::<test[9d35eded1c95d3be]::test_main_static::{closure#0}>::{closure#0}
[INFO] [stdout]    6:     0x5bc4fb788f82 - std[70759c8f55707aa4]::panicking::panic_with_hook
[INFO] [stdout]    7:     0x5bc4fb76caf2 - std[70759c8f55707aa4]::panicking::panic_handler::{closure#0}
[INFO] [stdout]    8:     0x5bc4fb765879 - std[70759c8f55707aa4]::sys::backtrace::__rust_end_short_backtrace::<std[70759c8f55707aa4]::panicking::panic_handler::{closure#0}, !>
[INFO] [stdout]    9:     0x5bc4fb76d6ed - __rustc[8fa7c3cbc660c2b3]::rust_begin_unwind
[INFO] [stdout]   10:     0x5bc4fb7a761c - core[df12db4294e9bfd3]::panicking::panic_fmt
[INFO] [stdout]   11:     0x5bc4fb6e1785 - conformance[e1106b812467bbd1]::test_mustfail_file
[INFO] [stdout]   12:     0x5bc4fb6e22c5 - <conformance[e1106b812467bbd1]::test_mustfail_chapter3_4c_missing_resource_element::{closure#0} as core[df12db4294e9bfd3]::ops::function::FnOnce<()>>::call_once
[INFO] [stdout]   13:     0x5bc4fb6e3f9b - test[9d35eded1c95d3be]::__rust_begin_short_backtrace::<core[df12db4294e9bfd3]::result::Result<(), alloc[2182bb758b4b3781]::string::String>, fn() -> core[df12db4294e9bfd3]::result::Result<(), alloc[2182bb758b4b3781]::string::String>>
[INFO] [stdout]   14:     0x5bc4fb6f1605 - test[9d35eded1c95d3be]::run_test::{closure#0}
[INFO] [stdout]   15:     0x5bc4fb6eaec4 - std[70759c8f55707aa4]::sys::backtrace::__rust_begin_short_backtrace::<test[9d35eded1c95d3be]::run_test::{closure#1}, ()>
[INFO] [stdout]   16:     0x5bc4fb6f4762 - <std[70759c8f55707aa4]::thread::lifecycle::spawn_unchecked<test[9d35eded1c95d3be]::run_test::{closure#1}, ()>::{closure#1} as core[df12db4294e9bfd3]::ops::function::FnOnce<()>>::call_once::{shim:vtable#0}
[INFO] [stdout]   17:     0x5bc4fb78ff39 - <std[70759c8f55707aa4]::sys::thread::unix::Thread>::new::thread_start
[INFO] [stdout]   18:     0x73b88d535dfa - <unknown>
[INFO] [stdout]   19:     0x73b88d5c93d4 - clone
[INFO] [stdout]   20:                0x0 - <unknown>
[INFO] [stdout] 
[INFO] [stdout] ---- test_mustfail_chapter3_4_3_1a_not_matching_object_id_in_build_item stdout ----
[INFO] [stdout] 
[INFO] [stdout] thread 'test_mustfail_chapter3_4_3_1a_not_matching_object_id_in_build_item' (3760) panicked at tests/conformance.rs:165:13:
[INFO] [stdout] Test file not found: MUSTFAIL_Chapter3.4.3.1a_NotMatchingObjectIdInBuildItem.3mf
[INFO] [stdout] stack backtrace:
[INFO] [stdout]    0:     0x5bc4fb790661 - <<std[70759c8f55707aa4]::sys::backtrace::BacktraceLock>::print::DisplayBacktrace as core[df12db4294e9bfd3]::fmt::Display>::fmt
[INFO] [stdout]    1:     0x5bc4fb7a6eea - core[df12db4294e9bfd3]::fmt::write
[INFO] [stdout]    2:     0x5bc4fb794c0c - <alloc[2182bb758b4b3781]::vec::Vec<u8> as core[df12db4294e9bfd3]::io::write::Write>::write_fmt
[INFO] [stdout]    3:     0x5bc4fb76ca46 - std[70759c8f55707aa4]::panicking::default_hook::{closure#0}
[INFO] [stdout]    4:     0x5bc4fb788dc9 - std[70759c8f55707aa4]::panicking::default_hook
[INFO] [stdout]    5:     0x5bc4fb6f0cb0 - test[9d35eded1c95d3be]::test_main_inner::<test[9d35eded1c95d3be]::test_main_static::{closure#0}>::{closure#0}
[INFO] [stdout]    6:     0x5bc4fb788f82 - std[70759c8f55707aa4]::panicking::panic_with_hook
[INFO] [stdout]    7:     0x5bc4fb76caf2 - std[70759c8f55707aa4]::panicking::panic_handler::{closure#0}
[INFO] [stdout]    8:     0x5bc4fb765879 - std[70759c8f55707aa4]::sys::backtrace::__rust_end_short_backtrace::<std[70759c8f55707aa4]::panicking::panic_handler::{closure#0}, !>
[INFO] [stdout]    9:     0x5bc4fb76d6ed - __rustc[8fa7c3cbc660c2b3]::rust_begin_unwind
[INFO] [stdout]   10:     0x5bc4fb7a761c - core[df12db4294e9bfd3]::panicking::panic_fmt
[INFO] [stdout]   11:     0x5bc4fb6e1785 - conformance[e1106b812467bbd1]::test_mustfail_file
[INFO] [stdout]   12:     0x5bc4fb6e27c5 - <conformance[e1106b812467bbd1]::test_mustfail_chapter3_4_3_1a_not_matching_object_id_in_build_item::{closure#0} as core[df12db4294e9bfd3]::ops::function::FnOnce<()>>::call_once
[INFO] [stdout]   13:     0x5bc4fb6e3f9b - test[9d35eded1c95d3be]::__rust_begin_short_backtrace::<core[df12db4294e9bfd3]::result::Result<(), alloc[2182bb758b4b3781]::string::String>, fn() -> core[df12db4294e9bfd3]::result::Result<(), alloc[2182bb758b4b3781]::string::String>>
[INFO] [stdout]   14:     0x5bc4fb6f1605 - test[9d35eded1c95d3be]::run_test::{closure#0}
[INFO] [stdout]   15:     0x5bc4fb6eaec4 - std[70759c8f55707aa4]::sys::backtrace::__rust_begin_short_backtrace::<test[9d35eded1c95d3be]::run_test::{closure#1}, ()>
[INFO] [stdout]   16:     0x5bc4fb6f4762 - <std[70759c8f55707aa4]::thread::lifecycle::spawn_unchecked<test[9d35eded1c95d3be]::run_test::{closure#1}, ()>::{closure#1} as core[df12db4294e9bfd3]::ops::function::FnOnce<()>>::call_once::{shim:vtable#0}
[INFO] [stdout]   17:     0x5bc4fb78ff39 - <std[70759c8f55707aa4]::sys::thread::unix::Thread>::new::thread_start
[INFO] [stdout]   18:     0x73b88d535dfa - <unknown>
[INFO] [stdout]   19:     0x73b88d5c93d4 - clone
[INFO] [stdout]   20:                0x0 - <unknown>
[INFO] [stdout] 
[INFO] [stdout] ---- test_mustfail_extension_chapter4a_duplicated_composite_materials stdout ----
[INFO] [stdout] 
[INFO] [stdout] thread 'test_mustfail_extension_chapter4a_duplicated_composite_materials' (3773) panicked at tests/conformance.rs:165:13:
[INFO] [stdout] Test file not found: MUSTFAIL_3MF100_Extension_Chapter4a_DuplicatedCompositeMaterials.3mf
[INFO] [stdout] stack backtrace:
[INFO] [stdout]    0:     0x5bc4fb790661 - <<std[70759c8f55707aa4]::sys::backtrace::BacktraceLock>::print::DisplayBacktrace as core[df12db4294e9bfd3]::fmt::Display>::fmt
[INFO] [stdout]    1:     0x5bc4fb7a6eea - core[df12db4294e9bfd3]::fmt::write
[INFO] [stdout]    2:     0x5bc4fb794c0c - <alloc[2182bb758b4b3781]::vec::Vec<u8> as core[df12db4294e9bfd3]::io::write::Write>::write_fmt
[INFO] [stdout]    3:     0x5bc4fb76ca46 - std[70759c8f55707aa4]::panicking::default_hook::{closure#0}
[INFO] [stdout]    4:     0x5bc4fb788dc9 - std[70759c8f55707aa4]::panicking::default_hook
[INFO] [stdout]    5:     0x5bc4fb6f0cb0 - test[9d35eded1c95d3be]::test_main_inner::<test[9d35eded1c95d3be]::test_main_static::{closure#0}>::{closure#0}
[INFO] [stdout]    6:     0x5bc4fb788f82 - std[70759c8f55707aa4]::panicking::panic_with_hook
[INFO] [stdout]    7:     0x5bc4fb76caf2 - std[70759c8f55707aa4]::panicking::panic_handler::{closure#0}
[INFO] [stdout]    8:     0x5bc4fb765879 - std[70759c8f55707aa4]::sys::backtrace::__rust_end_short_backtrace::<std[70759c8f55707aa4]::panicking::panic_handler::{closure#0}, !>
[INFO] [stdout]    9:     0x5bc4fb76d6ed - __rustc[8fa7c3cbc660c2b3]::rust_begin_unwind
[INFO] [stdout]   10:     0x5bc4fb7a761c - core[df12db4294e9bfd3]::panicking::panic_fmt
[INFO] [stdout]   11:     0x5bc4fb6e1785 - conformance[e1106b812467bbd1]::test_mustfail_file
[INFO] [stdout]   12:     0x5bc4fb6e2745 - <conformance[e1106b812467bbd1]::test_mustfail_extension_chapter4a_duplicated_composite_materials::{closure#0} as core[df12db4294e9bfd3]::ops::function::FnOnce<()>>::call_once
[INFO] [stdout]   13:     0x5bc4fb6e3f9b - test[9d35eded1c95d3be]::__rust_begin_short_backtrace::<core[df12db4294e9bfd3]::result::Result<(), alloc[2182bb758b4b3781]::string::String>, fn() -> core[df12db4294e9bfd3]::result::Result<(), alloc[2182bb758b4b3781]::string::String>>
[INFO] [stdout]   14:     0x5bc4fb6f1605 - test[9d35eded1c95d3be]::run_test::{closure#0}
[INFO] [stdout]   15:     0x5bc4fb6eaec4 - std[70759c8f55707aa4]::sys::backtrace::__rust_begin_short_backtrace::<test[9d35eded1c95d3be]::run_test::{closure#1}, ()>
[INFO] [stdout]   16:     0x5bc4fb6f4762 - <std[70759c8f55707aa4]::thread::lifecycle::spawn_unchecked<test[9d35eded1c95d3be]::run_test::{closure#1}, ()>::{closure#1} as core[df12db4294e9bfd3]::ops::function::FnOnce<()>>::call_once::{shim:vtable#0}
[INFO] [stdout]   17:     0x5bc4fb78ff39 - <std[70759c8f55707aa4]::sys::thread::unix::Thread>::new::thread_start
[INFO] [stdout]   18:     0x73b88d535dfa - <unknown>
[INFO] [stdout]   19:     0x73b88d5c93d4 - clone
[INFO] [stdout]   20:                0x0 - <unknown>
[INFO] [stdout] 
[INFO] [stdout] ---- test_mustfail_chapter3_4_1b_duplicated_metadata_name stdout ----
[INFO] [stdout] 
[INFO] [stdout] thread 'test_mustfail_chapter3_4_1b_duplicated_metadata_name' (3759) panicked at tests/conformance.rs:165:13:
[INFO] [stdout] Test file not found: MUSTFAIL_Chapter3.4.1b_DuplicatedMetadataName.3mf
[INFO] [stdout] stack backtrace:
[INFO] [stdout]    0:     0x5bc4fb790661 - <<std[70759c8f55707aa4]::sys::backtrace::BacktraceLock>::print::DisplayBacktrace as core[df12db4294e9bfd3]::fmt::Display>::fmt
[INFO] [stdout]    1:     0x5bc4fb7a6eea - core[df12db4294e9bfd3]::fmt::write
[INFO] [stdout]    2:     0x5bc4fb794c0c - <alloc[2182bb758b4b3781]::vec::Vec<u8> as core[df12db4294e9bfd3]::io::write::Write>::write_fmt
[INFO] [stdout]    3:     0x5bc4fb76ca46 - std[70759c8f55707aa4]::panicking::default_hook::{closure#0}
[INFO] [stdout]    4:     0x5bc4fb788dc9 - std[70759c8f55707aa4]::panicking::default_hook
[INFO] [stdout]    5:     0x5bc4fb6f0cb0 - test[9d35eded1c95d3be]::test_main_inner::<test[9d35eded1c95d3be]::test_main_static::{closure#0}>::{closure#0}
[INFO] [stdout]    6:     0x5bc4fb788f82 - std[70759c8f55707aa4]::panicking::panic_with_hook
[INFO] [stdout]    7:     0x5bc4fb76caf2 - std[70759c8f55707aa4]::panicking::panic_handler::{closure#0}
[INFO] [stdout]    8:     0x5bc4fb765879 - std[70759c8f55707aa4]::sys::backtrace::__rust_end_short_backtrace::<std[70759c8f55707aa4]::panicking::panic_handler::{closure#0}, !>
[INFO] [stdout]    9:     0x5bc4fb76d6ed - __rustc[8fa7c3cbc660c2b3]::rust_begin_unwind
[INFO] [stdout]   10:     0x5bc4fb7a761c - core[df12db4294e9bfd3]::panicking::panic_fmt
[INFO] [stdout]   11:     0x5bc4fb6e1785 - conformance[e1106b812467bbd1]::test_mustfail_file
[INFO] [stdout]   12:     0x5bc4fb6e2365 - <conformance[e1106b812467bbd1]::test_mustfail_chapter3_4_1b_duplicated_metadata_name::{closure#0} as core[df12db4294e9bfd3]::ops::function::FnOnce<()>>::call_once
[INFO] [stdout]   13:     0x5bc4fb6e3f9b - test[9d35eded1c95d3be]::__rust_begin_short_backtrace::<core[df12db4294e9bfd3]::result::Result<(), alloc[2182bb758b4b3781]::string::String>, fn() -> core[df12db4294e9bfd3]::result::Result<(), alloc[2182bb758b4b3781]::string::String>>
[INFO] [stdout]   14:     0x5bc4fb6f1605 - test[9d35eded1c95d3be]::run_test::{closure#0}
[INFO] [stdout]   15:     0x5bc4fb6eaec4 - std[70759c8f55707aa4]::sys::backtrace::__rust_begin_short_backtrace::<test[9d35eded1c95d3be]::run_test::{closure#1}, ()>
[INFO] [stdout]   16:     0x5bc4fb6f4762 - <std[70759c8f55707aa4]::thread::lifecycle::spawn_unchecked<test[9d35eded1c95d3be]::run_test::{closure#1}, ()>::{closure#1} as core[df12db4294e9bfd3]::ops::function::FnOnce<()>>::call_once::{shim:vtable#0}
[INFO] [stdout]   17:     0x5bc4fb78ff39 - <std[70759c8f55707aa4]::sys::thread::unix::Thread>::new::thread_start
[INFO] [stdout]   18:     0x73b88d535dfa - <unknown>
[INFO] [stdout]   19:     0x73b88d5c93d4 - clone
[INFO] [stdout]   20:                0x0 - <unknown>
[INFO] [stdout] 
[INFO] [stdout] ---- test_mustfail_chapter3_4a_more_than_one_model stdout ----
[INFO] [stdout] 
[INFO] [stdout] thread 'test_mustfail_chapter3_4a_more_than_one_model' (3762) panicked at tests/conformance.rs:165:13:
[INFO] [stdout] Test file not found: MUSTFAIL_Chapter3.4a_MoreThanOneModel.3mf
[INFO] [stdout] stack backtrace:
[INFO] [stdout]    0:     0x5bc4fb790661 - <<std[70759c8f55707aa4]::sys::backtrace::BacktraceLock>::print::DisplayBacktrace as core[df12db4294e9bfd3]::fmt::Display>::fmt
[INFO] [stdout]    1:     0x5bc4fb7a6eea - core[df12db4294e9bfd3]::fmt::write
[INFO] [stdout]    2:     0x5bc4fb794c0c - <alloc[2182bb758b4b3781]::vec::Vec<u8> as core[df12db4294e9bfd3]::io::write::Write>::write_fmt
[INFO] [stdout]    3:     0x5bc4fb76ca46 - std[70759c8f55707aa4]::panicking::default_hook::{closure#0}
[INFO] [stdout]    4:     0x5bc4fb788dc9 - std[70759c8f55707aa4]::panicking::default_hook
[INFO] [stdout]    5:     0x5bc4fb6f0cb0 - test[9d35eded1c95d3be]::test_main_inner::<test[9d35eded1c95d3be]::test_main_static::{closure#0}>::{closure#0}
[INFO] [stdout]    6:     0x5bc4fb788f82 - std[70759c8f55707aa4]::panicking::panic_with_hook
[INFO] [stdout]    7:     0x5bc4fb76caf2 - std[70759c8f55707aa4]::panicking::panic_handler::{closure#0}
[INFO] [stdout]    8:     0x5bc4fb765879 - std[70759c8f55707aa4]::sys::backtrace::__rust_end_short_backtrace::<std[70759c8f55707aa4]::panicking::panic_handler::{closure#0}, !>
[INFO] [stdout]    9:     0x5bc4fb76d6ed - __rustc[8fa7c3cbc660c2b3]::rust_begin_unwind
[INFO] [stdout]   10:     0x5bc4fb7a761c - core[df12db4294e9bfd3]::panicking::panic_fmt
[INFO] [stdout]   11:     0x5bc4fb6e1785 - conformance[e1106b812467bbd1]::test_mustfail_file
[INFO] [stdout]   12:     0x5bc4fb6e2115 - <conformance[e1106b812467bbd1]::test_mustfail_chapter3_4a_more_than_one_model::{closure#0} as core[df12db4294e9bfd3]::ops::function::FnOnce<()>>::call_once
[INFO] [stdout]   13:     0x5bc4fb6e3f9b - test[9d35eded1c95d3be]::__rust_begin_short_backtrace::<core[df12db4294e9bfd3]::result::Result<(), alloc[2182bb758b4b3781]::string::String>, fn() -> core[df12db4294e9bfd3]::result::Result<(), alloc[2182bb758b4b3781]::string::String>>
[INFO] [stdout]   14:     0x5bc4fb6f1605 - test[9d35eded1c95d3be]::run_test::{closure#0}
[INFO] [stdout]   15:     0x5bc4fb6eaec4 - std[70759c8f55707aa4]::sys::backtrace::__rust_begin_short_backtrace::<test[9d35eded1c95d3be]::run_test::{closure#1}, ()>
[INFO] [stdout]   16:     0x5bc4fb6f4762 - <std[70759c8f55707aa4]::thread::lifecycle::spawn_unchecked<test[9d35eded1c95d3be]::run_test::{closure#1}, ()>::{closure#1} as core[df12db4294e9bfd3]::ops::function::FnOnce<()>>::call_once::{shim:vtable#0}
[INFO] [stdout]   17:     0x5bc4fb78ff39 - <std[70759c8f55707aa4]::sys::thread::unix::Thread>::new::thread_start
[INFO] [stdout]   18:     0x73b88d535dfa - <unknown>
[INFO] [stdout]   19:     0x73b88d5c93d4 - clone
[INFO] [stdout]   20:                0x0 - <unknown>
[INFO] [stdout] 
[INFO] [stdout] ---- test_mustfail_extension_chapter2_duplicated_id_across_group stdout ----
[INFO] [stdout] 
[INFO] [stdout] thread 'test_mustfail_extension_chapter2_duplicated_id_across_group' (3769) panicked at tests/conformance.rs:165:13:
[INFO] [stdout] Test file not found: MUSTFAIL_3MF100_Extension_Chapter2_DuplicatedIdAcrossGroup.3mf
[INFO] [stdout] stack backtrace:
[INFO] [stdout]    0:     0x5bc4fb790661 - <<std[70759c8f55707aa4]::sys::backtrace::BacktraceLock>::print::DisplayBacktrace as core[df12db4294e9bfd3]::fmt::Display>::fmt
[INFO] [stdout]    1:     0x5bc4fb7a6eea - core[df12db4294e9bfd3]::fmt::write
[INFO] [stdout]    2:     0x5bc4fb794c0c - <alloc[2182bb758b4b3781]::vec::Vec<u8> as core[df12db4294e9bfd3]::io::write::Write>::write_fmt
[INFO] [stdout]    3:     0x5bc4fb76ca46 - std[70759c8f55707aa4]::panicking::default_hook::{closure#0}
[INFO] [stdout]    4:     0x5bc4fb788dc9 - std[70759c8f55707aa4]::panicking::default_hook
[INFO] [stdout]    5:     0x5bc4fb6f0cb0 - test[9d35eded1c95d3be]::test_main_inner::<test[9d35eded1c95d3be]::test_main_static::{closure#0}>::{closure#0}
[INFO] [stdout]    6:     0x5bc4fb788f82 - std[70759c8f55707aa4]::panicking::panic_with_hook
[INFO] [stdout]    7:     0x5bc4fb76caf2 - std[70759c8f55707aa4]::panicking::panic_handler::{closure#0}
[INFO] [stdout]    8:     0x5bc4fb765879 - std[70759c8f55707aa4]::sys::backtrace::__rust_end_short_backtrace::<std[70759c8f55707aa4]::panicking::panic_handler::{closure#0}, !>
[INFO] [stdout]    9:     0x5bc4fb76d6ed - __rustc[8fa7c3cbc660c2b3]::rust_begin_unwind
[INFO] [stdout]   10:     0x5bc4fb7a761c - core[df12db4294e9bfd3]::panicking::panic_fmt
[INFO] [stdout]   11:     0x5bc4fb6e1785 - conformance[e1106b812467bbd1]::test_mustfail_file
[INFO] [stdout]   12:     0x5bc4fb6e2525 - <conformance[e1106b812467bbd1]::test_mustfail_extension_chapter2_duplicated_id_across_group::{closure#0} as core[df12db4294e9bfd3]::ops::function::FnOnce<()>>::call_once
[INFO] [stdout]   13:     0x5bc4fb6e3f9b - test[9d35eded1c95d3be]::__rust_begin_short_backtrace::<core[df12db4294e9bfd3]::result::Result<(), alloc[2182bb758b4b3781]::string::String>, fn() -> core[df12db4294e9bfd3]::result::Result<(), alloc[2182bb758b4b3781]::string::String>>
[INFO] [stdout]   14:     0x5bc4fb6f1605 - test[9d35eded1c95d3be]::run_test::{closure#0}
[INFO] [stdout]   15:     0x5bc4fb6eaec4 - std[70759c8f55707aa4]::sys::backtrace::__rust_begin_short_backtrace::<test[9d35eded1c95d3be]::run_test::{closure#1}, ()>
[INFO] [stdout]   16:     0x5bc4fb6f4762 - <std[70759c8f55707aa4]::thread::lifecycle::spawn_unchecked<test[9d35eded1c95d3be]::run_test::{closure#1}, ()>::{closure#1} as core[df12db4294e9bfd3]::ops::function::FnOnce<()>>::call_once::{shim:vtable#0}
[INFO] [stdout]   17:     0x5bc4fb78ff39 - <std[70759c8f55707aa4]::sys::thread::unix::Thread>::new::thread_start
[INFO] [stdout]   18:     0x73b88d535dfa - <unknown>
[INFO] [stdout]   19:     0x73b88d5c93d4 - clone
[INFO] [stdout]   20:                0x0 - <unknown>
[INFO] [stdout] 
[INFO] [stdout] ---- test_mustfail_chapter2_1_2_parts_relationships_more_than_one_3d_model_part stdout ----
[INFO] [stdout] 
[INFO] [stdout] thread 'test_mustfail_chapter2_1_2_parts_relationships_more_than_one_3d_model_part' (3755) panicked at tests/conformance.rs:165:13:
[INFO] [stdout] Test file not found: MUSTFAIL_Chapter2.1.2_PartsRelationships_MoreThanOne3DModelPart.3mf
[INFO] [stdout] stack backtrace:
[INFO] [stdout]    0:     0x5bc4fb790661 - <<std[70759c8f55707aa4]::sys::backtrace::BacktraceLock>::print::DisplayBacktrace as core[df12db4294e9bfd3]::fmt::Display>::fmt
[INFO] [stdout]    1:     0x5bc4fb7a6eea - core[df12db4294e9bfd3]::fmt::write
[INFO] [stdout]    2:     0x5bc4fb794c0c - <alloc[2182bb758b4b3781]::vec::Vec<u8> as core[df12db4294e9bfd3]::io::write::Write>::write_fmt
[INFO] [stdout]    3:     0x5bc4fb76ca46 - std[70759c8f55707aa4]::panicking::default_hook::{closure#0}
[INFO] [stdout]    4:     0x5bc4fb788dc9 - std[70759c8f55707aa4]::panicking::default_hook
[INFO] [stdout]    5:     0x5bc4fb6f0cb0 - test[9d35eded1c95d3be]::test_main_inner::<test[9d35eded1c95d3be]::test_main_static::{closure#0}>::{closure#0}
[INFO] [stdout]    6:     0x5bc4fb788f82 - std[70759c8f55707aa4]::panicking::panic_with_hook
[INFO] [stdout]    7:     0x5bc4fb76caf2 - std[70759c8f55707aa4]::panicking::panic_handler::{closure#0}
[INFO] [stdout]    8:     0x5bc4fb765879 - std[70759c8f55707aa4]::sys::backtrace::__rust_end_short_backtrace::<std[70759c8f55707aa4]::panicking::panic_handler::{closure#0}, !>
[INFO] [stdout]    9:     0x5bc4fb76d6ed - __rustc[8fa7c3cbc660c2b3]::rust_begin_unwind
[INFO] [stdout]   10:     0x5bc4fb7a761c - core[df12db4294e9bfd3]::panicking::panic_fmt
[INFO] [stdout]   11:     0x5bc4fb6e1785 - conformance[e1106b812467bbd1]::test_mustfail_file
[INFO] [stdout]   12:     0x5bc4fb6e29f5 - <conformance[e1106b812467bbd1]::test_mustfail_chapter2_1_2_parts_relationships_more_than_one_3d_model_part::{closure#0} as core[df12db4294e9bfd3]::ops::function::FnOnce<()>>::call_once
[INFO] [stdout]   13:     0x5bc4fb6e3f9b - test[9d35eded1c95d3be]::__rust_begin_short_backtrace::<core[df12db4294e9bfd3]::result::Result<(), alloc[2182bb758b4b3781]::string::String>, fn() -> core[df12db4294e9bfd3]::result::Result<(), alloc[2182bb758b4b3781]::string::String>>
[INFO] [stdout]   14:     0x5bc4fb6f1605 - test[9d35eded1c95d3be]::run_test::{closure#0}
[INFO] [stdout]   15:     0x5bc4fb6eaec4 - std[70759c8f55707aa4]::sys::backtrace::__rust_begin_short_backtrace::<test[9d35eded1c95d3be]::run_test::{closure#1}, ()>
[INFO] [stdout]   16:     0x5bc4fb6f4762 - <std[70759c8f55707aa4]::thread::lifecycle::spawn_unchecked<test[9d35eded1c95d3be]::run_test::{closure#1}, ()>::{closure#1} as core[df12db4294e9bfd3]::ops::function::FnOnce<()>>::call_once::{shim:vtable#0}
[INFO] [stdout]   17:     0x5bc4fb78ff39 - <std[70759c8f55707aa4]::sys::thread::unix::Thread>::new::thread_start
[INFO] [stdout]   18:     0x73b88d535dfa - <unknown>
[INFO] [stdout]   19:     0x73b88d5c93d4 - clone
[INFO] [stdout]   20:                0x0 - <unknown>
[INFO] [stdout] 
[INFO] [stdout] ---- test_mustfail_extension_chapter5a_missing_pids stdout ----
[INFO] [stdout] 
[INFO] [stdout] thread 'test_mustfail_extension_chapter5a_missing_pids' (3777) panicked at tests/conformance.rs:165:13:
[INFO] [stdout] Test file not found: MUSTFAIL_3MF100_Extension_Chapter5a_MissingPIDs.3mf
[INFO] [stdout] stack backtrace:
[INFO] [stdout]    0:     0x5bc4fb790661 - <<std[70759c8f55707aa4]::sys::backtrace::BacktraceLock>::print::DisplayBacktrace as core[df12db4294e9bfd3]::fmt::Display>::fmt
[INFO] [stdout]    1:     0x5bc4fb7a6eea - core[df12db4294e9bfd3]::fmt::write
[INFO] [stdout]    2:     0x5bc4fb794c0c - <alloc[2182bb758b4b3781]::vec::Vec<u8> as core[df12db4294e9bfd3]::io::write::Write>::write_fmt
[INFO] [stdout]    3:     0x5bc4fb76ca46 - std[70759c8f55707aa4]::panicking::default_hook::{closure#0}
[INFO] [stdout]    4:     0x5bc4fb788dc9 - std[70759c8f55707aa4]::panicking::default_hook
[INFO] [stdout]    5:     0x5bc4fb6f0cb0 - test[9d35eded1c95d3be]::test_main_inner::<test[9d35eded1c95d3be]::test_main_static::{closure#0}>::{closure#0}
[INFO] [stdout]    6:     0x5bc4fb788f82 - std[70759c8f55707aa4]::panicking::panic_with_hook
[INFO] [stdout]    7:     0x5bc4fb76caf2 - std[70759c8f55707aa4]::panicking::panic_handler::{closure#0}
[INFO] [stdout]    8:     0x5bc4fb765879 - std[70759c8f55707aa4]::sys::backtrace::__rust_end_short_backtrace::<std[70759c8f55707aa4]::panicking::panic_handler::{closure#0}, !>
[INFO] [stdout]    9:     0x5bc4fb76d6ed - __rustc[8fa7c3cbc660c2b3]::rust_begin_unwind
[INFO] [stdout]   10:     0x5bc4fb7a761c - core[df12db4294e9bfd3]::panicking::panic_fmt
[INFO] [stdout]   11:     0x5bc4fb6e1785 - conformance[e1106b812467bbd1]::test_mustfail_file
[INFO] [stdout]   12:     0x5bc4fb6e2155 - <conformance[e1106b812467bbd1]::test_mustfail_extension_chapter5a_missing_pids::{closure#0} as core[df12db4294e9bfd3]::ops::function::FnOnce<()>>::call_once
[INFO] [stdout]   13:     0x5bc4fb6e3f9b - test[9d35eded1c95d3be]::__rust_begin_short_backtrace::<core[df12db4294e9bfd3]::result::Result<(), alloc[2182bb758b4b3781]::string::String>, fn() -> core[df12db4294e9bfd3]::result::Result<(), alloc[2182bb758b4b3781]::string::String>>
[INFO] [stdout]   14:     0x5bc4fb6f1605 - test[9d35eded1c95d3be]::run_test::{closure#0}
[INFO] [stdout]   15:     0x5bc4fb6eaec4 - std[70759c8f55707aa4]::sys::backtrace::__rust_begin_short_backtrace::<test[9d35eded1c95d3be]::run_test::{closure#1}, ()>
[INFO] [stdout]   16:     0x5bc4fb6f4762 - <std[70759c8f55707aa4]::thread::lifecycle::spawn_unchecked<test[9d35eded1c95d3be]::run_test::{closure#1}, ()>::{closure#1} as core[df12db4294e9bfd3]::ops::function::FnOnce<()>>::call_once::{shim:vtable#0}
[INFO] [stdout]   17:     0x5bc4fb78ff39 - <std[70759c8f55707aa4]::sys::thread::unix::Thread>::new::thread_start
[INFO] [stdout]   18:     0x73b88d535dfa - <unknown>
[INFO] [stdout]   19:     0x73b88d5c93d4 - clone
[INFO] [stdout]   20:                0x0 - <unknown>
[INFO] [stdout] 
[INFO] [stdout] ---- test_mustfail_extension_chapter4b_mat_id_is_not_base_materials stdout ----
[INFO] [stdout] 
[INFO] [stdout] thread 'test_mustfail_extension_chapter4b_mat_id_is_not_base_materials' (3774) panicked at tests/conformance.rs:165:13:
[INFO] [stdout] Test file not found: MUSTFAIL_3MF100_Extension_Chapter4b_MatId_IsNotBaseMaterials.3mf
[INFO] [stdout] stack backtrace:
[INFO] [stdout]    0:     0x5bc4fb790661 - <<std[70759c8f55707aa4]::sys::backtrace::BacktraceLock>::print::DisplayBacktrace as core[df12db4294e9bfd3]::fmt::Display>::fmt
[INFO] [stdout]    1:     0x5bc4fb7a6eea - core[df12db4294e9bfd3]::fmt::write
[INFO] [stdout]    2:     0x5bc4fb794c0c - <alloc[2182bb758b4b3781]::vec::Vec<u8> as core[df12db4294e9bfd3]::io::write::Write>::write_fmt
[INFO] [stdout]    3:     0x5bc4fb76ca46 - std[70759c8f55707aa4]::panicking::default_hook::{closure#0}
[INFO] [stdout]    4:     0x5bc4fb788dc9 - std[70759c8f55707aa4]::panicking::default_hook
[INFO] [stdout]    5:     0x5bc4fb6f0cb0 - test[9d35eded1c95d3be]::test_main_inner::<test[9d35eded1c95d3be]::test_main_static::{closure#0}>::{closure#0}
[INFO] [stdout]    6:     0x5bc4fb788f82 - std[70759c8f55707aa4]::panicking::panic_with_hook
[INFO] [stdout]    7:     0x5bc4fb76caf2 - std[70759c8f55707aa4]::panicking::panic_handler::{closure#0}
[INFO] [stdout]    8:     0x5bc4fb765879 - std[70759c8f55707aa4]::sys::backtrace::__rust_end_short_backtrace::<std[70759c8f55707aa4]::panicking::panic_handler::{closure#0}, !>
[INFO] [stdout]    9:     0x5bc4fb76d6ed - __rustc[8fa7c3cbc660c2b3]::rust_begin_unwind
[INFO] [stdout]   10:     0x5bc4fb7a761c - core[df12db4294e9bfd3]::panicking::panic_fmt
[INFO] [stdout]   11:     0x5bc4fb6e1785 - conformance[e1106b812467bbd1]::test_mustfail_file
[INFO] [stdout]   12:     0x5bc4fb6e2655 - <conformance[e1106b812467bbd1]::test_mustfail_extension_chapter4b_mat_id_is_not_base_materials::{closure#0} as core[df12db4294e9bfd3]::ops::function::FnOnce<()>>::call_once
[INFO] [stdout]   13:     0x5bc4fb6e3f9b - test[9d35eded1c95d3be]::__rust_begin_short_backtrace::<core[df12db4294e9bfd3]::result::Result<(), alloc[2182bb758b4b3781]::string::String>, fn() -> core[df12db4294e9bfd3]::result::Result<(), alloc[2182bb758b4b3781]::string::String>>
[INFO] [stdout]   14:     0x5bc4fb6f1605 - test[9d35eded1c95d3be]::run_test::{closure#0}
[INFO] [stdout]   15:     0x5bc4fb6eaec4 - std[70759c8f55707aa4]::sys::backtrace::__rust_begin_short_backtrace::<test[9d35eded1c95d3be]::run_test::{closure#1}, ()>
[INFO] [stdout]   16:     0x5bc4fb6f4762 - <std[70759c8f55707aa4]::thread::lifecycle::spawn_unchecked<test[9d35eded1c95d3be]::run_test::{closure#1}, ()>::{closure#1} as core[df12db4294e9bfd3]::ops::function::FnOnce<()>>::call_once::{shim:vtable#0}
[INFO] [stdout]   17:     0x5bc4fb78ff39 - <std[70759c8f55707aa4]::sys::thread::unix::Thread>::new::thread_start
[INFO] [stdout]   18:     0x73b88d535dfa - <unknown>
[INFO] [stdout]   19:     0x73b88d5c93d4 - clone
[INFO] [stdout]   20:                0x0 - <unknown>
[INFO] [stdout] 
[INFO] [stdout] ---- test_mustfail_extension_chapter5b_multiple_reference_to_base_and_composite_materials stdout ----
[INFO] [stdout] 
[INFO] [stdout] thread 'test_mustfail_extension_chapter5b_multiple_reference_to_base_and_composite_materials' (3778) panicked at tests/conformance.rs:165:13:
[INFO] [stdout] Test file not found: MUSTFAIL_3MF100_Extension_Chapter5b_MultipleReferenceToBaseAndCompositeMatterials.3mf
[INFO] [stdout] stack backtrace:
[INFO] [stdout]    0:     0x5bc4fb790661 - <<std[70759c8f55707aa4]::sys::backtrace::BacktraceLock>::print::DisplayBacktrace as core[df12db4294e9bfd3]::fmt::Display>::fmt
[INFO] [stdout]    1:     0x5bc4fb7a6eea - core[df12db4294e9bfd3]::fmt::write
[INFO] [stdout]    2:     0x5bc4fb794c0c - <alloc[2182bb758b4b3781]::vec::Vec<u8> as core[df12db4294e9bfd3]::io::write::Write>::write_fmt
[INFO] [stdout]    3:     0x5bc4fb76ca46 - std[70759c8f55707aa4]::panicking::default_hook::{closure#0}
[INFO] [stdout]    4:     0x5bc4fb788dc9 - std[70759c8f55707aa4]::panicking::default_hook
[INFO] [stdout]    5:     0x5bc4fb6f0cb0 - test[9d35eded1c95d3be]::test_main_inner::<test[9d35eded1c95d3be]::test_main_static::{closure#0}>::{closure#0}
[INFO] [stdout]    6:     0x5bc4fb788f82 - std[70759c8f55707aa4]::panicking::panic_with_hook
[INFO] [stdout]    7:     0x5bc4fb76caf2 - std[70759c8f55707aa4]::panicking::panic_handler::{closure#0}
[INFO] [stdout]    8:     0x5bc4fb765879 - std[70759c8f55707aa4]::sys::backtrace::__rust_end_short_backtrace::<std[70759c8f55707aa4]::panicking::panic_handler::{closure#0}, !>
[INFO] [stdout]    9:     0x5bc4fb76d6ed - __rustc[8fa7c3cbc660c2b3]::rust_begin_unwind
[INFO] [stdout]   10:     0x5bc4fb7a761c - core[df12db4294e9bfd3]::panicking::panic_fmt
[INFO] [stdout]   11:     0x5bc4fb6e1785 - conformance[e1106b812467bbd1]::test_mustfail_file
[INFO] [stdout]   12:     0x5bc4fb6e2aa5 - <conformance[e1106b812467bbd1]::test_mustfail_extension_chapter5b_multiple_reference_to_base_and_composite_materials::{closure#0} as core[df12db4294e9bfd3]::ops::function::FnOnce<()>>::call_once
[INFO] [stdout]   13:     0x5bc4fb6e3f9b - test[9d35eded1c95d3be]::__rust_begin_short_backtrace::<core[df12db4294e9bfd3]::result::Result<(), alloc[2182bb758b4b3781]::string::String>, fn() -> core[df12db4294e9bfd3]::result::Result<(), alloc[2182bb758b4b3781]::string::String>>
[INFO] [stdout]   14:     0x5bc4fb6f1605 - test[9d35eded1c95d3be]::run_test::{closure#0}
[INFO] [stdout]   15:     0x5bc4fb6eaec4 - std[70759c8f55707aa4]::sys::backtrace::__rust_begin_short_backtrace::<test[9d35eded1c95d3be]::run_test::{closure#1}, ()>
[INFO] [stdout]   16:     0x5bc4fb6f4762 - <std[70759c8f55707aa4]::thread::lifecycle::spawn_unchecked<test[9d35eded1c95d3be]::run_test::{closure#1}, ()>::{closure#1} as core[df12db4294e9bfd3]::ops::function::FnOnce<()>>::call_once::{shim:vtable#0}
[INFO] [stdout]   17:     0x5bc4fb78ff39 - <std[70759c8f55707aa4]::sys::thread::unix::Thread>::new::thread_start
[INFO] [stdout]   18:     0x73b88d535dfa - <unknown>
[INFO] [stdout]   19:     0x73b88d5c93d4 - clone
[INFO] [stdout]   20:                0x0 - <unknown>
[INFO] [stdout] 
[INFO] [stdout] ---- test_mustfail_extension_chapter5b_multiple_reference_to_base_materials stdout ----
[INFO] [stdout] 
[INFO] [stdout] thread 'test_mustfail_extension_chapter5b_multiple_reference_to_base_materials' (3779) panicked at tests/conformance.rs:165:13:
[INFO] [stdout] Test file not found: MUSTFAIL_3MF100_Extension_Chapter5b_MultipleReferenceToBaseMatterials.3mf
[INFO] [stdout] stack backtrace:
[INFO] [stdout]    0:     0x5bc4fb790661 - <<std[70759c8f55707aa4]::sys::backtrace::BacktraceLock>::print::DisplayBacktrace as core[df12db4294e9bfd3]::fmt::Display>::fmt
[INFO] [stdout]    1:     0x5bc4fb7a6eea - core[df12db4294e9bfd3]::fmt::write
[INFO] [stdout]    2:     0x5bc4fb794c0c - <alloc[2182bb758b4b3781]::vec::Vec<u8> as core[df12db4294e9bfd3]::io::write::Write>::write_fmt
[INFO] [stdout]    3:     0x5bc4fb76ca46 - std[70759c8f55707aa4]::panicking::default_hook::{closure#0}
[INFO] [stdout]    4:     0x5bc4fb788dc9 - std[70759c8f55707aa4]::panicking::default_hook
[INFO] [stdout]    5:     0x5bc4fb6f0cb0 - test[9d35eded1c95d3be]::test_main_inner::<test[9d35eded1c95d3be]::test_main_static::{closure#0}>::{closure#0}
[INFO] [stdout]    6:     0x5bc4fb788f82 - std[70759c8f55707aa4]::panicking::panic_with_hook
[INFO] [stdout]    7:     0x5bc4fb76caf2 - std[70759c8f55707aa4]::panicking::panic_handler::{closure#0}
[INFO] [stdout]    8:     0x5bc4fb765879 - std[70759c8f55707aa4]::sys::backtrace::__rust_end_short_backtrace::<std[70759c8f55707aa4]::panicking::panic_handler::{closure#0}, !>
[INFO] [stdout]    9:     0x5bc4fb76d6ed - __rustc[8fa7c3cbc660c2b3]::rust_begin_unwind
[INFO] [stdout]   10:     0x5bc4fb7a761c - core[df12db4294e9bfd3]::panicking::panic_fmt
[INFO] [stdout]   11:     0x5bc4fb6e1785 - conformance[e1106b812467bbd1]::test_mustfail_file
[INFO] [stdout]   12:     0x5bc4fb6e28f5 - <conformance[e1106b812467bbd1]::test_mustfail_extension_chapter5b_multiple_reference_to_base_materials::{closure#0} as core[df12db4294e9bfd3]::ops::function::FnOnce<()>>::call_once
[INFO] [stdout]   13:     0x5bc4fb6e3f9b - test[9d35eded1c95d3be]::__rust_begin_short_backtrace::<core[df12db4294e9bfd3]::result::Result<(), alloc[2182bb758b4b3781]::string::String>, fn() -> core[df12db4294e9bfd3]::result::Result<(), alloc[2182bb758b4b3781]::string::String>>
[INFO] [stdout]   14:     0x5bc4fb6f1605 - test[9d35eded1c95d3be]::run_test::{closure#0}
[INFO] [stdout]   15:     0x5bc4fb6eaec4 - std[70759c8f55707aa4]::sys::backtrace::__rust_begin_short_backtrace::<test[9d35eded1c95d3be]::run_test::{closure#1}, ()>
[INFO] [stdout]   16:     0x5bc4fb6f4762 - <std[70759c8f55707aa4]::thread::lifecycle::spawn_unchecked<test[9d35eded1c95d3be]::run_test::{closure#1}, ()>::{closure#1} as core[df12db4294e9bfd3]::ops::function::FnOnce<()>>::call_once::{shim:vtable#0}
[INFO] [stdout]   17:     0x5bc4fb78ff39 - <std[70759c8f55707aa4]::sys::thread::unix::Thread>::new::thread_start
[INFO] [stdout]   18:     0x73b88d535dfa - <unknown>
[INFO] [stdout]   19:     0x73b88d5c93d4 - clone
[INFO] [stdout]   20:                0x0 - <unknown>
[INFO] [stdout] 
[INFO] [stdout] ---- test_mustfail_extension_chapter5b_refer_to_another_multi_properties stdout ----
[INFO] [stdout] 
[INFO] [stdout] thread 'test_mustfail_extension_chapter5b_refer_to_another_multi_properties' (3780) panicked at tests/conformance.rs:165:13:
[INFO] [stdout] Test file not found: MUSTFAIL_3MF100_Extension_Chapter5b_ReferToAnotherMultiProperties.3mf
[INFO] [stdout] stack backtrace:
[INFO] [stdout]    0:     0x5bc4fb790661 - <<std[70759c8f55707aa4]::sys::backtrace::BacktraceLock>::print::DisplayBacktrace as core[df12db4294e9bfd3]::fmt::Display>::fmt
[INFO] [stdout]    1:     0x5bc4fb7a6eea - core[df12db4294e9bfd3]::fmt::write
[INFO] [stdout]    2:     0x5bc4fb794c0c - <alloc[2182bb758b4b3781]::vec::Vec<u8> as core[df12db4294e9bfd3]::io::write::Write>::write_fmt
[INFO] [stdout]    3:     0x5bc4fb76ca46 - std[70759c8f55707aa4]::panicking::default_hook::{closure#0}
[INFO] [stdout]    4:     0x5bc4fb788dc9 - std[70759c8f55707aa4]::panicking::default_hook
[INFO] [stdout]    5:     0x5bc4fb6f0cb0 - test[9d35eded1c95d3be]::test_main_inner::<test[9d35eded1c95d3be]::test_main_static::{closure#0}>::{closure#0}
[INFO] [stdout]    6:     0x5bc4fb788f82 - std[70759c8f55707aa4]::panicking::panic_with_hook
[INFO] [stdout]    7:     0x5bc4fb76caf2 - std[70759c8f55707aa4]::panicking::panic_handler::{closure#0}
[INFO] [stdout]    8:     0x5bc4fb765879 - std[70759c8f55707aa4]::sys::backtrace::__rust_end_short_backtrace::<std[70759c8f55707aa4]::panicking::panic_handler::{closure#0}, !>
[INFO] [stdout]    9:     0x5bc4fb76d6ed - __rustc[8fa7c3cbc660c2b3]::rust_begin_unwind
[INFO] [stdout]   10:     0x5bc4fb7a761c - core[df12db4294e9bfd3]::panicking::panic_fmt
[INFO] [stdout]   11:     0x5bc4fb6e1785 - conformance[e1106b812467bbd1]::test_mustfail_file
[INFO] [stdout]   12:     0x5bc4fb6e2875 - <conformance[e1106b812467bbd1]::test_mustfail_extension_chapter5b_refer_to_another_multi_properties::{closure#0} as core[df12db4294e9bfd3]::ops::function::FnOnce<()>>::call_once
[INFO] [stdout]   13:     0x5bc4fb6e3f9b - test[9d35eded1c95d3be]::__rust_begin_short_backtrace::<core[df12db4294e9bfd3]::result::Result<(), alloc[2182bb758b4b3781]::string::String>, fn() -> core[df12db4294e9bfd3]::result::Result<(), alloc[2182bb758b4b3781]::string::String>>
[INFO] [stdout]   14:     0x5bc4fb6f1605 - test[9d35eded1c95d3be]::run_test::{closure#0}
[INFO] [stdout]   15:     0x5bc4fb6eaec4 - std[70759c8f55707aa4]::sys::backtrace::__rust_begin_short_backtrace::<test[9d35eded1c95d3be]::run_test::{closure#1}, ()>
[INFO] [stdout]   16:     0x5bc4fb6f4762 - <std[70759c8f55707aa4]::thread::lifecycle::spawn_unchecked<test[9d35eded1c95d3be]::run_test::{closure#1}, ()>::{closure#1} as core[df12db4294e9bfd3]::ops::function::FnOnce<()>>::call_once::{shim:vtable#0}
[INFO] [stdout]   17:     0x5bc4fb78ff39 - <std[70759c8f55707aa4]::sys::thread::unix::Thread>::new::thread_start
[INFO] [stdout]   18:     0x73b88d535dfa - <unknown>
[INFO] [stdout]   19:     0x73b88d5c93d4 - clone
[INFO] [stdout]   20:                0x0 - <unknown>
[INFO] [stdout] 
[INFO] [stdout] ---- test_mustfail_extension_chapter5d_multiple_reference_to_composite_materials stdout ----
[INFO] [stdout] 
[INFO] [stdout] thread 'test_mustfail_extension_chapter5d_multiple_reference_to_composite_materials' (3782) panicked at tests/conformance.rs:165:13:
[INFO] [stdout] Test file not found: MUSTFAIL_3MF100_Extension_Chapter5d_MultipleReferenceToCompositeMaterials.3mf
[INFO] [stdout] stack backtrace:
[INFO] [stdout]    0:     0x5bc4fb790661 - <<std[70759c8f55707aa4]::sys::backtrace::BacktraceLock>::print::DisplayBacktrace as core[df12db4294e9bfd3]::fmt::Display>::fmt
[INFO] [stdout]    1:     0x5bc4fb7a6eea - core[df12db4294e9bfd3]::fmt::write
[INFO] [stdout]    2:     0x5bc4fb794c0c - <alloc[2182bb758b4b3781]::vec::Vec<u8> as core[df12db4294e9bfd3]::io::write::Write>::write_fmt
[INFO] [stdout]    3:     0x5bc4fb76ca46 - std[70759c8f55707aa4]::panicking::default_hook::{closure#0}
[INFO] [stdout]    4:     0x5bc4fb788dc9 - std[70759c8f55707aa4]::panicking::default_hook
[INFO] [stdout]    5:     0x5bc4fb6f0cb0 - test[9d35eded1c95d3be]::test_main_inner::<test[9d35eded1c95d3be]::test_main_static::{closure#0}>::{closure#0}
[INFO] [stdout]    6:     0x5bc4fb788f82 - std[70759c8f55707aa4]::panicking::panic_with_hook
[INFO] [stdout]    7:     0x5bc4fb76caf2 - std[70759c8f55707aa4]::panicking::panic_handler::{closure#0}
[INFO] [stdout]    8:     0x5bc4fb765879 - std[70759c8f55707aa4]::sys::backtrace::__rust_end_short_backtrace::<std[70759c8f55707aa4]::panicking::panic_handler::{closure#0}, !>
[INFO] [stdout]    9:     0x5bc4fb76d6ed - __rustc[8fa7c3cbc660c2b3]::rust_begin_unwind
[INFO] [stdout]   10:     0x5bc4fb7a761c - core[df12db4294e9bfd3]::panicking::panic_fmt
[INFO] [stdout]   11:     0x5bc4fb6e1785 - conformance[e1106b812467bbd1]::test_mustfail_file
[INFO] [stdout]   12:     0x5bc4fb6e2a35 - <conformance[e1106b812467bbd1]::test_mustfail_extension_chapter5d_multiple_reference_to_composite_materials::{closure#0} as core[df12db4294e9bfd3]::ops::function::FnOnce<()>>::call_once
[INFO] [stdout]   13:     0x5bc4fb6e3f9b - test[9d35eded1c95d3be]::__rust_begin_short_backtrace::<core[df12db4294e9bfd3]::result::Result<(), alloc[2182bb758b4b3781]::string::String>, fn() -> core[df12db4294e9bfd3]::result::Result<(), alloc[2182bb758b4b3781]::string::String>>
[INFO] [stdout]   14:     0x5bc4fb6f1605 - test[9d35eded1c95d3be]::run_test::{closure#0}
[INFO] [stdout]   15:     0x5bc4fb6eaec4 - std[70759c8f55707aa4]::sys::backtrace::__rust_begin_short_backtrace::<test[9d35eded1c95d3be]::run_test::{closure#1}, ()>
[INFO] [stdout]   16:     0x5bc4fb6f4762 - <std[70759c8f55707aa4]::thread::lifecycle::spawn_unchecked<test[9d35eded1c95d3be]::run_test::{closure#1}, ()>::{closure#1} as core[df12db4294e9bfd3]::ops::function::FnOnce<()>>::call_once::{shim:vtable#0}
[INFO] [stdout]   17:     0x5bc4fb78ff39 - <std[70759c8f55707aa4]::sys::thread::unix::Thread>::new::thread_start
[INFO] [stdout]   18:     0x73b88d535dfa - <unknown>
[INFO] [stdout]   19:     0x73b88d5c93d4 - clone
[INFO] [stdout]   20:                0x0 - <unknown>
[INFO] [stdout] 
[INFO] [stdout] ---- test_mustfail_extension_chapter6_2d_texture_missing_path stdout ----
[INFO] [stdout] 
[INFO] [stdout] thread 'test_mustfail_extension_chapter6_2d_texture_missing_path' (3785) panicked at tests/conformance.rs:165:13:
[INFO] [stdout] Test file not found: MUSTFAIL_3MF100_Extension_Chapter6_2DTexture_MissingPath.3mf
[INFO] [stdout] stack backtrace:
[INFO] [stdout]    0:     0x5bc4fb790661 - <<std[70759c8f55707aa4]::sys::backtrace::BacktraceLock>::print::DisplayBacktrace as core[df12db4294e9bfd3]::fmt::Display>::fmt
[INFO] [stdout]    1:     0x5bc4fb7a6eea - core[df12db4294e9bfd3]::fmt::write
[INFO] [stdout]    2:     0x5bc4fb794c0c - <alloc[2182bb758b4b3781]::vec::Vec<u8> as core[df12db4294e9bfd3]::io::write::Write>::write_fmt
[INFO] [stdout]    3:     0x5bc4fb76ca46 - std[70759c8f55707aa4]::panicking::default_hook::{closure#0}
[INFO] [stdout]    4:     0x5bc4fb788dc9 - std[70759c8f55707aa4]::panicking::default_hook
[INFO] [stdout]    5:     0x5bc4fb6f0cb0 - test[9d35eded1c95d3be]::test_main_inner::<test[9d35eded1c95d3be]::test_main_static::{closure#0}>::{closure#0}
[INFO] [stdout]    6:     0x5bc4fb788f82 - std[70759c8f55707aa4]::panicking::panic_with_hook
[INFO] [stdout]    7:     0x5bc4fb76caf2 - std[70759c8f55707aa4]::panicking::panic_handler::{closure#0}
[INFO] [stdout]    8:     0x5bc4fb765879 - std[70759c8f55707aa4]::sys::backtrace::__rust_end_short_backtrace::<std[70759c8f55707aa4]::panicking::panic_handler::{closure#0}, !>
[INFO] [stdout]    9:     0x5bc4fb76d6ed - __rustc[8fa7c3cbc660c2b3]::rust_begin_unwind
[INFO] [stdout]   10:     0x5bc4fb7a761c - core[df12db4294e9bfd3]::panicking::panic_fmt
[INFO] [stdout]   11:     0x5bc4fb6e1785 - conformance[e1106b812467bbd1]::test_mustfail_file
[INFO] [stdout]   12:     0x5bc4fb6e2465 - <conformance[e1106b812467bbd1]::test_mustfail_extension_chapter6_2d_texture_missing_path::{closure#0} as core[df12db4294e9bfd3]::ops::function::FnOnce<()>>::call_once
[INFO] [stdout]   13:     0x5bc4fb6e3f9b - test[9d35eded1c95d3be]::__rust_begin_short_backtrace::<core[df12db4294e9bfd3]::result::Result<(), alloc[2182bb758b4b3781]::string::String>, fn() -> core[df12db4294e9bfd3]::result::Result<(), alloc[2182bb758b4b3781]::string::String>>
[INFO] [stdout]   14:     0x5bc4fb6f1605 - test[9d35eded1c95d3be]::run_test::{closure#0}
[INFO] [stdout]   15:     0x5bc4fb6eaec4 - std[70759c8f55707aa4]::sys::backtrace::__rust_begin_short_backtrace::<test[9d35eded1c95d3be]::run_test::{closure#1}, ()>
[INFO] [stdout]   16:     0x5bc4fb6f4762 - <std[70759c8f55707aa4]::thread::lifecycle::spawn_unchecked<test[9d35eded1c95d3be]::run_test::{closure#1}, ()>::{closure#1} as core[df12db4294e9bfd3]::ops::function::FnOnce<()>>::call_once::{shim:vtable#0}
[INFO] [stdout]   17:     0x5bc4fb78ff39 - <std[70759c8f55707aa4]::sys::thread::unix::Thread>::new::thread_start
[INFO] [stdout]   18:     0x73b88d535dfa - <unknown>
[INFO] [stdout]   19:     0x73b88d5c93d4 - clone
[INFO] [stdout]   20:                0x0 - <unknown>
[INFO] [stdout] 
[INFO] [stdout] ---- test_mustfail_extension_chapter2_duplicated_color_group_id stdout ----
[INFO] [stdout] 
[INFO] [stdout] thread 'test_mustfail_extension_chapter2_duplicated_color_group_id' (3768) panicked at tests/conformance.rs:165:13:
[INFO] [stdout] Test file not found: MUSTFAIL_3MF100_Extension_Chapter2_DuplicatedColorGroupId.3mf
[INFO] [stdout] stack backtrace:
[INFO] [stdout]    0:     0x5bc4fb790661 - <<std[70759c8f55707aa4]::sys::backtrace::BacktraceLock>::print::DisplayBacktrace as core[df12db4294e9bfd3]::fmt::Display>::fmt
[INFO] [stdout]    1:     0x5bc4fb7a6eea - core[df12db4294e9bfd3]::fmt::write
[INFO] [stdout]    2:     0x5bc4fb794c0c - <alloc[2182bb758b4b3781]::vec::Vec<u8> as core[df12db4294e9bfd3]::io::write::Write>::write_fmt
[INFO] [stdout]    3:     0x5bc4fb76ca46 - std[70759c8f55707aa4]::panicking::default_hook::{closure#0}
[INFO] [stdout]    4:     0x5bc4fb788dc9 - std[70759c8f55707aa4]::panicking::default_hook
[INFO] [stdout]    5:     0x5bc4fb6f0cb0 - test[9d35eded1c95d3be]::test_main_inner::<test[9d35eded1c95d3be]::test_main_static::{closure#0}>::{closure#0}
[INFO] [stdout]    6:     0x5bc4fb788f82 - std[70759c8f55707aa4]::panicking::panic_with_hook
[INFO] [stdout]    7:     0x5bc4fb76caf2 - std[70759c8f55707aa4]::panicking::panic_handler::{closure#0}
[INFO] [stdout]    8:     0x5bc4fb765879 - std[70759c8f55707aa4]::sys::backtrace::__rust_end_short_backtrace::<std[70759c8f55707aa4]::panicking::panic_handler::{closure#0}, !>
[INFO] [stdout]    9:     0x5bc4fb76d6ed - __rustc[8fa7c3cbc660c2b3]::rust_begin_unwind
[INFO] [stdout]   10:     0x5bc4fb7a761c - core[df12db4294e9bfd3]::panicking::panic_fmt
[INFO] [stdout]   11:     0x5bc4fb6e1785 - conformance[e1106b812467bbd1]::test_mustfail_file
[INFO] [stdout]   12:     0x5bc4fb6e24e5 - <conformance[e1106b812467bbd1]::test_mustfail_extension_chapter2_duplicated_color_group_id::{closure#0} as core[df12db4294e9bfd3]::ops::function::FnOnce<()>>::call_once
[INFO] [stdout]   13:     0x5bc4fb6e3f9b - test[9d35eded1c95d3be]::__rust_begin_short_backtrace::<core[df12db4294e9bfd3]::result::Result<(), alloc[2182bb758b4b3781]::string::String>, fn() -> core[df12db4294e9bfd3]::result::Result<(), alloc[2182bb758b4b3781]::string::String>>
[INFO] [stdout]   14:     0x5bc4fb6f1605 - test[9d35eded1c95d3be]::run_test::{closure#0}
[INFO] [stdout]   15:     0x5bc4fb6eaec4 - std[70759c8f55707aa4]::sys::backtrace::__rust_begin_short_backtrace::<test[9d35eded1c95d3be]::run_test::{closure#1}, ()>
[INFO] [stdout]   16:     0x5bc4fb6f4762 - <std[70759c8f55707aa4]::thread::lifecycle::spawn_unchecked<test[9d35eded1c95d3be]::run_test::{closure#1}, ()>::{closure#1} as core[df12db4294e9bfd3]::ops::function::FnOnce<()>>::call_once::{shim:vtable#0}
[INFO] [stdout]   17:     0x5bc4fb78ff39 - <std[70759c8f55707aa4]::sys::thread::unix::Thread>::new::thread_start
[INFO] [stdout]   18:     0x73b88d535dfa - <unknown>
[INFO] [stdout]   19:     0x73b88d5c93d4 - clone
[INFO] [stdout]   20:                0x0 - <unknown>
[INFO] [stdout] 
[INFO] [stdout] ---- test_mustfail_chapter2_1_3_parts_relationships_non_exist_thumbnail_part stdout ----
[INFO] [stdout] 
[INFO] [stdout] thread 'test_mustfail_chapter2_1_3_parts_relationships_non_exist_thumbnail_part' (3756) panicked at tests/conformance.rs:165:13:
[INFO] [stdout] Test file not found: MUSTFAIL_Chapter2.1.3_PartsRelationships_NonExistThumbnailPart.3mf
[INFO] [stdout] stack backtrace:
[INFO] [stdout]    0:     0x5bc4fb790661 - <<std[70759c8f55707aa4]::sys::backtrace::BacktraceLock>::print::DisplayBacktrace as core[df12db4294e9bfd3]::fmt::Display>::fmt
[INFO] [stdout]    1:     0x5bc4fb7a6eea - core[df12db4294e9bfd3]::fmt::write
[INFO] [stdout]    2:     0x5bc4fb794c0c - <alloc[2182bb758b4b3781]::vec::Vec<u8> as core[df12db4294e9bfd3]::io::write::Write>::write_fmt
[INFO] [stdout]    3:     0x5bc4fb76ca46 - std[70759c8f55707aa4]::panicking::default_hook::{closure#0}
[INFO] [stdout]    4:     0x5bc4fb788dc9 - std[70759c8f55707aa4]::panicking::default_hook
[INFO] [stdout]    5:     0x5bc4fb6f0cb0 - test[9d35eded1c95d3be]::test_main_inner::<test[9d35eded1c95d3be]::test_main_static::{closure#0}>::{closure#0}
[INFO] [stdout]    6:     0x5bc4fb788f82 - std[70759c8f55707aa4]::panicking::panic_with_hook
[INFO] [stdout]    7:     0x5bc4fb76caf2 - std[70759c8f55707aa4]::panicking::panic_handler::{closure#0}
[INFO] [stdout]    8:     0x5bc4fb765879 - std[70759c8f55707aa4]::sys::backtrace::__rust_end_short_backtrace::<std[70759c8f55707aa4]::panicking::panic_handler::{closure#0}, !>
[INFO] [stdout]    9:     0x5bc4fb76d6ed - __rustc[8fa7c3cbc660c2b3]::rust_begin_unwind
[INFO] [stdout]   10:     0x5bc4fb7a761c - core[df12db4294e9bfd3]::panicking::panic_fmt
[INFO] [stdout]   11:     0x5bc4fb6e1785 - conformance[e1106b812467bbd1]::test_mustfail_file
[INFO] [stdout]   12:     0x5bc4fb6e2975 - <conformance[e1106b812467bbd1]::test_mustfail_chapter2_1_3_parts_relationships_non_exist_thumbnail_part::{closure#0} as core[df12db4294e9bfd3]::ops::function::FnOnce<()>>::call_once
[INFO] [stdout]   13:     0x5bc4fb6e3f9b - test[9d35eded1c95d3be]::__rust_begin_short_backtrace::<core[df12db4294e9bfd3]::result::Result<(), alloc[2182bb758b4b3781]::string::String>, fn() -> core[df12db4294e9bfd3]::result::Result<(), alloc[2182bb758b4b3781]::string::String>>
[INFO] [stdout]   14:     0x5bc4fb6f1605 - test[9d35eded1c95d3be]::run_test::{closure#0}
[INFO] [stdout]   15:     0x5bc4fb6eaec4 - std[70759c8f55707aa4]::sys::backtrace::__rust_begin_short_backtrace::<test[9d35eded1c95d3be]::run_test::{closure#1}, ()>
[INFO] [stdout]   16:     0x5bc4fb6f4762 - <std[70759c8f55707aa4]::thread::lifecycle::spawn_unchecked<test[9d35eded1c95d3be]::run_test::{closure#1}, ()>::{closure#1} as core[df12db4294e9bfd3]::ops::function::FnOnce<()>>::call_once::{shim:vtable#0}
[INFO] [stdout]   17:     0x5bc4fb78ff39 - <std[70759c8f55707aa4]::sys::thread::unix::Thread>::new::thread_start
[INFO] [stdout]   18:     0x73b88d535dfa - <unknown>
[INFO] [stdout]   19:     0x73b88d5c93d4 - clone
[INFO] [stdout]   20:                0x0 - <unknown>
[INFO] [stdout] 
[INFO] [stdout] ---- test_mustfail_chapter5a_duplicated_base_materials stdout ----
[INFO] [stdout] 
[INFO] [stdout] thread 'test_mustfail_chapter5a_duplicated_base_materials' (3767) panicked at tests/conformance.rs:165:13:
[INFO] [stdout] Test file not found: MUSTFAIL_Chapter5a_DuplicatedBaseMaterials.3mf
[INFO] [stdout] stack backtrace:
[INFO] [stdout]    0:     0x5bc4fb790661 - <<std[70759c8f55707aa4]::sys::backtrace::BacktraceLock>::print::DisplayBacktrace as core[df12db4294e9bfd3]::fmt::Display>::fmt
[INFO] [stdout]    1:     0x5bc4fb7a6eea - core[df12db4294e9bfd3]::fmt::write
[INFO] [stdout]    2:     0x5bc4fb794c0c - <alloc[2182bb758b4b3781]::vec::Vec<u8> as core[df12db4294e9bfd3]::io::write::Write>::write_fmt
[INFO] [stdout]    3:     0x5bc4fb76ca46 - std[70759c8f55707aa4]::panicking::default_hook::{closure#0}
[INFO] [stdout]    4:     0x5bc4fb788dc9 - std[70759c8f55707aa4]::panicking::default_hook
[INFO] [stdout]    5:     0x5bc4fb6f0cb0 - test[9d35eded1c95d3be]::test_main_inner::<test[9d35eded1c95d3be]::test_main_static::{closure#0}>::{closure#0}
[INFO] [stdout]    6:     0x5bc4fb788f82 - std[70759c8f55707aa4]::panicking::panic_with_hook
[INFO] [stdout]    7:     0x5bc4fb76caf2 - std[70759c8f55707aa4]::panicking::panic_handler::{closure#0}
[INFO] [stdout]    8:     0x5bc4fb765879 - std[70759c8f55707aa4]::sys::backtrace::__rust_end_short_backtrace::<std[70759c8f55707aa4]::panicking::panic_handler::{closure#0}, !>
[INFO] [stdout]    9:     0x5bc4fb76d6ed - __rustc[8fa7c3cbc660c2b3]::rust_begin_unwind
[INFO] [stdout]   10:     0x5bc4fb7a761c - core[df12db4294e9bfd3]::panicking::panic_fmt
[INFO] [stdout]   11:     0x5bc4fb6e1785 - conformance[e1106b812467bbd1]::test_mustfail_file
[INFO] [stdout]   12:     0x5bc4fb6e2285 - <conformance[e1106b812467bbd1]::test_mustfail_chapter5a_duplicated_base_materials::{closure#0} as core[df12db4294e9bfd3]::ops::function::FnOnce<()>>::call_once
[INFO] [stdout]   13:     0x5bc4fb6e3f9b - test[9d35eded1c95d3be]::__rust_begin_short_backtrace::<core[df12db4294e9bfd3]::result::Result<(), alloc[2182bb758b4b3781]::string::String>, fn() -> core[df12db4294e9bfd3]::result::Result<(), alloc[2182bb758b4b3781]::string::String>>
[INFO] [stdout]   14:     0x5bc4fb6f1605 - test[9d35eded1c95d3be]::run_test::{closure#0}
[INFO] [stdout]   15:     0x5bc4fb6eaec4 - std[70759c8f55707aa4]::sys::backtrace::__rust_begin_short_backtrace::<test[9d35eded1c95d3be]::run_test::{closure#1}, ()>
[INFO] [stdout]   16:     0x5bc4fb6f4762 - <std[70759c8f55707aa4]::thread::lifecycle::spawn_unchecked<test[9d35eded1c95d3be]::run_test::{closure#1}, ()>::{closure#1} as core[df12db4294e9bfd3]::ops::function::FnOnce<()>>::call_once::{shim:vtable#0}
[INFO] [stdout]   17:     0x5bc4fb78ff39 - <std[70759c8f55707aa4]::sys::thread::unix::Thread>::new::thread_start
[INFO] [stdout]   18:     0x73b88d535dfa - <unknown>
[INFO] [stdout]   19:     0x73b88d5c93d4 - clone
[INFO] [stdout]   20:                0x0 - <unknown>
[INFO] [stdout] 
[INFO] [stdout] ---- test_mustfail_chapter2_3_2a_non_utf_encoding stdout ----
[INFO] [stdout] 
[INFO] [stdout] thread 'test_mustfail_chapter2_3_2a_non_utf_encoding' (3757) panicked at tests/conformance.rs:165:13:
[INFO] [stdout] Test file not found: MUSTFAIL_Chapter2.3.2a_NonUTF_Encoding.3mf
[INFO] [stdout] stack backtrace:
[INFO] [stdout]    0:     0x5bc4fb790661 - <<std[70759c8f55707aa4]::sys::backtrace::BacktraceLock>::print::DisplayBacktrace as core[df12db4294e9bfd3]::fmt::Display>::fmt
[INFO] [stdout]    1:     0x5bc4fb7a6eea - core[df12db4294e9bfd3]::fmt::write
[INFO] [stdout]    2:     0x5bc4fb794c0c - <alloc[2182bb758b4b3781]::vec::Vec<u8> as core[df12db4294e9bfd3]::io::write::Write>::write_fmt
[INFO] [stdout]    3:     0x5bc4fb76ca46 - std[70759c8f55707aa4]::panicking::default_hook::{closure#0}
[INFO] [stdout]    4:     0x5bc4fb788dc9 - std[70759c8f55707aa4]::panicking::default_hook
[INFO] [stdout]    5:     0x5bc4fb6f0cb0 - test[9d35eded1c95d3be]::test_main_inner::<test[9d35eded1c95d3be]::test_main_static::{closure#0}>::{closure#0}
[INFO] [stdout]    6:     0x5bc4fb788f82 - std[70759c8f55707aa4]::panicking::panic_with_hook
[INFO] [stdout]    7:     0x5bc4fb76caf2 - std[70759c8f55707aa4]::panicking::panic_handler::{closure#0}
[INFO] [stdout]    8:     0x5bc4fb765879 - std[70759c8f55707aa4]::sys::backtrace::__rust_end_short_backtrace::<std[70759c8f55707aa4]::panicking::panic_handler::{closure#0}, !>
[INFO] [stdout]    9:     0x5bc4fb76d6ed - __rustc[8fa7c3cbc660c2b3]::rust_begin_unwind
[INFO] [stdout]   10:     0x5bc4fb7a761c - core[df12db4294e9bfd3]::panicking::panic_fmt
[INFO] [stdout]   11:     0x5bc4fb6e1785 - conformance[e1106b812467bbd1]::test_mustfail_file
[INFO] [stdout]   12:     0x5bc4fb6e2065 - <conformance[e1106b812467bbd1]::test_mustfail_chapter2_3_2a_non_utf_encoding::{closure#0} as core[df12db4294e9bfd3]::ops::function::FnOnce<()>>::call_once
[INFO] [stdout]   13:     0x5bc4fb6e3f9b - test[9d35eded1c95d3be]::__rust_begin_short_backtrace::<core[df12db4294e9bfd3]::result::Result<(), alloc[2182bb758b4b3781]::string::String>, fn() -> core[df12db4294e9bfd3]::result::Result<(), alloc[2182bb758b4b3781]::string::String>>
[INFO] [stdout]   14:     0x5bc4fb6f1605 - test[9d35eded1c95d3be]::run_test::{closure#0}
[INFO] [stdout]   15:     0x5bc4fb6eaec4 - std[70759c8f55707aa4]::sys::backtrace::__rust_begin_short_backtrace::<test[9d35eded1c95d3be]::run_test::{closure#1}, ()>
[INFO] [stdout]   16:     0x5bc4fb6f4762 - <std[70759c8f55707aa4]::thread::lifecycle::spawn_unchecked<test[9d35eded1c95d3be]::run_test::{closure#1}, ()>::{closure#1} as core[df12db4294e9bfd3]::ops::function::FnOnce<()>>::call_once::{shim:vtable#0}
[INFO] [stdout]   17:     0x5bc4fb78ff39 - <std[70759c8f55707aa4]::sys::thread::unix::Thread>::new::thread_start
[INFO] [stdout]   18:     0x73b88d535dfa - <unknown>
[INFO] [stdout]   19:     0x73b88d5c93d4 - clone
[INFO] [stdout]   20:                0x0 - <unknown>
[INFO] [stdout] 
[INFO] [stdout] ---- test_mustfail_chapter3_4_3_1b_build_item_refer_to_object_of_type_other stdout ----
[INFO] [stdout] 
[INFO] [stdout] thread 'test_mustfail_chapter3_4_3_1b_build_item_refer_to_object_of_type_other' (3761) panicked at tests/conformance.rs:165:13:
[INFO] [stdout] Test file not found: MUSTFAIL_Chapter3.4.3.1b_BuildItemReferToObjectOfTypeOther.3mf
[INFO] [stdout] stack backtrace:
[INFO] [stdout]    0:     0x5bc4fb790661 - <<std[70759c8f55707aa4]::sys::backtrace::BacktraceLock>::print::DisplayBacktrace as core[df12db4294e9bfd3]::fmt::Display>::fmt
[INFO] [stdout]    1:     0x5bc4fb7a6eea - core[df12db4294e9bfd3]::fmt::write
[INFO] [stdout]    2:     0x5bc4fb794c0c - <alloc[2182bb758b4b3781]::vec::Vec<u8> as core[df12db4294e9bfd3]::io::write::Write>::write_fmt
[INFO] [stdout]    3:     0x5bc4fb76ca46 - std[70759c8f55707aa4]::panicking::default_hook::{closure#0}
[INFO] [stdout]    4:     0x5bc4fb788dc9 - std[70759c8f55707aa4]::panicking::default_hook
[INFO] [stdout]    5:     0x5bc4fb6f0cb0 - test[9d35eded1c95d3be]::test_main_inner::<test[9d35eded1c95d3be]::test_main_static::{closure#0}>::{closure#0}
[INFO] [stdout]    6:     0x5bc4fb788f82 - std[70759c8f55707aa4]::panicking::panic_with_hook
[INFO] [stdout]    7:     0x5bc4fb76caf2 - std[70759c8f55707aa4]::panicking::panic_handler::{closure#0}
[INFO] [stdout]    8:     0x5bc4fb765879 - std[70759c8f55707aa4]::sys::backtrace::__rust_end_short_backtrace::<std[70759c8f55707aa4]::panicking::panic_handler::{closure#0}, !>
[INFO] [stdout]    9:     0x5bc4fb76d6ed - __rustc[8fa7c3cbc660c2b3]::rust_begin_unwind
[INFO] [stdout]   10:     0x5bc4fb7a761c - core[df12db4294e9bfd3]::panicking::panic_fmt
[INFO] [stdout]   11:     0x5bc4fb6e1785 - conformance[e1106b812467bbd1]::test_mustfail_file
[INFO] [stdout]   12:     0x5bc4fb6e28b5 - <conformance[e1106b812467bbd1]::test_mustfail_chapter3_4_3_1b_build_item_refer_to_object_of_type_other::{closure#0} as core[df12db4294e9bfd3]::ops::function::FnOnce<()>>::call_once
[INFO] [stdout]   13:     0x5bc4fb6e3f9b - test[9d35eded1c95d3be]::__rust_begin_short_backtrace::<core[df12db4294e9bfd3]::result::Result<(), alloc[2182bb758b4b3781]::string::String>, fn() -> core[df12db4294e9bfd3]::result::Result<(), alloc[2182bb758b4b3781]::string::String>>
[INFO] [stdout]   14:     0x5bc4fb6f1605 - test[9d35eded1c95d3be]::run_test::{closure#0}
[INFO] [stdout]   15:     0x5bc4fb6eaec4 - std[70759c8f55707aa4]::sys::backtrace::__rust_begin_short_backtrace::<test[9d35eded1c95d3be]::run_test::{closure#1}, ()>
[INFO] [stdout]   16:     0x5bc4fb6f4762 - <std[70759c8f55707aa4]::thread::lifecycle::spawn_unchecked<test[9d35eded1c95d3be]::run_test::{closure#1}, ()>::{closure#1} as core[df12db4294e9bfd3]::ops::function::FnOnce<()>>::call_once::{shim:vtable#0}
[INFO] [stdout]   17:     0x5bc4fb78ff39 - <std[70759c8f55707aa4]::sys::thread::unix::Thread>::new::thread_start
[INFO] [stdout]   18:     0x73b88d535dfa - <unknown>
[INFO] [stdout]   19:     0x73b88d5c93d4 - clone
[INFO] [stdout]   20:                0x0 - <unknown>
[INFO] [stdout] 
[INFO] [stdout] ---- test_mustfail_chapter4a_invalid_object_type stdout ----
[INFO] [stdout] 
[INFO] [stdout] thread 'test_mustfail_chapter4a_invalid_object_type' (3765) panicked at tests/conformance.rs:165:13:
[INFO] [stdout] Test file not found: MUSTFAIL_Chapter4a_InvalidObjectType.3mf
[INFO] [stdout] stack backtrace:
[INFO] [stdout]    0:     0x5bc4fb790661 - <<std[70759c8f55707aa4]::sys::backtrace::BacktraceLock>::print::DisplayBacktrace as core[df12db4294e9bfd3]::fmt::Display>::fmt
[INFO] [stdout]    1:     0x5bc4fb7a6eea - core[df12db4294e9bfd3]::fmt::write
[INFO] [stdout]    2:     0x5bc4fb794c0c - <alloc[2182bb758b4b3781]::vec::Vec<u8> as core[df12db4294e9bfd3]::io::write::Write>::write_fmt
[INFO] [stdout]    3:     0x5bc4fb76ca46 - std[70759c8f55707aa4]::panicking::default_hook::{closure#0}
[INFO] [stdout]    4:     0x5bc4fb788dc9 - std[70759c8f55707aa4]::panicking::default_hook
[INFO] [stdout]    5:     0x5bc4fb6f0cb0 - test[9d35eded1c95d3be]::test_main_inner::<test[9d35eded1c95d3be]::test_main_static::{closure#0}>::{closure#0}
[INFO] [stdout]    6:     0x5bc4fb788f82 - std[70759c8f55707aa4]::panicking::panic_with_hook
[INFO] [stdout]    7:     0x5bc4fb76caf2 - std[70759c8f55707aa4]::panicking::panic_handler::{closure#0}
[INFO] [stdout]    8:     0x5bc4fb765879 - std[70759c8f55707aa4]::sys::backtrace::__rust_end_short_backtrace::<std[70759c8f55707aa4]::panicking::panic_handler::{closure#0}, !>
[INFO] [stdout]    9:     0x5bc4fb76d6ed - __rustc[8fa7c3cbc660c2b3]::rust_begin_unwind
[INFO] [stdout]   10:     0x5bc4fb7a761c - core[df12db4294e9bfd3]::panicking::panic_fmt
[INFO] [stdout]   11:     0x5bc4fb6e1785 - conformance[e1106b812467bbd1]::test_mustfail_file
[INFO] [stdout]   12:     0x5bc4fb6e2025 - <conformance[e1106b812467bbd1]::test_mustfail_chapter4a_invalid_object_type::{closure#0} as core[df12db4294e9bfd3]::ops::function::FnOnce<()>>::call_once
[INFO] [stdout]   13:     0x5bc4fb6e3f9b - test[9d35eded1c95d3be]::__rust_begin_short_backtrace::<core[df12db4294e9bfd3]::result::Result<(), alloc[2182bb758b4b3781]::string::String>, fn() -> core[df12db4294e9bfd3]::result::Result<(), alloc[2182bb758b4b3781]::string::String>>
[INFO] [stdout]   14:     0x5bc4fb6f1605 - test[9d35eded1c95d3be]::run_test::{closure#0}
[INFO] [stdout]   15:     0x5bc4fb6eaec4 - std[70759c8f55707aa4]::sys::backtrace::__rust_begin_short_backtrace::<test[9d35eded1c95d3be]::run_test::{closure#1}, ()>
[INFO] [stdout]   16:     0x5bc4fb6f4762 - <std[70759c8f55707aa4]::thread::lifecycle::spawn_unchecked<test[9d35eded1c95d3be]::run_test::{closure#1}, ()>::{closure#1} as core[df12db4294e9bfd3]::ops::function::FnOnce<()>>::call_once::{shim:vtable#0}
[INFO] [stdout]   17:     0x5bc4fb78ff39 - <std[70759c8f55707aa4]::sys::thread::unix::Thread>::new::thread_start
[INFO] [stdout]   18:     0x73b88d535dfa - <unknown>
[INFO] [stdout]   19:     0x73b88d5c93d4 - clone
[INFO] [stdout]   20:                0x0 - <unknown>
[INFO] [stdout] 
[INFO] [stdout] ---- test_mustfail_chapter4b_pid_is_not_specified stdout ----
[INFO] [stdout] 
[INFO] [stdout] thread 'test_mustfail_chapter4b_pid_is_not_specified' (3766) panicked at tests/conformance.rs:165:13:
[INFO] [stdout] Test file not found: MUSTFAIL_Chapter4b_PID_IsNotSpecified.3mf
[INFO] [stdout] stack backtrace:
[INFO] [stdout]    0:     0x5bc4fb790661 - <<std[70759c8f55707aa4]::sys::backtrace::BacktraceLock>::print::DisplayBacktrace as core[df12db4294e9bfd3]::fmt::Display>::fmt
[INFO] [stdout]    1:     0x5bc4fb7a6eea - core[df12db4294e9bfd3]::fmt::write
[INFO] [stdout]    2:     0x5bc4fb794c0c - <alloc[2182bb758b4b3781]::vec::Vec<u8> as core[df12db4294e9bfd3]::io::write::Write>::write_fmt
[INFO] [stdout]    3:     0x5bc4fb76ca46 - std[70759c8f55707aa4]::panicking::default_hook::{closure#0}
[INFO] [stdout]    4:     0x5bc4fb788dc9 - std[70759c8f55707aa4]::panicking::default_hook
[INFO] [stdout]    5:     0x5bc4fb6f0cb0 - test[9d35eded1c95d3be]::test_main_inner::<test[9d35eded1c95d3be]::test_main_static::{closure#0}>::{closure#0}
[INFO] [stdout]    6:     0x5bc4fb788f82 - std[70759c8f55707aa4]::panicking::panic_with_hook
[INFO] [stdout]    7:     0x5bc4fb76caf2 - std[70759c8f55707aa4]::panicking::panic_handler::{closure#0}
[INFO] [stdout]    8:     0x5bc4fb765879 - std[70759c8f55707aa4]::sys::backtrace::__rust_end_short_backtrace::<std[70759c8f55707aa4]::panicking::panic_handler::{closure#0}, !>
[INFO] [stdout]    9:     0x5bc4fb76d6ed - __rustc[8fa7c3cbc660c2b3]::rust_begin_unwind
[INFO] [stdout]   10:     0x5bc4fb7a761c - core[df12db4294e9bfd3]::panicking::panic_fmt
[INFO] [stdout]   11:     0x5bc4fb6e1785 - conformance[e1106b812467bbd1]::test_mustfail_file
[INFO] [stdout]   12:     0x5bc4fb6e20a5 - <conformance[e1106b812467bbd1]::test_mustfail_chapter4b_pid_is_not_specified::{closure#0} as core[df12db4294e9bfd3]::ops::function::FnOnce<()>>::call_once
[INFO] [stdout]   13:     0x5bc4fb6e3f9b - test[9d35eded1c95d3be]::__rust_begin_short_backtrace::<core[df12db4294e9bfd3]::result::Result<(), alloc[2182bb758b4b3781]::string::String>, fn() -> core[df12db4294e9bfd3]::result::Result<(), alloc[2182bb758b4b3781]::string::String>>
[INFO] [stdout]   14:     0x5bc4fb6f1605 - test[9d35eded1c95d3be]::run_test::{closure#0}
[INFO] [stdout]   15:     0x5bc4fb6eaec4 - std[70759c8f55707aa4]::sys::backtrace::__rust_begin_short_backtrace::<test[9d35eded1c95d3be]::run_test::{closure#1}, ()>
[INFO] [stdout]   16:     0x5bc4fb6f4762 - <std[70759c8f55707aa4]::thread::lifecycle::spawn_unchecked<test[9d35eded1c95d3be]::run_test::{closure#1}, ()>::{closure#1} as core[df12db4294e9bfd3]::ops::function::FnOnce<()>>::call_once::{shim:vtable#0}
[INFO] [stdout]   17:     0x5bc4fb78ff39 - <std[70759c8f55707aa4]::sys::thread::unix::Thread>::new::thread_start
[INFO] [stdout]   18:     0x73b88d535dfa - <unknown>
[INFO] [stdout]   19:     0x73b88d5c93d4 - clone
[INFO] [stdout]   20:                0x0 - <unknown>
[INFO] [stdout] 
[INFO] [stdout] ---- test_mustfail_extension_chapter4c_missing_matid_mat_indices stdout ----
[INFO] [stdout] 
[INFO] [stdout] thread 'test_mustfail_extension_chapter4c_missing_matid_mat_indices' (3775) panicked at tests/conformance.rs:165:13:
[INFO] [stdout] Test file not found: MUSTFAIL_3MF100_Extension_Chapter4c_MissingMatidMatIndices.3mf
[INFO] [stdout] stack backtrace:
[INFO] [stdout]    0:     0x5bc4fb790661 - <<std[70759c8f55707aa4]::sys::backtrace::BacktraceLock>::print::DisplayBacktrace as core[df12db4294e9bfd3]::fmt::Display>::fmt
[INFO] [stdout]    1:     0x5bc4fb7a6eea - core[df12db4294e9bfd3]::fmt::write
[INFO] [stdout]    2:     0x5bc4fb794c0c - <alloc[2182bb758b4b3781]::vec::Vec<u8> as core[df12db4294e9bfd3]::io::write::Write>::write_fmt
[INFO] [stdout]    3:     0x5bc4fb76ca46 - std[70759c8f55707aa4]::panicking::default_hook::{closure#0}
[INFO] [stdout]    4:     0x5bc4fb788dc9 - std[70759c8f55707aa4]::panicking::default_hook
[INFO] [stdout]    5:     0x5bc4fb6f0cb0 - test[9d35eded1c95d3be]::test_main_inner::<test[9d35eded1c95d3be]::test_main_static::{closure#0}>::{closure#0}
[INFO] [stdout]    6:     0x5bc4fb788f82 - std[70759c8f55707aa4]::panicking::panic_with_hook
[INFO] [stdout]    7:     0x5bc4fb76caf2 - std[70759c8f55707aa4]::panicking::panic_handler::{closure#0}
[INFO] [stdout]    8:     0x5bc4fb765879 - std[70759c8f55707aa4]::sys::backtrace::__rust_end_short_backtrace::<std[70759c8f55707aa4]::panicking::panic_handler::{closure#0}, !>
[INFO] [stdout]    9:     0x5bc4fb76d6ed - __rustc[8fa7c3cbc660c2b3]::rust_begin_unwind
[INFO] [stdout]   10:     0x5bc4fb7a761c - core[df12db4294e9bfd3]::panicking::panic_fmt
[INFO] [stdout]   11:     0x5bc4fb6e1785 - conformance[e1106b812467bbd1]::test_mustfail_file
[INFO] [stdout]   12:     0x5bc4fb6e25a5 - <conformance[e1106b812467bbd1]::test_mustfail_extension_chapter4c_missing_matid_mat_indices::{closure#0} as core[df12db4294e9bfd3]::ops::function::FnOnce<()>>::call_once
[INFO] [stdout]   13:     0x5bc4fb6e3f9b - test[9d35eded1c95d3be]::__rust_begin_short_backtrace::<core[df12db4294e9bfd3]::result::Result<(), alloc[2182bb758b4b3781]::string::String>, fn() -> core[df12db4294e9bfd3]::result::Result<(), alloc[2182bb758b4b3781]::string::String>>
[INFO] [stdout]   14:     0x5bc4fb6f1605 - test[9d35eded1c95d3be]::run_test::{closure#0}
[INFO] [stdout]   15:     0x5bc4fb6eaec4 - std[70759c8f55707aa4]::sys::backtrace::__rust_begin_short_backtrace::<test[9d35eded1c95d3be]::run_test::{closure#1}, ()>
[INFO] [stdout]   16:     0x5bc4fb6f4762 - <std[70759c8f55707aa4]::thread::lifecycle::spawn_unchecked<test[9d35eded1c95d3be]::run_test::{closure#1}, ()>::{closure#1} as core[df12db4294e9bfd3]::ops::function::FnOnce<()>>::call_once::{shim:vtable#0}
[INFO] [stdout]   17:     0x5bc4fb78ff39 - <std[70759c8f55707aa4]::sys::thread::unix::Thread>::new::thread_start
[INFO] [stdout]   18:     0x73b88d535dfa - <unknown>
[INFO] [stdout]   19:     0x73b88d5c93d4 - clone
[INFO] [stdout]   20:                0x0 - <unknown>
[INFO] [stdout] 
[INFO] [stdout] ---- test_mustfail_extension_chapter3_missing_tex_id stdout ----
[INFO] [stdout] 
[INFO] [stdout] thread 'test_mustfail_extension_chapter3_missing_tex_id' (3772) panicked at tests/conformance.rs:165:13:
[INFO] [stdout] Test file not found: MUSTFAIL_3MF100_Extension_Chapter3_MissingTexId.3mf
[INFO] [stdout] stack backtrace:
[INFO] [stdout]    0:     0x5bc4fb790661 - <<std[70759c8f55707aa4]::sys::backtrace::BacktraceLock>::print::DisplayBacktrace as core[df12db4294e9bfd3]::fmt::Display>::fmt
[INFO] [stdout]    1:     0x5bc4fb7a6eea - core[df12db4294e9bfd3]::fmt::write
[INFO] [stdout]    2:     0x5bc4fb794c0c - <alloc[2182bb758b4b3781]::vec::Vec<u8> as core[df12db4294e9bfd3]::io::write::Write>::write_fmt
[INFO] [stdout]    3:     0x5bc4fb76ca46 - std[70759c8f55707aa4]::panicking::default_hook::{closure#0}
[INFO] [stdout]    4:     0x5bc4fb788dc9 - std[70759c8f55707aa4]::panicking::default_hook
[INFO] [stdout]    5:     0x5bc4fb6f0cb0 - test[9d35eded1c95d3be]::test_main_inner::<test[9d35eded1c95d3be]::test_main_static::{closure#0}>::{closure#0}
[INFO] [stdout]    6:     0x5bc4fb788f82 - std[70759c8f55707aa4]::panicking::panic_with_hook
[INFO] [stdout]    7:     0x5bc4fb76caf2 - std[70759c8f55707aa4]::panicking::panic_handler::{closure#0}
[INFO] [stdout]    8:     0x5bc4fb765879 - std[70759c8f55707aa4]::sys::backtrace::__rust_end_short_backtrace::<std[70759c8f55707aa4]::panicking::panic_handler::{closure#0}, !>
[INFO] [stdout]    9:     0x5bc4fb76d6ed - __rustc[8fa7c3cbc660c2b3]::rust_begin_unwind
[INFO] [stdout]   10:     0x5bc4fb7a761c - core[df12db4294e9bfd3]::panicking::panic_fmt
[INFO] [stdout]   11:     0x5bc4fb6e1785 - conformance[e1106b812467bbd1]::test_mustfail_file
[INFO] [stdout]   12:     0x5bc4fb6e2205 - <conformance[e1106b812467bbd1]::test_mustfail_extension_chapter3_missing_tex_id::{closure#0} as core[df12db4294e9bfd3]::ops::function::FnOnce<()>>::call_once
[INFO] [stdout]   13:     0x5bc4fb6e3f9b - test[9d35eded1c95d3be]::__rust_begin_short_backtrace::<core[df12db4294e9bfd3]::result::Result<(), alloc[2182bb758b4b3781]::string::String>, fn() -> core[df12db4294e9bfd3]::result::Result<(), alloc[2182bb758b4b3781]::string::String>>
[INFO] [stdout]   14:     0x5bc4fb6f1605 - test[9d35eded1c95d3be]::run_test::{closure#0}
[INFO] [stdout]   15:     0x5bc4fb6eaec4 - std[70759c8f55707aa4]::sys::backtrace::__rust_begin_short_backtrace::<test[9d35eded1c95d3be]::run_test::{closure#1}, ()>
[INFO] [stdout]   16:     0x5bc4fb6f4762 - <std[70759c8f55707aa4]::thread::lifecycle::spawn_unchecked<test[9d35eded1c95d3be]::run_test::{closure#1}, ()>::{closure#1} as core[df12db4294e9bfd3]::ops::function::FnOnce<()>>::call_once::{shim:vtable#0}
[INFO] [stdout]   17:     0x5bc4fb78ff39 - <std[70759c8f55707aa4]::sys::thread::unix::Thread>::new::thread_start
[INFO] [stdout]   18:     0x73b88d535dfa - <unknown>
[INFO] [stdout]   19:     0x73b88d5c93d4 - clone
[INFO] [stdout]   20:                0x0 - <unknown>
[INFO] [stdout] 
[INFO] [stdout] ---- test_mustfail_extension_chapter2_missing_color_value stdout ----
[INFO] [stdout] 
[INFO] [stdout] thread 'test_mustfail_extension_chapter2_missing_color_value' (3770) panicked at tests/conformance.rs:165:13:
[INFO] [stdout] Test file not found: MUSTFAIL_3MF100_Extension_Chapter2_MissingColorValue.3mf
[INFO] [stdout] stack backtrace:
[INFO] [stdout]    0:     0x5bc4fb790661 - <<std[70759c8f55707aa4]::sys::backtrace::BacktraceLock>::print::DisplayBacktrace as core[df12db4294e9bfd3]::fmt::Display>::fmt
[INFO] [stdout]    1:     0x5bc4fb7a6eea - core[df12db4294e9bfd3]::fmt::write
[INFO] [stdout]    2:     0x5bc4fb794c0c - <alloc[2182bb758b4b3781]::vec::Vec<u8> as core[df12db4294e9bfd3]::io::write::Write>::write_fmt
[INFO] [stdout]    3:     0x5bc4fb76ca46 - std[70759c8f55707aa4]::panicking::default_hook::{closure#0}
[INFO] [stdout]    4:     0x5bc4fb788dc9 - std[70759c8f55707aa4]::panicking::default_hook
[INFO] [stdout]    5:     0x5bc4fb6f0cb0 - test[9d35eded1c95d3be]::test_main_inner::<test[9d35eded1c95d3be]::test_main_static::{closure#0}>::{closure#0}
[INFO] [stdout]    6:     0x5bc4fb788f82 - std[70759c8f55707aa4]::panicking::panic_with_hook
[INFO] [stdout]    7:     0x5bc4fb76caf2 - std[70759c8f55707aa4]::panicking::panic_handler::{closure#0}
[INFO] [stdout]    8:     0x5bc4fb765879 - std[70759c8f55707aa4]::sys::backtrace::__rust_end_short_backtrace::<std[70759c8f55707aa4]::panicking::panic_handler::{closure#0}, !>
[INFO] [stdout]    9:     0x5bc4fb76d6ed - __rustc[8fa7c3cbc660c2b3]::rust_begin_unwind
[INFO] [stdout]   10:     0x5bc4fb7a761c - core[df12db4294e9bfd3]::panicking::panic_fmt
[INFO] [stdout]   11:     0x5bc4fb6e1785 - conformance[e1106b812467bbd1]::test_mustfail_file
[INFO] [stdout]   12:     0x5bc4fb6e23a5 - <conformance[e1106b812467bbd1]::test_mustfail_extension_chapter2_missing_color_value::{closure#0} as core[df12db4294e9bfd3]::ops::function::FnOnce<()>>::call_once
[INFO] [stdout]   13:     0x5bc4fb6e3f9b - test[9d35eded1c95d3be]::__rust_begin_short_backtrace::<core[df12db4294e9bfd3]::result::Result<(), alloc[2182bb758b4b3781]::string::String>, fn() -> core[df12db4294e9bfd3]::result::Result<(), alloc[2182bb758b4b3781]::string::String>>
[INFO] [stdout]   14:     0x5bc4fb6f1605 - test[9d35eded1c95d3be]::run_test::{closure#0}
[INFO] [stdout]   15:     0x5bc4fb6eaec4 - std[70759c8f55707aa4]::sys::backtrace::__rust_begin_short_backtrace::<test[9d35eded1c95d3be]::run_test::{closure#1}, ()>
[INFO] [stdout]   16:     0x5bc4fb6f4762 - <std[70759c8f55707aa4]::thread::lifecycle::spawn_unchecked<test[9d35eded1c95d3be]::run_test::{closure#1}, ()>::{closure#1} as core[df12db4294e9bfd3]::ops::function::FnOnce<()>>::call_once::{shim:vtable#0}
[INFO] [stdout]   17:     0x5bc4fb78ff39 - <std[70759c8f55707aa4]::sys::thread::unix::Thread>::new::thread_start
[INFO] [stdout]   18:     0x73b88d535dfa - <unknown>
[INFO] [stdout]   19:     0x73b88d5c93d4 - clone
[INFO] [stdout]   20:                0x0 - <unknown>
[INFO] [stdout] 
[INFO] [stdout] ---- test_mustpass_chapter2_2_part_naming stdout ----
[INFO] [stdout] 
[INFO] [stdout] thread 'test_mustpass_chapter2_2_part_naming' (3787) panicked at tests/conformance.rs:50:53:
[INFO] [stdout] Failed to open MUSTPASS_Chapter2.2_PartNaming.3mf: No such file or directory (os error 2)
[INFO] [stdout] stack backtrace:
[INFO] [stdout]    0:     0x5bc4fb790661 - <<std[70759c8f55707aa4]::sys::backtrace::BacktraceLock>::print::DisplayBacktrace as core[df12db4294e9bfd3]::fmt::Display>::fmt
[INFO] [stdout]    1:     0x5bc4fb7a6eea - core[df12db4294e9bfd3]::fmt::write
[INFO] [stdout]    2:     0x5bc4fb794c0c - <alloc[2182bb758b4b3781]::vec::Vec<u8> as core[df12db4294e9bfd3]::io::write::Write>::write_fmt
[INFO] [stdout]    3:     0x5bc4fb76ca46 - std[70759c8f55707aa4]::panicking::default_hook::{closure#0}
[INFO] [stdout]    4:     0x5bc4fb788dc9 - std[70759c8f55707aa4]::panicking::default_hook
[INFO] [stdout]    5:     0x5bc4fb6f0cb0 - test[9d35eded1c95d3be]::test_main_inner::<test[9d35eded1c95d3be]::test_main_static::{closure#0}>::{closure#0}
[INFO] [stdout]    6:     0x5bc4fb788f82 - std[70759c8f55707aa4]::panicking::panic_with_hook
[INFO] [stdout]    7:     0x5bc4fb76caf2 - std[70759c8f55707aa4]::panicking::panic_handler::{closure#0}
[INFO] [stdout]    8:     0x5bc4fb765879 - std[70759c8f55707aa4]::sys::backtrace::__rust_end_short_backtrace::<std[70759c8f55707aa4]::panicking::panic_handler::{closure#0}, !>
[INFO] [stdout]    9:     0x5bc4fb76d6ed - __rustc[8fa7c3cbc660c2b3]::rust_begin_unwind
[INFO] [stdout]   10:     0x5bc4fb7a761c - core[df12db4294e9bfd3]::panicking::panic_fmt
[INFO] [stdout]   11:     0x5bc4fb6e0f6a - conformance[e1106b812467bbd1]::test_mustpass_file::{closure#0}
[INFO] [stdout]   12:     0x5bc4fb6e1b93 - conformance[e1106b812467bbd1]::test_mustpass_file
[INFO] [stdout]   13:     0x5bc4fb6e1f55 - <conformance[e1106b812467bbd1]::test_mustpass_chapter2_2_part_naming::{closure#0} as core[df12db4294e9bfd3]::ops::function::FnOnce<()>>::call_once
[INFO] [stdout]   14:     0x5bc4fb6e3f9b - test[9d35eded1c95d3be]::__rust_begin_short_backtrace::<core[df12db4294e9bfd3]::result::Result<(), alloc[2182bb758b4b3781]::string::String>, fn() -> core[df12db4294e9bfd3]::result::Result<(), alloc[2182bb758b4b3781]::string::String>>
[INFO] [stdout]   15:     0x5bc4fb6f1605 - test[9d35eded1c95d3be]::run_test::{closure#0}
[INFO] [stdout]   16:     0x5bc4fb6eaec4 - std[70759c8f55707aa4]::sys::backtrace::__rust_begin_short_backtrace::<test[9d35eded1c95d3be]::run_test::{closure#1}, ()>
[INFO] [stdout]   17:     0x5bc4fb6f4762 - <std[70759c8f55707aa4]::thread::lifecycle::spawn_unchecked<test[9d35eded1c95d3be]::run_test::{closure#1}, ()>::{closure#1} as core[df12db4294e9bfd3]::ops::function::FnOnce<()>>::call_once::{shim:vtable#0}
[INFO] [stdout]   18:     0x5bc4fb78ff39 - <std[70759c8f55707aa4]::sys::thread::unix::Thread>::new::thread_start
[INFO] [stdout]   19:     0x73b88d535dfa - <unknown>
[INFO] [stdout]   20:     0x73b88d5c93d4 - clone
[INFO] [stdout]   21:                0x0 - <unknown>
[INFO] [stdout] 
[INFO] [stdout] ---- test_mustpass_chapter2_1_parts_relationships stdout ----
[INFO] [stdout] 
[INFO] [stdout] thread 'test_mustpass_chapter2_1_parts_relationships' (3786) panicked at tests/conformance.rs:50:53:
[INFO] [stdout] Failed to open MUSTPASS_Chapter2.1_PartsRelationships.3mf: No such file or directory (os error 2)
[INFO] [stdout] stack backtrace:
[INFO] [stdout]    0:     0x5bc4fb790661 - <<std[70759c8f55707aa4]::sys::backtrace::BacktraceLock>::print::DisplayBacktrace as core[df12db4294e9bfd3]::fmt::Display>::fmt
[INFO] [stdout]    1:     0x5bc4fb7a6eea - core[df12db4294e9bfd3]::fmt::write
[INFO] [stdout]    2:     0x5bc4fb794c0c - <alloc[2182bb758b4b3781]::vec::Vec<u8> as core[df12db4294e9bfd3]::io::write::Write>::write_fmt
[INFO] [stdout]    3:     0x5bc4fb76ca46 - std[70759c8f55707aa4]::panicking::default_hook::{closure#0}
[INFO] [stdout]    4:     0x5bc4fb788dc9 - std[70759c8f55707aa4]::panicking::default_hook
[INFO] [stdout]    5:     0x5bc4fb6f0cb0 - test[9d35eded1c95d3be]::test_main_inner::<test[9d35eded1c95d3be]::test_main_static::{closure#0}>::{closure#0}
[INFO] [stdout]    6:     0x5bc4fb788f82 - std[70759c8f55707aa4]::panicking::panic_with_hook
[INFO] [stdout]    7:     0x5bc4fb76caf2 - std[70759c8f55707aa4]::panicking::panic_handler::{closure#0}
[INFO] [stdout]    8:     0x5bc4fb765879 - std[70759c8f55707aa4]::sys::backtrace::__rust_end_short_backtrace::<std[70759c8f55707aa4]::panicking::panic_handler::{closure#0}, !>
[INFO] [stdout]    9:     0x5bc4fb76d6ed - __rustc[8fa7c3cbc660c2b3]::rust_begin_unwind
[INFO] [stdout]   10:     0x5bc4fb7a761c - core[df12db4294e9bfd3]::panicking::panic_fmt
[INFO] [stdout]   11:     0x5bc4fb6e0f6a - conformance[e1106b812467bbd1]::test_mustpass_file::{closure#0}
[INFO] [stdout]   12:     0x5bc4fb6e1b93 - conformance[e1106b812467bbd1]::test_mustpass_file
[INFO] [stdout]   13:     0x5bc4fb6e20e5 - <conformance[e1106b812467bbd1]::test_mustpass_chapter2_1_parts_relationships::{closure#0} as core[df12db4294e9bfd3]::ops::function::FnOnce<()>>::call_once
[INFO] [stdout]   14:     0x5bc4fb6e3f9b - test[9d35eded1c95d3be]::__rust_begin_short_backtrace::<core[df12db4294e9bfd3]::result::Result<(), alloc[2182bb758b4b3781]::string::String>, fn() -> core[df12db4294e9bfd3]::result::Result<(), alloc[2182bb758b4b3781]::string::String>>
[INFO] [stdout]   15:     0x5bc4fb6f1605 - test[9d35eded1c95d3be]::run_test::{closure#0}
[INFO] [stdout]   16:     0x5bc4fb6eaec4 - std[70759c8f55707aa4]::sys::backtrace::__rust_begin_short_backtrace::<test[9d35eded1c95d3be]::run_test::{closure#1}, ()>
[INFO] [stdout]   17:     0x5bc4fb6f4762 - <std[70759c8f55707aa4]::thread::lifecycle::spawn_unchecked<test[9d35eded1c95d3be]::run_test::{closure#1}, ()>::{closure#1} as core[df12db4294e9bfd3]::ops::function::FnOnce<()>>::call_once::{shim:vtable#0}
[INFO] [stdout]   18:     0x5bc4fb78ff39 - <std[70759c8f55707aa4]::sys::thread::unix::Thread>::new::thread_start
[INFO] [stdout]   19:     0x73b88d535dfa - <unknown>
[INFO] [stdout]   20:     0x73b88d5c93d4 - clone
[INFO] [stdout]   21:                0x0 - <unknown>
[INFO] [stdout] 
[INFO] [stdout] ---- test_mustfail_extension_chapter3_duplicated_texture2d_group stdout ----
[INFO] [stdout] 
[INFO] [stdout] thread 'test_mustfail_extension_chapter3_duplicated_texture2d_group' (3771) panicked at tests/conformance.rs:165:13:
[INFO] [stdout] Test file not found: MUSTFAIL_3MF100_Extension_Chapter3_DuplicatedTexture2DGroup.3mf
[INFO] [stdout] stack backtrace:
[INFO] [stdout]    0:     0x5bc4fb790661 - <<std[70759c8f55707aa4]::sys::backtrace::BacktraceLock>::print::DisplayBacktrace as core[df12db4294e9bfd3]::fmt::Display>::fmt
[INFO] [stdout]    1:     0x5bc4fb7a6eea - core[df12db4294e9bfd3]::fmt::write
[INFO] [stdout]    2:     0x5bc4fb794c0c - <alloc[2182bb758b4b3781]::vec::Vec<u8> as core[df12db4294e9bfd3]::io::write::Write>::write_fmt
[INFO] [stdout]    3:     0x5bc4fb76ca46 - std[70759c8f55707aa4]::panicking::default_hook::{closure#0}
[INFO] [stdout]    4:     0x5bc4fb788dc9 - std[70759c8f55707aa4]::panicking::default_hook
[INFO] [stdout]    5:     0x5bc4fb6f0cb0 - test[9d35eded1c95d3be]::test_main_inner::<test[9d35eded1c95d3be]::test_main_static::{closure#0}>::{closure#0}
[INFO] [stdout]    6:     0x5bc4fb788f82 - std[70759c8f55707aa4]::panicking::panic_with_hook
[INFO] [stdout]    7:     0x5bc4fb76caf2 - std[70759c8f55707aa4]::panicking::panic_handler::{closure#0}
[INFO] [stdout]    8:     0x5bc4fb765879 - std[70759c8f55707aa4]::sys::backtrace::__rust_end_short_backtrace::<std[70759c8f55707aa4]::panicking::panic_handler::{closure#0}, !>
[INFO] [stdout]    9:     0x5bc4fb76d6ed - __rustc[8fa7c3cbc660c2b3]::rust_begin_unwind
[INFO] [stdout]   10:     0x5bc4fb7a761c - core[df12db4294e9bfd3]::panicking::panic_fmt
[INFO] [stdout]   11:     0x5bc4fb6e1785 - conformance[e1106b812467bbd1]::test_mustfail_file
[INFO] [stdout]   12:     0x5bc4fb6e2565 - <conformance[e1106b812467bbd1]::test_mustfail_extension_chapter3_duplicated_texture2d_group::{closure#0} as core[df12db4294e9bfd3]::ops::function::FnOnce<()>>::call_once
[INFO] [stdout]   13:     0x5bc4fb6e3f9b - test[9d35eded1c95d3be]::__rust_begin_short_backtrace::<core[df12db4294e9bfd3]::result::Result<(), alloc[2182bb758b4b3781]::string::String>, fn() -> core[df12db4294e9bfd3]::result::Result<(), alloc[2182bb758b4b3781]::string::String>>
[INFO] [stdout]   14:     0x5bc4fb6f1605 - test[9d35eded1c95d3be]::run_test::{closure#0}
[INFO] [stdout]   15:     0x5bc4fb6eaec4 - std[70759c8f55707aa4]::sys::backtrace::__rust_begin_short_backtrace::<test[9d35eded1c95d3be]::run_test::{closure#1}, ()>
[INFO] [stdout]   16:     0x5bc4fb6f4762 - <std[70759c8f55707aa4]::thread::lifecycle::spawn_unchecked<test[9d35eded1c95d3be]::run_test::{closure#1}, ()>::{closure#1} as core[df12db4294e9bfd3]::ops::function::FnOnce<()>>::call_once::{shim:vtable#0}
[INFO] [stdout]   17:     0x5bc4fb78ff39 - <std[70759c8f55707aa4]::sys::thread::unix::Thread>::new::thread_start
[INFO] [stdout]   18:     0x73b88d535dfa - <unknown>
[INFO] [stdout]   19:     0x73b88d5c93d4 - clone
[INFO] [stdout]   20:                0x0 - <unknown>
[INFO] [stdout] 
[INFO] [stdout] ---- test_mustfail_extension_chapter5c_multiple_reference_to_colorgroup stdout ----
[INFO] [stdout] 
[INFO] [stdout] thread 'test_mustfail_extension_chapter5c_multiple_reference_to_colorgroup' (3781) panicked at tests/conformance.rs:165:13:
[INFO] [stdout] Test file not found: MUSTFAIL_3MF100_Extension_Chapter5c_MultipleReferenceToColorgroup.3mf
[INFO] [stdout] stack backtrace:
[INFO] [stdout]    0:     0x5bc4fb790661 - <<std[70759c8f55707aa4]::sys::backtrace::BacktraceLock>::print::DisplayBacktrace as core[df12db4294e9bfd3]::fmt::Display>::fmt
[INFO] [stdout]    1:     0x5bc4fb7a6eea - core[df12db4294e9bfd3]::fmt::write
[INFO] [stdout]    2:     0x5bc4fb794c0c - <alloc[2182bb758b4b3781]::vec::Vec<u8> as core[df12db4294e9bfd3]::io::write::Write>::write_fmt
[INFO] [stdout]    3:     0x5bc4fb76ca46 - std[70759c8f55707aa4]::panicking::default_hook::{closure#0}
[INFO] [stdout]    4:     0x5bc4fb788dc9 - std[70759c8f55707aa4]::panicking::default_hook
[INFO] [stdout]    5:     0x5bc4fb6f0cb0 - test[9d35eded1c95d3be]::test_main_inner::<test[9d35eded1c95d3be]::test_main_static::{closure#0}>::{closure#0}
[INFO] [stdout]    6:     0x5bc4fb788f82 - std[70759c8f55707aa4]::panicking::panic_with_hook
[INFO] [stdout]    7:     0x5bc4fb76caf2 - std[70759c8f55707aa4]::panicking::panic_handler::{closure#0}
[INFO] [stdout]    8:     0x5bc4fb765879 - std[70759c8f55707aa4]::sys::backtrace::__rust_end_short_backtrace::<std[70759c8f55707aa4]::panicking::panic_handler::{closure#0}, !>
[INFO] [stdout]    9:     0x5bc4fb76d6ed - __rustc[8fa7c3cbc660c2b3]::rust_begin_unwind
[INFO] [stdout]   10:     0x5bc4fb7a761c - core[df12db4294e9bfd3]::panicking::panic_fmt
[INFO] [stdout]   11:     0x5bc4fb6e1785 - conformance[e1106b812467bbd1]::test_mustfail_file
[INFO] [stdout]   12:     0x5bc4fb6e2805 - <conformance[e1106b812467bbd1]::test_mustfail_extension_chapter5c_multiple_reference_to_colorgroup::{closure#0} as core[df12db4294e9bfd3]::ops::function::FnOnce<()>>::call_once
[INFO] [stdout]   13:     0x5bc4fb6e3f9b - test[9d35eded1c95d3be]::__rust_begin_short_backtrace::<core[df12db4294e9bfd3]::result::Result<(), alloc[2182bb758b4b3781]::string::String>, fn() -> core[df12db4294e9bfd3]::result::Result<(), alloc[2182bb758b4b3781]::string::String>>
[INFO] [stdout]   14:     0x5bc4fb6f1605 - test[9d35eded1c95d3be]::run_test::{closure#0}
[INFO] [stdout]   15:     0x5bc4fb6eaec4 - std[70759c8f55707aa4]::sys::backtrace::__rust_begin_short_backtrace::<test[9d35eded1c95d3be]::run_test::{closure#1}, ()>
[INFO] [stdout]   16:     0x5bc4fb6f4762 - <std[70759c8f55707aa4]::thread::lifecycle::spawn_unchecked<test[9d35eded1c95d3be]::run_test::{closure#1}, ()>::{closure#1} as core[df12db4294e9bfd3]::ops::function::FnOnce<()>>::call_once::{shim:vtable#0}
[INFO] [stdout]   17:     0x5bc4fb78ff39 - <std[70759c8f55707aa4]::sys::thread::unix::Thread>::new::thread_start
[INFO] [stdout]   18:     0x73b88d535dfa - <unknown>
[INFO] [stdout]   19:     0x73b88d5c93d4 - clone
[INFO] [stdout]   20:                0x0 - <unknown>
[INFO] [stdout] 
[INFO] [stdout] ---- test_mustfail_extension_chapter4d_missing_mat_indices stdout ----
[INFO] [stdout] 
[INFO] [stdout] thread 'test_mustfail_extension_chapter4d_missing_mat_indices' (3776) panicked at tests/conformance.rs:165:13:
[INFO] [stdout] Test file not found: MUSTFAIL_3MF100_Extension_Chapter4d_MissingMatIndices.3mf
[INFO] [stdout] stack backtrace:
[INFO] [stdout]    0:     0x5bc4fb790661 - <<std[70759c8f55707aa4]::sys::backtrace::BacktraceLock>::print::DisplayBacktrace as core[df12db4294e9bfd3]::fmt::Display>::fmt
[INFO] [stdout]    1:     0x5bc4fb7a6eea - core[df12db4294e9bfd3]::fmt::write
[INFO] [stdout]    2:     0x5bc4fb794c0c - <alloc[2182bb758b4b3781]::vec::Vec<u8> as core[df12db4294e9bfd3]::io::write::Write>::write_fmt
[INFO] [stdout]    3:     0x5bc4fb76ca46 - std[70759c8f55707aa4]::panicking::default_hook::{closure#0}
[INFO] [stdout]    4:     0x5bc4fb788dc9 - std[70759c8f55707aa4]::panicking::default_hook
[INFO] [stdout]    5:     0x5bc4fb6f0cb0 - test[9d35eded1c95d3be]::test_main_inner::<test[9d35eded1c95d3be]::test_main_static::{closure#0}>::{closure#0}
[INFO] [stdout]    6:     0x5bc4fb788f82 - std[70759c8f55707aa4]::panicking::panic_with_hook
[INFO] [stdout]    7:     0x5bc4fb76caf2 - std[70759c8f55707aa4]::panicking::panic_handler::{closure#0}
[INFO] [stdout]    8:     0x5bc4fb765879 - std[70759c8f55707aa4]::sys::backtrace::__rust_end_short_backtrace::<std[70759c8f55707aa4]::panicking::panic_handler::{closure#0}, !>
[INFO] [stdout]    9:     0x5bc4fb76d6ed - __rustc[8fa7c3cbc660c2b3]::rust_begin_unwind
[INFO] [stdout]   10:     0x5bc4fb7a761c - core[df12db4294e9bfd3]::panicking::panic_fmt
[INFO] [stdout]   11:     0x5bc4fb6e1785 - conformance[e1106b812467bbd1]::test_mustfail_file
[INFO] [stdout]   12:     0x5bc4fb6e23e5 - <conformance[e1106b812467bbd1]::test_mustfail_extension_chapter4d_missing_mat_indices::{closure#0} as core[df12db4294e9bfd3]::ops::function::FnOnce<()>>::call_once
[INFO] [stdout]   13:     0x5bc4fb6e3f9b - test[9d35eded1c95d3be]::__rust_begin_short_backtrace::<core[df12db4294e9bfd3]::result::Result<(), alloc[2182bb758b4b3781]::string::String>, fn() -> core[df12db4294e9bfd3]::result::Result<(), alloc[2182bb758b4b3781]::string::String>>
[INFO] [stdout]   14:     0x5bc4fb6f1605 - test[9d35eded1c95d3be]::run_test::{closure#0}
[INFO] [stdout]   15:     0x5bc4fb6eaec4 - std[70759c8f55707aa4]::sys::backtrace::__rust_begin_short_backtrace::<test[9d35eded1c95d3be]::run_test::{closure#1}, ()>
[INFO] [stdout]   16:     0x5bc4fb6f4762 - <std[70759c8f55707aa4]::thread::lifecycle::spawn_unchecked<test[9d35eded1c95d3be]::run_test::{closure#1}, ()>::{closure#1} as core[df12db4294e9bfd3]::ops::function::FnOnce<()>>::call_once::{shim:vtable#0}
[INFO] [stdout]   17:     0x5bc4fb78ff39 - <std[70759c8f55707aa4]::sys::thread::unix::Thread>::new::thread_start
[INFO] [stdout]   18:     0x73b88d535dfa - <unknown>
[INFO] [stdout]   19:     0x73b88d5c93d4 - clone
[INFO] [stdout]   20:                0x0 - <unknown>
[INFO] [stdout] 
[INFO] [stdout] ---- test_mustfail_extension_chapter5e_reference_to_multi_properties stdout ----
[INFO] [stdout] 
[INFO] [stdout] thread 'test_mustfail_extension_chapter5e_reference_to_multi_properties' (3783) panicked at tests/conformance.rs:165:13:
[INFO] [stdout] Test file not found: MUSTFAIL_3MF100_Extension_Chapter5e_ReferenceToMultiProperties.3mf
[INFO] [stdout] stack backtrace:
[INFO] [stdout]    0:     0x5bc4fb790661 - <<std[70759c8f55707aa4]::sys::backtrace::BacktraceLock>::print::DisplayBacktrace as core[df12db4294e9bfd3]::fmt::Display>::fmt
[INFO] [stdout]    1:     0x5bc4fb7a6eea - core[df12db4294e9bfd3]::fmt::write
[INFO] [stdout]    2:     0x5bc4fb794c0c - <alloc[2182bb758b4b3781]::vec::Vec<u8> as core[df12db4294e9bfd3]::io::write::Write>::write_fmt
[INFO] [stdout]    3:     0x5bc4fb76ca46 - std[70759c8f55707aa4]::panicking::default_hook::{closure#0}
[INFO] [stdout]    4:     0x5bc4fb788dc9 - std[70759c8f55707aa4]::panicking::default_hook
[INFO] [stdout]    5:     0x5bc4fb6f0cb0 - test[9d35eded1c95d3be]::test_main_inner::<test[9d35eded1c95d3be]::test_main_static::{closure#0}>::{closure#0}
[INFO] [stdout]    6:     0x5bc4fb788f82 - std[70759c8f55707aa4]::panicking::panic_with_hook
[INFO] [stdout]    7:     0x5bc4fb76caf2 - std[70759c8f55707aa4]::panicking::panic_handler::{closure#0}
[INFO] [stdout]    8:     0x5bc4fb765879 - std[70759c8f55707aa4]::sys::backtrace::__rust_end_short_backtrace::<std[70759c8f55707aa4]::panicking::panic_handler::{closure#0}, !>
[INFO] [stdout]    9:     0x5bc4fb76d6ed - __rustc[8fa7c3cbc660c2b3]::rust_begin_unwind
[INFO] [stdout]   10:     0x5bc4fb7a761c - core[df12db4294e9bfd3]::panicking::panic_fmt
[INFO] [stdout]   11:     0x5bc4fb6e1785 - conformance[e1106b812467bbd1]::test_mustfail_file
[INFO] [stdout]   12:     0x5bc4fb6e2695 - <conformance[e1106b812467bbd1]::test_mustfail_extension_chapter5e_reference_to_multi_properties::{closure#0} as core[df12db4294e9bfd3]::ops::function::FnOnce<()>>::call_once
[INFO] [stdout]   13:     0x5bc4fb6e3f9b - test[9d35eded1c95d3be]::__rust_begin_short_backtrace::<core[df12db4294e9bfd3]::result::Result<(), alloc[2182bb758b4b3781]::string::String>, fn() -> core[df12db4294e9bfd3]::result::Result<(), alloc[2182bb758b4b3781]::string::String>>
[INFO] [stdout]   14:     0x5bc4fb6f1605 - test[9d35eded1c95d3be]::run_test::{closure#0}
[INFO] [stdout]   15:     0x5bc4fb6eaec4 - std[70759c8f55707aa4]::sys::backtrace::__rust_begin_short_backtrace::<test[9d35eded1c95d3be]::run_test::{closure#1}, ()>
[INFO] [stdout]   16:     0x5bc4fb6f4762 - <std[70759c8f55707aa4]::thread::lifecycle::spawn_unchecked<test[9d35eded1c95d3be]::run_test::{closure#1}, ()>::{closure#1} as core[df12db4294e9bfd3]::ops::function::FnOnce<()>>::call_once::{shim:vtable#0}
[INFO] [stdout]   17:     0x5bc4fb78ff39 - <std[70759c8f55707aa4]::sys::thread::unix::Thread>::new::thread_start
[INFO] [stdout]   18:     0x73b88d535dfa - <unknown>
[INFO] [stdout]   19:     0x73b88d5c93d4 - clone
[INFO] [stdout]   20:                0x0 - <unknown>
[INFO] [stdout] 
[INFO] [stdout] ---- test_mustfail_extension_chapter6_2d_texture_invalid_content_type stdout ----
[INFO] [stdout] 
[INFO] [stdout] thread 'test_mustfail_extension_chapter6_2d_texture_invalid_content_type' (3784) panicked at tests/conformance.rs:165:13:
[INFO] [stdout] Test file not found: MUSTFAIL_3MF100_Extension_Chapter6_2DTexture_InvalidContentType.3mf
[INFO] [stdout] stack backtrace:
[INFO] [stdout]    0:     0x5bc4fb790661 - <<std[70759c8f55707aa4]::sys::backtrace::BacktraceLock>::print::DisplayBacktrace as core[df12db4294e9bfd3]::fmt::Display>::fmt
[INFO] [stdout]    1:     0x5bc4fb7a6eea - core[df12db4294e9bfd3]::fmt::write
[INFO] [stdout]    2:     0x5bc4fb794c0c - <alloc[2182bb758b4b3781]::vec::Vec<u8> as core[df12db4294e9bfd3]::io::write::Write>::write_fmt
[INFO] [stdout]    3:     0x5bc4fb76ca46 - std[70759c8f55707aa4]::panicking::default_hook::{closure#0}
[INFO] [stdout]    4:     0x5bc4fb788dc9 - std[70759c8f55707aa4]::panicking::default_hook
[INFO] [stdout]    5:     0x5bc4fb6f0cb0 - test[9d35eded1c95d3be]::test_main_inner::<test[9d35eded1c95d3be]::test_main_static::{closure#0}>::{closure#0}
[INFO] [stdout]    6:     0x5bc4fb788f82 - std[70759c8f55707aa4]::panicking::panic_with_hook
[INFO] [stdout]    7:     0x5bc4fb76caf2 - std[70759c8f55707aa4]::panicking::panic_handler::{closure#0}
[INFO] [stdout]    8:     0x5bc4fb765879 - std[70759c8f55707aa4]::sys::backtrace::__rust_end_short_backtrace::<std[70759c8f55707aa4]::panicking::panic_handler::{closure#0}, !>
[INFO] [stdout]    9:     0x5bc4fb76d6ed - __rustc[8fa7c3cbc660c2b3]::rust_begin_unwind
[INFO] [stdout]   10:     0x5bc4fb7a761c - core[df12db4294e9bfd3]::panicking::panic_fmt
[INFO] [stdout]   11:     0x5bc4fb6e1785 - conformance[e1106b812467bbd1]::test_mustfail_file
[INFO] [stdout]   12:     0x5bc4fb6e2785 - <conformance[e1106b812467bbd1]::test_mustfail_extension_chapter6_2d_texture_invalid_content_type::{closure#0} as core[df12db4294e9bfd3]::ops::function::FnOnce<()>>::call_once
[INFO] [stdout]   13:     0x5bc4fb6e3f9b - test[9d35eded1c95d3be]::__rust_begin_short_backtrace::<core[df12db4294e9bfd3]::result::Result<(), alloc[2182bb758b4b3781]::string::String>, fn() -> core[df12db4294e9bfd3]::result::Result<(), alloc[2182bb758b4b3781]::string::String>>
[INFO] [stdout]   14:     0x5bc4fb6f1605 - test[9d35eded1c95d3be]::run_test::{closure#0}
[INFO] [stdout]   15:     0x5bc4fb6eaec4 - std[70759c8f55707aa4]::sys::backtrace::__rust_begin_short_backtrace::<test[9d35eded1c95d3be]::run_test::{closure#1}, ()>
[INFO] [stdout]   16:     0x5bc4fb6f4762 - <std[70759c8f55707aa4]::thread::lifecycle::spawn_unchecked<test[9d35eded1c95d3be]::run_test::{closure#1}, ()>::{closure#1} as core[df12db4294e9bfd3]::ops::function::FnOnce<()>>::call_once::{shim:vtable#0}
[INFO] [stdout]   17:     0x5bc4fb78ff39 - <std[70759c8f55707aa4]::sys::thread::unix::Thread>::new::thread_start
[INFO] [stdout]   18:     0x73b88d535dfa - <unknown>
[INFO] [stdout]   19:     0x73b88d5c93d4 - clone
[INFO] [stdout]   20:                0x0 - <unknown>
[INFO] [stdout] 
[INFO] [stdout] ---- test_mustpass_chapter3_2b_units_measurement_mm stdout ----
[INFO] [stdout] 
[INFO] [stdout] thread 'test_mustpass_chapter3_2b_units_measurement_mm' (3789) panicked at tests/conformance.rs:50:53:
[INFO] [stdout] Failed to open MUSTPASS_Chapter3.2b_UnitsMeasurementMM.3mf: No such file or directory (os error 2)
[INFO] [stdout] stack backtrace:
[INFO] [stdout]    0:     0x5bc4fb790661 - <<std[70759c8f55707aa4]::sys::backtrace::BacktraceLock>::print::DisplayBacktrace as core[df12db4294e9bfd3]::fmt::Display>::fmt
[INFO] [stdout]    1:     0x5bc4fb7a6eea - core[df12db4294e9bfd3]::fmt::write
[INFO] [stdout]    2:     0x5bc4fb794c0c - <alloc[2182bb758b4b3781]::vec::Vec<u8> as core[df12db4294e9bfd3]::io::write::Write>::write_fmt
[INFO] [stdout]    3:     0x5bc4fb76ca46 - std[70759c8f55707aa4]::panicking::default_hook::{closure#0}
[INFO] [stdout]    4:     0x5bc4fb788dc9 - std[70759c8f55707aa4]::panicking::default_hook
[INFO] [stdout]    5:     0x5bc4fb6f0cb0 - test[9d35eded1c95d3be]::test_main_inner::<test[9d35eded1c95d3be]::test_main_static::{closure#0}>::{closure#0}
[INFO] [stdout]    6:     0x5bc4fb788f82 - std[70759c8f55707aa4]::panicking::panic_with_hook
[INFO] [stdout]    7:     0x5bc4fb76caf2 - std[70759c8f55707aa4]::panicking::panic_handler::{closure#0}
[INFO] [stdout]    8:     0x5bc4fb765879 - std[70759c8f55707aa4]::sys::backtrace::__rust_end_short_backtrace::<std[70759c8f55707aa4]::panicking::panic_handler::{closure#0}, !>
[INFO] [stdout]    9:     0x5bc4fb76d6ed - __rustc[8fa7c3cbc660c2b3]::rust_begin_unwind
[INFO] [stdout]   10:     0x5bc4fb7a761c - core[df12db4294e9bfd3]::panicking::panic_fmt
[INFO] [stdout]   11:     0x5bc4fb6e0f6a - conformance[e1106b812467bbd1]::test_mustpass_file::{closure#0}
[INFO] [stdout]   12:     0x5bc4fb6e1b93 - conformance[e1106b812467bbd1]::test_mustpass_file
[INFO] [stdout]   13:     0x5bc4fb6e2195 - <conformance[e1106b812467bbd1]::test_mustpass_chapter3_2b_units_measurement_mm::{closure#0} as core[df12db4294e9bfd3]::ops::function::FnOnce<()>>::call_once
[INFO] [stdout]   14:     0x5bc4fb6e3f9b - test[9d35eded1c95d3be]::__rust_begin_short_backtrace::<core[df12db4294e9bfd3]::result::Result<(), alloc[2182bb758b4b3781]::string::String>, fn() -> core[df12db4294e9bfd3]::result::Result<(), alloc[2182bb758b4b3781]::string::String>>
[INFO] [stdout]   15:     0x5bc4fb6f1605 - test[9d35eded1c95d3be]::run_test::{closure#0}
[INFO] [stdout]   16:     0x5bc4fb6eaec4 - std[70759c8f55707aa4]::sys::backtrace::__rust_begin_short_backtrace::<test[9d35eded1c95d3be]::run_test::{closure#1}, ()>
[INFO] [stdout]   17:     0x5bc4fb6f4762 - <std[70759c8f55707aa4]::thread::lifecycle::spawn_unchecked<test[9d35eded1c95d3be]::run_test::{closure#1}, ()>::{closure#1} as core[df12db4294e9bfd3]::ops::function::FnOnce<()>>::call_once::{shim:vtable#0}
[INFO] [stdout]   18:     0x5bc4fb78ff39 - <std[70759c8f55707aa4]::sys::thread::unix::Thread>::new::thread_start
[INFO] [stdout]   19:     0x73b88d535dfa - <unknown>
[INFO] [stdout]   20:     0x73b88d5c93d4 - clone
[INFO] [stdout]   21:                0x0 - <unknown>
[INFO] [stdout] 
[INFO] [stdout] ---- test_mustpass_chapter3_4_3a_must_not_output_non_referenced_objects stdout ----
[INFO] [stdout] 
[INFO] [stdout] thread 'test_mustpass_chapter3_4_3a_must_not_output_non_referenced_objects' (3793) panicked at tests/conformance.rs:50:53:
[INFO] [stdout] Failed to open MUSTPASS_Chapter3.4.3a_MustNotOutputNonReferencedObjects.3mf: No such file or directory (os error 2)
[INFO] [stdout] stack backtrace:
[INFO] [stdout]    0:     0x5bc4fb790661 - <<std[70759c8f55707aa4]::sys::backtrace::BacktraceLock>::print::DisplayBacktrace as core[df12db4294e9bfd3]::fmt::Display>::fmt
[INFO] [stdout]    1:     0x5bc4fb7a6eea - core[df12db4294e9bfd3]::fmt::write
[INFO] [stdout]    2:     0x5bc4fb794c0c - <alloc[2182bb758b4b3781]::vec::Vec<u8> as core[df12db4294e9bfd3]::io::write::Write>::write_fmt
[INFO] [stdout]    3:     0x5bc4fb76ca46 - std[70759c8f55707aa4]::panicking::default_hook::{closure#0}
[INFO] [stdout]    4:     0x5bc4fb788dc9 - std[70759c8f55707aa4]::panicking::default_hook
[INFO] [stdout]    5:     0x5bc4fb6f0cb0 - test[9d35eded1c95d3be]::test_main_inner::<test[9d35eded1c95d3be]::test_main_static::{closure#0}>::{closure#0}
[INFO] [stdout]    6:     0x5bc4fb788f82 - std[70759c8f55707aa4]::panicking::panic_with_hook
[INFO] [stdout]    7:     0x5bc4fb76caf2 - std[70759c8f55707aa4]::panicking::panic_handler::{closure#0}
[INFO] [stdout]    8:     0x5bc4fb765879 - std[70759c8f55707aa4]::sys::backtrace::__rust_end_short_backtrace::<std[70759c8f55707aa4]::panicking::panic_handler::{closure#0}, !>
[INFO] [stdout]    9:     0x5bc4fb76d6ed - __rustc[8fa7c3cbc660c2b3]::rust_begin_unwind
[INFO] [stdout]   10:     0x5bc4fb7a761c - core[df12db4294e9bfd3]::panicking::panic_fmt
[INFO] [stdout]   11:     0x5bc4fb6e0f6a - conformance[e1106b812467bbd1]::test_mustpass_file::{closure#0}
[INFO] [stdout]   12:     0x5bc4fb6e1b93 - conformance[e1106b812467bbd1]::test_mustpass_file
[INFO] [stdout]   13:     0x5bc4fb6e2845 - <conformance[e1106b812467bbd1]::test_mustpass_chapter3_4_3a_must_not_output_non_referenced_objects::{closure#0} as core[df12db4294e9bfd3]::ops::function::FnOnce<()>>::call_once
[INFO] [stdout]   14:     0x5bc4fb6e3f9b - test[9d35eded1c95d3be]::__rust_begin_short_backtrace::<core[df12db4294e9bfd3]::result::Result<(), alloc[2182bb758b4b3781]::string::String>, fn() -> core[df12db4294e9bfd3]::result::Result<(), alloc[2182bb758b4b3781]::string::String>>
[INFO] [stdout]   15:     0x5bc4fb6f1605 - test[9d35eded1c95d3be]::run_test::{closure#0}
[INFO] [stdout]   16:     0x5bc4fb6eaec4 - std[70759c8f55707aa4]::sys::backtrace::__rust_begin_short_backtrace::<test[9d35eded1c95d3be]::run_test::{closure#1}, ()>
[INFO] [stdout]   17:     0x5bc4fb6f4762 - <std[70759c8f55707aa4]::thread::lifecycle::spawn_unchecked<test[9d35eded1c95d3be]::run_test::{closure#1}, ()>::{closure#1} as core[df12db4294e9bfd3]::ops::function::FnOnce<()>>::call_once::{shim:vtable#0}
[INFO] [stdout]   18:     0x5bc4fb78ff39 - <std[70759c8f55707aa4]::sys::thread::unix::Thread>::new::thread_start
[INFO] [stdout]   19:     0x73b88d535dfa - <unknown>
[INFO] [stdout]   20:     0x73b88d5c93d4 - clone
[INFO] [stdout]   21:                0x0 - <unknown>
[INFO] [stdout] 
[INFO] [stdout] ---- test_mustpass_chapter3_2c_multiple_items_transform stdout ----
[INFO] [stdout] 
[INFO] [stdout] thread 'test_mustpass_chapter3_2c_multiple_items_transform' (3790) panicked at tests/conformance.rs:50:53:
[INFO] [stdout] Failed to open MUSTPASS_Chapter3.2c_MultipleItemsTransform.3mf: No such file or directory (os error 2)
[INFO] [stdout] stack backtrace:
[INFO] [stdout]    0:     0x5bc4fb790661 - <<std[70759c8f55707aa4]::sys::backtrace::BacktraceLock>::print::DisplayBacktrace as core[df12db4294e9bfd3]::fmt::Display>::fmt
[INFO] [stdout]    1:     0x5bc4fb7a6eea - core[df12db4294e9bfd3]::fmt::write
[INFO] [stdout]    2:     0x5bc4fb794c0c - <alloc[2182bb758b4b3781]::vec::Vec<u8> as core[df12db4294e9bfd3]::io::write::Write>::write_fmt
[INFO] [stdout]    3:     0x5bc4fb76ca46 - std[70759c8f55707aa4]::panicking::default_hook::{closure#0}
[INFO] [stdout]    4:     0x5bc4fb788dc9 - std[70759c8f55707aa4]::panicking::default_hook
[INFO] [stdout]    5:     0x5bc4fb6f0cb0 - test[9d35eded1c95d3be]::test_main_inner::<test[9d35eded1c95d3be]::test_main_static::{closure#0}>::{closure#0}
[INFO] [stdout]    6:     0x5bc4fb788f82 - std[70759c8f55707aa4]::panicking::panic_with_hook
[INFO] [stdout]    7:     0x5bc4fb76caf2 - std[70759c8f55707aa4]::panicking::panic_handler::{closure#0}
[INFO] [stdout]    8:     0x5bc4fb765879 - std[70759c8f55707aa4]::sys::backtrace::__rust_end_short_backtrace::<std[70759c8f55707aa4]::panicking::panic_handler::{closure#0}, !>
[INFO] [stdout]    9:     0x5bc4fb76d6ed - __rustc[8fa7c3cbc660c2b3]::rust_begin_unwind
[INFO] [stdout]   10:     0x5bc4fb7a761c - core[df12db4294e9bfd3]::panicking::panic_fmt
[INFO] [stdout]   11:     0x5bc4fb6e0f6a - conformance[e1106b812467bbd1]::test_mustpass_file::{closure#0}
[INFO] [stdout]   12:     0x5bc4fb6e1b93 - conformance[e1106b812467bbd1]::test_mustpass_file
[INFO] [stdout]   13:     0x5bc4fb6e2305 - <conformance[e1106b812467bbd1]::test_mustpass_chapter3_2c_multiple_items_transform::{closure#0} as core[df12db4294e9bfd3]::ops::function::FnOnce<()>>::call_once
[INFO] [stdout]   14:     0x5bc4fb6e3f9b - test[9d35eded1c95d3be]::__rust_begin_short_backtrace::<core[df12db4294e9bfd3]::result::Result<(), alloc[2182bb758b4b3781]::string::String>, fn() -> core[df12db4294e9bfd3]::result::Result<(), alloc[2182bb758b4b3781]::string::String>>
[INFO] [stdout]   15:     0x5bc4fb6f1605 - test[9d35eded1c95d3be]::run_test::{closure#0}
[INFO] [stdout]   16:     0x5bc4fb6eaec4 - std[70759c8f55707aa4]::sys::backtrace::__rust_begin_short_backtrace::<test[9d35eded1c95d3be]::run_test::{closure#1}, ()>
[INFO] [stdout]   17:     0x5bc4fb6f4762 - <std[70759c8f55707aa4]::thread::lifecycle::spawn_unchecked<test[9d35eded1c95d3be]::run_test::{closure#1}, ()>::{closure#1} as core[df12db4294e9bfd3]::ops::function::FnOnce<()>>::call_once::{shim:vtable#0}
[INFO] [stdout]   18:     0x5bc4fb78ff39 - <std[70759c8f55707aa4]::sys::thread::unix::Thread>::new::thread_start
[INFO] [stdout]   19:     0x73b88d535dfa - <unknown>
[INFO] [stdout]   20:     0x73b88d5c93d4 - clone
[INFO] [stdout]   21:                0x0 - <unknown>
[INFO] [stdout] 
[INFO] [stdout] ---- test_mustpass_chapter4_1_explicit_support stdout ----
[INFO] [stdout] 
[INFO] [stdout] thread 'test_mustpass_chapter4_1_explicit_support' (3794) panicked at tests/conformance.rs:50:53:
[INFO] [stdout] Failed to open MUSTPASS_Chapter4.1_ExplicitSupport.3mf: No such file or directory (os error 2)
[INFO] [stdout] stack backtrace:
[INFO] [stdout]    0:     0x5bc4fb790661 - <<std[70759c8f55707aa4]::sys::backtrace::BacktraceLock>::print::DisplayBacktrace as core[df12db4294e9bfd3]::fmt::Display>::fmt
[INFO] [stdout]    1:     0x5bc4fb7a6eea - core[df12db4294e9bfd3]::fmt::write
[INFO] [stdout]    2:     0x5bc4fb794c0c - <alloc[2182bb758b4b3781]::vec::Vec<u8> as core[df12db4294e9bfd3]::io::write::Write>::write_fmt
[INFO] [stdout]    3:     0x5bc4fb76ca46 - std[70759c8f55707aa4]::panicking::default_hook::{closure#0}
[INFO] [stdout]    4:     0x5bc4fb788dc9 - std[70759c8f55707aa4]::panicking::default_hook
[INFO] [stdout]    5:     0x5bc4fb6f0cb0 - test[9d35eded1c95d3be]::test_main_inner::<test[9d35eded1c95d3be]::test_main_static::{closure#0}>::{closure#0}
[INFO] [stdout]    6:     0x5bc4fb788f82 - std[70759c8f55707aa4]::panicking::panic_with_hook
[INFO] [stdout]    7:     0x5bc4fb76caf2 - std[70759c8f55707aa4]::panicking::panic_handler::{closure#0}
[INFO] [stdout]    8:     0x5bc4fb765879 - std[70759c8f55707aa4]::sys::backtrace::__rust_end_short_backtrace::<std[70759c8f55707aa4]::panicking::panic_handler::{closure#0}, !>
[INFO] [stdout]    9:     0x5bc4fb76d6ed - __rustc[8fa7c3cbc660c2b3]::rust_begin_unwind
[INFO] [stdout]   10:     0x5bc4fb7a761c - core[df12db4294e9bfd3]::panicking::panic_fmt
[INFO] [stdout]   11:     0x5bc4fb6e0f6a - conformance[e1106b812467bbd1]::test_mustpass_file::{closure#0}
[INFO] [stdout]   12:     0x5bc4fb6e1b93 - conformance[e1106b812467bbd1]::test_mustpass_file
[INFO] [stdout]   13:     0x5bc4fb6e1fc5 - <conformance[e1106b812467bbd1]::test_mustpass_chapter4_1_explicit_support::{closure#0} as core[df12db4294e9bfd3]::ops::function::FnOnce<()>>::call_once
[INFO] [stdout]   14:     0x5bc4fb6e3f9b - test[9d35eded1c95d3be]::__rust_begin_short_backtrace::<core[df12db4294e9bfd3]::result::Result<(), alloc[2182bb758b4b3781]::string::String>, fn() -> core[df12db4294e9bfd3]::result::Result<(), alloc[2182bb758b4b3781]::string::String>>
[INFO] [stdout]   15:     0x5bc4fb6f1605 - test[9d35eded1c95d3be]::run_test::{closure#0}
[INFO] [stdout]   16:     0x5bc4fb6eaec4 - std[70759c8f55707aa4]::sys::backtrace::__rust_begin_short_backtrace::<test[9d35eded1c95d3be]::run_test::{closure#1}, ()>
[INFO] [stdout]   17:     0x5bc4fb6f4762 - <std[70759c8f55707aa4]::thread::lifecycle::spawn_unchecked<test[9d35eded1c95d3be]::run_test::{closure#1}, ()>::{closure#1} as core[df12db4294e9bfd3]::ops::function::FnOnce<()>>::call_once::{shim:vtable#0}
[INFO] [stdout]   18:     0x5bc4fb78ff39 - <std[70759c8f55707aa4]::sys::thread::unix::Thread>::new::thread_start
[INFO] [stdout]   19:     0x73b88d535dfa - <unknown>
[INFO] [stdout]   20:     0x73b88d5c93d4 - clone
[INFO] [stdout]   21:                0x0 - <unknown>
[INFO] [stdout] 
[INFO] [stdout] ---- test_mustpass_chapter5_1b_material_resources_multi_objects_composite_and_multi_properties stdout ----
[INFO] [stdout] 
[INFO] [stdout] thread 'test_mustpass_chapter5_1b_material_resources_multi_objects_composite_and_multi_properties' (3797) panicked at tests/conformance.rs:50:53:
[INFO] [stdout] Failed to open MUSTPASS_Chapter5.1b_MaterialResources_MultiObjects_CompositeAndMultiProperties.3mf: No such file or directory (os error 2)
[INFO] [stdout] stack backtrace:
[INFO] [stdout]    0:     0x5bc4fb790661 - <<std[70759c8f55707aa4]::sys::backtrace::BacktraceLock>::print::DisplayBacktrace as core[df12db4294e9bfd3]::fmt::Display>::fmt
[INFO] [stdout]    1:     0x5bc4fb7a6eea - core[df12db4294e9bfd3]::fmt::write
[INFO] [stdout]    2:     0x5bc4fb794c0c - <alloc[2182bb758b4b3781]::vec::Vec<u8> as core[df12db4294e9bfd3]::io::write::Write>::write_fmt
[INFO] [stdout]    3:     0x5bc4fb76ca46 - std[70759c8f55707aa4]::panicking::default_hook::{closure#0}
[INFO] [stdout]    4:     0x5bc4fb788dc9 - std[70759c8f55707aa4]::panicking::default_hook
[INFO] [stdout]    5:     0x5bc4fb6f0cb0 - test[9d35eded1c95d3be]::test_main_inner::<test[9d35eded1c95d3be]::test_main_static::{closure#0}>::{closure#0}
[INFO] [stdout]    6:     0x5bc4fb788f82 - std[70759c8f55707aa4]::panicking::panic_with_hook
[INFO] [stdout]    7:     0x5bc4fb76caf2 - std[70759c8f55707aa4]::panicking::panic_handler::{closure#0}
[INFO] [stdout]    8:     0x5bc4fb765879 - std[70759c8f55707aa4]::sys::backtrace::__rust_end_short_backtrace::<std[70759c8f55707aa4]::panicking::panic_handler::{closure#0}, !>
[INFO] [stdout]    9:     0x5bc4fb76d6ed - __rustc[8fa7c3cbc660c2b3]::rust_begin_unwind
[INFO] [stdout]   10:     0x5bc4fb7a761c - core[df12db4294e9bfd3]::panicking::panic_fmt
[INFO] [stdout]   11:     0x5bc4fb6e0f6a - conformance[e1106b812467bbd1]::test_mustpass_file::{closure#0}
[INFO] [stdout]   12:     0x5bc4fb6e1b93 - conformance[e1106b812467bbd1]::test_mustpass_file
[INFO] [stdout]   13:     0x5bc4fb6e2ae5 - <conformance[e1106b812467bbd1]::test_mustpass_chapter5_1b_material_resources_multi_objects_composite_and_multi_properties::{closure#0} as core[df12db4294e9bfd3]::ops::function::FnOnce<()>>::call_once
[INFO] [stdout]   14:     0x5bc4fb6e3f9b - test[9d35eded1c95d3be]::__rust_begin_short_backtrace::<core[df12db4294e9bfd3]::result::Result<(), alloc[2182bb758b4b3781]::string::String>, fn() -> core[df12db4294e9bfd3]::result::Result<(), alloc[2182bb758b4b3781]::string::String>>
[INFO] [stdout]   15:     0x5bc4fb6f1605 - test[9d35eded1c95d3be]::run_test::{closure#0}
[INFO] [stdout]   16:     0x5bc4fb6eaec4 - std[70759c8f55707aa4]::sys::backtrace::__rust_begin_short_backtrace::<test[9d35eded1c95d3be]::run_test::{closure#1}, ()>
[INFO] [stdout]   17:     0x5bc4fb6f4762 - <std[70759c8f55707aa4]::thread::lifecycle::spawn_unchecked<test[9d35eded1c95d3be]::run_test::{closure#1}, ()>::{closure#1} as core[df12db4294e9bfd3]::ops::function::FnOnce<()>>::call_once::{shim:vtable#0}
[INFO] [stdout]   18:     0x5bc4fb78ff39 - <std[70759c8f55707aa4]::sys::thread::unix::Thread>::new::thread_start
[INFO] [stdout]   19:     0x73b88d535dfa - <unknown>
[INFO] [stdout]   20:     0x73b88d5c93d4 - clone
[INFO] [stdout]   21:                0x0 - <unknown>
[INFO] [stdout] 
[INFO] [stdout] ---- test_mustpass_chapter3_4_1c_must_ignore_undefined_metadata_name stdout ----
[INFO] [stdout] 
[INFO] [stdout] thread 'test_mustpass_chapter3_4_1c_must_ignore_undefined_metadata_name' (3791) panicked at tests/conformance.rs:50:53:
[INFO] [stdout] Failed to open MUSTPASS_Chapter3.4.1c_MustIgnoreUndefinedMetadataName.3mf: No such file or directory (os error 2)
[INFO] [stdout] stack backtrace:
[INFO] [stdout]    0:     0x5bc4fb790661 - <<std[70759c8f55707aa4]::sys::backtrace::BacktraceLock>::print::DisplayBacktrace as core[df12db4294e9bfd3]::fmt::Display>::fmt
[INFO] [stdout]    1:     0x5bc4fb7a6eea - core[df12db4294e9bfd3]::fmt::write
[INFO] [stdout]    2:     0x5bc4fb794c0c - <alloc[2182bb758b4b3781]::vec::Vec<u8> as core[df12db4294e9bfd3]::io::write::Write>::write_fmt
[INFO] [stdout]    3:     0x5bc4fb76ca46 - std[70759c8f55707aa4]::panicking::default_hook::{closure#0}
[INFO] [stdout]    4:     0x5bc4fb788dc9 - std[70759c8f55707aa4]::panicking::default_hook
[INFO] [stdout]    5:     0x5bc4fb6f0cb0 - test[9d35eded1c95d3be]::test_main_inner::<test[9d35eded1c95d3be]::test_main_static::{closure#0}>::{closure#0}
[INFO] [stdout]    6:     0x5bc4fb788f82 - std[70759c8f55707aa4]::panicking::panic_with_hook
[INFO] [stdout]    7:     0x5bc4fb76caf2 - std[70759c8f55707aa4]::panicking::panic_handler::{closure#0}
[INFO] [stdout]    8:     0x5bc4fb765879 - std[70759c8f55707aa4]::sys::backtrace::__rust_end_short_backtrace::<std[70759c8f55707aa4]::panicking::panic_handler::{closure#0}, !>
[INFO] [stdout]    9:     0x5bc4fb76d6ed - __rustc[8fa7c3cbc660c2b3]::rust_begin_unwind
[INFO] [stdout]   10:     0x5bc4fb7a761c - core[df12db4294e9bfd3]::panicking::panic_fmt
[INFO] [stdout]   11:     0x5bc4fb6e0f6a - conformance[e1106b812467bbd1]::test_mustpass_file::{closure#0}
[INFO] [stdout]   12:     0x5bc4fb6e1b93 - conformance[e1106b812467bbd1]::test_mustpass_file
[INFO] [stdout]   13:     0x5bc4fb6e26d5 - <conformance[e1106b812467bbd1]::test_mustpass_chapter3_4_1c_must_ignore_undefined_metadata_name::{closure#0} as core[df12db4294e9bfd3]::ops::function::FnOnce<()>>::call_once
[INFO] [stdout]   14:     0x5bc4fb6e3f9b - test[9d35eded1c95d3be]::__rust_begin_short_backtrace::<core[df12db4294e9bfd3]::result::Result<(), alloc[2182bb758b4b3781]::string::String>, fn() -> core[df12db4294e9bfd3]::result::Result<(), alloc[2182bb758b4b3781]::string::String>>
[INFO] [stdout]   15:     0x5bc4fb6f1605 - test[9d35eded1c95d3be]::run_test::{closure#0}
[INFO] [stdout]   16:     0x5bc4fb6eaec4 - std[70759c8f55707aa4]::sys::backtrace::__rust_begin_short_backtrace::<test[9d35eded1c95d3be]::run_test::{closure#1}, ()>
[INFO] [stdout]   17:     0x5bc4fb6f4762 - <std[70759c8f55707aa4]::thread::lifecycle::spawn_unchecked<test[9d35eded1c95d3be]::run_test::{closure#1}, ()>::{closure#1} as core[df12db4294e9bfd3]::ops::function::FnOnce<()>>::call_once::{shim:vtable#0}
[INFO] [stdout]   18:     0x5bc4fb78ff39 - <std[70759c8f55707aa4]::sys::thread::unix::Thread>::new::thread_start
[INFO] [stdout]   19:     0x73b88d535dfa - <unknown>
[INFO] [stdout]   20:     0x73b88d5c93d4 - clone
[INFO] [stdout]   21:                0x0 - <unknown>
[INFO] [stdout] 
[INFO] [stdout] ---- test_mustpass_chapter5_1c_material_resources_srgb_rgb_colors stdout ----
[INFO] [stdout] 
[INFO] [stdout] thread 'test_mustpass_chapter5_1c_material_resources_srgb_rgb_colors' (3798) panicked at tests/conformance.rs:50:53:
[INFO] [stdout] Failed to open MUSTPASS_Chapter5.1c_MaterialResources_sRGB_RGB_Colors.3mf: No such file or directory (os error 2)
[INFO] [stdout] stack backtrace:
[INFO] [stdout]    0:     0x5bc4fb790661 - <<std[70759c8f55707aa4]::sys::backtrace::BacktraceLock>::print::DisplayBacktrace as core[df12db4294e9bfd3]::fmt::Display>::fmt
[INFO] [stdout]    1:     0x5bc4fb7a6eea - core[df12db4294e9bfd3]::fmt::write
[INFO] [stdout]    2:     0x5bc4fb794c0c - <alloc[2182bb758b4b3781]::vec::Vec<u8> as core[df12db4294e9bfd3]::io::write::Write>::write_fmt
[INFO] [stdout]    3:     0x5bc4fb76ca46 - std[70759c8f55707aa4]::panicking::default_hook::{closure#0}
[INFO] [stdout]    4:     0x5bc4fb788dc9 - std[70759c8f55707aa4]::panicking::default_hook
[INFO] [stdout]    5:     0x5bc4fb6f0cb0 - test[9d35eded1c95d3be]::test_main_inner::<test[9d35eded1c95d3be]::test_main_static::{closure#0}>::{closure#0}
[INFO] [stdout]    6:     0x5bc4fb788f82 - std[70759c8f55707aa4]::panicking::panic_with_hook
[INFO] [stdout]    7:     0x5bc4fb76caf2 - std[70759c8f55707aa4]::panicking::panic_handler::{closure#0}
[INFO] [stdout]    8:     0x5bc4fb765879 - std[70759c8f55707aa4]::sys::backtrace::__rust_end_short_backtrace::<std[70759c8f55707aa4]::panicking::panic_handler::{closure#0}, !>
[INFO] [stdout]    9:     0x5bc4fb76d6ed - __rustc[8fa7c3cbc660c2b3]::rust_begin_unwind
[INFO] [stdout]   10:     0x5bc4fb7a761c - core[df12db4294e9bfd3]::panicking::panic_fmt
[INFO] [stdout]   11:     0x5bc4fb6e0f6a - conformance[e1106b812467bbd1]::test_mustpass_file::{closure#0}
[INFO] [stdout]   12:     0x5bc4fb6e1b93 - conformance[e1106b812467bbd1]::test_mustpass_file
[INFO] [stdout]   13:     0x5bc4fb6e25e5 - <conformance[e1106b812467bbd1]::test_mustpass_chapter5_1c_material_resources_srgb_rgb_colors::{closure#0} as core[df12db4294e9bfd3]::ops::function::FnOnce<()>>::call_once
[INFO] [stdout]   14:     0x5bc4fb6e3f9b - test[9d35eded1c95d3be]::__rust_begin_short_backtrace::<core[df12db4294e9bfd3]::result::Result<(), alloc[2182bb758b4b3781]::string::String>, fn() -> core[df12db4294e9bfd3]::result::Result<(), alloc[2182bb758b4b3781]::string::String>>
[INFO] [stdout]   15:     0x5bc4fb6f1605 - test[9d35eded1c95d3be]::run_test::{closure#0}
[INFO] [stdout]   16:     0x5bc4fb6eaec4 - std[70759c8f55707aa4]::sys::backtrace::__rust_begin_short_backtrace::<test[9d35eded1c95d3be]::run_test::{closure#1}, ()>
[INFO] [stdout]   17:     0x5bc4fb6f4762 - <std[70759c8f55707aa4]::thread::lifecycle::spawn_unchecked<test[9d35eded1c95d3be]::run_test::{closure#1}, ()>::{closure#1} as core[df12db4294e9bfd3]::ops::function::FnOnce<()>>::call_once::{shim:vtable#0}
[INFO] [stdout]   18:     0x5bc4fb78ff39 - <std[70759c8f55707aa4]::sys::thread::unix::Thread>::new::thread_start
[INFO] [stdout]   19:     0x73b88d535dfa - <unknown>
[INFO] [stdout]   20:     0x73b88d5c93d4 - clone
[INFO] [stdout]   21:                0x0 - <unknown>
[INFO] [stdout] 
[INFO] [stdout] ---- test_mustpass_chapter3_4_2_metadata_resources_build stdout ----
[INFO] [stdout] 
[INFO] [stdout] thread 'test_mustpass_chapter3_4_2_metadata_resources_build' (3792) panicked at tests/conformance.rs:50:53:
[INFO] [stdout] Failed to open MUSTPASS_Chapter3.4.2_MetaData_Resources_Build.3mf: No such file or directory (os error 2)
[INFO] [stdout] stack backtrace:
[INFO] [stdout]    0:     0x5bc4fb790661 - <<std[70759c8f55707aa4]::sys::backtrace::BacktraceLock>::print::DisplayBacktrace as core[df12db4294e9bfd3]::fmt::Display>::fmt
[INFO] [stdout]    1:     0x5bc4fb7a6eea - core[df12db4294e9bfd3]::fmt::write
[INFO] [stdout]    2:     0x5bc4fb794c0c - <alloc[2182bb758b4b3781]::vec::Vec<u8> as core[df12db4294e9bfd3]::io::write::Write>::write_fmt
[INFO] [stdout]    3:     0x5bc4fb76ca46 - std[70759c8f55707aa4]::panicking::default_hook::{closure#0}
[INFO] [stdout]    4:     0x5bc4fb788dc9 - std[70759c8f55707aa4]::panicking::default_hook
[INFO] [stdout]    5:     0x5bc4fb6f0cb0 - test[9d35eded1c95d3be]::test_main_inner::<test[9d35eded1c95d3be]::test_main_static::{closure#0}>::{closure#0}
[INFO] [stdout]    6:     0x5bc4fb788f82 - std[70759c8f55707aa4]::panicking::panic_with_hook
[INFO] [stdout]    7:     0x5bc4fb76caf2 - std[70759c8f55707aa4]::panicking::panic_handler::{closure#0}
[INFO] [stdout]    8:     0x5bc4fb765879 - std[70759c8f55707aa4]::sys::backtrace::__rust_end_short_backtrace::<std[70759c8f55707aa4]::panicking::panic_handler::{closure#0}, !>
[INFO] [stdout]    9:     0x5bc4fb76d6ed - __rustc[8fa7c3cbc660c2b3]::rust_begin_unwind
[INFO] [stdout]   10:     0x5bc4fb7a761c - core[df12db4294e9bfd3]::panicking::panic_fmt
[INFO] [stdout]   11:     0x5bc4fb6e0f6a - conformance[e1106b812467bbd1]::test_mustpass_file::{closure#0}
[INFO] [stdout]   12:     0x5bc4fb6e1b93 - conformance[e1106b812467bbd1]::test_mustpass_file
[INFO] [stdout]   13:     0x5bc4fb6e2335 - <conformance[e1106b812467bbd1]::test_mustpass_chapter3_4_2_metadata_resources_build::{closure#0} as core[df12db4294e9bfd3]::ops::function::FnOnce<()>>::call_once
[INFO] [stdout]   14:     0x5bc4fb6e3f9b - test[9d35eded1c95d3be]::__rust_begin_short_backtrace::<core[df12db4294e9bfd3]::result::Result<(), alloc[2182bb758b4b3781]::string::String>, fn() -> core[df12db4294e9bfd3]::result::Result<(), alloc[2182bb758b4b3781]::string::String>>
[INFO] [stdout]   15:     0x5bc4fb6f1605 - test[9d35eded1c95d3be]::run_test::{closure#0}
[INFO] [stdout]   16:     0x5bc4fb6eaec4 - std[70759c8f55707aa4]::sys::backtrace::__rust_begin_short_backtrace::<test[9d35eded1c95d3be]::run_test::{closure#1}, ()>
[INFO] [stderr] error: test failed, to rerun pass `--test conformance`
[INFO] [stdout]   17:     0x5bc4fb6f4762 - <std[70759c8f55707aa4]::thread::lifecycle::spawn_unchecked<test[9d35eded1c95d3be]::run_test::{closure#1}, ()>::{closure#1} as core[df12db4294e9bfd3]::ops::function::FnOnce<()>>::call_once::{shim:vtable#0}
[INFO] [stdout]   18:     0x5bc4fb78ff39 - <std[70759c8f55707aa4]::sys::thread::unix::Thread>::new::thread_start
[INFO] [stdout]   19:     0x73b88d535dfa - <unknown>
[INFO] [stdout]   20:     0x73b88d5c93d4 - clone
[INFO] [stdout]   21:                0x0 - <unknown>
[INFO] [stdout] 
[INFO] [stdout] ---- test_mustpass_chapter2_3a_ignorable_markup stdout ----
[INFO] [stdout] 
[INFO] [stdout] thread 'test_mustpass_chapter2_3a_ignorable_markup' (3788) panicked at tests/conformance.rs:50:53:
[INFO] [stdout] Failed to open MUSTPASS_Chapter2.3a_IgnorableMarkup.3mf: No such file or directory (os error 2)
[INFO] [stdout] stack backtrace:
[INFO] [stdout]    0:     0x5bc4fb790661 - <<std[70759c8f55707aa4]::sys::backtrace::BacktraceLock>::print::DisplayBacktrace as core[df12db4294e9bfd3]::fmt::Display>::fmt
[INFO] [stdout]    1:     0x5bc4fb7a6eea - core[df12db4294e9bfd3]::fmt::write
[INFO] [stdout]    2:     0x5bc4fb794c0c - <alloc[2182bb758b4b3781]::vec::Vec<u8> as core[df12db4294e9bfd3]::io::write::Write>::write_fmt
[INFO] [stdout]    3:     0x5bc4fb76ca46 - std[70759c8f55707aa4]::panicking::default_hook::{closure#0}
[INFO] [stdout]    4:     0x5bc4fb788dc9 - std[70759c8f55707aa4]::panicking::default_hook
[INFO] [stdout]    5:     0x5bc4fb6f0cb0 - test[9d35eded1c95d3be]::test_main_inner::<test[9d35eded1c95d3be]::test_main_static::{closure#0}>::{closure#0}
[INFO] [stdout]    6:     0x5bc4fb788f82 - std[70759c8f55707aa4]::panicking::panic_with_hook
[INFO] [stdout]    7:     0x5bc4fb76caf2 - std[70759c8f55707aa4]::panicking::panic_handler::{closure#0}
[INFO] [stdout]    8:     0x5bc4fb765879 - std[70759c8f55707aa4]::sys::backtrace::__rust_end_short_backtrace::<std[70759c8f55707aa4]::panicking::panic_handler::{closure#0}, !>
[INFO] [stdout]    9:     0x5bc4fb76d6ed - __rustc[8fa7c3cbc660c2b3]::rust_begin_unwind
[INFO] [stdout]   10:     0x5bc4fb7a761c - core[df12db4294e9bfd3]::panicking::panic_fmt
[INFO] [stdout]   11:     0x5bc4fb6e0f6a - conformance[e1106b812467bbd1]::test_mustpass_file::{closure#0}
[INFO] [stdout]   12:     0x5bc4fb6e1b93 - conformance[e1106b812467bbd1]::test_mustpass_file
[INFO] [stdout]   13:     0x5bc4fb6e1ff5 - <conformance[e1106b812467bbd1]::test_mustpass_chapter2_3a_ignorable_markup::{closure#0} as core[df12db4294e9bfd3]::ops::function::FnOnce<()>>::call_once
[INFO] [stdout]   14:     0x5bc4fb6e3f9b - test[9d35eded1c95d3be]::__rust_begin_short_backtrace::<core[df12db4294e9bfd3]::result::Result<(), alloc[2182bb758b4b3781]::string::String>, fn() -> core[df12db4294e9bfd3]::result::Result<(), alloc[2182bb758b4b3781]::string::String>>
[INFO] [stdout]   15:     0x5bc4fb6f1605 - test[9d35eded1c95d3be]::run_test::{closure#0}
[INFO] [stdout]   16:     0x5bc4fb6eaec4 - std[70759c8f55707aa4]::sys::backtrace::__rust_begin_short_backtrace::<test[9d35eded1c95d3be]::run_test::{closure#1}, ()>
[INFO] [stdout]   17:     0x5bc4fb6f4762 - <std[70759c8f55707aa4]::thread::lifecycle::spawn_unchecked<test[9d35eded1c95d3be]::run_test::{closure#1}, ()>::{closure#1} as core[df12db4294e9bfd3]::ops::function::FnOnce<()>>::call_once::{shim:vtable#0}
[INFO] [stdout]   18:     0x5bc4fb78ff39 - <std[70759c8f55707aa4]::sys::thread::unix::Thread>::new::thread_start
[INFO] [stdout]   19:     0x73b88d535dfa - <unknown>
[INFO] [stdout]   20:     0x73b88d5c93d4 - clone
[INFO] [stdout]   21:                0x0 - <unknown>
[INFO] [stdout] 
[INFO] [stdout] ---- test_mustpass_chapter4_2_components stdout ----
[INFO] [stdout] 
[INFO] [stdout] thread 'test_mustpass_chapter4_2_components' (3795) panicked at tests/conformance.rs:50:53:
[INFO] [stdout] Failed to open MUSTPASS_Chapter4.2_Components.3mf: No such file or directory (os error 2)
[INFO] [stdout] stack backtrace:
[INFO] [stdout]    0:     0x5bc4fb790661 - <<std[70759c8f55707aa4]::sys::backtrace::BacktraceLock>::print::DisplayBacktrace as core[df12db4294e9bfd3]::fmt::Display>::fmt
[INFO] [stdout]    1:     0x5bc4fb7a6eea - core[df12db4294e9bfd3]::fmt::write
[INFO] [stdout]    2:     0x5bc4fb794c0c - <alloc[2182bb758b4b3781]::vec::Vec<u8> as core[df12db4294e9bfd3]::io::write::Write>::write_fmt
[INFO] [stdout]    3:     0x5bc4fb76ca46 - std[70759c8f55707aa4]::panicking::default_hook::{closure#0}
[INFO] [stdout]    4:     0x5bc4fb788dc9 - std[70759c8f55707aa4]::panicking::default_hook
[INFO] [stdout]    5:     0x5bc4fb6f0cb0 - test[9d35eded1c95d3be]::test_main_inner::<test[9d35eded1c95d3be]::test_main_static::{closure#0}>::{closure#0}
[INFO] [stdout]    6:     0x5bc4fb788f82 - std[70759c8f55707aa4]::panicking::panic_with_hook
[INFO] [stdout]    7:     0x5bc4fb76caf2 - std[70759c8f55707aa4]::panicking::panic_handler::{closure#0}
[INFO] [stdout]    8:     0x5bc4fb765879 - std[70759c8f55707aa4]::sys::backtrace::__rust_end_short_backtrace::<std[70759c8f55707aa4]::panicking::panic_handler::{closure#0}, !>
[INFO] [stdout]    9:     0x5bc4fb76d6ed - __rustc[8fa7c3cbc660c2b3]::rust_begin_unwind
[INFO] [stdout]   10:     0x5bc4fb7a761c - core[df12db4294e9bfd3]::panicking::panic_fmt
[INFO] [stdout]   11:     0x5bc4fb6e0f6a - conformance[e1106b812467bbd1]::test_mustpass_file::{closure#0}
[INFO] [stdout]   12:     0x5bc4fb6e1b93 - conformance[e1106b812467bbd1]::test_mustpass_file
[INFO] [stdout]   13:     0x5bc4fb6e1f25 - <conformance[e1106b812467bbd1]::test_mustpass_chapter4_2_components::{closure#0} as core[df12db4294e9bfd3]::ops::function::FnOnce<()>>::call_once
[INFO] [stdout]   14:     0x5bc4fb6e3f9b - test[9d35eded1c95d3be]::__rust_begin_short_backtrace::<core[df12db4294e9bfd3]::result::Result<(), alloc[2182bb758b4b3781]::string::String>, fn() -> core[df12db4294e9bfd3]::result::Result<(), alloc[2182bb758b4b3781]::string::String>>
[INFO] [stdout]   15:     0x5bc4fb6f1605 - test[9d35eded1c95d3be]::run_test::{closure#0}
[INFO] [stdout]   16:     0x5bc4fb6eaec4 - std[70759c8f55707aa4]::sys::backtrace::__rust_begin_short_backtrace::<test[9d35eded1c95d3be]::run_test::{closure#1}, ()>
[INFO] [stdout]   17:     0x5bc4fb6f4762 - <std[70759c8f55707aa4]::thread::lifecycle::spawn_unchecked<test[9d35eded1c95d3be]::run_test::{closure#1}, ()>::{closure#1} as core[df12db4294e9bfd3]::ops::function::FnOnce<()>>::call_once::{shim:vtable#0}
[INFO] [stdout]   18:     0x5bc4fb78ff39 - <std[70759c8f55707aa4]::sys::thread::unix::Thread>::new::thread_start
[INFO] [stdout]   19:     0x73b88d535dfa - <unknown>
[INFO] [stdout]   20:     0x73b88d5c93d4 - clone
[INFO] [stdout]   21:                0x0 - <unknown>
[INFO] [stdout] 
[INFO] [stdout] ---- test_mustpass_chapter5_1a_material_resources_composite_and_multi_properties stdout ----
[INFO] [stdout] 
[INFO] [stdout] thread 'test_mustpass_chapter5_1a_material_resources_composite_and_multi_properties' (3796) panicked at tests/conformance.rs:50:53:
[INFO] [stdout] Failed to open MUSTPASS_Chapter5.1a_MaterialResources_CompositeAndMultiProperties.3mf: No such file or directory (os error 2)
[INFO] [stdout] stack backtrace:
[INFO] [stdout]    0:     0x5bc4fb790661 - <<std[70759c8f55707aa4]::sys::backtrace::BacktraceLock>::print::DisplayBacktrace as core[df12db4294e9bfd3]::fmt::Display>::fmt
[INFO] [stdout]    1:     0x5bc4fb7a6eea - core[df12db4294e9bfd3]::fmt::write
[INFO] [stdout]    2:     0x5bc4fb794c0c - <alloc[2182bb758b4b3781]::vec::Vec<u8> as core[df12db4294e9bfd3]::io::write::Write>::write_fmt
[INFO] [stdout]    3:     0x5bc4fb76ca46 - std[70759c8f55707aa4]::panicking::default_hook::{closure#0}
[INFO] [stdout]    4:     0x5bc4fb788dc9 - std[70759c8f55707aa4]::panicking::default_hook
[INFO] [stdout]    5:     0x5bc4fb6f0cb0 - test[9d35eded1c95d3be]::test_main_inner::<test[9d35eded1c95d3be]::test_main_static::{closure#0}>::{closure#0}
[INFO] [stdout]    6:     0x5bc4fb788f82 - std[70759c8f55707aa4]::panicking::panic_with_hook
[INFO] [stdout]    7:     0x5bc4fb76caf2 - std[70759c8f55707aa4]::panicking::panic_handler::{closure#0}
[INFO] [stdout]    8:     0x5bc4fb765879 - std[70759c8f55707aa4]::sys::backtrace::__rust_end_short_backtrace::<std[70759c8f55707aa4]::panicking::panic_handler::{closure#0}, !>
[INFO] [stdout]    9:     0x5bc4fb76d6ed - __rustc[8fa7c3cbc660c2b3]::rust_begin_unwind
[INFO] [stdout]   10:     0x5bc4fb7a761c - core[df12db4294e9bfd3]::panicking::panic_fmt
[INFO] [stdout]   11:     0x5bc4fb6e0f6a - conformance[e1106b812467bbd1]::test_mustpass_file::{closure#0}
[INFO] [stdout]   12:     0x5bc4fb6e1b93 - conformance[e1106b812467bbd1]::test_mustpass_file
[INFO] [stdout]   13:     0x5bc4fb6e2a75 - <conformance[e1106b812467bbd1]::test_mustpass_chapter5_1a_material_resources_composite_and_multi_properties::{closure#0} as core[df12db4294e9bfd3]::ops::function::FnOnce<()>>::call_once
[INFO] [stdout]   14:     0x5bc4fb6e3f9b - test[9d35eded1c95d3be]::__rust_begin_short_backtrace::<core[df12db4294e9bfd3]::result::Result<(), alloc[2182bb758b4b3781]::string::String>, fn() -> core[df12db4294e9bfd3]::result::Result<(), alloc[2182bb758b4b3781]::string::String>>
[INFO] [stdout]   15:     0x5bc4fb6f1605 - test[9d35eded1c95d3be]::run_test::{closure#0}
[INFO] [stdout]   16:     0x5bc4fb6eaec4 - std[70759c8f55707aa4]::sys::backtrace::__rust_begin_short_backtrace::<test[9d35eded1c95d3be]::run_test::{closure#1}, ()>
[INFO] [stdout]   17:     0x5bc4fb6f4762 - <std[70759c8f55707aa4]::thread::lifecycle::spawn_unchecked<test[9d35eded1c95d3be]::run_test::{closure#1}, ()>::{closure#1} as core[df12db4294e9bfd3]::ops::function::FnOnce<()>>::call_once::{shim:vtable#0}
[INFO] [stdout]   18:     0x5bc4fb78ff39 - <std[70759c8f55707aa4]::sys::thread::unix::Thread>::new::thread_start
[INFO] [stdout]   19:     0x73b88d535dfa - <unknown>
[INFO] [stdout]   20:     0x73b88d5c93d4 - clone
[INFO] [stdout]   21:                0x0 - <unknown>
[INFO] [stdout] 
[INFO] [stdout] 
[INFO] [stdout] failures:
[INFO] [stdout]     test_mustfail_chapter2_1_1a_parts_relationships_non_exist_3d_model_part
[INFO] [stdout]     test_mustfail_chapter2_1_2_parts_relationships_more_than_one_3d_model_part
[INFO] [stdout]     test_mustfail_chapter2_1_3_parts_relationships_non_exist_thumbnail_part
[INFO] [stdout]     test_mustfail_chapter2_3_2a_non_utf_encoding
[INFO] [stdout]     test_mustfail_chapter2_3_4_whitespace
[INFO] [stdout]     test_mustfail_chapter3_4_1b_duplicated_metadata_name
[INFO] [stdout]     test_mustfail_chapter3_4_3_1a_not_matching_object_id_in_build_item
[INFO] [stdout]     test_mustfail_chapter3_4_3_1b_build_item_refer_to_object_of_type_other
[INFO] [stdout]     test_mustfail_chapter3_4a_more_than_one_model
[INFO] [stdout]     test_mustfail_chapter3_4b_missing_build_element
[INFO] [stdout]     test_mustfail_chapter3_4c_missing_resource_element
[INFO] [stdout]     test_mustfail_chapter4a_invalid_object_type
[INFO] [stdout]     test_mustfail_chapter4b_pid_is_not_specified
[INFO] [stdout]     test_mustfail_chapter5a_duplicated_base_materials
[INFO] [stdout]     test_mustfail_extension_chapter2_duplicated_color_group_id
[INFO] [stdout]     test_mustfail_extension_chapter2_duplicated_id_across_group
[INFO] [stdout]     test_mustfail_extension_chapter2_missing_color_value
[INFO] [stdout]     test_mustfail_extension_chapter3_duplicated_texture2d_group
[INFO] [stdout]     test_mustfail_extension_chapter3_missing_tex_id
[INFO] [stdout]     test_mustfail_extension_chapter4a_duplicated_composite_materials
[INFO] [stdout]     test_mustfail_extension_chapter4b_mat_id_is_not_base_materials
[INFO] [stdout]     test_mustfail_extension_chapter4c_missing_matid_mat_indices
[INFO] [stdout]     test_mustfail_extension_chapter4d_missing_mat_indices
[INFO] [stdout]     test_mustfail_extension_chapter5a_missing_pids
[INFO] [stdout]     test_mustfail_extension_chapter5b_multiple_reference_to_base_and_composite_materials
[INFO] [stdout]     test_mustfail_extension_chapter5b_multiple_reference_to_base_materials
[INFO] [stdout]     test_mustfail_extension_chapter5b_refer_to_another_multi_properties
[INFO] [stdout]     test_mustfail_extension_chapter5c_multiple_reference_to_colorgroup
[INFO] [stdout]     test_mustfail_extension_chapter5d_multiple_reference_to_composite_materials
[INFO] [stdout]     test_mustfail_extension_chapter5e_reference_to_multi_properties
[INFO] [stdout]     test_mustfail_extension_chapter6_2d_texture_invalid_content_type
[INFO] [stdout]     test_mustfail_extension_chapter6_2d_texture_missing_path
[INFO] [stdout]     test_mustpass_chapter2_1_parts_relationships
[INFO] [stdout]     test_mustpass_chapter2_2_part_naming
[INFO] [stdout]     test_mustpass_chapter2_3a_ignorable_markup
[INFO] [stdout]     test_mustpass_chapter3_2b_units_measurement_mm
[INFO] [stdout]     test_mustpass_chapter3_2c_multiple_items_transform
[INFO] [stdout]     test_mustpass_chapter3_4_1c_must_ignore_undefined_metadata_name
[INFO] [stdout]     test_mustpass_chapter3_4_2_metadata_resources_build
[INFO] [stdout]     test_mustpass_chapter3_4_3a_must_not_output_non_referenced_objects
[INFO] [stdout]     test_mustpass_chapter4_1_explicit_support
[INFO] [stdout]     test_mustpass_chapter4_2_components
[INFO] [stdout]     test_mustpass_chapter5_1a_material_resources_composite_and_multi_properties
[INFO] [stdout]     test_mustpass_chapter5_1b_material_resources_multi_objects_composite_and_multi_properties
[INFO] [stdout]     test_mustpass_chapter5_1c_material_resources_srgb_rgb_colors
[INFO] [stdout] 
[INFO] [stdout] test result: FAILED. 0 passed; 45 failed; 6 ignored; 0 measured; 0 filtered out; finished in 0.01s
[INFO] [stdout] 
[INFO] running `Command { std: "docker" "inspect" "9f8001f1cb08f3d278369d3a2a67b05e0fae5d0ba90ab7ce576f56f6e3c3bdc6", kill_on_drop: false }`
[INFO] running `Command { std: "docker" "rm" "-f" "9f8001f1cb08f3d278369d3a2a67b05e0fae5d0ba90ab7ce576f56f6e3c3bdc6", kill_on_drop: false }`
[INFO] [stdout] 9f8001f1cb08f3d278369d3a2a67b05e0fae5d0ba90ab7ce576f56f6e3c3bdc6
