[INFO] fetching crate lib3mf-cli 0.4.0...
[INFO] testing lib3mf-cli-0.4.0 against 1.100.0-beta.1+cargoflags=--release for beta-release-1.100-2
[INFO] extracting crate lib3mf-cli 0.4.0 into /workspace/builds/worker-6-tc2/source
[INFO] started tweaking crates.io crate lib3mf-cli 0.4.0
[INFO] removed 0 missing examples
[INFO] removed 0 missing tests
[INFO] finished tweaking crates.io crate lib3mf-cli 0.4.0
[INFO] tweaked toml for crates.io crate lib3mf-cli 0.4.0 written to /workspace/builds/worker-6-tc2/source/Cargo.toml
[INFO] validating manifest of crates.io crate lib3mf-cli 0.4.0 on toolchain 1.100.0-beta.1
[INFO] running `Command { std: CARGO_HOME="/workspace/cargo-home" RUSTUP_HOME="/workspace/rustup-home" "/workspace/cargo-home/bin/cargo" "+1.100.0-beta.1" "metadata" "--manifest-path" "Cargo.toml" "--no-deps", kill_on_drop: false }`
[INFO] crate crates.io crate lib3mf-cli 0.4.0 already has a lockfile, it will not be regenerated
[INFO] running `Command { std: CARGO_HOME="/workspace/cargo-home" RUSTUP_HOME="/workspace/rustup-home" "/workspace/cargo-home/bin/cargo" "+1.100.0-beta.1" "fetch" "--manifest-path" "Cargo.toml", kill_on_drop: false }`
[INFO] running `Command { std: "docker" "create" "-v" "/var/lib/crater-agent-workspace/builds/worker-6-tc2/source:/opt/rustwide/workdir:ro,Z" "-v" "/var/lib/crater-agent-workspace/builds/worker-6-tc2/target:/opt/rustwide/target:rw,Z" "-v" "/var/lib/crater-agent-workspace/cargo-home:/opt/rustwide/cargo-home:ro,Z" "-v" "/var/lib/crater-agent-workspace/rustup-home:/opt/rustwide/rustup-home:ro,Z" "-m" "1610612736" "--network" "none" "ghcr.io/rust-lang/crates-build-env/linux@sha256:77db811e55d90add9212f6832c23229e3de5f1c1f9905e8cb07319ea15df73ac" "sleep" "infinity", kill_on_drop: false }`
[INFO] [stdout] 8caf64ff7e272c05adc9e08e2c0b1ebbc7316e70730cb85cc7b3c4d883f57c4b
[INFO] running `Command { std: "docker" "start" "8caf64ff7e272c05adc9e08e2c0b1ebbc7316e70730cb85cc7b3c4d883f57c4b", kill_on_drop: false }`
[INFO] running `Command { std: "docker" "inspect" "8caf64ff7e272c05adc9e08e2c0b1ebbc7316e70730cb85cc7b3c4d883f57c4b", kill_on_drop: false }`
[INFO] running `Command { std: "docker" "exec" "-e" "SOURCE_DIR=/opt/rustwide/workdir" "-e" "CARGO_HOME=/opt/rustwide/cargo-home" "-e" "RUSTUP_HOME=/opt/rustwide/rustup-home" "-e" "CARGO_TARGET_DIR=/opt/rustwide/target" "-w" "/opt/rustwide/workdir" "--user" "0:0" "8caf64ff7e272c05adc9e08e2c0b1ebbc7316e70730cb85cc7b3c4d883f57c4b" "/opt/rustwide/cargo-home/bin/cargo" "+1.100.0-beta.1" "metadata" "--no-deps" "--format-version=1", kill_on_drop: false }`
[INFO] running `Command { std: "docker" "inspect" "8caf64ff7e272c05adc9e08e2c0b1ebbc7316e70730cb85cc7b3c4d883f57c4b", kill_on_drop: false }`
[INFO] running `Command { std: "docker" "exec" "-e" "SOURCE_DIR=/opt/rustwide/workdir" "-e" "CARGO_HOME=/opt/rustwide/cargo-home" "-e" "RUSTUP_HOME=/opt/rustwide/rustup-home" "-e" "CARGO_TARGET_DIR=/opt/rustwide/target" "-e" "CARGO_INCREMENTAL=0" "-e" "RUST_BACKTRACE=full" "-e" "RUSTFLAGS=--cap-lints=warn" "-e" "RUSTDOCFLAGS=--cap-lints=warn" "-w" "/opt/rustwide/workdir" "--user" "0:0" "8caf64ff7e272c05adc9e08e2c0b1ebbc7316e70730cb85cc7b3c4d883f57c4b" "/opt/rustwide/cargo-home/bin/cargo" "+1.100.0-beta.1" "build" "--frozen" "--message-format=json" "--release", kill_on_drop: false }`
[INFO] [stderr]    Compiling memchr v2.8.0
[INFO] [stderr]    Compiling smallvec v1.15.1
[INFO] [stderr]    Compiling tinyvec_macros v0.1.1
[INFO] [stderr]    Compiling fastrand v2.3.0
[INFO] [stderr]    Compiling gix-trace v0.1.18
[INFO] [stderr]    Compiling zlib-rs v0.5.5
[INFO] [stderr]    Compiling typenum v1.19.0
[INFO] [stderr]    Compiling bitflags v2.11.0
[INFO] [stderr]    Compiling thiserror v2.0.18
[INFO] [stderr]    Compiling byteorder v1.5.0
[INFO] [stderr]    Compiling heapless v0.8.0
[INFO] [stderr]    Compiling stable_deref_trait v1.2.1
[INFO] [stderr]    Compiling jiff v0.2.23
[INFO] [stderr]    Compiling memmap2 v0.9.10
[INFO] [stderr]    Compiling hashbrown v0.16.1
[INFO] [stderr]    Compiling rustix v1.1.4
[INFO] [stderr]    Compiling getrandom v0.2.17
[INFO] [stderr]    Compiling getrandom v0.4.2
[INFO] [stderr]    Compiling tinyvec v1.10.0
[INFO] [stderr]    Compiling errno v0.3.14
[INFO] [stderr]    Compiling signal-hook v0.4.3
[INFO] [stderr]    Compiling gix-chunk v0.4.12
[INFO] [stderr]    Compiling unicode-bom v2.0.3
[INFO] [stderr]    Compiling rand_core v0.6.4
[INFO] [stderr]    Compiling parking_lot_core v0.9.12
[INFO] [stderr]    Compiling hash32 v0.3.1
[INFO] [stderr]    Compiling signal-hook-registry v1.4.8
[INFO] [stderr]    Compiling kstring v2.0.2
[INFO] [stderr]    Compiling gix-sec v0.12.2
[INFO] [stderr]    Compiling shell-words v1.1.1
[INFO] [stderr]    Compiling gix-bitmap v0.2.16
[INFO] [stderr]    Compiling filetime v0.2.27
[INFO] [stderr]    Compiling unicode-normalization v0.1.25
[INFO] [stderr]    Compiling nom v7.1.3
[INFO] [stderr]    Compiling hashbrown v0.15.5
[INFO] [stderr]    Compiling derive_builder_core v0.20.2
[INFO] [stderr]    Compiling crypto-common v0.1.7
[INFO] [stderr]    Compiling zerocopy v0.8.40
[INFO] [stderr]    Compiling encoding_rs v0.8.35
[INFO] [stderr]    Compiling synstructure v0.13.2
[INFO] [stderr]    Compiling parking_lot v0.12.5
[INFO] [stderr]    Compiling dashmap v6.1.0
[INFO] [stderr]    Compiling aho-corasick v1.1.4
[INFO] [stderr]    Compiling generic-array v0.14.7
[INFO] [stderr]    Compiling prodash v30.0.1
[INFO] [stderr]    Compiling faster-hex v0.10.0
[INFO] [stderr]    Compiling winnow v0.7.14
[INFO] [stderr]    Compiling displaydoc v0.2.5
[INFO] [stderr]    Compiling lexical-util v1.0.7
[INFO] [stderr]    Compiling camino v1.2.2
[INFO] [stderr]    Compiling imara-diff v0.1.8
[INFO] [stderr]    Compiling asn1-rs-derive v0.5.1
[INFO] [stderr]    Compiling clru v0.6.3
[INFO] [stderr]    Compiling digest v0.10.7
[INFO] [stderr]    Compiling vergen-lib v9.1.0
[INFO] [stderr]    Compiling inout v0.1.4
[INFO] [stderr]    Compiling asn1-rs-impl v0.2.0
[INFO] [stderr]    Compiling spin v0.9.8
[INFO] [stderr]    Compiling derive_builder_macro v0.20.2
[INFO] [stderr]    Compiling powerfmt v0.2.0
[INFO] [stderr]    Compiling simd-adler32 v0.3.8
[INFO] [stderr]    Compiling signal-hook v0.3.18
[INFO] [stderr]    Compiling lazy_static v1.5.0
[INFO] [stderr]    Compiling block-buffer v0.10.4
[INFO] [stderr]    Compiling derive_builder v0.20.2
[INFO] [stderr]    Compiling deranged v0.5.8
[INFO] [stderr]    Compiling cipher v0.4.4
[INFO] [stderr]    Compiling serde v1.0.228
[INFO] [stderr]    Compiling serde_json v1.0.149
[INFO] [stderr]    Compiling universal-hash v0.5.1
[INFO] [stderr]    Compiling sha1 v0.10.6
[INFO] [stderr]    Compiling tempfile v3.26.0
[INFO] [stderr]    Compiling cargo-platform v0.3.2
[INFO] [stderr]    Compiling sha1-checked v0.10.0
[INFO] [stderr]    Compiling regex-automata v0.4.14
[INFO] [stderr]    Compiling semver v1.0.27
[INFO] [stderr]    Compiling vergen v9.1.0
[INFO] [stderr]    Compiling arc-swap v1.8.2
[INFO] [stderr]    Compiling maybe-async v0.2.10
[INFO] [stderr]    Compiling num-bigint-dig v0.8.6
[INFO] [stderr]    Compiling num_threads v0.1.7
[INFO] [stderr]    Compiling oid-registry v0.7.1
[INFO] [stderr]    Compiling miniz_oxide v0.8.9
[INFO] [stderr]    Compiling polyval v0.6.2
[INFO] [stderr]    Compiling rusticata-macros v4.1.0
[INFO] [stderr]    Compiling lexical-write-integer v1.0.6
[INFO] [stderr]    Compiling lexical-parse-integer v1.0.6
[INFO] [stderr]    Compiling asn1-rs v0.6.2
[INFO] [stderr]    Compiling cargo_metadata v0.23.1
[INFO] [stderr]    Compiling sysinfo v0.37.2
[INFO] [stderr]    Compiling num-bigint v0.4.6
[INFO] [stderr]    Compiling num-iter v0.1.45
[INFO] [stderr]    Compiling vergen-gix v9.1.0
[INFO] [stderr]    Compiling bumpalo v3.20.2
[INFO] [stderr]    Compiling lexical-parse-float v1.0.6
[INFO] [stderr]    Compiling time v0.3.47
[INFO] [stderr]    Compiling flate2 v1.1.9
[INFO] [stderr]    Compiling lexical-write-float v1.0.6
[INFO] [stderr]    Compiling zopfli v0.8.3
[INFO] [stderr]    Compiling ghash v0.5.1
[INFO] [stderr]    Compiling pkcs1 v0.7.5
[INFO] [stderr]    Compiling ctr v0.9.2
[INFO] [stderr]    Compiling aes v0.8.4
[INFO] [stderr]    Compiling sha2 v0.10.9
[INFO] [stderr]    Compiling signature v2.2.0
[INFO] [stderr]    Compiling aead v0.5.2
[INFO] [stderr]    Compiling anstream v0.6.21
[INFO] [stderr]    Compiling lexical-core v1.0.6
[INFO] [stderr]    Compiling uuid v1.21.0
[INFO] [stderr]    Compiling zip v2.4.2
[INFO] [stderr]    Compiling aes-gcm v0.10.3
[INFO] [stderr]    Compiling glam v0.31.1
[INFO] [stderr]    Compiling clap_derive v4.5.55
[INFO] [stderr]    Compiling clap_builder v4.5.60
[INFO] [stderr]    Compiling der-parser v9.0.0
[INFO] [stderr]    Compiling ppv-lite86 v0.2.21
[INFO] [stderr]    Compiling bstr v1.12.1
[INFO] [stderr]    Compiling regex v1.12.3
[INFO] [stderr]    Compiling x509-parser v0.16.0
[INFO] [stderr]    Compiling rand_chacha v0.3.1
[INFO] [stderr]    Compiling gix-validate v0.10.1
[INFO] [stderr]    Compiling gix-utils v0.3.1
[INFO] [stderr]    Compiling gix-date v0.12.1
[INFO] [stderr]    Compiling gix-packetline v0.20.0
[INFO] [stderr]    Compiling rand v0.8.5
[INFO] [stderr]    Compiling gix-quote v0.6.2
[INFO] [stderr]    Compiling gix-path v0.10.22
[INFO] [stderr]    Compiling gix-actor v0.37.1
[INFO] [stderr]    Compiling gix-features v0.45.2
[INFO] [stderr]    Compiling gix-config-value v0.16.0
[INFO] [stderr]    Compiling gix-command v0.6.5
[INFO] [stderr]    Compiling gix-hash v0.21.2
[INFO] [stderr]    Compiling gix-fs v0.18.2
[INFO] [stderr]    Compiling gix-glob v0.23.0
[INFO] [stderr]    Compiling gix-url v0.34.0
[INFO] [stderr]    Compiling gix-tempfile v20.0.1
[INFO] [stderr]    Compiling gix-hashtable v0.11.0
[INFO] [stderr]    Compiling gix-commitgraph v0.31.0
[INFO] [stderr]    Compiling gix-transport v0.52.1
[INFO] [stderr]    Compiling gix-object v0.54.1
[INFO] [stderr]    Compiling gix-attributes v0.29.0
[INFO] [stderr]    Compiling gix-ignore v0.18.0
[INFO] [stderr]    Compiling gix-lock v20.0.1
[INFO] [stderr]    Compiling gix-shallow v0.7.0
[INFO] [stderr]    Compiling gix-pathspec v0.14.0
[INFO] [stderr]    Compiling clap v4.5.60
[INFO] [stderr]    Compiling gix-revwalk v0.25.0
[INFO] [stderr]    Compiling gix-ref v0.57.0
[INFO] [stderr]    Compiling gix-filter v0.24.1
[INFO] [stderr]    Compiling gix-traverse v0.51.1
[INFO] [stderr]    Compiling gix-revision v0.39.0
[INFO] [stderr]    Compiling gix-pack v0.64.1
[INFO] [stderr]    Compiling gix-index v0.45.1
[INFO] [stderr]    Compiling rsa v0.9.10
[INFO] [stderr]    Compiling gix-refspec v0.35.0
[INFO] [stderr]    Compiling gix-discover v0.45.0
[INFO] [stderr]    Compiling gix-config v0.50.0
[INFO] [stderr]    Compiling gix-protocol v0.55.0
[INFO] [stderr]    Compiling gix-odb v0.74.0
[INFO] [stderr]    Compiling gix-worktree v0.46.0
[INFO] [stderr]    Compiling gix-diff v0.57.1
[INFO] [stderr]    Compiling gix-dir v0.19.0
[INFO] [stderr]    Compiling gix-submodule v0.24.0
[INFO] [stderr]    Compiling gix-status v0.24.0
[INFO] [stderr]    Compiling gix v0.77.0
[INFO] [stderr]    Compiling lib3mf-core v0.4.0
[INFO] [stderr]    Compiling lib3mf-cli v0.4.0 (/opt/rustwide/workdir)
[INFO] [stderr] warning: lib3mf-cli@0.4.0: Could not find a git repository in '/opt/rustwide/workdir' or in any of its parents within device limits below '/opt/rustwide'
[INFO] [stderr] warning: lib3mf-cli@0.4.0: VERGEN_GIT_BRANCH set to default
[INFO] [stderr] warning: lib3mf-cli@0.4.0: VERGEN_GIT_COMMIT_AUTHOR_EMAIL set to default
[INFO] [stderr] warning: lib3mf-cli@0.4.0: VERGEN_GIT_COMMIT_AUTHOR_NAME set to default
[INFO] [stderr] warning: lib3mf-cli@0.4.0: VERGEN_GIT_COMMIT_COUNT set to default
[INFO] [stderr] warning: lib3mf-cli@0.4.0: VERGEN_GIT_COMMIT_DATE set to default
[INFO] [stderr] warning: lib3mf-cli@0.4.0: VERGEN_GIT_COMMIT_MESSAGE set to default
[INFO] [stderr] warning: lib3mf-cli@0.4.0: VERGEN_GIT_COMMIT_TIMESTAMP set to default
[INFO] [stderr] warning: lib3mf-cli@0.4.0: VERGEN_GIT_DESCRIBE set to default
[INFO] [stderr] warning: lib3mf-cli@0.4.0: VERGEN_GIT_SHA set to default
[INFO] [stderr] warning: lib3mf-cli@0.4.0: VERGEN_GIT_DIRTY set to default
[INFO] [stderr]    Compiling lib3mf-converters v0.4.0
[INFO] [stderr]     Finished `release` profile [optimized] target(s) in 1m 43s
[INFO] running `Command { std: "docker" "inspect" "8caf64ff7e272c05adc9e08e2c0b1ebbc7316e70730cb85cc7b3c4d883f57c4b", kill_on_drop: false }`
[INFO] running `Command { std: "docker" "exec" "-e" "SOURCE_DIR=/opt/rustwide/workdir" "-e" "CARGO_HOME=/opt/rustwide/cargo-home" "-e" "RUSTUP_HOME=/opt/rustwide/rustup-home" "-e" "CARGO_TARGET_DIR=/opt/rustwide/target" "-e" "CARGO_INCREMENTAL=0" "-e" "RUST_BACKTRACE=full" "-e" "RUSTFLAGS=--cap-lints=warn" "-e" "RUSTDOCFLAGS=--cap-lints=warn" "-w" "/opt/rustwide/workdir" "--user" "0:0" "8caf64ff7e272c05adc9e08e2c0b1ebbc7316e70730cb85cc7b3c4d883f57c4b" "/opt/rustwide/cargo-home/bin/cargo" "+1.100.0-beta.1" "test" "--frozen" "--no-run" "--message-format=json" "--release", kill_on_drop: false }`
[INFO] [stderr] warning: lib3mf-cli@0.4.0: Could not find a git repository in '/opt/rustwide/workdir' or in any of its parents within device limits below '/opt/rustwide'
[INFO] [stderr] warning: lib3mf-cli@0.4.0: VERGEN_GIT_BRANCH set to default
[INFO] [stderr] warning: lib3mf-cli@0.4.0: VERGEN_GIT_COMMIT_AUTHOR_EMAIL set to default
[INFO] [stderr] warning: lib3mf-cli@0.4.0: VERGEN_GIT_COMMIT_AUTHOR_NAME set to default
[INFO] [stderr] warning: lib3mf-cli@0.4.0: VERGEN_GIT_COMMIT_COUNT set to default
[INFO] [stderr] warning: lib3mf-cli@0.4.0: VERGEN_GIT_COMMIT_DATE set to default
[INFO] [stderr] warning: lib3mf-cli@0.4.0: VERGEN_GIT_COMMIT_MESSAGE set to default
[INFO] [stderr] warning: lib3mf-cli@0.4.0: VERGEN_GIT_COMMIT_TIMESTAMP set to default
[INFO] [stderr] warning: lib3mf-cli@0.4.0: VERGEN_GIT_DESCRIBE set to default
[INFO] [stderr] warning: lib3mf-cli@0.4.0: VERGEN_GIT_SHA set to default
[INFO] [stderr] warning: lib3mf-cli@0.4.0: VERGEN_GIT_DIRTY set to default
[INFO] [stderr]    Compiling tempfile v3.26.0
[INFO] [stderr]    Compiling lib3mf-cli v0.4.0 (/opt/rustwide/workdir)
[INFO] [stderr]     Finished `release` profile [optimized] target(s) in 21.00s
[INFO] running `Command { std: "docker" "inspect" "8caf64ff7e272c05adc9e08e2c0b1ebbc7316e70730cb85cc7b3c4d883f57c4b", kill_on_drop: false }`
[INFO] running `Command { std: "docker" "exec" "-e" "SOURCE_DIR=/opt/rustwide/workdir" "-e" "CARGO_HOME=/opt/rustwide/cargo-home" "-e" "RUSTUP_HOME=/opt/rustwide/rustup-home" "-e" "CARGO_TARGET_DIR=/opt/rustwide/target" "-e" "CARGO_INCREMENTAL=0" "-e" "RUST_BACKTRACE=full" "-e" "RUSTFLAGS=--cap-lints=warn" "-e" "RUSTDOCFLAGS=--cap-lints=warn" "-w" "/opt/rustwide/workdir" "--user" "0:0" "8caf64ff7e272c05adc9e08e2c0b1ebbc7316e70730cb85cc7b3c4d883f57c4b" "/opt/rustwide/cargo-home/bin/cargo" "+1.100.0-beta.1" "test" "--frozen" "--release", kill_on_drop: false }`
[INFO] [stderr] warning: lib3mf-cli@0.4.0: Could not find a git repository in '/opt/rustwide/workdir' or in any of its parents within device limits below '/opt/rustwide'
[INFO] [stderr] warning: lib3mf-cli@0.4.0: VERGEN_GIT_BRANCH set to default
[INFO] [stderr] warning: lib3mf-cli@0.4.0: VERGEN_GIT_COMMIT_AUTHOR_EMAIL set to default
[INFO] [stderr] warning: lib3mf-cli@0.4.0: VERGEN_GIT_COMMIT_AUTHOR_NAME set to default
[INFO] [stderr] warning: lib3mf-cli@0.4.0: VERGEN_GIT_COMMIT_COUNT set to default
[INFO] [stderr] warning: lib3mf-cli@0.4.0: VERGEN_GIT_COMMIT_DATE set to default
[INFO] [stderr] warning: lib3mf-cli@0.4.0: VERGEN_GIT_COMMIT_MESSAGE set to default
[INFO] [stderr] warning: lib3mf-cli@0.4.0: VERGEN_GIT_COMMIT_TIMESTAMP set to default
[INFO] [stderr] warning: lib3mf-cli@0.4.0: VERGEN_GIT_DESCRIBE set to default
[INFO] [stderr] warning: lib3mf-cli@0.4.0: VERGEN_GIT_SHA set to default
[INFO] [stderr] warning: lib3mf-cli@0.4.0: VERGEN_GIT_DIRTY set to default
[INFO] [stderr]     Finished `release` profile [optimized] target(s) in 0.30s
[INFO] [stderr]      Running unittests src/lib.rs (/opt/rustwide/target/release/build/lib3mf-cli/2801e015bd8a8d47/out/lib3mf_cli-2801e015bd8a8d47)
[INFO] [stdout] 
[INFO] [stdout] running 11 tests
[INFO] [stdout] test commands::batch::tests::test_detect_file_type_ascii_stl ... ok
[INFO] [stdout] test commands::batch::tests::test_detect_file_type_unknown ... ok
[INFO] [stdout] test commands::batch::tests::test_detect_file_type_extension_fallback_obj ... ok
[INFO] [stdout] test commands::batch::tests::test_detect_file_type_zip ... ok
[INFO] [stdout] test commands::batch::tests::test_file_type_accepted_zip3mf ... ok
[INFO] [stdout] test commands::batch::tests::test_file_type_not_accepted_when_no_ops ... ok
[INFO] [stdout] test commands::batch::tests::test_discover_files_directory ... ok
[INFO] [stdout] test commands::batch::tests::test_process_file_skipped_for_unknown_type ... ok
[INFO] [stdout] test commands::batch::tests::test_discover_files_dedup ... ok
[INFO] [stdout] test commands::batch::tests::test_process_file_skipped_when_no_ops ... ok
[INFO] [stdout] test commands::batch::tests::test_discover_files_single ... ok
[INFO] [stdout] 
[INFO] [stdout] test result: ok. 11 passed; 0 failed; 0 ignored; 0 measured; 0 filtered out; finished in 0.00s
[INFO] [stdout] 
[INFO] [stderr]      Running unittests src/main.rs (/opt/rustwide/target/release/build/lib3mf-cli/d692beee56e21291/out/3mf-d692beee56e21291)
[INFO] [stdout] 
[INFO] [stdout] running 0 tests
[INFO] [stdout] 
[INFO] [stdout] test result: ok. 0 passed; 0 failed; 0 ignored; 0 measured; 0 filtered out; finished in 0.00s
[INFO] [stdout] 
[INFO] [stderr]      Running tests/batch_tests.rs (/opt/rustwide/target/release/build/lib3mf-cli/c83477e205f41595/out/batch_tests-c83477e205f41595)
[INFO] [stdout] 
[INFO] [stdout] running 20 tests
[INFO] [stdout] test test_batch_quiet_flag ... FAILED
[INFO] [stdout] test test_batch_skip_non_3mf_for_validate ... FAILED
[INFO] [stdout] test test_batch_recursive_flag ... FAILED
[INFO] [stdout] test test_batch_convert ... FAILED
[INFO] [stdout] test test_batch_error_on_corrupt_file ... FAILED
[INFO] [stdout] test test_batch_combined_validate_stats ... FAILED
[INFO] [stdout] test test_batch_convert_output_dir has been running for over 60 seconds
[INFO] [stdout] test test_batch_exit_code_one_on_failure has been running for over 60 seconds
[INFO] [stdout] test test_batch_exit_code_zero_on_success has been running for over 60 seconds
[INFO] [stdout] test test_batch_jobs_parallel has been running for over 60 seconds
[INFO] [stdout] test test_batch_json_output has been running for over 60 seconds
[INFO] [stdout] test test_batch_list_operation has been running for over 60 seconds
[INFO] [stdout] test test_batch_no_ops_selected has been running for over 60 seconds
[INFO] [stdout] test test_batch_stats_single_file has been running for over 60 seconds
[INFO] [stdout] test test_batch_stl_stats has been running for over 60 seconds
[INFO] [stdout] test test_batch_summary_flag has been running for over 60 seconds
[INFO] [stdout] test test_batch_validate_directory has been running for over 60 seconds
[INFO] [stdout] test test_batch_validate_level_paranoid has been running for over 60 seconds
[INFO] [stdout] test test_batch_validate_single_file has been running for over 60 seconds
[INFO] [stdout] test test_batch_summary_flag ... ok
[INFO] [stdout] test test_batch_exit_code_one_on_failure ... ok
[INFO] [stdout] test test_batch_stl_stats ... ok
[INFO] [stdout] test test_batch_json_output ... ok
[INFO] [stdout] test test_batch_no_ops_selected ... ok
[INFO] [stdout] test test_batch_stats_single_file ... ok
[INFO] [stdout] test test_batch_exit_code_zero_on_success ... ok
[INFO] [stdout] test test_batch_list_operation ... ok
[INFO] [stdout] test test_batch_convert_output_dir ... ok
[INFO] [stdout] test test_batch_jobs_parallel ... ok
[INFO] [stdout] test test_batch_validate_directory ... ok
[INFO] [stdout] test test_batch_validate_level_paranoid ... ok
[INFO] [stdout] test test_batch_validate_single_file ... ok
[INFO] [stdout] test test_batch_verbose_flag ... ok
[INFO] [stdout] 
[INFO] [stdout] failures:
[INFO] [stdout] 
[INFO] [stdout] ---- test_batch_quiet_flag stdout ----
[INFO] [stdout] 
[INFO] [stdout] thread 'test_batch_quiet_flag' (2775) panicked at tests/batch_tests.rs:315:5:
[INFO] [stdout] Expected exit 0 with --quiet: error: could not compile `regex-syntax` (lib)
[INFO] [stdout] 
[INFO] [stdout] Caused by:
[INFO] [stdout]   process didn't exit successfully: `/opt/rustwide/rustup-home/toolchains/1.100.0-beta.1-x86_64-unknown-linux-gnu/bin/rustc --crate-name regex_syntax --edition=2021 /opt/rustwide/cargo-home/registry/src/index.crates.io-1949cf8c6b5b557f/regex-syntax-0.8.10/src/lib.rs --error-format=json --json=diagnostic-rendered-ansi,artifacts,future-incompat,unused-externs-silent --crate-type lib --emit=dep-info,metadata,link -C embed-bitcode=no --cfg 'feature="default"' --cfg 'feature="std"' --cfg 'feature="unicode"' --cfg 'feature="unicode-age"' --cfg 'feature="unicode-bool"' --cfg 'feature="unicode-case"' --cfg 'feature="unicode-gencat"' --cfg 'feature="unicode-perl"' --cfg 'feature="unicode-script"' --cfg 'feature="unicode-segment"' --check-cfg 'cfg(docsrs,test)' --check-cfg 'cfg(feature, values("arbitrary", "default", "std", "unicode", "unicode-age", "unicode-bool", "unicode-case", "unicode-gencat", "unicode-perl", "unicode-script", "unicode-segment"))' -C metadata=30e68af12f5792fa -C extra-filename=-4cae5ca439a8fa94 --out-dir /opt/rustwide/target/debug/build/regex-syntax/4cae5ca439a8fa94/out --cap-lints allow --cap-lints=warn --force-warn=unused_crate_dependencies` (signal: 9, SIGKILL: kill)
[INFO] [stdout] 
[INFO] [stdout] stack backtrace:
[INFO] [stdout]    0:     0x556f9e9a90c1 - <<std[617be2ca0a6fd877]::sys::backtrace::BacktraceLock>::print::DisplayBacktrace as core[a373ad73a504971]::fmt::Display>::fmt
[INFO] [stdout]    1:     0x556f9e9be85a - core[a373ad73a504971]::fmt::write
[INFO] [stdout]    2:     0x556f9e9ad83c - <alloc[2e1b2a31b91974c5]::vec::Vec<u8> as core[a373ad73a504971]::io::write::Write>::write_fmt
[INFO] [stdout]    3:     0x556f9e984176 - std[617be2ca0a6fd877]::panicking::default_hook::{closure#0}
[INFO] [stdout]    4:     0x556f9e9a1039 - std[617be2ca0a6fd877]::panicking::default_hook
[INFO] [stdout]    5:     0x556f9e9197d0 - test[aada8e7e76ba119b]::test_main_inner::{closure#0}
[INFO] [stdout]    6:     0x556f9e9a11f2 - std[617be2ca0a6fd877]::panicking::panic_with_hook
[INFO] [stdout]    7:     0x556f9e984222 - std[617be2ca0a6fd877]::panicking::panic_handler::{closure#0}
[INFO] [stdout]    8:     0x556f9e97ce19 - std[617be2ca0a6fd877]::sys::backtrace::__rust_end_short_backtrace::<std[617be2ca0a6fd877]::panicking::panic_handler::{closure#0}, !>
[INFO] [stdout]    9:     0x556f9e984e2d - __rustc[ea4f61d10b84890b]::rust_begin_unwind
[INFO] [stdout]   10:     0x556f9e9bef8c - core[a373ad73a504971]::panicking::panic_fmt
[INFO] [stdout]   11:     0x556f9e8ddec5 - <batch_tests[7ee96a2ca94bf037]::test_batch_quiet_flag::{closure#0} as core[a373ad73a504971]::ops::function::FnOnce<()>>::call_once
[INFO] [stdout]   12:     0x556f9e90cc1b - test[aada8e7e76ba119b]::__rust_begin_short_backtrace::<core[a373ad73a504971]::result::Result<(), alloc[2e1b2a31b91974c5]::string::String>, fn() -> core[a373ad73a504971]::result::Result<(), alloc[2e1b2a31b91974c5]::string::String>>
[INFO] [stdout]   13:     0x556f9e919df5 - test[aada8e7e76ba119b]::run_test::{closure#0}
[INFO] [stdout]   14:     0x556f9e9136e4 - std[617be2ca0a6fd877]::sys::backtrace::__rust_begin_short_backtrace::<test[aada8e7e76ba119b]::run_test::{closure#1}, ()>
[INFO] [stdout]   15:     0x556f9e91ce82 - <std[617be2ca0a6fd877]::thread::lifecycle::spawn_unchecked<test[aada8e7e76ba119b]::run_test::{closure#1}, ()>::{closure#1} as core[a373ad73a504971]::ops::function::FnOnce<()>>::call_once::{shim:vtable#0}
[INFO] [stdout]   16:     0x556f9e9a891f - <std[617be2ca0a6fd877]::sys::thread::unix::Thread>::new::thread_start
[INFO] [stdout]   17:     0x7cabae5badfa - <unknown>
[INFO] [stdout]   18:     0x7cabae64e3d4 - clone
[INFO] [stdout]   19:                0x0 - <unknown>
[INFO] [stdout] 
[INFO] [stdout] ---- test_batch_skip_non_3mf_for_validate stdout ----
[INFO] [stdout] 
[INFO] [stdout] thread 'test_batch_skip_non_3mf_for_validate' (2779) panicked at tests/batch_tests.rs:251:5:
[INFO] [stdout] Expected exit 0 when non-3MF files are skipped: error: could not compile `autocfg` (lib)
[INFO] [stdout] 
[INFO] [stdout] Caused by:
[INFO] [stdout]   process didn't exit successfully: `/opt/rustwide/rustup-home/toolchains/1.100.0-beta.1-x86_64-unknown-linux-gnu/bin/rustc --crate-name autocfg --edition=2015 /opt/rustwide/cargo-home/registry/src/index.crates.io-1949cf8c6b5b557f/autocfg-1.5.0/src/lib.rs --error-format=json --json=diagnostic-rendered-ansi,artifacts,future-incompat,unused-externs-silent --crate-type lib --emit=dep-info,metadata,link -C embed-bitcode=no --check-cfg 'cfg(docsrs,test)' --check-cfg 'cfg(feature, values())' -C metadata=2451f25ef100bd32 -C extra-filename=-beceaadc554b3df5 --out-dir /opt/rustwide/target/debug/build/autocfg/beceaadc554b3df5/out --cap-lints allow --cap-lints=warn --force-warn=unused_crate_dependencies` (signal: 9, SIGKILL: kill)
[INFO] [stdout] error: could not compile `regex-syntax` (lib)
[INFO] [stdout] 
[INFO] [stdout] Caused by:
[INFO] [stdout]   process didn't exit successfully: `/opt/rustwide/rustup-home/toolchains/1.100.0-beta.1-x86_64-unknown-linux-gnu/bin/rustc --crate-name regex_syntax --edition=2021 /opt/rustwide/cargo-home/registry/src/index.crates.io-1949cf8c6b5b557f/regex-syntax-0.8.10/src/lib.rs --error-format=json --json=diagnostic-rendered-ansi,artifacts,future-incompat,unused-externs-silent --crate-type lib --emit=dep-info,metadata,link -C embed-bitcode=no --cfg 'feature="default"' --cfg 'feature="std"' --cfg 'feature="unicode"' --cfg 'feature="unicode-age"' --cfg 'feature="unicode-bool"' --cfg 'feature="unicode-case"' --cfg 'feature="unicode-gencat"' --cfg 'feature="unicode-perl"' --cfg 'feature="unicode-script"' --cfg 'feature="unicode-segment"' --check-cfg 'cfg(docsrs,test)' --check-cfg 'cfg(feature, values("arbitrary", "default", "std", "unicode", "unicode-age", "unicode-bool", "unicode-case", "unicode-gencat", "unicode-perl", "unicode-script", "unicode-segment"))' -C metadata=30e68af12f5792fa -C extra-filename=-4cae5ca439a8fa94 --out-dir /opt/rustwide/target/debug/build/regex-syntax/4cae5ca439a8fa94/out --cap-lints allow --cap-lints=warn --force-warn=unused_crate_dependencies` (signal: 9, SIGKILL: kill)
[INFO] [stdout] 
[INFO] [stdout] stack backtrace:
[INFO] [stdout]    0:     0x556f9e9a90c1 - <<std[617be2ca0a6fd877]::sys::backtrace::BacktraceLock>::print::DisplayBacktrace as core[a373ad73a504971]::fmt::Display>::fmt
[INFO] [stdout]    1:     0x556f9e9be85a - core[a373ad73a504971]::fmt::write
[INFO] [stdout]    2:     0x556f9e9ad83c - <alloc[2e1b2a31b91974c5]::vec::Vec<u8> as core[a373ad73a504971]::io::write::Write>::write_fmt
[INFO] [stdout]    3:     0x556f9e984176 - std[617be2ca0a6fd877]::panicking::default_hook::{closure#0}
[INFO] [stdout]    4:     0x556f9e9a1039 - std[617be2ca0a6fd877]::panicking::default_hook
[INFO] [stdout]    5:     0x556f9e9197d0 - test[aada8e7e76ba119b]::test_main_inner::{closure#0}
[INFO] [stdout]    6:     0x556f9e9a11f2 - std[617be2ca0a6fd877]::panicking::panic_with_hook
[INFO] [stdout]    7:     0x556f9e984222 - std[617be2ca0a6fd877]::panicking::panic_handler::{closure#0}
[INFO] [stdout]    8:     0x556f9e97ce19 - std[617be2ca0a6fd877]::sys::backtrace::__rust_end_short_backtrace::<std[617be2ca0a6fd877]::panicking::panic_handler::{closure#0}, !>
[INFO] [stdout]    9:     0x556f9e984e2d - __rustc[ea4f61d10b84890b]::rust_begin_unwind
[INFO] [stdout]   10:     0x556f9e9bef8c - core[a373ad73a504971]::panicking::panic_fmt
[INFO] [stdout]   11:     0x556f9e8e1e88 - <batch_tests[7ee96a2ca94bf037]::test_batch_skip_non_3mf_for_validate::{closure#0} as core[a373ad73a504971]::ops::function::FnOnce<()>>::call_once
[INFO] [stdout]   12:     0x556f9e90cc1b - test[aada8e7e76ba119b]::__rust_begin_short_backtrace::<core[a373ad73a504971]::result::Result<(), alloc[2e1b2a31b91974c5]::string::String>, fn() -> core[a373ad73a504971]::result::Result<(), alloc[2e1b2a31b91974c5]::string::String>>
[INFO] [stdout]   13:     0x556f9e919df5 - test[aada8e7e76ba119b]::run_test::{closure#0}
[INFO] [stdout]   14:     0x556f9e9136e4 - std[617be2ca0a6fd877]::sys::backtrace::__rust_begin_short_backtrace::<test[aada8e7e76ba119b]::run_test::{closure#1}, ()>
[INFO] [stdout]   15:     0x556f9e91ce82 - <std[617be2ca0a6fd877]::thread::lifecycle::spawn_unchecked<test[aada8e7e76ba119b]::run_test::{closure#1}, ()>::{closure#1} as core[a373ad73a504971]::ops::function::FnOnce<()>>::call_once::{shim:vtable#0}
[INFO] [stdout]   16:     0x556f9e9a891f - <std[617be2ca0a6fd877]::sys::thread::unix::Thread>::new::thread_start
[INFO] [stdout]   17:     0x7cabae5badfa - <unknown>
[INFO] [stdout]   18:     0x7cabae64e3d4 - clone
[INFO] [stdout]   19:                0x0 - <unknown>
[INFO] [stdout] 
[INFO] [stdout] ---- test_batch_recursive_flag stdout ----
[INFO] [stdout] 
[INFO] [stdout] thread 'test_batch_recursive_flag' (2777) panicked at tests/batch_tests.rs:345:5:
[INFO] [stdout] Without --recursive, expect only 1 file: 
[INFO] [stdout] stack backtrace:
[INFO] [stdout]    0:     0x556f9e9a90c1 - <<std[617be2ca0a6fd877]::sys::backtrace::BacktraceLock>::print::DisplayBacktrace as core[a373ad73a504971]::fmt::Display>::fmt
[INFO] [stdout]    1:     0x556f9e9be85a - core[a373ad73a504971]::fmt::write
[INFO] [stdout]    2:     0x556f9e9ad83c - <alloc[2e1b2a31b91974c5]::vec::Vec<u8> as core[a373ad73a504971]::io::write::Write>::write_fmt
[INFO] [stdout]    3:     0x556f9e984176 - std[617be2ca0a6fd877]::panicking::default_hook::{closure#0}
[INFO] [stdout]    4:     0x556f9e9a1039 - std[617be2ca0a6fd877]::panicking::default_hook
[INFO] [stdout]    5:     0x556f9e9197d0 - test[aada8e7e76ba119b]::test_main_inner::{closure#0}
[INFO] [stdout]    6:     0x556f9e9a11f2 - std[617be2ca0a6fd877]::panicking::panic_with_hook
[INFO] [stdout]    7:     0x556f9e984222 - std[617be2ca0a6fd877]::panicking::panic_handler::{closure#0}
[INFO] [stdout]    8:     0x556f9e97ce19 - std[617be2ca0a6fd877]::sys::backtrace::__rust_end_short_backtrace::<std[617be2ca0a6fd877]::panicking::panic_handler::{closure#0}, !>
[INFO] [stdout]    9:     0x556f9e984e2d - __rustc[ea4f61d10b84890b]::rust_begin_unwind
[INFO] [stdout]   10:     0x556f9e9bef8c - core[a373ad73a504971]::panicking::panic_fmt
[INFO] [stdout]   11:     0x556f9e8df96d - <batch_tests[7ee96a2ca94bf037]::test_batch_recursive_flag::{closure#0} as core[a373ad73a504971]::ops::function::FnOnce<()>>::call_once
[INFO] [stdout]   12:     0x556f9e90cc1b - test[aada8e7e76ba119b]::__rust_begin_short_backtrace::<core[a373ad73a504971]::result::Result<(), alloc[2e1b2a31b91974c5]::string::String>, fn() -> core[a373ad73a504971]::result::Result<(), alloc[2e1b2a31b91974c5]::string::String>>
[INFO] [stdout]   13:     0x556f9e919df5 - test[aada8e7e76ba119b]::run_test::{closure#0}
[INFO] [stdout]   14:     0x556f9e9136e4 - std[617be2ca0a6fd877]::sys::backtrace::__rust_begin_short_backtrace::<test[aada8e7e76ba119b]::run_test::{closure#1}, ()>
[INFO] [stdout]   15:     0x556f9e91ce82 - <std[617be2ca0a6fd877]::thread::lifecycle::spawn_unchecked<test[aada8e7e76ba119b]::run_test::{closure#1}, ()>::{closure#1} as core[a373ad73a504971]::ops::function::FnOnce<()>>::call_once::{shim:vtable#0}
[INFO] [stdout]   16:     0x556f9e9a891f - <std[617be2ca0a6fd877]::sys::thread::unix::Thread>::new::thread_start
[INFO] [stdout]   17:     0x7cabae5badfa - <unknown>
[INFO] [stdout]   18:     0x7cabae64e3d4 - clone
[INFO] [stdout]   19:                0x0 - <unknown>
[INFO] [stdout] 
[INFO] [stdout] ---- test_batch_convert stdout ----
[INFO] [stdout] 
[INFO] [stdout] thread 'test_batch_convert' (2766) panicked at tests/batch_tests.rs:371:5:
[INFO] [stdout] Expected exit 0 for convert: error: could not compile `regex-syntax` (lib)
[INFO] [stdout] 
[INFO] [stdout] Caused by:
[INFO] [stdout]   process didn't exit successfully: `/opt/rustwide/rustup-home/toolchains/1.100.0-beta.1-x86_64-unknown-linux-gnu/bin/rustc --crate-name regex_syntax --edition=2021 /opt/rustwide/cargo-home/registry/src/index.crates.io-1949cf8c6b5b557f/regex-syntax-0.8.10/src/lib.rs --error-format=json --json=diagnostic-rendered-ansi,artifacts,future-incompat,unused-externs-silent --crate-type lib --emit=dep-info,metadata,link -C embed-bitcode=no --cfg 'feature="default"' --cfg 'feature="std"' --cfg 'feature="unicode"' --cfg 'feature="unicode-age"' --cfg 'feature="unicode-bool"' --cfg 'feature="unicode-case"' --cfg 'feature="unicode-gencat"' --cfg 'feature="unicode-perl"' --cfg 'feature="unicode-script"' --cfg 'feature="unicode-segment"' --check-cfg 'cfg(docsrs,test)' --check-cfg 'cfg(feature, values("arbitrary", "default", "std", "unicode", "unicode-age", "unicode-bool", "unicode-case", "unicode-gencat", "unicode-perl", "unicode-script", "unicode-segment"))' -C metadata=30e68af12f5792fa -C extra-filename=-4cae5ca439a8fa94 --out-dir /opt/rustwide/target/debug/build/regex-syntax/4cae5ca439a8fa94/out --cap-lints allow --cap-lints=warn --force-warn=unused_crate_dependencies` (signal: 9, SIGKILL: kill)
[INFO] [stdout] error: could not compile `thiserror-impl` (lib)
[INFO] [stdout] 
[INFO] [stdout] Caused by:
[INFO] [stdout]   process didn't exit successfully: `/opt/rustwide/rustup-home/toolchains/1.100.0-beta.1-x86_64-unknown-linux-gnu/bin/rustc --crate-name thiserror_impl --edition=2021 /opt/rustwide/cargo-home/registry/src/index.crates.io-1949cf8c6b5b557f/thiserror-impl-2.0.18/src/lib.rs --error-format=json --json=diagnostic-rendered-ansi,artifacts,future-incompat,unused-externs-silent --crate-type proc-macro --emit=dep-info,link -C prefer-dynamic -C embed-bitcode=no --check-cfg 'cfg(docsrs,test)' --check-cfg 'cfg(feature, values())' -C metadata=19faac7e2e486e33 -C extra-filename=-26488fe30d9eb7f4 --out-dir /opt/rustwide/target/debug/build/thiserror-impl/26488fe30d9eb7f4/out -L dependency=/opt/rustwide/target/debug/build/proc-macro2/154be7f81f34ed1b/out -L dependency=/opt/rustwide/target/debug/build/quote/a87dd5cb7e80719c/out -L dependency=/opt/rustwide/target/debug/build/unicode-ident/86faa6b6bcc5b157/out --extern proc_macro2=/opt/rustwide/target/debug/build/proc-macro2/154be7f81f34ed1b/out/libproc_macro2-154be7f81f34ed1b.rlib --extern quote=/opt/rustwide/target/debug/build/quote/a87dd5cb7e80719c/out/libquote-a87dd5cb7e80719c.rlib --extern syn=/opt/rustwide/target/debug/build/syn/7ee6cc5d33877df6/out/libsyn-7ee6cc5d33877df6.rlib --extern proc_macro --cap-lints allow --cap-lints=warn --force-warn=unused_crate_dependencies` (signal: 9, SIGKILL: kill)
[INFO] [stdout] 
[INFO] [stdout] stack backtrace:
[INFO] [stdout]    0:     0x556f9e9a90c1 - <<std[617be2ca0a6fd877]::sys::backtrace::BacktraceLock>::print::DisplayBacktrace as core[a373ad73a504971]::fmt::Display>::fmt
[INFO] [stdout]    1:     0x556f9e9be85a - core[a373ad73a504971]::fmt::write
[INFO] [stdout]    2:     0x556f9e9ad83c - <alloc[2e1b2a31b91974c5]::vec::Vec<u8> as core[a373ad73a504971]::io::write::Write>::write_fmt
[INFO] [stdout]    3:     0x556f9e984176 - std[617be2ca0a6fd877]::panicking::default_hook::{closure#0}
[INFO] [stdout]    4:     0x556f9e9a1039 - std[617be2ca0a6fd877]::panicking::default_hook
[INFO] [stdout]    5:     0x556f9e9197d0 - test[aada8e7e76ba119b]::test_main_inner::{closure#0}
[INFO] [stdout]    6:     0x556f9e9a11f2 - std[617be2ca0a6fd877]::panicking::panic_with_hook
[INFO] [stdout]    7:     0x556f9e984222 - std[617be2ca0a6fd877]::panicking::panic_handler::{closure#0}
[INFO] [stdout]    8:     0x556f9e97ce19 - std[617be2ca0a6fd877]::sys::backtrace::__rust_end_short_backtrace::<std[617be2ca0a6fd877]::panicking::panic_handler::{closure#0}, !>
[INFO] [stdout]    9:     0x556f9e984e2d - __rustc[ea4f61d10b84890b]::rust_begin_unwind
[INFO] [stdout]   10:     0x556f9e9bef8c - core[a373ad73a504971]::panicking::panic_fmt
[INFO] [stdout]   11:     0x556f9e8dd5e9 - <batch_tests[7ee96a2ca94bf037]::test_batch_convert::{closure#0} as core[a373ad73a504971]::ops::function::FnOnce<()>>::call_once
[INFO] [stdout]   12:     0x556f9e90cc1b - test[aada8e7e76ba119b]::__rust_begin_short_backtrace::<core[a373ad73a504971]::result::Result<(), alloc[2e1b2a31b91974c5]::string::String>, fn() -> core[a373ad73a504971]::result::Result<(), alloc[2e1b2a31b91974c5]::string::String>>
[INFO] [stdout]   13:     0x556f9e919df5 - test[aada8e7e76ba119b]::run_test::{closure#0}
[INFO] [stdout]   14:     0x556f9e9136e4 - std[617be2ca0a6fd877]::sys::backtrace::__rust_begin_short_backtrace::<test[aada8e7e76ba119b]::run_test::{closure#1}, ()>
[INFO] [stdout]   15:     0x556f9e91ce82 - <std[617be2ca0a6fd877]::thread::lifecycle::spawn_unchecked<test[aada8e7e76ba119b]::run_test::{closure#1}, ()>::{closure#1} as core[a373ad73a504971]::ops::function::FnOnce<()>>::call_once::{shim:vtable#0}
[INFO] [stdout]   16:     0x556f9e9a891f - <std[617be2ca0a6fd877]::sys::thread::unix::Thread>::new::thread_start
[INFO] [stdout]   17:     0x7cabae5badfa - <unknown>
[INFO] [stdout]   18:     0x7cabae64e3d4 - clone
[INFO] [stdout]   19:                0x0 - <unknown>
[INFO] [stdout] 
[INFO] [stdout] ---- test_batch_error_on_corrupt_file stdout ----
[INFO] [stdout] 
[INFO] [stdout] thread 'test_batch_error_on_corrupt_file' (2768) panicked at tests/batch_tests.rs:282:5:
[INFO] [stdout] Expected good file to be processed even after corrupt file: 
[INFO] [stdout] stack backtrace:
[INFO] [stdout]    0:     0x556f9e9a90c1 - <<std[617be2ca0a6fd877]::sys::backtrace::BacktraceLock>::print::DisplayBacktrace as core[a373ad73a504971]::fmt::Display>::fmt
[INFO] [stdout]    1:     0x556f9e9be85a - core[a373ad73a504971]::fmt::write
[INFO] [stdout]    2:     0x556f9e9ad83c - <alloc[2e1b2a31b91974c5]::vec::Vec<u8> as core[a373ad73a504971]::io::write::Write>::write_fmt
[INFO] [stdout]    3:     0x556f9e984176 - std[617be2ca0a6fd877]::panicking::default_hook::{closure#0}
[INFO] [stdout]    4:     0x556f9e9a1039 - std[617be2ca0a6fd877]::panicking::default_hook
[INFO] [stdout]    5:     0x556f9e9197d0 - test[aada8e7e76ba119b]::test_main_inner::{closure#0}
[INFO] [stdout]    6:     0x556f9e9a11f2 - std[617be2ca0a6fd877]::panicking::panic_with_hook
[INFO] [stdout]    7:     0x556f9e984222 - std[617be2ca0a6fd877]::panicking::panic_handler::{closure#0}
[INFO] [stdout]    8:     0x556f9e97ce19 - std[617be2ca0a6fd877]::sys::backtrace::__rust_end_short_backtrace::<std[617be2ca0a6fd877]::panicking::panic_handler::{closure#0}, !>
[INFO] [stdout]    9:     0x556f9e984e2d - __rustc[ea4f61d10b84890b]::rust_begin_unwind
[INFO] [stdout]   10:     0x556f9e9bef8c - core[a373ad73a504971]::panicking::panic_fmt
[INFO] [stdout]   11:     0x556f9e8e0faf - <batch_tests[7ee96a2ca94bf037]::test_batch_error_on_corrupt_file::{closure#0} as core[a373ad73a504971]::ops::function::FnOnce<()>>::call_once
[INFO] [stdout]   12:     0x556f9e90cc1b - test[aada8e7e76ba119b]::__rust_begin_short_backtrace::<core[a373ad73a504971]::result::Result<(), alloc[2e1b2a31b91974c5]::string::String>, fn() -> core[a373ad73a504971]::result::Result<(), alloc[2e1b2a31b91974c5]::string::String>>
[INFO] [stdout]   13:     0x556f9e919df5 - test[aada8e7e76ba119b]::run_test::{closure#0}
[INFO] [stdout]   14:     0x556f9e9136e4 - std[617be2ca0a6fd877]::sys::backtrace::__rust_begin_short_backtrace::<test[aada8e7e76ba119b]::run_test::{closure#1}, ()>
[INFO] [stdout]   15:     0x556f9e91ce82 - <std[617be2ca0a6fd877]::thread::lifecycle::spawn_unchecked<test[aada8e7e76ba119b]::run_test::{closure#1}, ()>::{closure#1} as core[a373ad73a504971]::ops::function::FnOnce<()>>::call_once::{shim:vtable#0}
[INFO] [stdout]   16:     0x556f9e9a891f - <std[617be2ca0a6fd877]::sys::thread::unix::Thread>::new::thread_start
[INFO] [stdout]   17:     0x7cabae5badfa - <unknown>
[INFO] [stdout]   18:     0x7cabae64e3d4 - clone
[INFO] [stdout]   19:                0x0 - <unknown>
[INFO] [stdout] 
[INFO] [stdout] ---- test_batch_combined_validate_stats stdout ----
[INFO] [stdout] 
[INFO] [stdout] thread 'test_batch_combined_validate_stats' (2765) panicked at tests/batch_tests.rs:185:5:
[INFO] [stdout] Expected exit 0 for combined validate+stats: error: could not compile `data-encoding` (lib)
[INFO] [stdout] 
[INFO] [stdout] Caused by:
[INFO] [stdout]   process didn't exit successfully: `/opt/rustwide/rustup-home/toolchains/1.100.0-beta.1-x86_64-unknown-linux-gnu/bin/rustc --crate-name data_encoding --edition=2018 /opt/rustwide/cargo-home/registry/src/index.crates.io-1949cf8c6b5b557f/data-encoding-2.10.0/src/lib.rs --error-format=json --json=diagnostic-rendered-ansi,artifacts,future-incompat,unused-externs-silent --crate-type lib --emit=dep-info,metadata,link -C embed-bitcode=no -C debuginfo=2 --cfg 'feature="alloc"' --cfg 'feature="default"' --cfg 'feature="std"' --check-cfg 'cfg(docsrs,test)' --check-cfg 'cfg(feature, values("alloc", "default", "std"))' -C metadata=2e160780a8d0a54b -C extra-filename=-4b0fc7d26697af29 --out-dir /opt/rustwide/target/debug/build/data-encoding/4b0fc7d26697af29/out --cap-lints allow --cap-lints=warn --force-warn=unused_crate_dependencies` (signal: 9, SIGKILL: kill)
[INFO] [stdout] error: could not compile `thiserror-impl` (lib)
[INFO] [stdout] 
[INFO] [stdout] Caused by:
[INFO] [stdout]   process didn't exit successfully: `/opt/rustwide/rustup-home/toolchains/1.100.0-beta.1-x86_64-unknown-linux-gnu/bin/rustc --crate-name thiserror_impl --edition=2021 /opt/rustwide/cargo-home/registry/src/index.crates.io-1949cf8c6b5b557f/thiserror-impl-2.0.18/src/lib.rs --error-format=json --json=diagnostic-rendered-ansi,artifacts,future-incompat,unused-externs-silent --crate-type proc-macro --emit=dep-info,link -C prefer-dynamic -C embed-bitcode=no --check-cfg 'cfg(docsrs,test)' --check-cfg 'cfg(feature, values())' -C metadata=19faac7e2e486e33 -C extra-filename=-26488fe30d9eb7f4 --out-dir /opt/rustwide/target/debug/build/thiserror-impl/26488fe30d9eb7f4/out -L dependency=/opt/rustwide/target/debug/build/proc-macro2/154be7f81f34ed1b/out -L dependency=/opt/rustwide/target/debug/build/quote/a87dd5cb7e80719c/out -L dependency=/opt/rustwide/target/debug/build/unicode-ident/86faa6b6bcc5b157/out --extern proc_macro2=/opt/rustwide/target/debug/build/proc-macro2/154be7f81f34ed1b/out/libproc_macro2-154be7f81f34ed1b.rlib --extern quote=/opt/rustwide/target/debug/build/quote/a87dd5cb7e80719c/out/libquote-a87dd5cb7e80719c.rlib --extern syn=/opt/rustwide/target/debug/build/syn/7ee6cc5d33877df6/out/libsyn-7ee6cc5d33877df6.rlib --extern proc_macro --cap-lints allow --cap-lints=warn --force-warn=unused_crate_dependencies` (signal: 9, SIGKILL: kill)
[INFO] [stdout] error: could not compile `regex-syntax` (lib)
[INFO] [stdout] 
[INFO] [stdout] Caused by:
[INFO] [stdout]   process didn't exit successfully: `/opt/rustwide/rustup-home/toolchains/1.100.0-beta.1-x86_64-unknown-linux-gnu/bin/rustc --crate-name regex_syntax --edition=2021 /opt/rustwide/cargo-home/registry/src/index.crates.io-1949cf8c6b5b557f/regex-syntax-0.8.10/src/lib.rs --error-format=json --json=diagnostic-rendered-ansi,artifacts,future-incompat,unused-externs-silent --crate-type lib --emit=dep-info,metadata,link -C embed-bitcode=no --cfg 'feature="default"' --cfg 'feature="std"' --cfg 'feature="unicode"' --cfg 'feature="unicode-age"' --cfg 'feature="unicode-bool"' --cfg 'feature="unicode-case"' --cfg 'feature="unicode-gencat"' --cfg 'feature="unicode-perl"' --cfg 'feature="unicode-script"' --cfg 'feature="unicode-segment"' --check-cfg 'cfg(docsrs,test)' --check-cfg 'cfg(feature, values("arbitrary", "default", "std", "unicode", "unicode-age", "unicode-bool", "unicode-case", "unicode-gencat", "unicode-perl", "unicode-script", "unicode-segment"))' -C metadata=30e68af12f5792fa -C extra-filename=-4cae5ca439a8fa94 --out-dir /opt/rustwide/target/debug/build/regex-syntax/4cae5ca439a8fa94/out --cap-lints allow --cap-lints=warn --force-warn=unused_crate_dependencies` (signal: 9, SIGKILL: kill)
[INFO] [stdout] error: could not compile `glam` (lib)
[INFO] [stdout] 
[INFO] [stdout] Caused by:
[INFO] [stdout]   process didn't exit successfully: `/opt/rustwide/rustup-home/toolchains/1.100.0-beta.1-x86_64-unknown-linux-gnu/bin/rustc --crate-name glam --edition=2021 /opt/rustwide/cargo-home/registry/src/index.crates.io-1949cf8c6b5b557f/glam-0.31.1/src/lib.rs --error-format=json --json=diagnostic-rendered-ansi,artifacts,future-incompat,unused-externs-silent --crate-type lib --emit=dep-info,metadata,link -C embed-bitcode=no -C debuginfo=2 --cfg 'feature="default"' --cfg 'feature="serde"' --cfg 'feature="std"' --check-cfg 'cfg(docsrs,test)' --check-cfg 'cfg(feature, values("approx", "arbitrary", "bytecheck", "bytemuck", "core-simd", "cuda", "debug-glam-assert", "default", "encase", "fast-math", "glam-assert", "libm", "mint", "nostd-libm", "rand", "rkyv", "scalar-math", "serde", "speedy", "std", "zerocopy"))' -C metadata=5e2bc107e053d94e -C extra-filename=-bc5b8e55d3767483 --out-dir /opt/rustwide/target/debug/build/glam/bc5b8e55d3767483/out --extern serde_core=/opt/rustwide/target/debug/build/serde_core/2c928ee17a7447a4/out/libserde_core-2c928ee17a7447a4.rmeta --cap-lints allow --cap-lints=warn --force-warn=unused_crate_dependencies` (signal: 9, SIGKILL: kill)
[INFO] [stdout] 
[INFO] [stdout] stack backtrace:
[INFO] [stdout]    0:     0x556f9e9a90c1 - <<std[617be2ca0a6fd877]::sys::backtrace::BacktraceLock>::print::DisplayBacktrace as core[a373ad73a504971]::fmt::Display>::fmt
[INFO] [stdout]    1:     0x556f9e9be85a - core[a373ad73a504971]::fmt::write
[INFO] [stdout]    2:     0x556f9e9ad83c - <alloc[2e1b2a31b91974c5]::vec::Vec<u8> as core[a373ad73a504971]::io::write::Write>::write_fmt
[INFO] [stdout]    3:     0x556f9e984176 - std[617be2ca0a6fd877]::panicking::default_hook::{closure#0}
[INFO] [stdout]    4:     0x556f9e9a1039 - std[617be2ca0a6fd877]::panicking::default_hook
[INFO] [stdout]    5:     0x556f9e9197d0 - test[aada8e7e76ba119b]::test_main_inner::{closure#0}
[INFO] [stdout]    6:     0x556f9e9a11f2 - std[617be2ca0a6fd877]::panicking::panic_with_hook
[INFO] [stdout]    7:     0x556f9e984222 - std[617be2ca0a6fd877]::panicking::panic_handler::{closure#0}
[INFO] [stdout]    8:     0x556f9e97ce19 - std[617be2ca0a6fd877]::sys::backtrace::__rust_end_short_backtrace::<std[617be2ca0a6fd877]::panicking::panic_handler::{closure#0}, !>
[INFO] [stdout]    9:     0x556f9e984e2d - __rustc[ea4f61d10b84890b]::rust_begin_unwind
[INFO] [stdout]   10:     0x556f9e9bef8c - core[a373ad73a504971]::panicking::panic_fmt
[INFO] [stdout]   11:     0x556f9e8e1266 - <batch_tests[7ee96a2ca94bf037]::test_batch_combined_validate_stats::{closure#0} as core[a373ad73a504971]::ops::function::FnOnce<()>>::call_once
[INFO] [stdout]   12:     0x556f9e90cc1b - test[aada8e7e76ba119b]::__rust_begin_short_backtrace::<core[a373ad73a504971]::result::Result<(), alloc[2e1b2a31b91974c5]::string::String>, fn() -> core[a373ad73a504971]::result::Result<(), alloc[2e1b2a31b91974c5]::string::String>>
[INFO] [stdout]   13:     0x556f9e919df5 - test[aada8e7e76ba119b]::run_test::{closure#0}
[INFO] [stdout]   14:     0x556f9e9136e4 - std[617be2ca0a6fd877]::sys::backtrace::__rust_begin_short_backtrace::<test[aada8e7e76ba119b]::run_test::{closure#1}, ()>
[INFO] [stdout]   15:     0x556f9e91ce82 - <std[617be2ca0a6fd877]::thread::lifecycle::spawn_unchecked<test[aada8e7e76ba119b]::run_test::{closure#1}, ()>::{closure#1} as core[a373ad73a504971]::ops::function::FnOnce<()>>::call_once::{shim:vtable#0}
[INFO] [stdout]   16:     0x556f9e9a891f - <std[617be2ca0a6fd877]::sys::thread::unix::Thread>::new::thread_start
[INFO] [stdout]   17:     0x7cabae5badfa - <unknown>
[INFO] [stdout]   18:     0x7cabae64e3d4 - clone
[INFO] [stdout]   19:                0x0 - <unknown>
[INFO] [stdout] 
[INFO] [stdout] 
[INFO] [stdout] failures:
[INFO] [stdout]     test_batch_combined_validate_stats
[INFO] [stdout]     test_batch_convert
[INFO] [stdout]     test_batch_error_on_corrupt_file
[INFO] [stdout]     test_batch_quiet_flag
[INFO] [stdout]     test_batch_recursive_flag
[INFO] [stdout]     test_batch_skip_non_3mf_for_validate
[INFO] [stdout] 
[INFO] [stdout] test result: FAILED. 14 passed; 6 failed; 0 ignored; 0 measured; 0 filtered out; finished in 96.62s
[INFO] [stdout] 
[INFO] [stderr] error: test failed, to rerun pass `--test batch_tests`
[INFO] running `Command { std: "docker" "inspect" "8caf64ff7e272c05adc9e08e2c0b1ebbc7316e70730cb85cc7b3c4d883f57c4b", kill_on_drop: false }`
[INFO] running `Command { std: "docker" "rm" "-f" "8caf64ff7e272c05adc9e08e2c0b1ebbc7316e70730cb85cc7b3c4d883f57c4b", kill_on_drop: false }`
[INFO] [stdout] 8caf64ff7e272c05adc9e08e2c0b1ebbc7316e70730cb85cc7b3c4d883f57c4b
